-- Table structure for table `ngn_crm_notifications_user_groups_emails`
--

CREATE TABLE `ngn_crm_notifications_user_groups_emails` (
  `id` int(11) NOT NULL AUTO_INCREMENT,
  `notification_id` int(11) NOT NULL,
  `trigger_id` int(11) NOT NULL,
  `user_group` int(11) NOT NULL,
  `createdate` datetime NOT NULL,
  `expiredate` datetime NOT NULL,
  `showdate` datetime NOT NULL,
  `language_id` int(11) NOT NULL,
  `subject` varchar(200) DEFAULT NULL,
  `text` text NOT NULL,
  PRIMARY KEY (`id`),
  UNIQUE KEY `notification_id` (`notification_id`,`user_group`,`id`) USING BTREE,
  UNIQUE KEY `trigger_id` (`trigger_id`,`user_group`),
  UNIQUE KEY `notification_id_2` (`notification_id`,`user_group`,`createdate`)
) ENGINE=InnoDB DEFAULT CHARSET=utf8;

--
-- Dumping data for table `ngn_crm_notifications_user_groups_emails`
--


--
-- Table structure for table `ngn_crm_notifications_user_groups_emails_showed`
--

CREATE TABLE `ngn_crm_notifications_user_groups_emails_showed` (
  `id` int(11) NOT NULL,
  `user_id` int(11) NOT NULL,
  UNIQUE KEY `id` (`id`,`user_id`),
  UNIQUE KEY `id_2` (`id`,`user_id`)
) ENGINE=InnoDB DEFAULT CHARSET=utf8;

--
-- Dumping data for table `ngn_crm_notifications_user_groups_emails_showed`
--


--
-- Table structure for table `ngn_crm_notifications_user_groups_popups`
--

CREATE TABLE `ngn_crm_notifications_user_groups_popups` (
  `id` int(11) NOT NULL AUTO_INCREMENT,
  `notification_id` int(11) NOT NULL,
  `trigger_id` int(11) NOT NULL,
  `user_group` int(11) NOT NULL,
  `createdate` datetime NOT NULL,
  `expiredate` datetime NOT NULL,
  `showdate` datetime NOT NULL,
  `language_id` int(11) NOT NULL,
  `subject` varchar(200) DEFAULT NULL,
  `text` text NOT NULL,
  PRIMARY KEY (`id`),
  UNIQUE KEY `notification_id` (`notification_id`,`user_group`,`id`) USING BTREE,
  UNIQUE KEY `notification_id_2` (`notification_id`,`user_group`,`createdate`) USING BTREE,
  UNIQUE KEY `notification_id_3` (`notification_id`,`trigger_id`,`user_group`)
) ENGINE=InnoDB DEFAULT CHARSET=utf8;

--
-- Dumping data for table `ngn_crm_notifications_user_groups_popups`
--


--
-- Table structure for table `ngn_crm_notifications_user_groups_popups_showed`
--

CREATE TABLE `ngn_crm_notifications_user_groups_popups_showed` (
  `id` int(11) NOT NULL,
  `user_id` int(11) NOT NULL,
  UNIQUE KEY `id` (`id`,`user_id`),
  UNIQUE KEY `id_2` (`id`,`user_id`)
) ENGINE=InnoDB DEFAULT CHARSET=utf8;

--
-- Dumping data for table `ngn_crm_notifications_user_groups_popups_showed`
--


--
-- Table structure for table `ngn_crm_notifications_user_popups`
--

CREATE TABLE `ngn_crm_notifications_user_popups` (
  `id` int(11) NOT NULL AUTO_INCREMENT,
  `notification_id` int(11) NOT NULL,
  `trigger_id` int(11) NOT NULL,
  `user_id` int(11) NOT NULL,
  `createdate` datetime NOT NULL,
  `expiredate` datetime NOT NULL,
  `showdate` datetime NOT NULL,
  `subject` varchar(200) DEFAULT NULL,
  `language_id` int(11) NOT NULL,
  `text` text NOT NULL,
  PRIMARY KEY (`id`),
  UNIQUE KEY `notification_id` (`notification_id`,`user_id`,`id`) USING BTREE,
  UNIQUE KEY `notification_id_2` (`notification_id`,`user_id`,`createdate`),
  UNIQUE KEY `notification_id_3` (`notification_id`,`trigger_id`,`user_id`)
) ENGINE=InnoDB DEFAULT CHARSET=utf8;

--
-- Dumping data for table `ngn_crm_notifications_user_popups`
--


--
-- Table structure for table `ngn_inbox`
--

CREATE TABLE `ngn_inbox` (
  `inbox_id` int(11) NOT NULL AUTO_INCREMENT,
  `inbox_owner` int(11) NOT NULL,
  `inbox_customer` int(11) NOT NULL,
  `inbox_title` varchar(200) NOT NULL,
  `inbox_description` text NOT NULL,
  `inbox_sent` datetime NOT NULL,
  `inbox_sent_last` datetime NOT NULL,
  `inbox_last_id` int(11) NOT NULL,
  `inbox_relid` int(11) NOT NULL,
  PRIMARY KEY (`inbox_id`)
) ENGINE=InnoDB DEFAULT CHARSET=utf8;

--
-- Dumping data for table `ngn_inbox`
--


--
-- Table structure for table `ngn_inbox_users`
--

CREATE TABLE `ngn_inbox_users` (
  `inbox_id` int(11) NOT NULL,
  `user_id` int(11) NOT NULL,
  `inbox_read` datetime NOT NULL,
  `inbox_approved` datetime NOT NULL,
  `inbox_trash` int(11) NOT NULL,
  `inbox_star` int(11) NOT NULL,
  PRIMARY KEY (`inbox_id`,`user_id`),
  KEY `user_id` (`user_id`)
) ENGINE=InnoDB DEFAULT CHARSET=utf8;

--
-- Dumping data for table `ngn_inbox_users`
--


--
-- Table structure for table `ngn_jobs`
--

CREATE TABLE `ngn_jobs` (
  `news_id` int(11) NOT NULL AUTO_INCREMENT,
  `news_order` int(11) NOT NULL,
  `news_type` int(11) NOT NULL,
  `news_owner` int(11) NOT NULL DEFAULT 0,
  `news_createdate` datetime DEFAULT NULL,
  `news_showdate` datetime DEFAULT NULL,
  `news_hidedate` datetime DEFAULT NULL,
  `news_removedate` datetime NOT NULL,
  `news_hide` tinyint(4) NOT NULL DEFAULT 0,
  `news_editdate` datetime DEFAULT NULL,
  `news_category` int(11) NOT NULL DEFAULT 0,
  `news_photo1` varchar(100) NOT NULL DEFAULT '',
  `news_photo2` varchar(100) NOT NULL DEFAULT '',
  `news_photo_language1` int(11) NOT NULL DEFAULT 0,
  `news_photo_language2` int(11) NOT NULL DEFAULT 0,
  `news_enable` int(11) NOT NULL DEFAULT 0,
  `news_source` varchar(200) NOT NULL DEFAULT '',
  `news_source_url` varchar(200) NOT NULL DEFAULT '',
  `news_viewed` int(11) NOT NULL DEFAULT 0,
  `news_template` int(11) NOT NULL,
  PRIMARY KEY (`news_id`),
  KEY `news_category` (`news_category`),
  KEY `news_enable` (`news_enable`),
  KEY `news_hide` (`news_hide`),
  KEY `news_template` (`news_template`),
  KEY `news_removedate` (`news_removedate`),
  KEY `news_createdate` (`news_createdate`),
  KEY `news_editdate` (`news_editdate`),
  KEY `news_hidedate` (`news_hidedate`),
  KEY `news_showdate` (`news_showdate`)
) ENGINE=InnoDB DEFAULT CHARSET=utf8;

--
-- Dumping data for table `ngn_jobs`
--


--
-- Table structure for table `ngn_jobs_atribute`
--

CREATE TABLE `ngn_jobs_atribute` (
  `atribute_id` int(11) NOT NULL AUTO_INCREMENT,
  `atribute_type` int(11) DEFAULT NULL,
  `atribute_link` int(11) DEFAULT NULL,
  `atribute_color` varchar(10) NOT NULL,
  `atribute_font` varchar(10) NOT NULL,
  `atribute_condition` varchar(200) NOT NULL,
  `atribute_default` varchar(200) NOT NULL,
  `atribute_priority` int(11) NOT NULL,
  `atribute_required` int(11) DEFAULT NULL,
  `atribute_var` varchar(50) DEFAULT NULL,
  `atribute_format` varchar(50) NOT NULL,
  `atribute_prefix` varchar(100) NOT NULL,
  `atribute_postfix` varchar(100) NOT NULL,
  `atribute_language` tinyint(1) NOT NULL DEFAULT 0,
  `atribute_editdate` datetime NOT NULL,
  PRIMARY KEY (`atribute_id`),
  KEY `atribute_var` (`atribute_var`)
) ENGINE=InnoDB AUTO_INCREMENT=38 DEFAULT CHARSET=utf8;

--
-- Dumping data for table `ngn_jobs_atribute`
--

INSERT INTO `ngn_jobs_atribute` VALUES (1,0,NULL,'','','','',0,0,'name','','','',0,'0000-00-00 00:00:00'),(2,0,NULL,'','','','',0,0,'gender','','','',0,'0000-00-00 00:00:00'),(3,0,NULL,'','','','',0,0,'age','','','',0,'0000-00-00 00:00:00'),(4,0,NULL,'','','','',0,0,'telephone','','','',0,'0000-00-00 00:00:00'),(5,0,NULL,'','','','',0,0,'email','','','',0,'0000-00-00 00:00:00'),(6,0,NULL,'','','','',0,0,'address1','','','',0,'0000-00-00 00:00:00'),(7,0,NULL,'','','','',0,0,'zip','','','',0,'0000-00-00 00:00:00'),(8,0,NULL,'','','','',0,0,'city','','','',0,'0000-00-00 00:00:00'),(9,0,NULL,'','','','',0,0,'school','','','',0,'0000-00-00 00:00:00'),(10,0,NULL,'','','','',0,0,'school_degree','','','',0,'0000-00-00 00:00:00'),(11,0,NULL,'','','','',0,0,'current_job','','','',0,'0000-00-00 00:00:00'),(12,0,NULL,'','','','',0,0,'current_years','','','',0,'0000-00-00 00:00:00'),(13,0,NULL,'','','','',0,0,'job_status','','','',0,'0000-00-00 00:00:00'),(14,0,NULL,'','','','',0,0,'children_experience','','','',0,'0000-00-00 00:00:00'),(15,7,NULL,'','','','',0,0,'children_experience_text','','','',0,'0000-00-00 00:00:00'),(16,0,NULL,'','','','',0,0,'animation_experience','','','',0,'0000-00-00 00:00:00'),(17,7,NULL,'','','','',0,0,'animation_experience_text','','','',0,'0000-00-00 00:00:00'),(18,0,NULL,'','','','',0,0,'big_team_experience','','','',0,'0000-00-00 00:00:00'),(19,7,NULL,'','','','',0,0,'big_team_experience_text','','','',0,'0000-00-00 00:00:00'),(20,0,NULL,'','','','',0,0,'checkbox_attitude','','','',0,'0000-00-00 00:00:00'),(21,0,NULL,'','','','',0,0,'flexible_hours','','','',0,'0000-00-00 00:00:00'),(22,0,NULL,'','','','',0,0,'weekend_hours','','','',0,'0000-00-00 00:00:00'),(23,0,NULL,'','','','',0,0,'start_working','','','',0,'0000-00-00 00:00:00'),(24,7,NULL,'','','','',0,0,'informal_knowledge','','','',0,'0000-00-00 00:00:00'),(25,0,NULL,'','','','',0,0,'special_needs','','','',0,'0000-00-00 00:00:00'),(26,7,NULL,'','','','',0,0,'special_needs_text','','','',0,'0000-00-00 00:00:00'),(27,0,NULL,'','','','',0,0,'language_italian','','','',0,'0000-00-00 00:00:00'),(28,0,NULL,'','','','',0,0,'language_german','','','',0,'0000-00-00 00:00:00'),(29,0,NULL,'','','','',0,0,'language_croatian','','','',0,'0000-00-00 00:00:00'),(30,0,NULL,'','','','',0,0,'language_english','','','',0,'0000-00-00 00:00:00'),(31,0,NULL,'','','','',0,0,'driver_licence','','','',0,'0000-00-00 00:00:00'),(32,0,NULL,'','','','',0,0,'computing_word','','','',0,'0000-00-00 00:00:00'),(33,0,NULL,'','','','',0,0,'computing_excel','','','',0,'0000-00-00 00:00:00'),(34,0,NULL,'','','','',0,0,'computing_powerpoint','','','',0,'0000-00-00 00:00:00'),(35,0,NULL,'','','','',0,0,'computing_email','','','',0,'0000-00-00 00:00:00'),(36,0,NULL,'','','','',0,0,'computing_web','','','',0,'0000-00-00 00:00:00'),(37,7,NULL,'','','','',0,0,'last_words','','','',0,'0000-00-00 00:00:00');

--
-- Table structure for table `ngn_jobs_atribute_language`
--

CREATE TABLE `ngn_jobs_atribute_language` (
  `atribute_id` int(11) NOT NULL,
  `language_id` int(11) NOT NULL DEFAULT 0,
  `editdate` datetime NOT NULL,
  `enable` int(11) NOT NULL,
  `approved` int(1) NOT NULL DEFAULT 0,
  `language_name` varchar(200) DEFAULT NULL,
  `language_description` text DEFAULT NULL,
  `language_meta` text DEFAULT NULL,
  `language_keywords` varchar(100) DEFAULT NULL,
  `language_url` varchar(100) DEFAULT NULL,
  `language_photo` varchar(100) NOT NULL DEFAULT '',
  PRIMARY KEY (`atribute_id`,`language_id`),
  KEY `language_id` (`language_id`),
  KEY `editdate` (`editdate`)
) ENGINE=InnoDB DEFAULT CHARSET=utf8;

--
-- Dumping data for table `ngn_jobs_atribute_language`
--

INSERT INTO `ngn_jobs_atribute_language` VALUES (1,1,'0000-00-00 00:00:00',0,1,'Ime in priimek','','','','',''),(2,1,'0000-00-00 00:00:00',0,1,'Spol','','','','',''),(3,1,'0000-00-00 00:00:00',0,1,'Starost','','','','',''),(4,1,'0000-00-00 00:00:00',0,1,'Telefon','','','','',''),(5,1,'0000-00-00 00:00:00',0,1,'E-mail','','','','',''),(6,1,'0000-00-00 00:00:00',0,1,'Naslov','','','','',''),(7,1,'0000-00-00 00:00:00',0,1,'Poštna številka','','','','',''),(8,1,'0000-00-00 00:00:00',0,1,'Mesto','','','','',''),(9,1,'0000-00-00 00:00:00',0,1,'Smer študija/šolanja','','','','',''),(10,1,'0000-00-00 00:00:00',0,1,'Dosežena stopnja izobrazbe','','','','',''),(11,1,'0000-00-00 00:00:00',0,1,'Poklic, ki ga trenutno opravljate','','','','',''),(12,1,'0000-00-00 00:00:00',0,1,'Število let delovnih izkušenj','','','','',''),(13,1,'0000-00-00 00:00:00',0,1,'Vaš trenutni zaposlitveni status','','','','',''),(14,1,'0000-00-00 00:00:00',0,1,'Ali imate izkušnje z delom z otroki','','','','',''),(15,1,'0000-00-00 00:00:00',0,1,'Če da, koliko let in kakšne izkušnje imate (na kratko opišite)','','','','',''),(16,1,'0000-00-00 00:00:00',0,1,'Ali ste se kdaj ukvarjali z animatorstvom','','','','',''),(17,1,'0000-00-00 00:00:00',0,1,'Če da, koliko let in kakšne izkušnje imate (kronološki zapis po podjetjih)','','','','',''),(18,1,'0000-00-00 00:00:00',0,1,'Ali ste bili kdaj del večjega tima','','','','',''),(19,1,'0000-00-00 00:00:00',0,1,'Če da, ali ste kdaj vodili tim sodelavcev in koliko sodelavcev je bilo v tem timu','','','','',''),(20,1,'0000-00-00 00:00:00',0,1,'Ali je animatorstvo in delo z otroki za vas (odgovori ne izključujejo nobene kategorije)','','','','',''),(21,1,'0000-00-00 00:00:00',0,1,'Ali vam ustreza fleksibilen delovni čas','','','','',''),(22,1,'0000-00-00 00:00:00',0,1,'Ali lahko delate med vikendi','','','','',''),(23,1,'0000-00-00 00:00:00',0,1,'Kdaj lahko pričnete z delom','','','','',''),(24,1,'0000-00-00 00:00:00',0,1,' Ali imate kakšna posebna znanja in spretnosti oziroma hobije? Če da, prosimo naštejte','','','','',''),(25,1,'0000-00-00 00:00:00',0,1,'Ali imate izkušnje pri delu z otroki s posebnimi potrebami','','','','',''),(26,1,'0000-00-00 00:00:00',0,1,'Če da, prosimo opišite, kakšne','','','','',''),(27,1,'0000-00-00 00:00:00',0,1,'Ocenite svoje znanje - Italijanščina','','','','',''),(28,1,'0000-00-00 00:00:00',0,1,'Ocenite svoje znanje - Nemščina','','','','',''),(29,1,'0000-00-00 00:00:00',0,1,'Ocenite svoje znanje - Hrvaščina','','','','',''),(30,1,'0000-00-00 00:00:00',0,1,'Ocenite svoje znanje - Angleščina','','','','',''),(31,1,'0000-00-00 00:00:00',0,1,'Ali imate vozniški izpit B kategorije','','','','',''),(32,1,'0000-00-00 00:00:00',0,1,'Ocenite svoja znanja s področja računalništva - Word','','','','',''),(33,1,'0000-00-00 00:00:00',0,1,'Ocenite svoja znanja s področja računalništva - Excel','','','','',''),(34,1,'0000-00-00 00:00:00',0,1,'Ocenite svoja znanja s področja računalništva - Power Point','','','','',''),(35,1,'0000-00-00 00:00:00',0,1,'Ocenite svoja znanja s področja računalništva - elektronska pošta','','','','',''),(36,1,'0000-00-00 00:00:00',0,1,'Ocenite svoja znanja s področja računalništva - internet','','','','',''),(37,1,'0000-00-00 00:00:00',0,1,' Na kratko opišite, zakaj ste prav vi primeren kandidat ter kakšne so vaše izkušnje, ideje in vizija sodelovanja','','','','','');

--
-- Table structure for table `ngn_jobs_atribute_links`
--

CREATE TABLE `ngn_jobs_atribute_links` (
  `atribute_id` int(11) NOT NULL,
  `link_id` int(11) NOT NULL,
  `position` int(11) NOT NULL,
  `link_date` datetime NOT NULL,
  PRIMARY KEY (`atribute_id`,`link_id`),
  KEY `atribute_id_idx` (`link_id`)
) ENGINE=InnoDB DEFAULT CHARSET=utf8;

--
-- Dumping data for table `ngn_jobs_atribute_links`
--


--
-- Table structure for table `ngn_jobs_atribute_values`
--

CREATE TABLE `ngn_jobs_atribute_values` (
  `value_id` int(11) NOT NULL AUTO_INCREMENT,
  `atribute_id` int(11) NOT NULL,
  `value_same` int(11) NOT NULL,
  `value_value` varchar(50) DEFAULT NULL,
  `value_photo` varchar(100) NOT NULL,
  `value_order` int(11) NOT NULL,
  PRIMARY KEY (`value_id`,`atribute_id`),
  KEY `atribute_id` (`atribute_id`),
  KEY `value_order` (`value_order`)
) ENGINE=InnoDB DEFAULT CHARSET=utf8;

--
-- Dumping data for table `ngn_jobs_atribute_values`
--


--
-- Table structure for table `ngn_jobs_atribute_values_language`
--

CREATE TABLE `ngn_jobs_atribute_values_language` (
  `value_id` int(11) NOT NULL,
  `language_id` int(11) NOT NULL DEFAULT 0,
  `editdate` datetime NOT NULL,
  `enable` int(11) NOT NULL,
  `approved` int(1) NOT NULL DEFAULT 0,
  `language_name` varchar(200) DEFAULT NULL,
  `language_description` text DEFAULT NULL,
  `language_meta` text DEFAULT NULL,
  `language_keywords` varchar(100) DEFAULT NULL,
  `language_url` varchar(100) DEFAULT NULL,
  `language_photo` varchar(100) NOT NULL DEFAULT '',
  PRIMARY KEY (`value_id`,`language_id`),
  KEY `language_id` (`language_id`),
  KEY `editdate` (`editdate`)
) ENGINE=InnoDB DEFAULT CHARSET=utf8;

--
-- Dumping data for table `ngn_jobs_atribute_values_language`
--


--
-- Table structure for table `ngn_jobs_categories`
--

CREATE TABLE `ngn_jobs_categories` (
  `news_id` int(11) NOT NULL,
  `category_id` int(11) NOT NULL,
  `position` int(11) NOT NULL DEFAULT 0,
  PRIMARY KEY (`news_id`,`category_id`),
  KEY `category_id` (`category_id`)
) ENGINE=InnoDB DEFAULT CHARSET=utf8;

--
-- Dumping data for table `ngn_jobs_categories`
--


--
-- Table structure for table `ngn_jobs_category`
--

CREATE TABLE `ngn_jobs_category` (
  `category_id` int(11) NOT NULL AUTO_INCREMENT,
  `category_enable` int(11) DEFAULT NULL,
  `category_createdate` datetime DEFAULT NULL,
  `category_showdate` datetime DEFAULT NULL,
  `category_hidedate` datetime DEFAULT NULL,
  `category_hide` tinyint(1) NOT NULL,
  `category_editdate` datetime DEFAULT NULL,
  `category_position` int(11) DEFAULT NULL,
  `category_type` int(11) NOT NULL,
  `category_parent` int(11) DEFAULT NULL,
  `category_photo` int(11) DEFAULT NULL,
  `category_restriction` int(11) NOT NULL,
  `category_template` int(11) NOT NULL,
  `category_template_news` int(11) NOT NULL,
  `category_source` varchar(200) NOT NULL,
  `category_source_url` varchar(200) NOT NULL,
  `category_photo2` int(11) DEFAULT NULL,
  `category_photo_language1` int(11) NOT NULL,
  `category_photo_language2` int(11) NOT NULL,
  PRIMARY KEY (`category_id`),
  KEY `category_enable` (`category_enable`),
  KEY `category_template` (`category_template`),
  KEY `category_template_news` (`category_template_news`),
  KEY `category_createdate` (`category_createdate`),
  KEY `category_editdate` (`category_editdate`),
  KEY `category_hidedate` (`category_hidedate`),
  KEY `category_showdate` (`category_showdate`)
) ENGINE=InnoDB AUTO_INCREMENT=2 DEFAULT CHARSET=utf8;

--
-- Dumping data for table `ngn_jobs_category`
--

INSERT INTO `ngn_jobs_category` VALUES (1,1,'2017-01-10 12:56:20',NULL,NULL,0,'2017-01-10 12:56:20',0,0,0,0,1,0,0,'','',NULL,0,0);

--
-- Table structure for table `ngn_jobs_category_file`
--

CREATE TABLE `ngn_jobs_category_file` (
  `type_id` int(11) NOT NULL AUTO_INCREMENT,
  `type_name` varchar(200) NOT NULL DEFAULT '',
  `type_extension` varchar(200) NOT NULL DEFAULT '',
  `type_type` varchar(200) NOT NULL DEFAULT '',
  `type_enable` int(11) NOT NULL DEFAULT 0,
  `type_photo` varchar(200) NOT NULL DEFAULT '',
  PRIMARY KEY (`type_id`)
) ENGINE=InnoDB DEFAULT CHARSET=utf8;

--
-- Dumping data for table `ngn_jobs_category_file`
--


--
-- Table structure for table `ngn_jobs_category_files`
--

CREATE TABLE `ngn_jobs_category_files` (
  `file_id` int(11) NOT NULL AUTO_INCREMENT,
  `category_id` int(11) NOT NULL DEFAULT 0,
  `file_type` int(11) NOT NULL DEFAULT 0,
  `file_group` int(11) NOT NULL,
  `file_size` int(11) NOT NULL DEFAULT 0,
  `file_list` int(11) NOT NULL DEFAULT 1,
  `file_file` varchar(100) NOT NULL DEFAULT '',
  `file_original_name` varchar(200) NOT NULL DEFAULT '0',
  `file_createdate` datetime NOT NULL,
  `file_showdate` datetime NOT NULL,
  `file_hidedate` datetime NOT NULL,
  `file_hide` smallint(1) NOT NULL,
  `file_owner` int(11) NOT NULL,
  `file_order` int(11) NOT NULL,
  PRIMARY KEY (`file_id`),
  KEY `category_id` (`category_id`),
  KEY `file_type` (`file_type`),
  KEY `file_createdate` (`file_createdate`),
  KEY `file_owner` (`file_owner`),
  KEY `file_group` (`file_group`),
  KEY `file_showdate` (`file_showdate`),
  KEY `file_hidedate` (`file_hidedate`),
  KEY `file_hide` (`file_hide`),
  KEY `file_order` (`file_order`),
  CONSTRAINT `ngn_jobs_category_files_ibfk_1` FOREIGN KEY (`category_id`) REFERENCES `ngn_jobs_category` (`category_id`) ON DELETE CASCADE ON UPDATE CASCADE
) ENGINE=InnoDB DEFAULT CHARSET=utf8;

--
-- Dumping data for table `ngn_jobs_category_files`
--


--
-- Table structure for table `ngn_jobs_category_files_language`
--

CREATE TABLE `ngn_jobs_category_files_language` (
  `file_id` int(11) NOT NULL,
  `language_id` int(11) NOT NULL DEFAULT 0,
  `editdate` datetime NOT NULL,
  `enable` int(11) NOT NULL,
  `approved` int(1) NOT NULL DEFAULT 0,
  `language_name` varchar(200) DEFAULT NULL,
  `language_description` text DEFAULT NULL,
  `language_meta` text DEFAULT NULL,
  `language_keywords` varchar(100) DEFAULT NULL,
  `language_url` varchar(100) DEFAULT NULL,
  `language_photo` varchar(100) NOT NULL DEFAULT '',
  PRIMARY KEY (`file_id`,`language_id`),
  KEY `language_id` (`language_id`),
  KEY `editdate` (`editdate`),
  CONSTRAINT `ngn_jobs_category_files_languageibfk_1` FOREIGN KEY (`file_id`) REFERENCES `ngn_jobs_category_files` (`file_id`) ON DELETE CASCADE ON UPDATE CASCADE
) ENGINE=InnoDB DEFAULT CHARSET=utf8;

--
-- Dumping data for table `ngn_jobs_category_files_language`
--


--
-- Table structure for table `ngn_jobs_category_groups`
--

CREATE TABLE `ngn_jobs_category_groups` (
  `id` int(11) NOT NULL AUTO_INCREMENT,
  `category_id` int(11) NOT NULL,
  `group_id` int(11) NOT NULL,
  `position` int(11) NOT NULL,
  `transfer` int(11) NOT NULL DEFAULT 1,
  `category` int(11) NOT NULL DEFAULT 0,
  PRIMARY KEY (`id`),
  UNIQUE KEY `category_id_2` (`category_id`,`group_id`),
  KEY `group_id` (`group_id`),
  KEY `category_id` (`category_id`),
  KEY `position` (`position`),
  CONSTRAINT `ngn_jobs_category_groups_ibfk_1` FOREIGN KEY (`category_id`) REFERENCES `ngn_jobs_category` (`category_id`) ON DELETE CASCADE ON UPDATE CASCADE,
  CONSTRAINT `ngn_jobs_category_groups_ibfk_2` FOREIGN KEY (`group_id`) REFERENCES `ngn_jobs_groups` (`group_id`) ON DELETE CASCADE ON UPDATE CASCADE
) ENGINE=InnoDB AUTO_INCREMENT=5 DEFAULT CHARSET=utf8;

--
-- Dumping data for table `ngn_jobs_category_groups`
--

INSERT INTO `ngn_jobs_category_groups` VALUES (1,1,1,0,1,0),(2,1,2,2,1,0),(3,1,3,3,1,0),(4,1,4,1,1,0);

--
-- Table structure for table `ngn_jobs_category_groups_atribute`
--

CREATE TABLE `ngn_jobs_category_groups_atribute` (
  `cgid` int(11) NOT NULL,
  `gaid` int(11) NOT NULL,
  `language_id` int(11) NOT NULL,
  `valueInt` int(11) NOT NULL DEFAULT 0,
  `valueFloat` double NOT NULL DEFAULT 0,
  `valueText` text NOT NULL,
  PRIMARY KEY (`cgid`,`gaid`,`language_id`),
  KEY `language_id` (`language_id`),
  KEY `gaid` (`gaid`),
  KEY `cgid` (`cgid`),
  KEY `valueInt` (`valueInt`)
) ENGINE=InnoDB DEFAULT CHARSET=utf8;

--
-- Dumping data for table `ngn_jobs_category_groups_atribute`
--


--
-- Table structure for table `ngn_jobs_category_groups_atribute_multi`
--

CREATE TABLE `ngn_jobs_category_groups_atribute_multi` (
  `cgid` int(11) NOT NULL,
  `category_id` int(11) NOT NULL,
  `gaid` int(11) NOT NULL,
  `language_id` int(11) NOT NULL,
  `valueInt` int(11) NOT NULL,
  `item_order` int(11) NOT NULL,
  PRIMARY KEY (`cgid`,`gaid`,`language_id`),
  KEY `item_order` (`item_order`)
) ENGINE=InnoDB DEFAULT CHARSET=utf8;

--
-- Dumping data for table `ngn_jobs_category_groups_atribute_multi`
--


--
-- Table structure for table `ngn_jobs_category_language`
--

CREATE TABLE `ngn_jobs_category_language` (
  `category_id` int(11) NOT NULL,
  `language_id` int(11) NOT NULL DEFAULT 0,
  `editdate` datetime NOT NULL,
  `enable` int(11) NOT NULL,
  `approved` int(1) NOT NULL DEFAULT 0,
  `language_name` varchar(200) DEFAULT NULL,
  `language_description` text DEFAULT NULL,
  `language_meta` text DEFAULT NULL,
  `language_keywords` varchar(100) DEFAULT NULL,
  `language_url` varchar(100) DEFAULT NULL,
  `photo1` int(11) NOT NULL,
  `photo2` int(11) NOT NULL,
  `language_photo` varchar(100) NOT NULL DEFAULT '',
  `language_photo2` varchar(100) NOT NULL DEFAULT '',
  `language_html` text NOT NULL,
  PRIMARY KEY (`category_id`,`language_id`),
  KEY `language_id` (`language_id`),
  KEY `editdate` (`editdate`),
  FULLTEXT KEY `language_html` (`language_html`),
  CONSTRAINT `ngn_jobs_category_language_ibfk_1` FOREIGN KEY (`category_id`) REFERENCES `ngn_jobs_category` (`category_id`) ON DELETE CASCADE ON UPDATE CASCADE
) ENGINE=InnoDB DEFAULT CHARSET=utf8;

--
-- Dumping data for table `ngn_jobs_category_language`
--

INSERT INTO `ngn_jobs_category_language` VALUES (1,1,'0000-00-00 00:00:00',1,1,'Prijava za delo','','','','prijava-za-delo',0,0,'','','');

--
-- Table structure for table `ngn_jobs_category_links`
--

CREATE TABLE `ngn_jobs_category_links` (
  `category_id` int(11) NOT NULL,
  `link_id` int(11) NOT NULL,
  `category_position` int(11) NOT NULL DEFAULT 0,
  `link_position` int(11) NOT NULL,
  `link_date` int(11) NOT NULL,
  PRIMARY KEY (`category_id`,`link_id`),
  KEY `link_position` (`link_position`),
  KEY `link_id` (`link_id`),
  KEY `category_position` (`category_position`)
) ENGINE=InnoDB DEFAULT CHARSET=utf8;

--
-- Dumping data for table `ngn_jobs_category_links`
--


--
-- Table structure for table `ngn_jobs_category_multi`
--

CREATE TABLE `ngn_jobs_category_multi` (
  `news_id` int(11) NOT NULL,
  `category_id` int(11) NOT NULL,
  `position` int(11) NOT NULL DEFAULT 0,
  PRIMARY KEY (`news_id`,`category_id`),
  KEY `category_id` (`category_id`),
  CONSTRAINT `ngn_jobs_category_multi_ibfk_2` FOREIGN KEY (`category_id`) REFERENCES `ngn_jobs_category` (`category_id`) ON DELETE CASCADE ON UPDATE CASCADE
) ENGINE=InnoDB DEFAULT CHARSET=utf8;

--
-- Dumping data for table `ngn_jobs_category_multi`
--


--
-- Table structure for table `ngn_jobs_category_pages`
--

CREATE TABLE `ngn_jobs_category_pages` (
  `category_id` int(11) NOT NULL,
  `link_id` int(11) NOT NULL,
  `language_id` int(11) NOT NULL,
  `category_position` int(11) NOT NULL DEFAULT 0,
  `link_position` int(11) NOT NULL,
  `link_date` int(11) NOT NULL,
  PRIMARY KEY (`category_id`,`link_id`,`language_id`),
  KEY `link_position` (`link_position`),
  KEY `link_id` (`link_id`),
  KEY `category_position` (`category_position`)
) ENGINE=InnoDB DEFAULT CHARSET=utf8;

--
-- Dumping data for table `ngn_jobs_category_pages`
--


--
-- Table structure for table `ngn_jobs_category_photo`
--

CREATE TABLE `ngn_jobs_category_photo` (
  `photo_id` int(11) NOT NULL AUTO_INCREMENT,
  `category_id` int(11) DEFAULT NULL,
  `photo_order` int(11) NOT NULL,
  `photo_gallery` int(11) NOT NULL DEFAULT 1,
  `photo_photo` varchar(100) DEFAULT NULL,
  `photo_path` varchar(200) NOT NULL,
  `photo_owner` int(11) NOT NULL,
  `photo_date` datetime NOT NULL,
  `photo_source` varchar(255) NOT NULL,
  PRIMARY KEY (`photo_id`),
  KEY `category_id` (`category_id`),
  KEY `photo_date` (`photo_date`),
  KEY `photo_owner` (`photo_owner`),
  KEY `photo_source` (`photo_source`),
  CONSTRAINT `ngn_jobs_category_photo_ibfk_1` FOREIGN KEY (`category_id`) REFERENCES `ngn_jobs_category` (`category_id`) ON DELETE CASCADE ON UPDATE CASCADE
) ENGINE=InnoDB DEFAULT CHARSET=utf8;

--
-- Dumping data for table `ngn_jobs_category_photo`
--


--
-- Table structure for table `ngn_jobs_category_photo_gallery`
--

CREATE TABLE `ngn_jobs_category_photo_gallery` (
  `photo_id` int(11) NOT NULL,
  `category_id` int(11) NOT NULL,
  `photo_gallery` int(11) NOT NULL,
  `photo_order` int(11) NOT NULL,
  PRIMARY KEY (`category_id`,`photo_id`)
) ENGINE=InnoDB DEFAULT CHARSET=utf8;

--
-- Dumping data for table `ngn_jobs_category_photo_gallery`
--


--
-- Table structure for table `ngn_jobs_category_photo_gallery_language`
--

CREATE TABLE `ngn_jobs_category_photo_gallery_language` (
  `photo_id` int(11) NOT NULL,
  `category_id` int(11) NOT NULL,
  `language_id` int(11) NOT NULL,
  `editdate` datetime NOT NULL,
  `enable` int(11) NOT NULL,
  PRIMARY KEY (`photo_id`,`category_id`,`language_id`),
  KEY `editdate` (`editdate`)
) ENGINE=InnoDB DEFAULT CHARSET=utf8;

--
-- Dumping data for table `ngn_jobs_category_photo_gallery_language`
--


--
-- Table structure for table `ngn_jobs_category_photo_language`
--

CREATE TABLE `ngn_jobs_category_photo_language` (
  `photo_id` int(11) NOT NULL,
  `language_id` int(11) NOT NULL DEFAULT 0,
  `editdate` datetime NOT NULL,
  `enable` int(11) NOT NULL,
  `approved` int(1) NOT NULL DEFAULT 0,
  `language_name` varchar(200) DEFAULT NULL,
  `language_description` text DEFAULT NULL,
  `language_meta` text DEFAULT NULL,
  `language_keywords` varchar(100) DEFAULT NULL,
  `language_url` varchar(100) DEFAULT NULL,
  `language_photo` varchar(100) NOT NULL DEFAULT '',
  PRIMARY KEY (`photo_id`,`language_id`),
  KEY `language_id` (`language_id`),
  KEY `editdate` (`editdate`),
  CONSTRAINT `ngn_jobs_category_photo_language_ibfk_1` FOREIGN KEY (`photo_id`) REFERENCES `ngn_jobs_category_photo` (`photo_id`) ON DELETE CASCADE ON UPDATE CASCADE
) ENGINE=InnoDB DEFAULT CHARSET=utf8;

--
-- Dumping data for table `ngn_jobs_category_photo_language`
--


--
-- Table structure for table `ngn_jobs_category_roles`
--

CREATE TABLE `ngn_jobs_category_roles` (
  `role_id` int(11) NOT NULL,
  `category_id` int(11) NOT NULL,
  `childs` int(11) NOT NULL,
  `exclude` int(11) NOT NULL,
  PRIMARY KEY (`role_id`,`category_id`),
  KEY `category_id` (`category_id`)
) ENGINE=InnoDB DEFAULT CHARSET=utf8;

--
-- Dumping data for table `ngn_jobs_category_roles`
--


--
-- Table structure for table `ngn_jobs_comments`
--

CREATE TABLE `ngn_jobs_comments` (
  `comment_id` int(11) NOT NULL AUTO_INCREMENT,
  `parent_id` int(11) NOT NULL DEFAULT 0,
  `user_id` int(11) NOT NULL DEFAULT 0,
  `category_id` int(11) NOT NULL DEFAULT 0,
  `user_ip` varchar(60) NOT NULL,
  `date` datetime NOT NULL,
  `votes` int(11) NOT NULL,
  `reported` int(11) NOT NULL,
  `enable` int(11) NOT NULL DEFAULT 1,
  `owner_id` int(11) NOT NULL,
  PRIMARY KEY (`comment_id`),
  KEY `news_id` (`parent_id`),
  KEY `user_id` (`user_id`),
  KEY `category_id` (`category_id`),
  KEY `owner_id` (`owner_id`)
) ENGINE=InnoDB DEFAULT CHARSET=utf8;

--
-- Dumping data for table `ngn_jobs_comments`
--


--
-- Table structure for table `ngn_jobs_comments_admin`
--

CREATE TABLE `ngn_jobs_comments_admin` (
  `comment_id` int(11) NOT NULL,
  `role_id` int(11) NOT NULL,
  PRIMARY KEY (`comment_id`,`role_id`),
  KEY `role_id` (`role_id`)
) ENGINE=InnoDB DEFAULT CHARSET=utf8;

--
-- Dumping data for table `ngn_jobs_comments_admin`
--


--
-- Table structure for table `ngn_jobs_comments_files`
--

CREATE TABLE `ngn_jobs_comments_files` (
  `file_id` int(11) NOT NULL AUTO_INCREMENT,
  `comment_id` int(11) NOT NULL DEFAULT 0,
  `file_type` int(11) NOT NULL DEFAULT 0,
  `file_group` int(11) NOT NULL,
  `file_size` int(11) NOT NULL DEFAULT 0,
  `file_list` int(11) NOT NULL DEFAULT 1,
  `file_file` varchar(100) NOT NULL DEFAULT '',
  `file_original_name` varchar(200) NOT NULL DEFAULT '0',
  `file_createdate` datetime NOT NULL,
  `file_showdate` datetime NOT NULL,
  `file_hidedate` datetime NOT NULL,
  `file_hide` smallint(1) NOT NULL,
  `file_owner` int(11) NOT NULL,
  `file_order` int(11) NOT NULL,
  PRIMARY KEY (`file_id`),
  KEY `comment_id` (`comment_id`),
  KEY `file_type` (`file_type`),
  KEY `file_createdate` (`file_createdate`),
  KEY `file_owner` (`file_owner`),
  KEY `file_group` (`file_group`),
  KEY `file_showdate` (`file_showdate`),
  KEY `file_hidedate` (`file_hidedate`),
  KEY `file_hide` (`file_hide`),
  KEY `file_order` (`file_order`)
) ENGINE=InnoDB DEFAULT CHARSET=utf8;

--
-- Dumping data for table `ngn_jobs_comments_files`
--


--
-- Table structure for table `ngn_jobs_comments_files_language`
--

CREATE TABLE `ngn_jobs_comments_files_language` (
  `file_id` int(11) NOT NULL,
  `language_id` int(11) NOT NULL DEFAULT 0,
  `editdate` datetime NOT NULL,
  `enable` int(11) NOT NULL,
  `approved` int(1) NOT NULL DEFAULT 0,
  `language_name` varchar(200) DEFAULT NULL,
  `language_description` text DEFAULT NULL,
  `language_meta` text DEFAULT NULL,
  `language_keywords` varchar(100) DEFAULT NULL,
  `language_url` varchar(100) DEFAULT NULL,
  `language_photo` varchar(100) NOT NULL DEFAULT '',
  PRIMARY KEY (`file_id`,`language_id`),
  KEY `language_id` (`language_id`),
  KEY `editdate` (`editdate`),
  CONSTRAINT `ngn_jobs_comments_files_language_ibfk_1` FOREIGN KEY (`file_id`) REFERENCES `ngn_jobs_comments_files` (`file_id`) ON DELETE CASCADE ON UPDATE CASCADE
) ENGINE=InnoDB DEFAULT CHARSET=utf8;

--
-- Dumping data for table `ngn_jobs_comments_files_language`
--


--
-- Table structure for table `ngn_jobs_comments_language`
--

CREATE TABLE `ngn_jobs_comments_language` (
  `comment_id` int(11) NOT NULL,
  `language_id` int(11) NOT NULL DEFAULT 0,
  `editdate` datetime NOT NULL,
  `enable` int(11) NOT NULL,
  `approved` int(1) NOT NULL DEFAULT 0,
  `language_name` varchar(200) DEFAULT NULL,
  `language_description` text DEFAULT NULL,
  `language_meta` text DEFAULT NULL,
  `language_keywords` varchar(100) DEFAULT NULL,
  `language_url` varchar(100) DEFAULT NULL,
  `language_photo` varchar(100) NOT NULL DEFAULT '',
  PRIMARY KEY (`comment_id`,`language_id`),
  KEY `language_id` (`language_id`),
  KEY `editdate` (`editdate`),
  CONSTRAINT `ngn_jobs_comments_language_ibfk_1` FOREIGN KEY (`comment_id`) REFERENCES `ngn_jobs_comments` (`comment_id`) ON DELETE CASCADE ON UPDATE CASCADE
) ENGINE=InnoDB DEFAULT CHARSET=utf8;

--
-- Dumping data for table `ngn_jobs_comments_language`
--


--
-- Table structure for table `ngn_jobs_comments_votes`
--

CREATE TABLE `ngn_jobs_comments_votes` (
  `comment_id` int(11) NOT NULL,
  `vote_date` datetime DEFAULT NULL,
  `vote_ip` varchar(50) NOT NULL,
  `vote_value` int(11) NOT NULL,
  PRIMARY KEY (`comment_id`,`vote_ip`),
  CONSTRAINT `ngn_jobs_comments_votes_ibfk_1` FOREIGN KEY (`comment_id`) REFERENCES `ngn_jobs_comments` (`comment_id`) ON DELETE CASCADE ON UPDATE CASCADE
) ENGINE=InnoDB DEFAULT CHARSET=utf8;

--
-- Dumping data for table `ngn_jobs_comments_votes`
--


--
-- Table structure for table `ngn_jobs_custom_values`
--

CREATE TABLE `ngn_jobs_custom_values` (
  `news_id` int(11) NOT NULL,
  `category_id` int(11) NOT NULL,
  `gaid` int(11) NOT NULL,
  `language_id` int(11) NOT NULL,
  `valueAutomatic` int(11) NOT NULL DEFAULT 0,
  `valueInt` int(11) NOT NULL,
  `valueFloat` double NOT NULL,
  `valueText` text NOT NULL,
  PRIMARY KEY (`news_id`,`category_id`,`gaid`,`language_id`),
  KEY `category_id` (`category_id`),
  KEY `gaid` (`gaid`),
  KEY `language_id` (`language_id`),
  KEY `valueInt` (`valueInt`)
) ENGINE=InnoDB DEFAULT CHARSET=utf8;

--
-- Dumping data for table `ngn_jobs_custom_values`
--


--
-- Table structure for table `ngn_jobs_custom_values_multi`
--

CREATE TABLE `ngn_jobs_custom_values_multi` (
  `news_id` int(11) NOT NULL,
  `category_id` int(11) NOT NULL,
  `gaid` int(11) NOT NULL,
  `language_id` int(11) NOT NULL,
  `valueInt` int(11) NOT NULL,
  `item_order` int(11) NOT NULL,
  PRIMARY KEY (`news_id`,`category_id`,`gaid`,`language_id`,`valueInt`),
  KEY `item_order` (`item_order`)
) ENGINE=InnoDB DEFAULT CHARSET=utf8;

--
-- Dumping data for table `ngn_jobs_custom_values_multi`
--


--
-- Table structure for table `ngn_jobs_file`
--

CREATE TABLE `ngn_jobs_file` (
  `type_id` int(11) NOT NULL AUTO_INCREMENT,
  `type_name` varchar(200) NOT NULL DEFAULT '',
  `type_extension` varchar(200) NOT NULL DEFAULT '',
  `type_type` varchar(200) NOT NULL DEFAULT '',
  `type_enable` int(11) NOT NULL DEFAULT 0,
  `type_photo` varchar(200) NOT NULL DEFAULT '',
  PRIMARY KEY (`type_id`)
) ENGINE=InnoDB AUTO_INCREMENT=5 DEFAULT CHARSET=utf8;

--
-- Dumping data for table `ngn_jobs_file`
--

INSERT INTO `ngn_jobs_file` VALUES (1,'CV','pdf','',1,'fa-file-pdf-o'),(2,'JPG','jpg','',1,'fa-file-photo-o'),(3,'JPEG','jpeg','',1,'fa-file-photo-o'),(4,'PNG','png','',1,'fa-file-photo-o');

--
-- Table structure for table `ngn_jobs_files`
--

CREATE TABLE `ngn_jobs_files` (
  `file_id` int(11) NOT NULL AUTO_INCREMENT,
  `news_id` int(11) NOT NULL DEFAULT 0,
  `file_type` int(11) NOT NULL DEFAULT 0,
  `file_group` int(11) NOT NULL,
  `file_size` int(11) NOT NULL DEFAULT 0,
  `file_list` int(11) NOT NULL DEFAULT 1,
  `file_file` varchar(100) NOT NULL DEFAULT '',
  `file_original_name` varchar(200) NOT NULL DEFAULT '0',
  `file_createdate` datetime NOT NULL,
  `file_showdate` datetime NOT NULL,
  `file_hidedate` datetime NOT NULL,
  `file_hide` smallint(1) NOT NULL,
  `file_owner` int(11) NOT NULL,
  `file_order` int(11) NOT NULL,
  PRIMARY KEY (`file_id`),
  KEY `news_id` (`news_id`),
  KEY `file_type` (`file_type`),
  KEY `file_createdate` (`file_createdate`),
  KEY `file_owner` (`file_owner`),
  KEY `file_group` (`file_group`),
  KEY `file_showdate` (`file_showdate`),
  KEY `file_hidedate` (`file_hidedate`),
  KEY `file_hide` (`file_hide`),
  KEY `file_order` (`file_order`)
) ENGINE=InnoDB DEFAULT CHARSET=utf8;

--
-- Dumping data for table `ngn_jobs_files`
--


--
-- Table structure for table `ngn_jobs_files_groups`
--

CREATE TABLE `ngn_jobs_files_groups` (
  `group_id` int(11) NOT NULL AUTO_INCREMENT,
  `group_photo` varchar(50) NOT NULL,
  `group_enable` int(11) NOT NULL DEFAULT 0,
  `group_order` int(11) NOT NULL,
  PRIMARY KEY (`group_id`)
) ENGINE=InnoDB AUTO_INCREMENT=2 DEFAULT CHARSET=utf8;

--
-- Dumping data for table `ngn_jobs_files_groups`
--

INSERT INTO `ngn_jobs_files_groups` VALUES (1,'fa-photo',1,1);

--
-- Table structure for table `ngn_jobs_files_groups_language`
--

CREATE TABLE `ngn_jobs_files_groups_language` (
  `group_id` int(11) NOT NULL,
  `language_id` int(11) NOT NULL DEFAULT 0,
  `editdate` datetime NOT NULL,
  `language_name` varchar(200) DEFAULT NULL,
  PRIMARY KEY (`group_id`,`language_id`),
  KEY `language_id` (`language_id`),
  KEY `editdate` (`editdate`)
) ENGINE=InnoDB DEFAULT CHARSET=utf8;

--
-- Dumping data for table `ngn_jobs_files_groups_language`
--

INSERT INTO `ngn_jobs_files_groups_language` VALUES (1,1,'0000-00-00 00:00:00','Slika');

--
-- Table structure for table `ngn_jobs_files_language`
--

CREATE TABLE `ngn_jobs_files_language` (
  `file_id` int(11) NOT NULL,
  `language_id` int(11) NOT NULL DEFAULT 0,
  `editdate` datetime NOT NULL,
  `enable` int(11) NOT NULL,
  `approved` int(1) NOT NULL DEFAULT 0,
  `language_name` varchar(200) DEFAULT NULL,
  `language_description` text DEFAULT NULL,
  `language_meta` text DEFAULT NULL,
  `language_keywords` varchar(100) DEFAULT NULL,
  `language_url` varchar(100) DEFAULT NULL,
  `language_photo` varchar(100) NOT NULL DEFAULT '',
  PRIMARY KEY (`file_id`,`language_id`),
  KEY `language_id` (`language_id`),
  KEY `editdate` (`editdate`),
  CONSTRAINT `ngn_jobs_files_language_ibfk_1` FOREIGN KEY (`file_id`) REFERENCES `ngn_jobs_files` (`file_id`) ON DELETE CASCADE ON UPDATE CASCADE
) ENGINE=InnoDB DEFAULT CHARSET=utf8;

--
-- Dumping data for table `ngn_jobs_files_language`
--


--
-- Table structure for table `ngn_jobs_gallery`
--

CREATE TABLE `ngn_jobs_gallery` (
  `gallery_id` int(11) NOT NULL AUTO_INCREMENT,
  `news_id` int(11) NOT NULL,
  `gallery_template` int(11) NOT NULL,
  PRIMARY KEY (`gallery_id`)
) ENGINE=InnoDB DEFAULT CHARSET=utf8;

--
-- Dumping data for table `ngn_jobs_gallery`
--


--
-- Table structure for table `ngn_jobs_gallery_photo`
--

CREATE TABLE `ngn_jobs_gallery_photo` (
  `gallery_id` int(11) NOT NULL,
  `photo_id` int(11) NOT NULL,
  `position` int(11) NOT NULL,
  PRIMARY KEY (`gallery_id`,`photo_id`,`position`)
) ENGINE=InnoDB DEFAULT CHARSET=utf8;

--
-- Dumping data for table `ngn_jobs_gallery_photo`
--


--
-- Table structure for table `ngn_jobs_groups`
--

CREATE TABLE `ngn_jobs_groups` (
  `group_id` int(11) NOT NULL AUTO_INCREMENT,
  `group_var` varchar(50) NOT NULL,
  PRIMARY KEY (`group_id`)
) ENGINE=InnoDB AUTO_INCREMENT=5 DEFAULT CHARSET=utf8;

--
-- Dumping data for table `ngn_jobs_groups`
--

INSERT INTO `ngn_jobs_groups` VALUES (1,''),(2,''),(3,''),(4,'temp');

--
-- Table structure for table `ngn_jobs_groups_atribute`
--

CREATE TABLE `ngn_jobs_groups_atribute` (
  `id` int(11) NOT NULL AUTO_INCREMENT,
  `group_id` int(11) NOT NULL,
  `atribute_id` int(11) NOT NULL,
  `position` int(11) NOT NULL,
  PRIMARY KEY (`id`),
  KEY `group_id` (`group_id`),
  KEY `atribute_id` (`atribute_id`),
  CONSTRAINT `ngn_jobs_groups_atribute_ibfk_1` FOREIGN KEY (`group_id`) REFERENCES `ngn_jobs_groups` (`group_id`) ON DELETE CASCADE ON UPDATE CASCADE
) ENGINE=InnoDB AUTO_INCREMENT=41 DEFAULT CHARSET=utf8;

--
-- Dumping data for table `ngn_jobs_groups_atribute`
--

INSERT INTO `ngn_jobs_groups_atribute` VALUES (1,1,1,0),(2,1,2,1),(3,1,3,2),(4,1,4,3),(5,1,5,4),(6,1,6,5),(7,1,7,6),(8,1,8,7),(9,2,9,0),(10,2,10,1),(11,2,11,2),(12,2,12,3),(13,2,13,4),(14,2,14,5),(15,2,15,6),(16,2,16,7),(17,2,17,8),(18,2,18,9),(19,2,19,10),(20,2,20,11),(21,2,21,12),(22,2,22,13),(23,2,23,14),(24,3,24,0),(25,3,25,1),(26,3,26,2),(27,3,27,6),(28,3,28,5),(29,3,29,4),(30,3,30,3),(31,3,31,7),(32,3,32,8),(33,3,33,9),(34,3,34,10),(35,3,35,11),(36,3,36,12),(37,3,37,13),(38,4,6,0),(39,4,7,1),(40,4,8,2);

--
-- Table structure for table `ngn_jobs_groups_language`
--

CREATE TABLE `ngn_jobs_groups_language` (
  `group_id` int(11) NOT NULL,
  `language_id` int(11) NOT NULL DEFAULT 0,
  `editdate` datetime NOT NULL,
  `enable` int(11) NOT NULL,
  `approved` int(1) NOT NULL DEFAULT 0,
  `language_name` varchar(200) DEFAULT NULL,
  `language_description` text DEFAULT NULL,
  `language_meta` text DEFAULT NULL,
  `language_keywords` varchar(100) DEFAULT NULL,
  `language_url` varchar(100) DEFAULT NULL,
  `language_photo` varchar(100) NOT NULL DEFAULT '',
  PRIMARY KEY (`group_id`,`language_id`),
  KEY `language_id` (`language_id`),
  KEY `editdate` (`editdate`)
) ENGINE=InnoDB DEFAULT CHARSET=utf8;

--
-- Dumping data for table `ngn_jobs_groups_language`
--

INSERT INTO `ngn_jobs_groups_language` VALUES (1,1,'0000-00-00 00:00:00',0,1,'Osebni podatki','',NULL,NULL,NULL,''),(2,1,'0000-00-00 00:00:00',0,1,'Izobrazba in delovne izkušnje','',NULL,NULL,NULL,''),(3,1,'0000-00-00 00:00:00',0,1,'Znanja in spretnosti','',NULL,NULL,NULL,''),(4,1,'0000-00-00 00:00:00',0,1,'Začasni naslov','',NULL,NULL,NULL,'');

--
-- Table structure for table `ngn_jobs_item`
--

CREATE TABLE `ngn_jobs_item` (
  `item_id` int(11) NOT NULL AUTO_INCREMENT,
  `item_category` int(11) NOT NULL,
  `news_id` int(11) NOT NULL DEFAULT 0,
  `item_order` int(11) NOT NULL,
  `item_createdate` datetime DEFAULT NULL,
  `item_showdate` datetime DEFAULT NULL,
  `item_editdate` datetime NOT NULL,
  `item_hidedate` datetime NOT NULL,
  `item_hide` tinyint(1) NOT NULL,
  `item_enable` int(11) NOT NULL DEFAULT 0,
  `item_photo1` varchar(100) NOT NULL,
  `item_photo2` varchar(100) NOT NULL,
  `item_viewed` int(11) NOT NULL DEFAULT 0,
  PRIMARY KEY (`item_id`),
  KEY `item_category` (`item_category`),
  KEY `news_id` (`news_id`),
  KEY `item_enable` (`item_enable`)
) ENGINE=InnoDB DEFAULT CHARSET=utf8;

--
-- Dumping data for table `ngn_jobs_item`
--


--
-- Table structure for table `ngn_jobs_item_category`
--

CREATE TABLE `ngn_jobs_item_category` (
  `category_id` int(11) NOT NULL AUTO_INCREMENT,
  `category_enable` int(11) DEFAULT NULL,
  `category_createdate` datetime DEFAULT NULL,
  `category_showdate` datetime DEFAULT NULL,
  `category_hidedate` datetime DEFAULT NULL,
  `category_hide` tinyint(1) NOT NULL,
  `category_editdate` datetime DEFAULT NULL,
  `category_position` int(11) DEFAULT NULL,
  `category_parent` int(11) DEFAULT NULL,
  `category_photo` int(11) DEFAULT NULL,
  `category_template` int(11) NOT NULL,
  `category_template_news` int(11) NOT NULL,
  `category_photo2` int(11) DEFAULT NULL,
  PRIMARY KEY (`category_id`),
  KEY `category_enable` (`category_enable`),
  KEY `category_template` (`category_template`),
  KEY `category_template_news` (`category_template_news`),
  KEY `category_createdate` (`category_createdate`),
  KEY `category_editdate` (`category_editdate`),
  KEY `category_hidedate` (`category_hidedate`),
  KEY `category_showdate` (`category_showdate`)
) ENGINE=InnoDB DEFAULT CHARSET=utf8;

--
-- Dumping data for table `ngn_jobs_item_category`
--


--
-- Table structure for table `ngn_jobs_item_category_language`
--

CREATE TABLE `ngn_jobs_item_category_language` (
  `category_id` int(11) NOT NULL,
  `language_id` int(11) NOT NULL DEFAULT 0,
  `editdate` datetime NOT NULL,
  `enable` int(11) NOT NULL,
  `approved` int(1) NOT NULL DEFAULT 0,
  `language_name` varchar(200) DEFAULT NULL,
  `language_description` text DEFAULT NULL,
  `language_meta` text DEFAULT NULL,
  `language_keywords` varchar(100) DEFAULT NULL,
  `language_url` varchar(100) DEFAULT NULL,
  `language_photo` varchar(100) NOT NULL DEFAULT '',
  PRIMARY KEY (`category_id`,`language_id`),
  KEY `language_id` (`language_id`),
  KEY `editdate` (`editdate`)
) ENGINE=InnoDB DEFAULT CHARSET=utf8;

--
-- Dumping data for table `ngn_jobs_item_category_language`
--


--
-- Table structure for table `ngn_jobs_item_custom_values`
--

CREATE TABLE `ngn_jobs_item_custom_values` (
  `item_id` int(11) NOT NULL,
  `item_category_id` int(11) NOT NULL,
  `gaid` int(11) NOT NULL,
  `language_id` int(11) NOT NULL,
  `valueAutomatic` int(11) NOT NULL DEFAULT 0,
  `valueInt` int(11) NOT NULL,
  `valueFloat` double NOT NULL,
  `valueText` text NOT NULL,
  PRIMARY KEY (`item_id`,`item_category_id`,`gaid`,`language_id`),
  KEY `item_category_id` (`item_category_id`),
  KEY `gaid` (`gaid`),
  KEY `language_id` (`language_id`),
  KEY `valueInt` (`valueInt`),
  CONSTRAINT `ngn_jobs_item_custom_values_ibfk_1` FOREIGN KEY (`item_id`) REFERENCES `ngn_jobs_item_variations` (`variations_id`) ON DELETE CASCADE ON UPDATE CASCADE
) ENGINE=InnoDB DEFAULT CHARSET=utf8;

--
-- Dumping data for table `ngn_jobs_item_custom_values`
--


--
-- Table structure for table `ngn_jobs_item_custom_values_multi`
--

CREATE TABLE `ngn_jobs_item_custom_values_multi` (
  `item_id` int(11) NOT NULL,
  `item_category_id` int(11) NOT NULL,
  `gaid` int(11) NOT NULL,
  `language_id` int(11) NOT NULL,
  `valueInt` int(11) NOT NULL,
  `item_order` int(11) NOT NULL,
  PRIMARY KEY (`item_id`,`item_category_id`,`gaid`,`language_id`,`valueInt`),
  KEY `item_order` (`item_order`)
) ENGINE=InnoDB DEFAULT CHARSET=utf8;

--
-- Dumping data for table `ngn_jobs_item_custom_values_multi`
--


--
-- Table structure for table `ngn_jobs_item_file`
--

CREATE TABLE `ngn_jobs_item_file` (
  `type_id` int(11) NOT NULL AUTO_INCREMENT,
  `type_name` varchar(200) NOT NULL DEFAULT '',
  `type_extension` varchar(200) NOT NULL DEFAULT '',
  `type_type` varchar(200) NOT NULL DEFAULT '',
  `type_enable` int(11) NOT NULL DEFAULT 0,
  `type_photo` varchar(200) NOT NULL DEFAULT '',
  PRIMARY KEY (`type_id`)
) ENGINE=InnoDB DEFAULT CHARSET=utf8;

--
-- Dumping data for table `ngn_jobs_item_file`
--


--
-- Table structure for table `ngn_jobs_item_files`
--

CREATE TABLE `ngn_jobs_item_files` (
  `file_id` int(11) NOT NULL AUTO_INCREMENT,
  `item_id` int(11) NOT NULL DEFAULT 0,
  `file_type` int(11) NOT NULL DEFAULT 0,
  `file_group` int(11) NOT NULL,
  `file_size` int(11) NOT NULL DEFAULT 0,
  `file_list` int(11) NOT NULL DEFAULT 1,
  `file_file` varchar(100) NOT NULL DEFAULT '',
  `file_original_name` varchar(200) NOT NULL DEFAULT '0',
  `file_createdate` datetime NOT NULL,
  `file_showdate` datetime NOT NULL,
  `file_hidedate` datetime NOT NULL,
  `file_hide` smallint(1) NOT NULL,
  `file_owner` int(11) NOT NULL,
  `file_order` int(11) NOT NULL,
  PRIMARY KEY (`file_id`),
  KEY `item_id` (`item_id`),
  KEY `file_type` (`file_type`),
  KEY `file_createdate` (`file_createdate`),
  KEY `file_owner` (`file_owner`),
  KEY `file_group` (`file_group`),
  KEY `file_showdate` (`file_showdate`),
  KEY `file_hidedate` (`file_hidedate`),
  KEY `file_hide` (`file_hide`),
  KEY `file_order` (`file_order`)
) ENGINE=InnoDB DEFAULT CHARSET=utf8;

--
-- Dumping data for table `ngn_jobs_item_files`
--


--
-- Table structure for table `ngn_jobs_item_files_language`
--

CREATE TABLE `ngn_jobs_item_files_language` (
  `file_id` int(11) NOT NULL,
  `language_id` int(11) NOT NULL DEFAULT 0,
  `editdate` datetime NOT NULL,
  `enable` int(11) NOT NULL,
  `approved` int(1) NOT NULL DEFAULT 0,
  `language_name` varchar(200) DEFAULT NULL,
  `language_description` text DEFAULT NULL,
  `language_meta` text DEFAULT NULL,
  `language_keywords` varchar(100) DEFAULT NULL,
  `language_url` varchar(100) DEFAULT NULL,
  `language_photo` varchar(100) NOT NULL DEFAULT '',
  PRIMARY KEY (`file_id`,`language_id`),
  KEY `language_id` (`language_id`),
  KEY `editdate` (`editdate`)
) ENGINE=InnoDB DEFAULT CHARSET=utf8;

--
-- Dumping data for table `ngn_jobs_item_files_language`
--


--
-- Table structure for table `ngn_jobs_item_groups`
--

CREATE TABLE `ngn_jobs_item_groups` (
  `id` int(11) NOT NULL AUTO_INCREMENT,
  `item_category_id` int(11) NOT NULL,
  `group_id` int(11) NOT NULL,
  `position` int(11) NOT NULL,
  `transfer` int(11) NOT NULL DEFAULT 1,
  `category` int(11) NOT NULL DEFAULT 0,
  PRIMARY KEY (`id`),
  KEY `group_id` (`group_id`),
  KEY `item_category_id` (`item_category_id`),
  KEY `position` (`position`)
) ENGINE=InnoDB DEFAULT CHARSET=utf8;

--
-- Dumping data for table `ngn_jobs_item_groups`
--


--
-- Table structure for table `ngn_jobs_item_groups_atribute`
--

CREATE TABLE `ngn_jobs_item_groups_atribute` (
  `cgid` int(11) NOT NULL,
  `gaid` int(11) NOT NULL,
  `language_id` int(11) NOT NULL,
  `valueInt` int(11) NOT NULL DEFAULT 0,
  `valueFloat` double NOT NULL DEFAULT 0,
  `valueText` text NOT NULL,
  PRIMARY KEY (`cgid`,`gaid`,`language_id`),
  KEY `language_id` (`language_id`),
  KEY `gaid` (`gaid`),
  KEY `cgid` (`cgid`),
  KEY `valueInt` (`valueInt`)
) ENGINE=InnoDB DEFAULT CHARSET=utf8;

--
-- Dumping data for table `ngn_jobs_item_groups_atribute`
--


--
-- Table structure for table `ngn_jobs_item_language`
--

CREATE TABLE `ngn_jobs_item_language` (
  `item_id` int(11) NOT NULL,
  `language_id` int(11) NOT NULL DEFAULT 0,
  `editdate` datetime NOT NULL,
  `enable` int(11) NOT NULL,
  `approved` int(1) NOT NULL DEFAULT 0,
  `language_name` varchar(200) DEFAULT NULL,
  `language_description` text DEFAULT NULL,
  `language_meta` text DEFAULT NULL,
  `language_keywords` varchar(100) DEFAULT NULL,
  `language_url` varchar(100) DEFAULT NULL,
  `language_photo1` varchar(100) NOT NULL,
  `language_photo2` varchar(100) NOT NULL,
  `language_html` text NOT NULL,
  PRIMARY KEY (`item_id`,`language_id`),
  KEY `language_id` (`language_id`),
  KEY `editdate` (`editdate`),
  FULLTEXT KEY `language_html` (`language_html`)
) ENGINE=InnoDB DEFAULT CHARSET=utf8;

--
-- Dumping data for table `ngn_jobs_item_language`
--


--
-- Table structure for table `ngn_jobs_item_photo`
--

CREATE TABLE `ngn_jobs_item_photo` (
  `photo_id` int(11) NOT NULL AUTO_INCREMENT,
  `item_id` int(11) DEFAULT NULL,
  `photo_order` int(11) NOT NULL,
  `photo_gallery` int(11) NOT NULL DEFAULT 1,
  `photo_photo` varchar(100) DEFAULT NULL,
  `photo_path` varchar(200) NOT NULL,
  `photo_owner` int(11) NOT NULL,
  `photo_date` datetime NOT NULL,
  `photo_source` varchar(255) NOT NULL,
  PRIMARY KEY (`photo_id`),
  KEY `item_id` (`item_id`),
  KEY `photo_date` (`photo_date`),
  KEY `photo_owner` (`photo_owner`),
  KEY `photo_source` (`photo_source`)
) ENGINE=InnoDB DEFAULT CHARSET=utf8;

--
-- Dumping data for table `ngn_jobs_item_photo`
--


--
-- Table structure for table `ngn_jobs_item_photo_gallery`
--

CREATE TABLE `ngn_jobs_item_photo_gallery` (
  `photo_id` int(11) NOT NULL,
  `item_id` int(11) NOT NULL,
  `photo_gallery` int(11) NOT NULL,
  `photo_order` int(11) NOT NULL,
  PRIMARY KEY (`item_id`,`photo_id`)
) ENGINE=InnoDB DEFAULT CHARSET=utf8;

--
-- Dumping data for table `ngn_jobs_item_photo_gallery`
--


--
-- Table structure for table `ngn_jobs_item_photo_gallery_language`
--

CREATE TABLE `ngn_jobs_item_photo_gallery_language` (
  `photo_id` int(11) NOT NULL,
  `item_id` int(11) NOT NULL,
  `language_id` int(11) NOT NULL,
  `editdate` datetime NOT NULL,
  `enable` int(11) NOT NULL,
  PRIMARY KEY (`photo_id`,`item_id`,`language_id`),
  KEY `editdate` (`editdate`)
) ENGINE=InnoDB DEFAULT CHARSET=utf8;

--
-- Dumping data for table `ngn_jobs_item_photo_gallery_language`
--


--
-- Table structure for table `ngn_jobs_item_photo_language`
--

CREATE TABLE `ngn_jobs_item_photo_language` (
  `photo_id` int(11) NOT NULL,
  `language_id` int(11) NOT NULL DEFAULT 0,
  `editdate` datetime NOT NULL,
  `enable` int(11) NOT NULL,
  `approved` int(1) NOT NULL DEFAULT 0,
  `language_name` varchar(200) DEFAULT NULL,
  `language_description` text DEFAULT NULL,
  `language_meta` text DEFAULT NULL,
  `language_keywords` varchar(100) DEFAULT NULL,
  `language_url` varchar(100) DEFAULT NULL,
  `language_photo` varchar(100) NOT NULL DEFAULT '',
  PRIMARY KEY (`photo_id`,`language_id`),
  KEY `language_id` (`language_id`),
  KEY `editdate` (`editdate`)
) ENGINE=InnoDB DEFAULT CHARSET=utf8;

--
-- Dumping data for table `ngn_jobs_item_photo_language`
--


--
-- Table structure for table `ngn_jobs_item_variations`
--

CREATE TABLE `ngn_jobs_item_variations` (
  `variations_id` int(11) NOT NULL AUTO_INCREMENT,
  `item_id` int(11) NOT NULL,
  `variation_order` int(11) NOT NULL,
  `enable` tinyint(1) NOT NULL,
  PRIMARY KEY (`variations_id`),
  KEY `item_id` (`item_id`),
  KEY `enable` (`enable`),
  CONSTRAINT `ngn_jobs_item_variations_ibfk_1` FOREIGN KEY (`item_id`) REFERENCES `ngn_jobs_item` (`item_id`) ON DELETE CASCADE ON UPDATE CASCADE
) ENGINE=InnoDB DEFAULT CHARSET=utf8;

--
-- Dumping data for table `ngn_jobs_item_variations`
--


--
-- Table structure for table `ngn_jobs_item_variations_language`
--

CREATE TABLE `ngn_jobs_item_variations_language` (
  `variation_id` int(11) NOT NULL,
  `language_id` int(11) NOT NULL DEFAULT 0,
  `editdate` datetime NOT NULL,
  `enable` int(11) NOT NULL,
  `approved` int(1) NOT NULL DEFAULT 0,
  `language_name` varchar(200) DEFAULT NULL,
  `language_description` text DEFAULT NULL,
  `language_meta` text DEFAULT NULL,
  `language_keywords` varchar(100) DEFAULT NULL,
  `language_url` varchar(100) DEFAULT NULL,
  `language_photo` varchar(100) NOT NULL DEFAULT '',
  PRIMARY KEY (`variation_id`,`language_id`),
  KEY `language_id` (`language_id`),
  KEY `editdate` (`editdate`)
) ENGINE=InnoDB DEFAULT CHARSET=utf8;

--
-- Dumping data for table `ngn_jobs_item_variations_language`
--


--
-- Table structure for table `ngn_jobs_language`
--

CREATE TABLE `ngn_jobs_language` (
  `news_id` int(11) NOT NULL,
  `language_id` int(11) NOT NULL DEFAULT 0,
  `editdate` datetime NOT NULL,
  `enable` int(11) NOT NULL,
  `approved` int(1) NOT NULL DEFAULT 0,
  `language_name` varchar(200) DEFAULT NULL,
  `language_description` text DEFAULT NULL,
  `language_meta` text DEFAULT NULL,
  `language_keywords` varchar(100) DEFAULT NULL,
  `language_url` varchar(100) DEFAULT NULL,
  `photo1` int(11) NOT NULL,
  `photo2` int(11) NOT NULL,
  `language_photo1` varchar(200) NOT NULL,
  `language_photo2` varchar(200) NOT NULL,
  `language_html` text NOT NULL,
  PRIMARY KEY (`news_id`,`language_id`),
  KEY `language_id` (`language_id`),
  KEY `editdate` (`editdate`),
  KEY `photo1` (`photo1`),
  KEY `photo2` (`photo2`),
  FULLTEXT KEY `language_html` (`language_html`)
) ENGINE=InnoDB DEFAULT CHARSET=utf8;

--
-- Dumping data for table `ngn_jobs_language`
--


--
-- Table structure for table `ngn_jobs_links`
--

CREATE TABLE `ngn_jobs_links` (
  `news_id` int(11) NOT NULL,
  `link_id` int(11) NOT NULL,
  `news_position` int(11) NOT NULL DEFAULT 0,
  `link_position` int(11) NOT NULL,
  `link_date` int(11) NOT NULL,
  PRIMARY KEY (`news_id`,`link_id`),
  KEY `link_position` (`link_position`),
  KEY `link_id` (`link_id`),
  KEY `news_position` (`news_position`)
) ENGINE=InnoDB DEFAULT CHARSET=utf8;

--
-- Dumping data for table `ngn_jobs_links`
--


--
-- Table structure for table `ngn_jobs_media`
--

CREATE TABLE `ngn_jobs_media` (
  `gallery_id` int(11) NOT NULL AUTO_INCREMENT,
  `module` varchar(50) NOT NULL,
  `id` int(11) NOT NULL,
  `template` int(11) NOT NULL,
  PRIMARY KEY (`gallery_id`)
) ENGINE=InnoDB DEFAULT CHARSET=utf8;

--
-- Dumping data for table `ngn_jobs_media`
--


--
-- Table structure for table `ngn_jobs_media_gallery`
--

CREATE TABLE `ngn_jobs_media_gallery` (
  `gallery_id` int(11) NOT NULL,
  `photo_id` int(11) NOT NULL,
  `position` int(11) NOT NULL,
  PRIMARY KEY (`gallery_id`,`photo_id`),
  KEY `position` (`position`)
) ENGINE=InnoDB DEFAULT CHARSET=utf8;

--
-- Dumping data for table `ngn_jobs_media_gallery`
--


--
-- Table structure for table `ngn_jobs_pages`
--

CREATE TABLE `ngn_jobs_pages` (
  `news_id` int(11) NOT NULL,
  `link_id` int(11) NOT NULL,
  `language_id` int(11) NOT NULL,
  `news_position` int(11) NOT NULL DEFAULT 0,
  `link_position` int(11) NOT NULL,
  `link_date` int(11) NOT NULL,
  PRIMARY KEY (`news_id`,`link_id`,`language_id`),
  KEY `link_position` (`link_position`),
  KEY `link_id` (`link_id`),
  KEY `news_position` (`news_position`)
) ENGINE=InnoDB DEFAULT CHARSET=utf8;

--
-- Dumping data for table `ngn_jobs_pages`
--


--
-- Table structure for table `ngn_jobs_photo`
--

CREATE TABLE `ngn_jobs_photo` (
  `photo_id` int(11) NOT NULL AUTO_INCREMENT,
  `news_id` int(11) DEFAULT NULL,
  `photo_order` int(11) NOT NULL,
  `photo_gallery` int(11) NOT NULL DEFAULT 1,
  `photo_photo` varchar(100) DEFAULT NULL,
  `photo_path` varchar(200) NOT NULL,
  `photo_owner` int(11) NOT NULL,
  `photo_date` datetime NOT NULL,
  `photo_source` varchar(255) NOT NULL,
  PRIMARY KEY (`photo_id`),
  KEY `news_id` (`news_id`),
  KEY `photo_date` (`photo_date`),
  KEY `photo_owner` (`photo_owner`),
  KEY `photo_source` (`photo_source`)
) ENGINE=InnoDB DEFAULT CHARSET=utf8;

--
-- Dumping data for table `ngn_jobs_photo`
--


--
-- Table structure for table `ngn_jobs_photo_gallery`
--

CREATE TABLE `ngn_jobs_photo_gallery` (
  `photo_id` int(11) NOT NULL,
  `news_id` int(11) NOT NULL,
  `photo_gallery` int(11) NOT NULL,
  `photo_order` int(11) NOT NULL,
  PRIMARY KEY (`news_id`,`photo_id`)
) ENGINE=InnoDB DEFAULT CHARSET=utf8;

--
-- Dumping data for table `ngn_jobs_photo_gallery`
--


--
-- Table structure for table `ngn_jobs_photo_gallery_language`
--

CREATE TABLE `ngn_jobs_photo_gallery_language` (
  `photo_id` int(11) NOT NULL,
  `news_id` int(11) NOT NULL,
  `language_id` int(11) NOT NULL,
  `editdate` datetime NOT NULL,
  `enable` int(11) NOT NULL,
  PRIMARY KEY (`photo_id`,`news_id`,`language_id`),
  KEY `editdate` (`editdate`)
) ENGINE=InnoDB DEFAULT CHARSET=utf8;

--
-- Dumping data for table `ngn_jobs_photo_gallery_language`
--


--
-- Table structure for table `ngn_jobs_photo_language`
--

CREATE TABLE `ngn_jobs_photo_language` (
  `photo_id` int(11) NOT NULL,
  `language_id` int(11) NOT NULL DEFAULT 0,
  `editdate` datetime NOT NULL,
  `enable` int(11) NOT NULL,
  `approved` int(1) NOT NULL DEFAULT 0,
  `language_name` varchar(200) DEFAULT NULL,
  `language_description` text DEFAULT NULL,
  `language_meta` text DEFAULT NULL,
  `language_keywords` varchar(100) DEFAULT NULL,
  `language_url` varchar(100) DEFAULT NULL,
  `language_photo` varchar(100) NOT NULL DEFAULT '',
  PRIMARY KEY (`photo_id`,`language_id`),
  KEY `language_id` (`language_id`),
  KEY `editdate` (`editdate`),
  CONSTRAINT `ngn_jobs_photo_language_id1` FOREIGN KEY (`photo_id`) REFERENCES `ngn_jobs_photo` (`photo_id`) ON DELETE NO ACTION ON UPDATE NO ACTION
) ENGINE=InnoDB DEFAULT CHARSET=utf8;

--
-- Dumping data for table `ngn_jobs_photo_language`
--


--
-- Table structure for table `ngn_jobs_photo_sizes`
--

CREATE TABLE `ngn_jobs_photo_sizes` (
  `photo_id` int(11) NOT NULL,
  `size_id` int(11) NOT NULL,
  `photo_width` int(11) NOT NULL,
  `photo_height` int(11) NOT NULL,
  `photo_photo` varchar(100) NOT NULL,
  `photo_path` varchar(200) NOT NULL,
  PRIMARY KEY (`photo_id`,`size_id`)
) ENGINE=InnoDB DEFAULT CHARSET=utf8;

--
-- Dumping data for table `ngn_jobs_photo_sizes`
--


--
-- Table structure for table `ngn_jobs_photo_usage`
--

CREATE TABLE `ngn_jobs_photo_usage` (
  `photo_id` int(11) NOT NULL,
  `module_name` varchar(50) NOT NULL,
  `usage_type` varchar(50) NOT NULL,
  `link_id` int(11) NOT NULL,
  PRIMARY KEY (`photo_id`,`module_name`,`usage_type`,`link_id`)
) ENGINE=InnoDB DEFAULT CHARSET=utf8;

--
-- Dumping data for table `ngn_jobs_photo_usage`
--


--
-- Table structure for table `ngn_jobs_restrictions`
--

CREATE TABLE `ngn_jobs_restrictions` (
  `restrictions_id` int(11) NOT NULL AUTO_INCREMENT,
  `restrictions_name` varchar(100) NOT NULL,
  `restrictions_default` int(11) NOT NULL,
  PRIMARY KEY (`restrictions_id`),
  FULLTEXT KEY `restrictions_name` (`restrictions_name`),
  FULLTEXT KEY `restrictions_name_2` (`restrictions_name`)
) ENGINE=InnoDB AUTO_INCREMENT=2 DEFAULT CHARSET=utf8;

--
-- Dumping data for table `ngn_jobs_restrictions`
--

INSERT INTO `ngn_jobs_restrictions` VALUES (1,'Default',1);

--
-- Table structure for table `ngn_jobs_restrictions_groups`
--

CREATE TABLE `ngn_jobs_restrictions_groups` (
  `id` int(11) NOT NULL AUTO_INCREMENT,
  `restriction_id` int(11) NOT NULL,
  `group_id` int(11) NOT NULL,
  `position` int(11) NOT NULL,
  `transfer` int(11) NOT NULL DEFAULT 1,
  `category` int(11) NOT NULL DEFAULT 0,
  PRIMARY KEY (`id`),
  UNIQUE KEY `restriction_id_2` (`restriction_id`,`group_id`),
  KEY `group_id` (`group_id`),
  KEY `restriction_id` (`restriction_id`),
  KEY `position` (`position`)
) ENGINE=InnoDB DEFAULT CHARSET=utf8;

--
-- Dumping data for table `ngn_jobs_restrictions_groups`
--


--
-- Table structure for table `ngn_jobs_restrictions_settings`
--

CREATE TABLE `ngn_jobs_restrictions_settings` (
  `restriction_id` int(11) NOT NULL,
  `restriction_var` varchar(100) NOT NULL,
  `restriction_value_int` int(11) NOT NULL,
  `restriction_value_text` text NOT NULL,
  `restriction_value_float` float NOT NULL,
  PRIMARY KEY (`restriction_id`,`restriction_var`),
  KEY `restriction_var` (`restriction_var`),
  KEY `restriction_id` (`restriction_id`)
) ENGINE=InnoDB DEFAULT CHARSET=utf8;

--
-- Dumping data for table `ngn_jobs_restrictions_settings`
--


--
-- Table structure for table `ngn_jobs_restrictions_settings_multi`
--

CREATE TABLE `ngn_jobs_restrictions_settings_multi` (
  `restriction_id` int(11) NOT NULL,
  `restriction_var` varchar(100) NOT NULL,
  `valueInt` int(11) NOT NULL,
  `position` int(11) NOT NULL,
  PRIMARY KEY (`restriction_id`,`restriction_var`,`valueInt`)
) ENGINE=InnoDB DEFAULT CHARSET=utf8;

--
-- Dumping data for table `ngn_jobs_restrictions_settings_multi`
--


--
-- Table structure for table `ngn_jobs_roles`
--

CREATE TABLE `ngn_jobs_roles` (
  `role_id` int(11) NOT NULL,
  `news_id` int(11) NOT NULL,
  `news_edit` tinyint(11) NOT NULL DEFAULT 0,
  `news_delete` tinyint(11) NOT NULL DEFAULT 0,
  PRIMARY KEY (`role_id`,`news_id`),
  KEY `category_id` (`news_id`)
) ENGINE=InnoDB DEFAULT CHARSET=utf8;

--
-- Dumping data for table `ngn_jobs_roles`
--


--
-- Table structure for table `ngn_jobs_tags`
--

CREATE TABLE `ngn_jobs_tags` (
  `tag_id` int(11) NOT NULL AUTO_INCREMENT,
  `tag_createdate` datetime DEFAULT NULL,
  `tag_showdate` datetime DEFAULT NULL,
  `tag_hidedate` datetime DEFAULT NULL,
  `tag_hide` int(11) NOT NULL,
  `tag_editdate` datetime DEFAULT NULL,
  `tag_owner` int(11) NOT NULL,
  `tag_order` int(11) NOT NULL,
  PRIMARY KEY (`tag_id`),
  KEY `tag_hide` (`tag_hide`),
  KEY `tag_order` (`tag_order`),
  KEY `tag_owner` (`tag_owner`),
  KEY `tag_createdate` (`tag_createdate`),
  KEY `tag_editdate` (`tag_editdate`),
  KEY `tag_hidedate` (`tag_hidedate`),
  KEY `tag_showdate` (`tag_showdate`)
) ENGINE=InnoDB DEFAULT CHARSET=utf8;

--
-- Dumping data for table `ngn_jobs_tags`
--


--
-- Table structure for table `ngn_jobs_tags_language`
--

CREATE TABLE `ngn_jobs_tags_language` (
  `tag_id` int(11) NOT NULL,
  `language_id` int(11) NOT NULL DEFAULT 0,
  `editdate` datetime NOT NULL,
  `enable` int(11) NOT NULL,
  `approved` int(1) NOT NULL DEFAULT 0,
  `language_name` varchar(200) DEFAULT NULL,
  `language_description` text DEFAULT NULL,
  `language_meta` text DEFAULT NULL,
  `language_keywords` varchar(100) DEFAULT NULL,
  `language_url` varchar(100) DEFAULT NULL,
  `language_photo` varchar(100) NOT NULL DEFAULT '',
  PRIMARY KEY (`tag_id`,`language_id`),
  KEY `language_id` (`language_id`),
  KEY `editdate` (`editdate`),
  CONSTRAINT `ngn_jobs_tags_language_ibfk_1` FOREIGN KEY (`tag_id`) REFERENCES `ngn_jobs_tags` (`tag_id`) ON DELETE CASCADE ON UPDATE CASCADE
) ENGINE=InnoDB DEFAULT CHARSET=utf8;

--
-- Dumping data for table `ngn_jobs_tags_language`
--


--
-- Table structure for table `ngn_jobs_tags_links`
--

CREATE TABLE `ngn_jobs_tags_links` (
  `tag_id` int(11) NOT NULL,
  `news_id` int(11) NOT NULL,
  `language_id` int(11) NOT NULL,
  PRIMARY KEY (`tag_id`,`news_id`,`language_id`),
  KEY `news_id` (`news_id`),
  CONSTRAINT `ngn_jobs_tags_links_ibfk_1` FOREIGN KEY (`tag_id`) REFERENCES `ngn_jobs_tags` (`tag_id`) ON DELETE CASCADE ON UPDATE CASCADE
) ENGINE=InnoDB DEFAULT CHARSET=utf8;

--
-- Dumping data for table `ngn_jobs_tags_links`
--


--
-- Table structure for table `ngn_language`
--

CREATE TABLE `ngn_language` (
  `language_id` int(11) NOT NULL AUTO_INCREMENT,
  `language_name` varchar(200) NOT NULL DEFAULT '',
  `language_extension` varchar(200) NOT NULL DEFAULT '',
  `language_enable` int(11) NOT NULL DEFAULT 0,
  `language_enable_admin` int(11) NOT NULL,
  `language_enable_translate` int(11) NOT NULL,
  `language_short` varchar(3) NOT NULL DEFAULT '',
  `language_domain` varchar(100) NOT NULL,
  `language_photo` varchar(100) NOT NULL DEFAULT '',
  `language_priority` int(11) NOT NULL,
  PRIMARY KEY (`language_id`),
  KEY `language_short` (`language_short`),
  KEY `language_enable` (`language_enable`),
  KEY `language_extension` (`language_extension`),
  KEY `language_priority` (`language_priority`),
  KEY `language_enable_admin` (`language_enable_admin`),
  KEY `language_enable_translate` (`language_enable_translate`)
) ENGINE=InnoDB AUTO_INCREMENT=6 DEFAULT CHARSET=utf8;

--
-- Dumping data for table `ngn_language`
--

INSERT INTO `ngn_language` VALUES (1,'Slovenski','slovenian',1,1,1,'si','','',0),(2,'English','english',1,1,1,'en','','',0),(3,'Deutsch','deutsch',0,0,0,'de','','',0),(4,'Italiano','italiano',0,0,0,'it','','',0),(5,'Croatian','croatian',0,0,0,'hr','','',6);

--
-- Table structure for table `ngn_log`
--

CREATE TABLE `ngn_log` (
  `log_id` int(11) NOT NULL AUTO_INCREMENT,
  `log_group` int(11) NOT NULL,
  `log_date` datetime NOT NULL,
  `log_type` varchar(1) NOT NULL,
  `log_level` int(2) NOT NULL,
  `log_module` varchar(100) NOT NULL,
  `log_element_id` int(11) NOT NULL,
  `log_function` varchar(100) NOT NULL,
  `log_language` varchar(100) NOT NULL,
  `log_user` int(11) NOT NULL,
  `log_user_data` text NOT NULL,
  `log_string` text NOT NULL,
  PRIMARY KEY (`log_id`),
  KEY `log_module` (`log_module`),
  KEY `log_date` (`log_date`),
  KEY `log_language` (`log_language`),
  KEY `log_user` (`log_user`),
  KEY `log_group` (`log_group`),
  KEY `log_level` (`log_level`)
) ENGINE=InnoDB DEFAULT CHARSET=utf8;

--
-- Dumping data for table `ngn_log`
--


--
-- Table structure for table `ngn_log_settings`
--

CREATE TABLE `ngn_log_settings` (
  `module` varchar(100) NOT NULL,
  `type` varchar(100) NOT NULL,
  `level` int(11) NOT NULL,
  PRIMARY KEY (`module`,`type`,`level`)
) ENGINE=InnoDB DEFAULT CHARSET=utf8;

--
-- Dumping data for table `ngn_log_settings`
--


--
-- Table structure for table `ngn_module`
--

CREATE TABLE `ngn_module` (
  `module_id` int(11) NOT NULL AUTO_INCREMENT,
  `module_name` varchar(200) NOT NULL DEFAULT '',
  `module_enable` int(11) NOT NULL DEFAULT 0,
  `module_admin` varchar(200) NOT NULL DEFAULT '',
  `module_user` varchar(200) NOT NULL DEFAULT '',
  `module_description` varchar(200) NOT NULL DEFAULT '',
  `module_checksum` int(11) NOT NULL DEFAULT 0,
  PRIMARY KEY (`module_id`)
) ENGINE=InnoDB AUTO_INCREMENT=24 DEFAULT CHARSET=utf8;

--
-- Dumping data for table `ngn_module`
--

INSERT INTO `ngn_module` VALUES (1,'god',0,'god','','Super admin',1),(2,'admins',1,'admins','','Uredniki',2),(3,'core',1,'core','main','Core',3),(4,'users',1,'users','main','Uporabniki',4),(5,'static',1,'news','main','Statična vsebina',5),(6,'pages',1,'news','main','Designer',6),(9,'articles',1,'news','main','Artikli',10),(10,'offers',1,'news','main','Sestavnice',11),(11,'calculation',1,'news','main','Odpis',12),(12,'logs',1,'log','main','Logs',33),(13,'crm',1,'crm','main','CRM',34),(19,'postal',1,'news','main','Poštne storitve',35),(20,'reservation',1,'news','main','Rezervacije',36),(21,'jobs',1,'news','main','Prijave za delovna mesta',37),(22,'wishlist',1,'users','main','Seznam želja',38),(23,'stock',1,'users','main','Zaloga',39);

--
-- Table structure for table `ngn_module_language`
--

CREATE TABLE `ngn_module_language` (
  `module_id` int(11) NOT NULL,
  `language_id` int(11) NOT NULL DEFAULT 0,
  `editdate` datetime NOT NULL,
  `enable` int(11) NOT NULL,
  `approved` int(1) NOT NULL DEFAULT 0,
  `language_name` varchar(200) DEFAULT NULL,
  `language_description` text DEFAULT NULL,
  `language_meta` text DEFAULT NULL,
  `language_keywords` varchar(100) DEFAULT NULL,
  `language_url` varchar(100) DEFAULT NULL,
  `language_photo1` varchar(200) NOT NULL,
  `language_photo2` varchar(200) NOT NULL,
  `language_html` text NOT NULL,
  PRIMARY KEY (`module_id`,`language_id`),
  KEY `language_id` (`language_id`),
  KEY `editdate` (`editdate`),
  FULLTEXT KEY `language_html` (`language_html`)
) ENGINE=InnoDB DEFAULT CHARSET=utf8;

--
-- Dumping data for table `ngn_module_language`
--


--
-- Table structure for table `ngn_news_topnews`
--

CREATE TABLE `ngn_news_topnews` (
  `news_id` int(11) NOT NULL AUTO_INCREMENT,
  `news_owner` int(11) NOT NULL DEFAULT 0,
  `temp_createdate` datetime DEFAULT NULL,
  `temp_showdate` datetime DEFAULT NULL,
  `temp_hidedate` datetime DEFAULT NULL,
  `news_hide` tinyint(4) NOT NULL DEFAULT 0,
  `temp_editdate` datetime DEFAULT NULL,
  `news_editdate` datetime DEFAULT NULL,
  `news_removedate` datetime NOT NULL,
  `news_category` int(11) NOT NULL DEFAULT 0,
  `news_enable` int(11) NOT NULL DEFAULT 0,
  `news_order` int(11) NOT NULL DEFAULT 0,
  `news_viewed` int(11) NOT NULL DEFAULT 0,
  PRIMARY KEY (`news_id`),
  KEY `news_category` (`news_category`),
  KEY `news_enable` (`news_enable`),
  KEY `news_hide` (`news_hide`),
  KEY `news_order` (`news_order`),
  KEY `news_editdate` (`news_editdate`),
  KEY `news_removedate` (`news_removedate`)
) ENGINE=InnoDB DEFAULT CHARSET=utf8;

--
-- Dumping data for table `ngn_news_topnews`
--


--
-- Table structure for table `ngn_news_topnews_language`
--

CREATE TABLE `ngn_news_topnews_language` (
  `news_id` int(11) NOT NULL,
  `language_id` int(11) NOT NULL DEFAULT 0,
  `editdate` datetime NOT NULL,
  `enable` int(11) NOT NULL,
  `approved` int(1) NOT NULL DEFAULT 0,
  `language_name` varchar(200) DEFAULT NULL,
  `language_description` text DEFAULT NULL,
  `language_meta` text DEFAULT NULL,
  `language_keywords` varchar(100) DEFAULT NULL,
  `language_url` varchar(100) DEFAULT NULL,
  `language_photo1` varchar(200) NOT NULL,
  `language_photo2` varchar(200) NOT NULL,
  `language_html` text NOT NULL,
  PRIMARY KEY (`news_id`,`language_id`),
  KEY `language_id` (`language_id`),
  KEY `editdate` (`editdate`),
  FULLTEXT KEY `language_html` (`language_html`),
  CONSTRAINT `ngn_news_topnews_language_ibfk_1` FOREIGN KEY (`news_id`) REFERENCES `ngn_news_topnews` (`news_id`) ON DELETE CASCADE ON UPDATE CASCADE
) ENGINE=InnoDB DEFAULT CHARSET=utf8;

--
-- Dumping data for table `ngn_news_topnews_language`
--


--
-- Table structure for table `ngn_news_topnews_positions`
--

CREATE TABLE `ngn_news_topnews_positions` (
  `news_id` int(11) NOT NULL,
  `element_id` int(11) NOT NULL,
  `dimX` int(11) NOT NULL,
  `dimY` int(11) NOT NULL,
  `width` int(11) NOT NULL,
  `height` int(11) NOT NULL,
  `linked_id` int(11) NOT NULL,
  PRIMARY KEY (`news_id`,`element_id`),
  KEY `linked_id` (`linked_id`),
  CONSTRAINT `ngn_news_topnews_positions_ibfk_1` FOREIGN KEY (`news_id`) REFERENCES `ngn_news_topnews` (`news_id`) ON DELETE CASCADE ON UPDATE CASCADE
) ENGINE=InnoDB DEFAULT CHARSET=utf8;

--
-- Dumping data for table `ngn_news_topnews_positions`
--


--
-- Table structure for table `ngn_offers`
--

CREATE TABLE `ngn_offers` (
  `news_id` int(11) NOT NULL AUTO_INCREMENT,
  `news_order` int(11) NOT NULL,
  `news_type` int(11) NOT NULL,
  `news_owner` int(11) NOT NULL DEFAULT 0,
  `news_createdate` datetime DEFAULT NULL,
  `news_showdate` datetime DEFAULT NULL,
  `news_hidedate` datetime DEFAULT NULL,
  `news_hide` tinyint(4) NOT NULL DEFAULT 0,
  `news_editdate` datetime DEFAULT NULL,
  `news_removedate` datetime NOT NULL,
  `news_category` int(11) NOT NULL DEFAULT 0,
  `news_photo1` varchar(100) NOT NULL DEFAULT '',
  `news_photo2` varchar(100) NOT NULL DEFAULT '',
  `news_photo_language1` int(11) NOT NULL DEFAULT 0,
  `news_photo_language2` int(11) NOT NULL DEFAULT 0,
  `news_enable` int(11) NOT NULL DEFAULT 0,
  `news_source` varchar(200) NOT NULL DEFAULT '',
  `news_source_url` varchar(200) NOT NULL DEFAULT '',
  `news_viewed` int(11) NOT NULL DEFAULT 0,
  `news_template` int(11) NOT NULL,
  PRIMARY KEY (`news_id`),
  KEY `news_category` (`news_category`),
  KEY `news_enable` (`news_enable`),
  KEY `news_hide` (`news_hide`),
  KEY `news_template` (`news_template`),
  KEY `news_removedate` (`news_removedate`),
  KEY `news_createdate` (`news_createdate`),
  KEY `news_editdate` (`news_editdate`),
  KEY `news_hidedate` (`news_hidedate`),
  KEY `news_showdate` (`news_showdate`)
) ENGINE=InnoDB AUTO_INCREMENT=2157 DEFAULT CHARSET=utf8;

--
-- Dumping data for table `ngn_offers`
--

INSERT INTO `ngn_offers` VALUES (1,0,0,718,'2022-03-29 14:21:07','2022-03-29 14:21:07','2022-03-29 14:21:07',0,NULL,'0000-00-00 00:00:00',2,'','',0,0,1,'','',0,0),(2,0,0,718,'2022-03-29 14:21:33','2022-03-29 14:21:33','2022-03-29 14:21:33',0,NULL,'0000-00-00 00:00:00',3,'','',0,0,1,'','',0,0),(3,0,0,718,'2022-03-29 15:26:12','2022-03-29 15:26:12','2022-03-29 15:26:12',0,NULL,'0000-00-00 00:00:00',2,'','',0,0,1,'','',0,0),(4,0,0,718,'2022-03-29 15:26:13','2022-03-29 15:26:13','2022-03-29 15:26:13',0,NULL,'0000-00-00 00:00:00',3,'','',0,0,1,'','',0,0),(73,0,0,0,'2022-03-30 14:45:26','2022-03-30 14:45:26','2022-03-30 14:45:26',0,NULL,'0000-00-00 00:00:00',2,'','',0,0,1,'','',0,0),(74,0,0,0,'2022-03-30 14:46:31','2022-03-30 14:46:31','2022-03-30 14:46:31',0,NULL,'0000-00-00 00:00:00',2,'','',0,0,1,'','',0,0),(111,0,0,0,'2022-03-30 14:59:51','2022-03-30 14:59:51','2022-03-30 14:59:51',0,NULL,'0000-00-00 00:00:00',3,'','',0,0,1,'','',0,0),(131,0,0,718,'2022-03-31 10:25:39','2022-03-31 10:25:39','2022-03-31 10:25:39',0,NULL,'0000-00-00 00:00:00',2,'','',0,0,1,'','',0,0),(132,0,0,718,'2022-03-31 11:42:45','2022-03-31 11:42:45','2022-03-31 11:42:45',0,NULL,'0000-00-00 00:00:00',2,'','',0,0,1,'','',0,0),(146,0,0,718,'2022-03-31 15:29:20','2022-03-31 15:29:20','2022-03-31 15:29:20',0,NULL,'0000-00-00 00:00:00',3,'','',0,0,1,'','',0,0),(147,0,0,718,'2022-03-31 15:29:22','2022-03-31 15:29:22','2022-03-31 15:29:22',0,NULL,'0000-00-00 00:00:00',5,'','',0,0,1,'','',0,0),(148,0,0,718,'2022-03-31 15:29:23','2022-03-31 15:29:23','2022-03-31 15:29:23',0,NULL,'0000-00-00 00:00:00',4,'','',0,0,1,'','',0,0),(149,0,0,718,'2022-03-31 15:29:25','2022-03-31 15:29:25','2022-03-31 15:29:25',0,NULL,'0000-00-00 00:00:00',6,'','',0,0,1,'','',0,0),(150,0,0,718,'2022-03-31 15:29:25','2022-03-31 15:29:25','2022-03-31 15:29:25',0,NULL,'0000-00-00 00:00:00',7,'','',0,0,1,'','',0,0),(151,0,0,718,'2022-03-31 15:29:27','2022-03-31 15:29:27','2022-03-31 15:29:27',0,NULL,'0000-00-00 00:00:00',9,'','',0,0,1,'','',0,0),(152,0,0,718,'2022-03-31 15:29:28','2022-03-31 15:29:28','2022-03-31 15:29:28',0,NULL,'0000-00-00 00:00:00',8,'','',0,0,1,'','',0,0),(154,0,0,718,'2022-03-31 16:17:02','2022-03-31 16:17:02','2022-03-31 16:17:02',0,NULL,'0000-00-00 00:00:00',2,'','',0,0,1,'','',0,0),(160,0,0,0,'2022-04-01 08:16:52','2022-04-01 08:16:52','2022-04-01 08:16:52',0,NULL,'0000-00-00 00:00:00',7,'','',0,0,1,'','',0,0),(237,0,0,718,'2022-04-01 11:55:40','2022-04-01 11:55:40','2022-04-01 11:55:40',0,NULL,'0000-00-00 00:00:00',2,'','',0,0,1,'','',0,0),(238,0,0,718,'2022-04-01 11:55:41','2022-04-01 11:55:41','2022-04-01 11:55:41',0,NULL,'0000-00-00 00:00:00',3,'','',0,0,1,'','',0,0),(239,0,0,718,'2022-04-01 11:55:42','2022-04-01 11:55:42','2022-04-01 11:55:42',0,NULL,'0000-00-00 00:00:00',5,'','',0,0,1,'','',0,0),(240,0,0,718,'2022-04-01 11:55:42','2022-04-01 11:55:42','2022-04-01 11:55:42',0,NULL,'0000-00-00 00:00:00',4,'','',0,0,1,'','',0,0),(241,0,0,718,'2022-04-01 11:55:44','2022-04-01 11:55:44','2022-04-01 11:55:44',0,NULL,'0000-00-00 00:00:00',6,'','',0,0,1,'','',0,0),(242,0,0,718,'2022-04-01 11:55:45','2022-04-01 11:55:45','2022-04-01 11:55:45',0,NULL,'0000-00-00 00:00:00',7,'','',0,0,1,'','',0,0),(243,0,0,718,'2022-04-01 11:55:46','2022-04-01 11:55:46','2022-04-01 11:55:46',0,NULL,'0000-00-00 00:00:00',9,'','',0,0,1,'','',0,0),(244,0,0,718,'2022-04-01 11:55:47','2022-04-01 11:55:47','2022-04-01 11:55:47',0,NULL,'0000-00-00 00:00:00',8,'','',0,0,1,'','',0,0),(245,0,0,718,'2022-04-01 11:56:27','2022-04-01 11:56:27','2022-04-01 11:56:27',0,NULL,'0000-00-00 00:00:00',10,'','',0,0,1,'','',0,0),(269,0,0,718,'2022-04-07 14:55:06','2022-04-07 14:55:06','2022-04-07 14:55:06',0,NULL,'0000-00-00 00:00:00',11,'','',0,0,1,'','',0,0),(293,0,0,0,'2022-04-11 10:54:50','2022-04-11 10:54:50','2022-04-11 10:54:50',0,NULL,'0000-00-00 00:00:00',12,'','',0,0,1,'','',0,0),(297,0,0,718,'2022-04-11 15:03:19','2022-04-11 15:03:19','2022-04-11 15:03:19',0,NULL,'0000-00-00 00:00:00',5,'','',0,0,1,'','',0,0),(298,0,0,718,'2022-04-11 16:06:47','2022-04-11 16:06:47','2022-04-11 16:06:47',0,NULL,'0000-00-00 00:00:00',12,'','',0,0,1,'','',0,0),(299,0,0,0,'2022-04-12 07:57:03','2022-04-12 07:57:03','2022-04-12 07:57:03',0,NULL,'0000-00-00 00:00:00',12,'','',0,0,1,'','',0,0),(300,0,0,0,'2022-04-12 09:22:25','2022-04-12 09:22:25','2022-04-12 09:22:25',0,NULL,'0000-00-00 00:00:00',12,'','',0,0,1,'','',0,0),(301,0,0,0,'2022-04-12 10:12:28','2022-04-12 10:12:28','2022-04-12 10:12:28',0,NULL,'0000-00-00 00:00:00',12,'','',0,0,1,'','',0,0),(302,0,0,0,'2022-04-12 11:13:36','2022-04-12 11:13:36','2022-04-12 11:13:36',0,NULL,'0000-00-00 00:00:00',12,'','',0,0,1,'','',0,0),(303,0,0,718,'2022-04-12 11:43:34','2022-04-12 11:43:34','2022-04-12 11:43:34',0,NULL,'0000-00-00 00:00:00',12,'','',0,0,1,'','',0,0),(307,0,0,0,'2022-04-12 11:51:47','2022-04-12 11:51:47','2022-04-12 11:51:47',0,NULL,'0000-00-00 00:00:00',7,'','',0,0,1,'','',0,0),(308,0,0,0,'2022-04-12 11:55:39','2022-04-12 11:55:39','2022-04-12 11:55:39',0,NULL,'0000-00-00 00:00:00',3,'','',0,0,1,'','',0,0),(309,0,0,0,'2022-04-12 11:55:41','2022-04-12 11:55:41','2022-04-12 11:55:41',0,NULL,'0000-00-00 00:00:00',5,'','',0,0,1,'','',0,0),(310,0,0,0,'2022-04-12 11:55:43','2022-04-12 11:55:43','2022-04-12 11:55:43',0,NULL,'0000-00-00 00:00:00',4,'','',0,0,1,'','',0,0),(311,0,0,0,'2022-04-12 11:55:46','2022-04-12 11:55:46','2022-04-12 11:55:46',0,NULL,'0000-00-00 00:00:00',6,'','',0,0,1,'','',0,0),(312,0,0,0,'2022-04-12 11:56:18','2022-04-12 11:56:18','2022-04-12 11:56:18',0,NULL,'0000-00-00 00:00:00',12,'','',0,0,1,'','',0,0),(313,0,0,0,'2022-04-12 11:56:59','2022-04-12 11:56:59','2022-04-12 11:56:59',0,NULL,'0000-00-00 00:00:00',12,'','',0,0,1,'','',0,0),(321,0,0,0,'2022-04-12 13:07:12','2022-04-12 13:07:12','2022-04-12 13:07:12',0,NULL,'0000-00-00 00:00:00',4,'','',0,0,1,'','',0,0),(323,0,0,0,'2022-04-12 13:22:06','2022-04-12 13:22:06','2022-04-12 13:22:06',0,NULL,'0000-00-00 00:00:00',6,'','',0,0,1,'','',0,0),(324,0,0,0,'2022-04-12 13:22:44','2022-04-12 13:22:44','2022-04-12 13:22:44',0,NULL,'0000-00-00 00:00:00',7,'','',0,0,1,'','',0,0),(325,0,0,0,'2022-04-12 13:27:10','2022-04-12 13:27:10','2022-04-12 13:27:10',0,NULL,'0000-00-00 00:00:00',12,'','',0,0,1,'','',0,0),(326,0,0,0,'2022-04-12 13:27:11','2022-04-12 13:27:11','2022-04-12 13:27:11',0,NULL,'0000-00-00 00:00:00',4,'','',0,0,1,'','',0,0),(327,0,0,0,'2022-04-12 13:29:26','2022-04-12 13:29:26','2022-04-12 13:29:26',0,NULL,'0000-00-00 00:00:00',12,'','',0,0,1,'','',0,0),(328,0,0,0,'2022-04-12 13:31:11','2022-04-12 13:31:11','2022-04-12 13:31:11',0,NULL,'0000-00-00 00:00:00',12,'','',0,0,1,'','',0,0),(329,0,0,0,'2022-04-12 13:47:33','2022-04-12 13:47:33','2022-04-12 13:47:33',0,NULL,'0000-00-00 00:00:00',12,'','',0,0,1,'','',0,0),(330,0,0,0,'2022-04-12 14:00:43','2022-04-12 14:00:43','2022-04-12 14:00:43',0,NULL,'0000-00-00 00:00:00',12,'','',0,0,1,'','',0,0),(331,0,0,0,'2022-04-12 14:02:46','2022-04-12 14:02:46','2022-04-12 14:02:46',0,NULL,'0000-00-00 00:00:00',12,'','',0,0,1,'','',0,0),(332,0,0,0,'2022-04-12 14:11:59','2022-04-12 14:11:59','2022-04-12 14:11:59',0,NULL,'0000-00-00 00:00:00',3,'','',0,0,1,'','',0,0),(333,0,0,0,'2022-04-12 14:14:50','2022-04-12 14:14:50','2022-04-12 14:14:50',0,NULL,'0000-00-00 00:00:00',5,'','',0,0,1,'','',0,0),(334,0,0,0,'2022-04-12 14:20:57','2022-04-12 14:20:57','2022-04-12 14:20:57',0,NULL,'0000-00-00 00:00:00',4,'','',0,0,1,'','',0,0),(335,0,0,0,'2022-04-12 14:24:25','2022-04-12 14:24:25','2022-04-12 14:24:25',0,NULL,'0000-00-00 00:00:00',5,'','',0,0,1,'','',0,0),(336,0,0,0,'2022-04-12 14:29:04','2022-04-12 14:29:04','2022-04-12 14:29:04',0,NULL,'0000-00-00 00:00:00',6,'','',0,0,1,'','',0,0),(337,0,0,0,'2022-04-12 14:30:42','2022-04-12 14:30:42','2022-04-12 14:30:42',0,NULL,'0000-00-00 00:00:00',6,'','',0,0,1,'','',0,0),(338,0,0,0,'2022-04-12 14:33:13','2022-04-12 14:33:13','2022-04-12 14:33:13',0,NULL,'0000-00-00 00:00:00',4,'','',0,0,1,'','',0,0),(339,0,0,0,'2022-04-12 14:36:20','2022-04-12 14:36:20','2022-04-12 14:36:20',0,NULL,'0000-00-00 00:00:00',5,'','',0,0,1,'','',0,0),(340,0,0,0,'2022-04-12 14:38:53','2022-04-12 14:38:53','2022-04-12 14:38:53',0,NULL,'0000-00-00 00:00:00',8,'','',0,0,1,'','',0,0),(341,0,0,0,'2022-04-12 14:48:50','2022-04-12 14:48:50','2022-04-12 14:48:50',0,NULL,'0000-00-00 00:00:00',4,'','',0,0,1,'','',0,0),(342,0,0,0,'2022-04-12 14:51:56','2022-04-12 14:51:56','2022-04-12 14:51:56',0,NULL,'0000-00-00 00:00:00',4,'','',0,0,1,'','',0,0),(343,0,0,0,'2022-04-12 14:53:32','2022-04-12 14:53:32','2022-04-12 14:53:32',0,NULL,'0000-00-00 00:00:00',6,'','',0,0,1,'','',0,0),(344,0,0,0,'2022-04-12 15:21:01','2022-04-12 15:21:01','2022-04-12 15:21:01',0,NULL,'0000-00-00 00:00:00',7,'','',0,0,1,'','',0,0),(345,0,0,0,'2022-04-12 15:39:53','2022-04-12 15:39:53','2022-04-12 15:39:53',0,NULL,'0000-00-00 00:00:00',7,'','',0,0,1,'','',0,0),(347,0,0,718,'2022-04-12 16:15:42','2022-04-12 16:15:42','2022-04-12 16:15:42',0,NULL,'0000-00-00 00:00:00',0,'','',0,0,1,'','',0,0),(348,0,0,0,'2022-04-12 16:16:00','2022-04-12 16:16:00','2022-04-12 16:16:00',0,NULL,'0000-00-00 00:00:00',5,'','',0,0,1,'','',0,0),(349,0,0,0,'2022-04-13 11:03:36','2022-04-13 11:03:36','2022-04-13 11:03:36',0,NULL,'0000-00-00 00:00:00',4,'','',0,0,1,'','',0,0),(350,0,0,0,'2022-04-15 10:56:02','2022-04-15 10:56:02','2022-04-15 10:56:02',0,NULL,'0000-00-00 00:00:00',3,'','',0,0,1,'','',0,0),(351,0,0,0,'2022-04-15 11:04:07','2022-04-15 11:04:07','2022-04-15 11:04:07',0,NULL,'0000-00-00 00:00:00',3,'','',0,0,1,'','',0,0),(352,0,0,0,'2022-04-15 11:04:09','2022-04-15 11:04:09','2022-04-15 11:04:09',0,NULL,'0000-00-00 00:00:00',5,'','',0,0,1,'','',0,0),(353,0,0,0,'2022-04-15 11:04:12','2022-04-15 11:04:12','2022-04-15 11:04:12',0,NULL,'0000-00-00 00:00:00',7,'','',0,0,1,'','',0,0),(354,0,0,0,'2022-04-15 11:39:16','2022-04-15 11:39:16','2022-04-15 11:39:16',0,NULL,'0000-00-00 00:00:00',3,'','',0,0,1,'','',0,0),(355,0,0,0,'2022-04-15 13:13:59','2022-04-15 13:13:59','2022-04-15 13:13:59',0,NULL,'0000-00-00 00:00:00',3,'','',0,0,1,'','',0,0),(356,0,0,0,'2022-04-15 13:14:00','2022-04-15 13:14:00','2022-04-15 13:14:00',0,NULL,'0000-00-00 00:00:00',4,'','',0,0,1,'','',0,0),(357,0,0,718,'2022-04-15 14:10:38','2022-04-15 14:10:38','2022-04-15 14:10:38',0,NULL,'0000-00-00 00:00:00',0,'','',0,0,1,'','',0,0),(358,0,0,727,'2022-04-15 14:41:00','2022-04-15 14:41:00','2022-04-15 14:41:00',0,NULL,'0000-00-00 00:00:00',3,'','',0,0,1,'','',0,0),(359,0,0,727,'2022-04-15 14:46:10','2022-04-15 14:46:10','2022-04-15 14:46:10',0,NULL,'0000-00-00 00:00:00',6,'','',0,0,1,'','',0,0),(360,0,0,727,'2022-04-15 14:54:02','2022-04-15 14:54:02','2022-04-15 14:54:02',0,NULL,'0000-00-00 00:00:00',3,'','',0,0,1,'','',0,0),(362,0,0,727,'2022-04-15 15:13:29','2022-04-15 15:13:29','2022-04-15 15:13:29',0,NULL,'0000-00-00 00:00:00',12,'','',0,0,1,'','',0,0),(363,0,0,0,'2022-04-20 11:33:22','2022-04-20 11:33:22','2022-04-20 11:33:22',0,NULL,'0000-00-00 00:00:00',3,'','',0,0,1,'','',0,0),(365,0,0,0,'2022-04-20 11:39:45','2022-04-20 11:39:45','2022-04-20 11:39:45',0,NULL,'0000-00-00 00:00:00',3,'','',0,0,1,'','',0,0),(366,0,0,718,'2022-04-20 11:41:49','2022-04-20 11:41:49','2022-04-20 11:41:49',0,NULL,'0000-00-00 00:00:00',0,'','',0,0,1,'','',0,0),(367,0,0,0,'2022-04-20 11:43:00','2022-04-20 11:43:00','2022-04-20 11:43:00',0,NULL,'0000-00-00 00:00:00',5,'','',0,0,1,'','',0,0),(368,0,0,0,'2022-04-20 11:44:38','2022-04-20 11:44:38','2022-04-20 11:44:38',0,NULL,'0000-00-00 00:00:00',8,'','',0,0,1,'','',0,0),(369,0,0,718,'2022-04-20 11:45:02','2022-04-20 11:45:02','2022-04-20 11:45:02',0,NULL,'0000-00-00 00:00:00',0,'','',0,0,1,'','',0,0),(370,0,0,0,'2022-04-20 11:45:26','2022-04-20 11:45:26','2022-04-20 11:45:26',0,NULL,'0000-00-00 00:00:00',9,'','',0,0,1,'','',0,0),(373,0,0,718,'2022-04-20 13:45:31','2022-04-20 13:45:31','2022-04-20 13:45:31',0,NULL,'0000-00-00 00:00:00',0,'','',0,0,1,'','',0,0),(376,0,0,718,'2022-04-20 15:20:57','2022-04-20 15:20:57','2022-04-20 15:20:57',0,NULL,'0000-00-00 00:00:00',12,'','',0,0,1,'','',0,0),(377,0,0,718,'2022-04-20 15:20:59','2022-04-20 15:20:59','2022-04-20 15:20:59',0,NULL,'0000-00-00 00:00:00',3,'','',0,0,1,'','',0,0),(379,0,0,719,'2022-06-24 09:53:28','2022-06-24 09:53:28','2022-06-24 09:53:28',0,NULL,'0000-00-00 00:00:00',3,'','',0,0,1,'','',0,0),(380,0,0,719,'2022-06-24 10:33:22','2022-06-24 10:33:22','2022-06-24 10:33:22',0,NULL,'0000-00-00 00:00:00',0,'','',0,0,1,'','',0,0),(381,0,0,59,'2022-06-24 11:46:14','2022-06-24 11:46:14','2022-06-24 11:46:14',0,NULL,'0000-00-00 00:00:00',12,'','',0,0,1,'','',0,0),(382,0,0,719,'2022-07-07 14:01:57','2022-07-07 14:01:57','2022-07-07 14:01:57',0,NULL,'0000-00-00 00:00:00',12,'','',0,0,1,'','',0,0),(390,0,0,719,'2022-08-10 13:34:54','2022-08-10 13:34:54','2022-08-10 13:34:54',0,NULL,'0000-00-00 00:00:00',17,'','',0,0,1,'','',0,0),(391,0,0,0,'2022-08-10 14:28:54','2022-08-10 14:28:54','2022-08-10 14:28:54',0,NULL,'0000-00-00 00:00:00',17,'','',0,0,1,'','',0,0),(427,0,0,718,'2022-08-25 11:46:41','2022-08-25 11:46:41','2022-08-25 11:46:41',0,NULL,'0000-00-00 00:00:00',67,'','',0,0,1,'','',0,0),(428,0,0,718,'2022-08-25 11:46:44','2022-08-25 11:46:44','2022-08-25 11:46:44',0,NULL,'0000-00-00 00:00:00',68,'','',0,0,1,'','',0,0),(441,0,0,718,'2022-08-25 11:58:35','2022-08-25 11:58:35','2022-08-25 11:58:35',0,NULL,'0000-00-00 00:00:00',67,'','',0,0,1,'','',0,0),(478,0,0,0,'2022-08-25 13:58:24','2022-08-25 13:58:24','2022-08-25 13:58:24',0,NULL,'0000-00-00 00:00:00',40,'','',0,0,1,'','',0,0),(480,0,0,0,'2022-08-25 14:13:54','2022-08-25 14:13:54','2022-08-25 14:13:54',0,NULL,'0000-00-00 00:00:00',27,'','',0,0,1,'','',0,0),(499,0,0,0,'2022-08-25 15:54:50','2022-08-25 15:54:50','2022-08-25 15:54:50',0,NULL,'0000-00-00 00:00:00',56,'','',0,0,1,'','',0,0),(500,0,0,0,'2022-08-25 15:54:55','2022-08-25 15:54:55','2022-08-25 15:54:55',0,NULL,'0000-00-00 00:00:00',55,'','',0,0,1,'','',0,0),(501,0,0,0,'2022-08-26 08:04:08','2022-08-26 08:04:08','2022-08-26 08:04:08',0,NULL,'0000-00-00 00:00:00',24,'','',0,0,1,'','',0,0),(504,0,0,0,'2022-08-29 09:19:07','2022-08-29 09:19:07','2022-08-29 09:19:07',0,NULL,'0000-00-00 00:00:00',24,'','',0,0,1,'','',0,0),(505,0,0,0,'2022-08-29 09:19:30','2022-08-29 09:19:30','2022-08-29 09:19:30',0,NULL,'0000-00-00 00:00:00',52,'','',0,0,1,'','',0,0),(506,0,0,0,'2022-08-31 09:31:33','2022-08-31 09:31:33','2022-08-31 09:31:33',0,NULL,'0000-00-00 00:00:00',24,'','',0,0,1,'','',0,0),(507,0,0,0,'2022-09-17 00:04:45','2022-09-17 00:04:45','2022-09-17 00:04:45',0,NULL,'0000-00-00 00:00:00',52,'','',0,0,1,'','',0,0),(508,0,0,718,'2022-09-20 10:45:28','2022-09-20 10:45:28','2022-09-20 10:45:28',0,NULL,'0000-00-00 00:00:00',52,'','',0,0,1,'','',0,0),(509,0,0,718,'2022-09-22 11:33:51','2022-09-22 11:33:51','2022-09-22 11:33:51',0,NULL,'0000-00-00 00:00:00',79,'','',0,0,1,'','',0,0),(513,0,0,0,'2022-09-22 14:30:35','2022-09-22 14:30:35','2022-09-22 14:30:35',0,NULL,'0000-00-00 00:00:00',28,'','',0,0,1,'','',0,0),(525,0,0,719,'2022-09-23 15:44:48','2022-09-23 15:44:48','2022-09-23 15:44:48',0,NULL,'0000-00-00 00:00:00',95,'','',0,0,1,'','',0,0),(526,0,0,0,'2022-09-26 09:35:43','2022-09-26 09:35:43','2022-09-26 09:35:43',0,NULL,'0000-00-00 00:00:00',67,'','',0,0,1,'','',0,0),(527,0,0,0,'2022-09-27 14:54:43','2022-09-27 14:54:43','2022-09-27 14:54:43',0,NULL,'0000-00-00 00:00:00',84,'','',0,0,1,'','',0,0),(530,0,0,718,'2022-09-28 11:40:07','2022-09-28 11:40:07','2022-09-28 11:40:07',0,NULL,'0000-00-00 00:00:00',52,'','',0,0,1,'','',0,0),(531,0,0,718,'2022-09-28 11:40:31','2022-09-28 11:40:31','2022-09-28 11:40:31',0,NULL,'0000-00-00 00:00:00',96,'','',0,0,1,'','',0,0),(532,0,0,718,'2022-09-28 11:42:15','2022-09-28 11:42:15','2022-09-28 11:42:15',0,NULL,'0000-00-00 00:00:00',52,'','',0,0,1,'','',0,0),(533,0,0,718,'2022-09-28 11:54:10','2022-09-28 11:54:10','2022-09-28 11:54:10',0,NULL,'0000-00-00 00:00:00',52,'','',0,0,1,'','',0,0),(534,0,0,718,'2022-09-28 13:12:36','2022-09-28 13:12:36','2022-09-28 13:12:36',0,NULL,'0000-00-00 00:00:00',52,'','',0,0,1,'','',0,0),(535,0,0,718,'2022-09-28 13:33:36','2022-09-28 13:33:36','2022-09-28 13:33:36',0,NULL,'0000-00-00 00:00:00',52,'','',0,0,1,'','',0,0),(536,0,0,718,'2022-09-28 13:39:07','2022-09-28 13:39:07','2022-09-28 13:39:07',0,NULL,'0000-00-00 00:00:00',52,'','',0,0,1,'','',0,0),(537,0,0,718,'2022-09-28 14:11:27','2022-09-28 14:11:27','2022-09-28 14:11:27',0,NULL,'0000-00-00 00:00:00',52,'','',0,0,1,'','',0,0),(538,0,0,718,'2022-09-28 14:12:46','2022-09-28 14:12:46','2022-09-28 14:12:46',0,NULL,'0000-00-00 00:00:00',52,'','',0,0,1,'','',0,0),(539,0,0,718,'2022-09-28 14:18:46','2022-09-28 14:18:46','2022-09-28 14:18:46',0,NULL,'0000-00-00 00:00:00',52,'','',0,0,1,'','',0,0),(544,0,0,0,'2022-09-28 14:58:59','2022-09-28 14:58:59','2022-09-28 14:58:59',0,NULL,'0000-00-00 00:00:00',80,'','',0,0,1,'','',0,0),(545,0,0,719,'2022-09-28 15:01:05','2022-09-28 15:01:05','2022-09-28 15:01:05',0,NULL,'0000-00-00 00:00:00',0,'','',0,0,1,'','',0,0),(546,0,0,718,'2022-09-28 15:04:22','2022-09-28 15:04:22','2022-09-28 15:04:22',0,NULL,'0000-00-00 00:00:00',0,'','',0,0,1,'','',0,0),(550,0,0,718,'2022-09-29 10:05:13','2022-09-29 10:05:13','2022-09-29 10:05:13',0,NULL,'0000-00-00 00:00:00',52,'','',0,0,1,'','',0,0),(551,0,0,718,'2022-09-29 11:27:31','2022-09-29 11:27:31','2022-09-29 11:27:31',0,NULL,'0000-00-00 00:00:00',95,'','',0,0,1,'','',0,0),(552,0,0,0,'2022-09-29 14:34:08','2022-09-29 14:34:08','2022-09-29 14:34:08',0,NULL,'0000-00-00 00:00:00',55,'','',0,0,1,'','',0,0),(554,0,0,0,'2022-10-04 08:18:29','2022-10-04 08:18:29','2022-10-04 08:18:29',0,NULL,'0000-00-00 00:00:00',45,'','',0,0,1,'','',0,0),(555,0,0,718,'2022-10-13 12:11:56','2022-10-13 12:11:56','2022-10-13 12:11:56',0,NULL,'0000-00-00 00:00:00',91,'','',0,0,1,'','',0,0),(556,0,0,718,'2022-10-13 12:26:37','2022-10-13 12:26:37','2022-10-13 12:26:37',0,NULL,'0000-00-00 00:00:00',0,'','',0,0,1,'','',0,0),(557,0,0,0,'2022-10-13 14:51:58','2022-10-13 14:51:58','2022-10-13 14:51:58',0,NULL,'0000-00-00 00:00:00',46,'','',0,0,1,'','',0,0),(558,0,0,718,'2022-10-13 15:52:36','2022-10-13 15:52:36','2022-10-13 15:52:36',0,NULL,'0000-00-00 00:00:00',23,'','',0,0,1,'','',0,0),(559,0,0,718,'2022-10-13 15:56:15','2022-10-13 15:56:15','2022-10-13 15:56:15',0,NULL,'0000-00-00 00:00:00',23,'','',0,0,1,'','',0,0),(560,0,0,718,'2022-10-13 15:57:09','2022-10-13 15:57:09','2022-10-13 15:57:09',0,NULL,'0000-00-00 00:00:00',23,'','',0,0,1,'','',0,0),(561,0,0,718,'2022-10-13 15:57:54','2022-10-13 15:57:54','2022-10-13 15:57:54',0,NULL,'0000-00-00 00:00:00',23,'','',0,0,1,'','',0,0),(562,0,0,718,'2022-10-13 15:59:57','2022-10-13 15:59:57','2022-10-13 15:59:57',0,NULL,'0000-00-00 00:00:00',23,'','',0,0,1,'','',0,0),(563,0,0,718,'2022-10-13 16:00:47','2022-10-13 16:00:47','2022-10-13 16:00:47',0,NULL,'0000-00-00 00:00:00',23,'','',0,0,1,'','',0,0),(564,0,0,718,'2022-10-13 16:04:02','2022-10-13 16:04:02','2022-10-13 16:04:02',0,NULL,'0000-00-00 00:00:00',23,'','',0,0,1,'','',0,0),(565,0,0,718,'2022-10-13 16:04:47','2022-10-13 16:04:47','2022-10-13 16:04:47',0,NULL,'0000-00-00 00:00:00',23,'','',0,0,1,'','',0,0),(566,0,0,718,'2022-10-13 16:05:36','2022-10-13 16:05:36','2022-10-13 16:05:36',0,NULL,'0000-00-00 00:00:00',23,'','',0,0,1,'','',0,0),(567,0,0,718,'2022-10-13 16:06:03','2022-10-13 16:06:03','2022-10-13 16:06:03',0,NULL,'0000-00-00 00:00:00',23,'','',0,0,1,'','',0,0),(568,0,0,718,'2022-10-13 16:07:51','2022-10-13 16:07:51','2022-10-13 16:07:51',0,NULL,'0000-00-00 00:00:00',23,'','',0,0,1,'','',0,0),(569,0,0,718,'2022-10-13 16:08:00','2022-10-13 16:08:00','2022-10-13 16:08:00',0,NULL,'0000-00-00 00:00:00',23,'','',0,0,1,'','',0,0),(570,0,0,718,'2022-10-13 16:08:52','2022-10-13 16:08:52','2022-10-13 16:08:52',0,NULL,'0000-00-00 00:00:00',23,'','',0,0,1,'','',0,0),(571,0,0,718,'2022-10-13 16:10:44','2022-10-13 16:10:44','2022-10-13 16:10:44',0,NULL,'0000-00-00 00:00:00',23,'','',0,0,1,'','',0,0),(572,0,0,718,'2022-10-13 16:10:54','2022-10-13 16:10:54','2022-10-13 16:10:54',0,NULL,'0000-00-00 00:00:00',23,'','',0,0,1,'','',0,0),(573,0,0,718,'2022-10-13 16:12:12','2022-10-13 16:12:12','2022-10-13 16:12:12',0,NULL,'0000-00-00 00:00:00',23,'','',0,0,1,'','',0,0),(574,0,0,718,'2022-10-13 16:12:24','2022-10-13 16:12:24','2022-10-13 16:12:24',0,NULL,'0000-00-00 00:00:00',23,'','',0,0,1,'','',0,0),(597,0,0,718,'2022-10-14 10:15:03','2022-10-14 10:15:03','2022-10-14 10:15:03',0,NULL,'0000-00-00 00:00:00',0,'','',0,0,1,'','',0,0),(641,0,0,0,'2022-10-14 14:17:58','2022-10-14 14:17:58','2022-10-14 14:17:58',0,NULL,'0000-00-00 00:00:00',23,'','',0,0,1,'','',0,0),(642,0,0,0,'2022-10-14 14:19:58','2022-10-14 14:19:58','2022-10-14 14:19:58',0,NULL,'0000-00-00 00:00:00',23,'','',0,0,1,'','',0,0),(645,0,0,720,'2022-10-14 14:23:00','2022-10-14 14:23:00','2022-10-14 14:23:20',0,'2022-10-14 14:23:50','0000-00-00 00:00:00',23,'','',0,0,1,'','',0,0),(646,0,0,0,'2022-10-14 14:24:17','2022-10-14 14:24:17','2022-10-14 14:24:17',0,NULL,'0000-00-00 00:00:00',23,'','',0,0,1,'','',0,0),(648,0,0,0,'2022-10-14 14:26:35','2022-10-14 14:26:35','2022-10-14 14:26:35',0,NULL,'0000-00-00 00:00:00',23,'','',0,0,1,'','',0,0),(651,0,0,0,'2022-10-14 14:30:54','2022-10-14 14:30:54','2022-10-14 14:30:54',0,NULL,'0000-00-00 00:00:00',23,'','',0,0,1,'','',0,0),(652,0,0,0,'2022-10-14 14:31:39','2022-10-14 14:31:39','2022-10-14 14:31:39',0,NULL,'0000-00-00 00:00:00',23,'','',0,0,1,'','',0,0),(658,0,0,718,'2022-10-14 14:49:15','2022-10-14 14:49:15','2022-10-14 14:49:15',0,NULL,'0000-00-00 00:00:00',23,'','',0,0,1,'','',0,0),(664,0,0,718,'2022-10-14 15:29:11','2022-10-14 15:29:11','2022-10-14 15:29:11',0,NULL,'0000-00-00 00:00:00',23,'','',0,0,1,'','',0,0),(665,0,0,718,'2022-10-14 15:31:30','2022-10-14 15:31:30','2022-10-14 15:31:30',0,NULL,'0000-00-00 00:00:00',23,'','',0,0,1,'','',0,0),(667,0,0,718,'2022-10-14 15:32:55','2022-10-14 15:32:55','2022-10-14 15:32:55',0,NULL,'0000-00-00 00:00:00',70,'','',0,0,1,'','',0,0),(689,0,0,718,'2022-10-20 15:43:48','2022-10-20 15:43:48','2022-10-20 15:43:48',0,NULL,'0000-00-00 00:00:00',16,'','',0,0,1,'','',0,0),(691,0,0,719,'2022-10-20 15:44:19','2022-10-20 15:44:19','2022-10-20 15:44:19',0,NULL,'0000-00-00 00:00:00',16,'','',0,0,1,'','',0,0),(693,0,0,0,'2022-10-20 15:51:53','2022-10-20 15:51:53','2022-10-20 15:51:53',0,NULL,'0000-00-00 00:00:00',13,'','',0,0,1,'','',0,0),(694,0,0,0,'2022-10-20 15:52:28','2022-10-20 15:52:28','2022-10-20 15:52:28',0,NULL,'0000-00-00 00:00:00',23,'','',0,0,1,'','',0,0),(695,0,0,0,'2022-10-20 15:52:31','2022-10-20 15:52:31','2022-10-20 15:52:31',0,NULL,'0000-00-00 00:00:00',23,'','',0,0,1,'','',0,0),(696,0,0,719,'2022-10-20 15:54:28','2022-10-20 15:54:28','2022-10-20 15:54:28',0,NULL,'0000-00-00 00:00:00',23,'','',0,0,1,'','',0,0),(697,0,0,719,'2022-10-20 15:54:29','2022-10-20 15:54:29','2022-10-20 15:54:29',0,NULL,'0000-00-00 00:00:00',0,'','',0,0,1,'','',0,0),(698,0,0,0,'2022-10-20 15:57:52','2022-10-20 15:57:52','2022-10-20 15:57:52',0,NULL,'0000-00-00 00:00:00',16,'','',0,0,1,'','',0,0),(699,0,0,719,'2022-10-20 15:58:03','2022-10-20 15:58:03','2022-10-20 15:58:03',0,NULL,'0000-00-00 00:00:00',16,'','',0,0,1,'','',0,0),(700,0,0,719,'2022-10-20 15:58:04','2022-10-20 15:58:04','2022-10-20 15:58:04',0,NULL,'0000-00-00 00:00:00',0,'','',0,0,1,'','',0,0),(702,0,0,719,'2022-10-20 16:10:43','2022-10-20 16:10:43','2022-10-20 16:10:43',0,NULL,'0000-00-00 00:00:00',16,'','',0,0,1,'','',0,0),(703,0,0,0,'2022-10-20 16:18:28','2022-10-20 16:18:28','2022-10-20 16:18:28',0,NULL,'0000-00-00 00:00:00',16,'','',0,0,1,'','',0,0),(707,0,0,718,'2022-10-21 08:11:05','2022-10-21 08:11:05','2022-10-21 08:11:05',0,NULL,'0000-00-00 00:00:00',16,'','',0,0,1,'','',0,0),(708,0,0,0,'2022-10-21 09:04:43','2022-10-21 09:04:43','2022-10-21 09:04:43',0,NULL,'0000-00-00 00:00:00',19,'','',0,0,1,'','',0,0),(732,0,0,718,'2022-10-21 10:01:14','2022-10-21 10:01:14','2022-10-21 10:01:14',0,NULL,'0000-00-00 00:00:00',16,'','',0,0,1,'','',0,0),(733,0,0,718,'2022-10-21 10:26:26','2022-10-21 10:26:26','2022-10-21 10:26:26',0,NULL,'0000-00-00 00:00:00',94,'','',0,0,1,'','',0,0),(734,0,0,718,'2022-10-21 10:32:30','2022-10-21 10:32:30','2022-10-21 10:32:30',0,NULL,'0000-00-00 00:00:00',94,'','',0,0,1,'','',0,0),(736,0,0,0,'2022-10-21 13:26:33','2022-10-21 13:26:33','2022-10-21 13:26:33',0,NULL,'0000-00-00 00:00:00',94,'','',0,0,1,'','',0,0),(737,0,0,0,'2022-10-21 13:52:04','2022-10-21 13:52:04','2022-10-21 13:52:04',0,NULL,'0000-00-00 00:00:00',16,'','',0,0,1,'','',0,0),(740,0,0,718,'2022-10-21 14:30:29','2022-10-21 14:30:29','2022-10-21 14:30:29',0,NULL,'0000-00-00 00:00:00',94,'','',0,0,1,'','',0,0),(742,0,0,718,'2022-10-21 14:30:49','2022-10-21 14:30:49','2022-10-21 14:30:49',0,NULL,'0000-00-00 00:00:00',16,'','',0,0,1,'','',0,0),(743,0,0,0,'2022-10-21 14:39:35','2022-10-21 14:39:35','2022-10-21 14:39:35',0,NULL,'0000-00-00 00:00:00',16,'','',0,0,1,'','',0,0),(744,0,0,718,'2022-10-21 14:43:25','2022-10-21 14:43:25','2022-10-21 14:43:25',0,NULL,'0000-00-00 00:00:00',16,'','',0,0,1,'','',0,0),(745,0,0,718,'2022-10-21 14:44:26','2022-10-21 14:44:26','2022-10-21 14:44:26',0,NULL,'0000-00-00 00:00:00',16,'','',0,0,1,'','',0,0),(746,0,0,718,'2022-10-21 14:45:47','2022-10-21 14:45:47','2022-10-21 14:45:47',0,NULL,'0000-00-00 00:00:00',16,'','',0,0,1,'','',0,0),(747,0,0,718,'2022-10-21 14:49:25','2022-10-21 14:49:25','2022-10-21 14:49:25',0,NULL,'0000-00-00 00:00:00',16,'','',0,0,1,'','',0,0),(748,0,0,718,'2022-10-21 14:49:27','2022-10-21 14:49:27','2022-10-21 14:49:27',0,NULL,'0000-00-00 00:00:00',16,'','',0,0,1,'','',0,0),(749,0,0,718,'2022-10-21 14:51:58','2022-10-21 14:51:58','2022-10-21 14:51:58',0,NULL,'0000-00-00 00:00:00',16,'','',0,0,1,'','',0,0),(750,0,0,718,'2022-10-21 14:52:01','2022-10-21 14:52:01','2022-10-21 14:52:01',0,NULL,'0000-00-00 00:00:00',16,'','',0,0,1,'','',0,0),(751,0,0,718,'2022-10-21 14:54:53','2022-10-21 14:54:53','2022-10-21 14:54:53',0,NULL,'0000-00-00 00:00:00',16,'','',0,0,1,'','',0,0),(757,0,0,718,'2022-10-21 15:39:04','2022-10-21 15:39:04','2022-10-21 15:39:04',0,NULL,'0000-00-00 00:00:00',90,'','',0,0,1,'','',0,0),(758,0,0,718,'2022-10-21 15:39:07','2022-10-21 15:39:07','2022-10-21 15:39:07',0,NULL,'0000-00-00 00:00:00',90,'','',0,0,1,'','',0,0),(761,0,0,0,'2022-10-22 12:52:00','2022-10-22 12:52:00','2022-10-22 12:52:00',0,NULL,'0000-00-00 00:00:00',110,'','',0,0,1,'','',0,0),(762,0,0,0,'2022-10-22 12:52:27','2022-10-22 12:52:27','2022-10-22 12:52:27',0,NULL,'0000-00-00 00:00:00',16,'','',0,0,1,'','',0,0),(763,0,0,0,'2022-10-22 12:53:14','2022-10-22 12:53:14','2022-10-22 12:53:14',0,NULL,'0000-00-00 00:00:00',52,'','',0,0,1,'','',0,0),(772,0,0,0,'2022-10-24 08:53:21','2022-10-24 08:53:21','2022-10-24 08:53:21',0,NULL,'0000-00-00 00:00:00',94,'','',0,0,1,'','',0,0),(773,0,0,719,'2022-10-24 08:54:36','2022-10-24 08:54:36','2022-10-24 08:54:36',0,NULL,'0000-00-00 00:00:00',94,'','',0,0,1,'','',0,0),(774,0,0,719,'2022-10-24 08:54:37','2022-10-24 08:54:37','2022-10-24 08:54:37',0,NULL,'0000-00-00 00:00:00',0,'','',0,0,1,'','',0,0),(775,0,0,718,'2022-10-24 09:36:08','2022-10-24 09:36:08','2022-10-24 09:36:08',0,NULL,'0000-00-00 00:00:00',13,'','',0,0,1,'','',0,0),(776,0,0,718,'2022-10-24 10:17:28','2022-10-24 10:17:28','2022-10-24 10:17:28',0,NULL,'0000-00-00 00:00:00',88,'','',0,0,1,'','',0,0),(781,0,0,718,'2022-10-24 10:32:00','2022-10-24 10:32:00','2022-10-24 10:32:00',0,NULL,'0000-00-00 00:00:00',94,'','',0,0,1,'','',0,0),(782,0,0,718,'2022-10-24 10:32:51','2022-10-24 10:32:51','2022-10-24 10:32:51',0,NULL,'0000-00-00 00:00:00',94,'','',0,0,1,'','',0,0),(784,0,0,0,'2022-10-24 12:16:06','2022-10-24 12:16:06','2022-10-24 12:16:06',0,NULL,'0000-00-00 00:00:00',54,'','',0,0,1,'','',0,0),(793,0,0,718,'2022-10-24 14:02:43','2022-10-24 14:02:43','2022-10-24 14:02:43',0,NULL,'0000-00-00 00:00:00',16,'','',0,0,1,'','',0,0),(794,0,0,718,'2022-10-24 14:02:45','2022-10-24 14:02:45','2022-10-24 14:02:45',0,NULL,'0000-00-00 00:00:00',16,'','',0,0,1,'','',0,0),(795,0,0,718,'2022-10-24 14:02:48','2022-10-24 14:02:48','2022-10-24 14:02:48',0,NULL,'0000-00-00 00:00:00',16,'','',0,0,1,'','',0,0),(796,0,0,718,'2022-10-24 15:07:27','2022-10-24 15:07:27','2022-10-24 15:07:27',0,NULL,'0000-00-00 00:00:00',16,'','',0,0,1,'','',0,0),(797,0,0,718,'2022-10-24 15:07:28','2022-10-24 15:07:28','2022-10-24 15:07:28',0,NULL,'0000-00-00 00:00:00',16,'','',0,0,1,'','',0,0),(798,0,0,0,'2022-10-24 15:09:15','2022-10-24 15:09:15','2022-10-24 15:09:15',0,NULL,'0000-00-00 00:00:00',28,'','',0,0,1,'','',0,0),(799,0,0,0,'2022-10-24 15:10:53','2022-10-24 15:10:53','2022-10-24 15:10:53',0,NULL,'0000-00-00 00:00:00',89,'','',0,0,1,'','',0,0),(800,0,0,718,'2022-10-24 15:16:58','2022-10-24 15:16:58','2022-10-24 15:16:58',0,NULL,'0000-00-00 00:00:00',16,'','',0,0,1,'','',0,0),(801,0,0,718,'2022-10-24 15:16:59','2022-10-24 15:16:59','2022-10-24 15:16:59',0,NULL,'0000-00-00 00:00:00',0,'','',0,0,1,'','',0,0),(802,0,0,718,'2022-10-24 15:58:11','2022-10-24 15:58:11','2022-10-24 15:58:11',0,NULL,'0000-00-00 00:00:00',23,'','',0,0,1,'','',0,0),(804,0,0,718,'2022-10-24 16:11:08','2022-10-24 16:11:08','2022-10-24 16:11:08',0,NULL,'0000-00-00 00:00:00',16,'','',0,0,1,'','',0,0),(806,0,0,718,'2022-10-25 08:35:07','2022-10-25 08:35:07','2022-10-25 08:35:07',0,NULL,'0000-00-00 00:00:00',16,'','',0,0,1,'','',0,0),(807,0,0,0,'2022-10-25 08:46:48','2022-10-25 08:46:48','2022-10-25 08:46:48',0,NULL,'0000-00-00 00:00:00',79,'','',0,0,1,'','',0,0),(808,0,0,0,'2022-10-25 08:47:09','2022-10-25 08:47:09','2022-10-25 08:47:09',0,NULL,'0000-00-00 00:00:00',79,'','',0,0,1,'','',0,0),(809,0,0,719,'2022-10-25 08:47:39','2022-10-25 08:47:39','2022-10-25 08:47:39',0,NULL,'0000-00-00 00:00:00',0,'','',0,0,1,'','',0,0),(812,0,0,718,'2022-10-25 10:06:11','2022-10-25 10:06:11','2022-10-25 10:06:11',0,NULL,'0000-00-00 00:00:00',16,'','',0,0,1,'','',0,0),(813,0,0,718,'2022-10-25 10:06:11','2022-10-25 10:06:11','2022-10-25 10:06:11',0,NULL,'0000-00-00 00:00:00',79,'','',0,0,1,'','',0,0),(819,0,0,718,'2022-10-25 10:29:57','2022-10-25 10:29:57','2022-10-25 10:29:57',0,NULL,'0000-00-00 00:00:00',90,'','',0,0,1,'','',0,0),(820,0,0,718,'2022-10-25 10:30:16','2022-10-25 10:30:16','2022-10-25 10:30:16',0,NULL,'0000-00-00 00:00:00',88,'','',0,0,1,'','',0,0),(821,0,0,0,'2022-11-04 14:58:46','2022-11-04 14:58:46','2022-11-04 14:58:46',0,NULL,'0000-00-00 00:00:00',13,'','',0,0,1,'','',0,0),(822,0,0,0,'2022-11-04 15:16:32','2022-11-04 15:16:32','2022-11-04 15:16:32',0,NULL,'0000-00-00 00:00:00',54,'','',0,0,1,'','',0,0),(823,0,0,0,'2022-11-04 19:57:15','2022-11-04 19:57:15','2022-11-04 19:57:15',0,NULL,'0000-00-00 00:00:00',94,'','',0,0,1,'','',0,0),(824,0,0,0,'2022-11-04 19:57:36','2022-11-04 19:57:36','2022-11-04 19:57:36',0,NULL,'0000-00-00 00:00:00',94,'','',0,0,1,'','',0,0),(825,0,0,0,'2022-11-04 23:16:55','2022-11-04 23:16:55','2022-11-04 23:16:55',0,NULL,'0000-00-00 00:00:00',19,'','',0,0,1,'','',0,0),(826,0,0,0,'2022-11-07 13:52:45','2022-11-07 13:52:45','2022-11-07 13:52:45',0,NULL,'0000-00-00 00:00:00',54,'','',0,0,1,'','',0,0),(827,0,0,0,'2022-11-10 13:38:31','2022-11-10 13:38:31','2022-11-10 13:38:31',0,NULL,'0000-00-00 00:00:00',16,'','',0,0,1,'','',0,0),(828,0,0,0,'2022-11-10 13:38:33','2022-11-10 13:38:33','2022-11-10 13:38:33',0,NULL,'0000-00-00 00:00:00',16,'','',0,0,1,'','',0,0),(829,0,0,0,'2022-11-10 13:38:35','2022-11-10 13:38:35','2022-11-10 13:38:35',0,NULL,'0000-00-00 00:00:00',16,'','',0,0,1,'','',0,0),(830,0,0,0,'2022-11-10 13:40:16','2022-11-10 13:40:16','2022-11-10 13:40:16',0,NULL,'0000-00-00 00:00:00',28,'','',0,0,1,'','',0,0),(831,0,0,0,'2022-11-10 13:40:17','2022-11-10 13:40:17','2022-11-10 13:40:17',0,NULL,'0000-00-00 00:00:00',26,'','',0,0,1,'','',0,0),(832,0,0,0,'2022-11-10 13:40:19','2022-11-10 13:40:19','2022-11-10 13:40:19',0,NULL,'0000-00-00 00:00:00',27,'','',0,0,1,'','',0,0),(833,0,0,0,'2022-11-10 13:40:20','2022-11-10 13:40:20','2022-11-10 13:40:20',0,NULL,'0000-00-00 00:00:00',25,'','',0,0,1,'','',0,0),(834,0,0,0,'2022-11-10 13:40:23','2022-11-10 13:40:23','2022-11-10 13:40:23',0,NULL,'0000-00-00 00:00:00',61,'','',0,0,1,'','',0,0),(835,0,0,0,'2022-11-10 13:40:24','2022-11-10 13:40:24','2022-11-10 13:40:24',0,NULL,'0000-00-00 00:00:00',33,'','',0,0,1,'','',0,0),(836,0,0,0,'2022-11-10 13:40:26','2022-11-10 13:40:26','2022-11-10 13:40:26',0,NULL,'0000-00-00 00:00:00',29,'','',0,0,1,'','',0,0),(840,0,0,0,'2022-11-10 21:32:15','2022-11-10 21:32:15','2022-11-10 21:32:15',0,NULL,'0000-00-00 00:00:00',94,'','',0,0,1,'','',0,0),(841,0,0,0,'2022-11-10 21:35:32','2022-11-10 21:35:32','2022-11-10 21:35:32',0,NULL,'0000-00-00 00:00:00',94,'','',0,0,1,'','',0,0),(842,0,0,0,'2022-11-10 21:35:47','2022-11-10 21:35:47','2022-11-10 21:35:47',0,NULL,'0000-00-00 00:00:00',16,'','',0,0,1,'','',0,0),(843,0,0,0,'2022-11-11 08:32:37','2022-11-11 08:32:37','2022-11-11 08:32:37',0,NULL,'0000-00-00 00:00:00',16,'','',0,0,1,'','',0,0),(844,0,0,0,'2022-11-11 15:31:44','2022-11-11 15:31:44','2022-11-11 15:31:44',0,NULL,'0000-00-00 00:00:00',24,'','',0,0,1,'','',0,0),(845,0,0,0,'2022-11-11 15:32:48','2022-11-11 15:32:48','2022-11-11 15:32:48',0,NULL,'0000-00-00 00:00:00',54,'','',0,0,1,'','',0,0),(846,0,0,719,'2022-11-14 14:33:33','2022-11-14 14:33:33','2022-11-14 14:33:33',0,NULL,'0000-00-00 00:00:00',116,'','',0,0,1,'','',0,0),(848,0,0,0,'2022-11-14 15:41:43','2022-11-14 15:41:43','2022-11-14 15:41:43',0,NULL,'0000-00-00 00:00:00',24,'','',0,0,1,'','',0,0),(849,0,0,719,'2022-11-14 15:41:55','2022-11-14 15:41:55','2022-11-14 15:41:55',0,NULL,'0000-00-00 00:00:00',0,'','',0,0,1,'','',0,0),(850,0,0,718,'2022-11-14 15:42:02','2022-11-14 15:42:02','2022-11-14 15:42:02',0,NULL,'0000-00-00 00:00:00',16,'','',0,0,1,'','',0,0),(851,0,0,719,'2022-11-14 15:42:19','2022-11-14 15:42:19','2022-11-14 15:42:19',0,NULL,'0000-00-00 00:00:00',54,'','',0,0,1,'','',0,0),(852,0,0,719,'2022-11-14 15:43:30','2022-11-14 15:43:30','2022-11-14 15:43:30',0,NULL,'0000-00-00 00:00:00',116,'','',0,0,1,'','',0,0),(853,0,0,719,'2022-11-14 15:45:33','2022-11-14 15:45:33','2022-11-14 15:45:33',0,NULL,'0000-00-00 00:00:00',54,'','',0,0,1,'','',0,0),(854,0,0,718,'2022-11-14 15:45:58','2022-11-14 15:45:58','2022-11-14 15:45:58',0,NULL,'0000-00-00 00:00:00',94,'','',0,0,1,'','',0,0),(855,0,0,719,'2022-11-14 15:57:58','2022-11-14 15:57:58','2022-11-14 15:57:58',0,NULL,'0000-00-00 00:00:00',106,'','',0,0,1,'','',0,0),(856,0,0,0,'2022-11-14 20:28:44','2022-11-14 20:28:44','2022-11-14 20:28:44',0,NULL,'0000-00-00 00:00:00',107,'','',0,0,1,'','',0,0),(857,0,0,0,'2022-11-14 20:31:34','2022-11-14 20:31:34','2022-11-14 20:31:34',0,NULL,'0000-00-00 00:00:00',13,'','',0,0,1,'','',0,0),(858,0,0,0,'2022-11-14 20:46:24','2022-11-14 20:46:24','2022-11-14 20:46:24',0,NULL,'0000-00-00 00:00:00',94,'','',0,0,1,'','',0,0),(859,0,0,0,'2022-11-14 22:10:40','2022-11-14 22:10:40','2022-11-14 22:10:40',0,NULL,'0000-00-00 00:00:00',14,'','',0,0,1,'','',0,0),(860,0,0,0,'2022-11-14 22:12:00','2022-11-14 22:12:00','2022-11-14 22:12:00',0,NULL,'0000-00-00 00:00:00',14,'','',0,0,1,'','',0,0),(861,0,0,0,'2022-11-14 22:12:19','2022-11-14 22:12:19','2022-11-14 22:12:19',0,NULL,'0000-00-00 00:00:00',5,'','',0,0,1,'','',0,0),(862,0,0,0,'2022-11-14 22:16:35','2022-11-14 22:16:35','2022-11-14 22:16:35',0,NULL,'0000-00-00 00:00:00',5,'','',0,0,1,'','',0,0),(864,0,0,0,'2022-11-14 23:51:50','2022-11-14 23:51:50','2022-11-14 23:51:50',0,NULL,'0000-00-00 00:00:00',88,'','',0,0,1,'','',0,0),(865,0,0,0,'2022-11-15 08:14:52','2022-11-15 08:14:52','2022-11-15 08:14:52',0,NULL,'0000-00-00 00:00:00',94,'','',0,0,1,'','',0,0),(866,0,0,0,'2022-11-15 08:36:01','2022-11-15 08:36:01','2022-11-15 08:36:01',0,NULL,'0000-00-00 00:00:00',114,'','',0,0,1,'','',0,0),(867,0,0,0,'2022-11-15 12:25:01','2022-11-15 12:25:01','2022-11-15 12:25:01',0,NULL,'0000-00-00 00:00:00',15,'','',0,0,1,'','',0,0),(868,0,0,0,'2022-11-15 12:25:50','2022-11-15 12:25:50','2022-11-15 12:25:50',0,NULL,'0000-00-00 00:00:00',88,'','',0,0,1,'','',0,0),(869,0,0,0,'2022-11-15 12:28:07','2022-11-15 12:28:07','2022-11-15 12:28:07',0,NULL,'0000-00-00 00:00:00',16,'','',0,0,1,'','',0,0),(870,0,0,0,'2022-11-15 15:58:21','2022-11-15 15:58:21','2022-11-15 15:58:21',0,NULL,'0000-00-00 00:00:00',94,'','',0,0,1,'','',0,0),(871,0,0,0,'2022-11-15 15:59:42','2022-11-15 15:59:42','2022-11-15 15:59:42',0,NULL,'0000-00-00 00:00:00',63,'','',0,0,1,'','',0,0),(872,0,0,0,'2022-11-16 08:52:28','2022-11-16 08:52:28','2022-11-16 08:52:28',0,NULL,'0000-00-00 00:00:00',94,'','',0,0,1,'','',0,0),(873,0,0,0,'2022-11-16 10:57:59','2022-11-16 10:57:59','2022-11-16 10:57:59',0,NULL,'0000-00-00 00:00:00',106,'','',0,0,1,'','',0,0),(875,0,0,0,'2022-11-16 20:19:34','2022-11-16 20:19:34','2022-11-16 20:19:34',0,NULL,'0000-00-00 00:00:00',27,'','',0,0,1,'','',0,0),(876,0,0,0,'2022-11-16 20:26:34','2022-11-16 20:26:34','2022-11-16 20:26:34',0,NULL,'0000-00-00 00:00:00',94,'','',0,0,1,'','',0,0),(877,0,0,0,'2022-11-16 20:26:38','2022-11-16 20:26:38','2022-11-16 20:26:38',0,NULL,'0000-00-00 00:00:00',94,'','',0,0,1,'','',0,0),(878,0,0,0,'2022-11-16 20:35:47','2022-11-16 20:35:47','2022-11-16 20:35:47',0,NULL,'0000-00-00 00:00:00',94,'','',0,0,1,'','',0,0),(879,0,0,0,'2022-11-16 22:59:10','2022-11-16 22:59:10','2022-11-16 22:59:10',0,NULL,'0000-00-00 00:00:00',92,'','',0,0,1,'','',0,0),(880,0,0,0,'2022-11-17 17:55:45','2022-11-17 17:55:45','2022-11-17 17:55:45',0,NULL,'0000-00-00 00:00:00',54,'','',0,0,1,'','',0,0),(881,0,0,0,'2022-11-19 18:32:52','2022-11-19 18:32:52','2022-11-19 18:32:52',0,NULL,'0000-00-00 00:00:00',54,'','',0,0,1,'','',0,0),(882,0,0,0,'2022-11-20 14:27:12','2022-11-20 14:27:12','2022-11-20 14:27:12',0,NULL,'0000-00-00 00:00:00',107,'','',0,0,1,'','',0,0),(884,0,0,0,'2022-11-21 12:20:16','2022-11-21 12:20:16','2022-11-21 12:20:16',0,NULL,'0000-00-00 00:00:00',0,'','',0,0,1,'','',0,0),(885,0,0,0,'2022-11-21 12:22:02','2022-11-21 12:22:02','2022-11-21 12:22:02',0,NULL,'0000-00-00 00:00:00',16,'','',0,0,1,'','',0,0),(886,0,0,0,'2022-11-21 12:22:05','2022-11-21 12:22:05','2022-11-21 12:22:05',0,NULL,'0000-00-00 00:00:00',16,'','',0,0,1,'','',0,0),(889,0,0,0,'2022-11-21 15:05:13','2022-11-21 15:05:13','2022-11-21 15:05:13',0,NULL,'0000-00-00 00:00:00',14,'','',0,0,1,'','',0,0),(890,0,0,0,'2022-11-21 15:06:34','2022-11-21 15:06:34','2022-11-21 15:06:34',0,NULL,'0000-00-00 00:00:00',16,'','',0,0,1,'','',0,0),(891,0,0,0,'2022-11-22 11:00:41','2022-11-22 11:00:41','2022-11-22 11:00:41',0,NULL,'0000-00-00 00:00:00',108,'','',0,0,1,'','',0,0),(892,0,0,0,'2022-11-23 08:48:01','2022-11-23 08:48:01','2022-11-23 08:48:01',0,NULL,'0000-00-00 00:00:00',16,'','',0,0,1,'','',0,0),(893,0,0,0,'2022-11-23 08:48:19','2022-11-23 08:48:19','2022-11-23 08:48:19',0,NULL,'0000-00-00 00:00:00',90,'','',0,0,1,'','',0,0),(894,0,0,0,'2022-11-23 08:48:45','2022-11-23 08:48:45','2022-11-23 08:48:45',0,NULL,'0000-00-00 00:00:00',92,'','',0,0,1,'','',0,0),(895,0,0,0,'2022-11-23 08:49:26','2022-11-23 08:49:26','2022-11-23 08:49:26',0,NULL,'0000-00-00 00:00:00',15,'','',0,0,1,'','',0,0),(897,0,0,0,'2022-11-23 08:51:20','2022-11-23 08:51:20','2022-11-23 08:51:20',0,NULL,'0000-00-00 00:00:00',113,'','',0,0,1,'','',0,0),(899,0,0,733,'2022-11-23 10:28:23','2022-11-23 10:28:23','2022-11-23 10:28:23',0,NULL,'0000-00-00 00:00:00',16,'','',0,0,1,'','',0,0),(900,0,0,0,'2022-11-24 12:39:04','2022-11-24 12:39:04','2022-11-24 12:39:04',0,NULL,'0000-00-00 00:00:00',16,'','',0,0,1,'','',0,0),(901,0,0,0,'2022-11-24 19:53:46','2022-11-24 19:53:46','2022-11-24 19:53:46',0,NULL,'0000-00-00 00:00:00',40,'','',0,0,1,'','',0,0),(902,0,0,0,'2022-11-24 20:36:24','2022-11-24 20:36:24','2022-11-24 20:36:24',0,NULL,'0000-00-00 00:00:00',16,'','',0,0,1,'','',0,0),(903,0,0,0,'2022-11-25 10:35:45','2022-11-25 10:35:45','2022-11-25 10:35:45',0,NULL,'0000-00-00 00:00:00',23,'','',0,0,1,'','',0,0),(904,0,0,0,'2022-11-25 10:36:03','2022-11-25 10:36:03','2022-11-25 10:36:03',0,NULL,'0000-00-00 00:00:00',15,'','',0,0,1,'','',0,0),(905,0,0,0,'2022-11-25 10:41:54','2022-11-25 10:41:54','2022-11-25 10:41:54',0,NULL,'0000-00-00 00:00:00',24,'','',0,0,1,'','',0,0),(906,0,0,0,'2022-11-25 10:41:55','2022-11-25 10:41:55','2022-11-25 10:41:55',0,NULL,'0000-00-00 00:00:00',54,'','',0,0,1,'','',0,0),(907,0,0,0,'2022-11-25 10:41:56','2022-11-25 10:41:56','2022-11-25 10:41:56',0,NULL,'0000-00-00 00:00:00',56,'','',0,0,1,'','',0,0),(908,0,0,0,'2022-11-25 10:41:57','2022-11-25 10:41:57','2022-11-25 10:41:57',0,NULL,'0000-00-00 00:00:00',55,'','',0,0,1,'','',0,0),(909,0,0,0,'2022-11-25 10:41:59','2022-11-25 10:41:59','2022-11-25 10:41:59',0,NULL,'0000-00-00 00:00:00',20,'','',0,0,1,'','',0,0),(910,0,0,0,'2022-11-25 10:42:00','2022-11-25 10:42:00','2022-11-25 10:42:00',0,NULL,'0000-00-00 00:00:00',45,'','',0,0,1,'','',0,0),(911,0,0,0,'2022-11-25 10:42:02','2022-11-25 10:42:02','2022-11-25 10:42:02',0,NULL,'0000-00-00 00:00:00',52,'','',0,0,1,'','',0,0),(912,0,0,0,'2022-11-25 10:42:05','2022-11-25 10:42:05','2022-11-25 10:42:05',0,NULL,'0000-00-00 00:00:00',28,'','',0,0,1,'','',0,0),(913,0,0,0,'2022-11-25 10:42:06','2022-11-25 10:42:06','2022-11-25 10:42:06',0,NULL,'0000-00-00 00:00:00',26,'','',0,0,1,'','',0,0),(914,0,0,0,'2022-11-25 10:42:08','2022-11-25 10:42:08','2022-11-25 10:42:08',0,NULL,'0000-00-00 00:00:00',27,'','',0,0,1,'','',0,0),(915,0,0,0,'2022-11-25 10:42:09','2022-11-25 10:42:09','2022-11-25 10:42:09',0,NULL,'0000-00-00 00:00:00',25,'','',0,0,1,'','',0,0),(916,0,0,0,'2022-11-25 10:42:23','2022-11-25 10:42:23','2022-11-25 10:42:23',0,NULL,'0000-00-00 00:00:00',61,'','',0,0,1,'','',0,0),(917,0,0,0,'2022-11-25 10:42:25','2022-11-25 10:42:25','2022-11-25 10:42:25',0,NULL,'0000-00-00 00:00:00',33,'','',0,0,1,'','',0,0),(918,0,0,0,'2022-11-25 10:42:27','2022-11-25 10:42:27','2022-11-25 10:42:27',0,NULL,'0000-00-00 00:00:00',29,'','',0,0,1,'','',0,0),(919,0,0,0,'2022-11-25 10:42:29','2022-11-25 10:42:29','2022-11-25 10:42:29',0,NULL,'0000-00-00 00:00:00',65,'','',0,0,1,'','',0,0),(920,0,0,0,'2022-11-25 10:42:30','2022-11-25 10:42:30','2022-11-25 10:42:30',0,NULL,'0000-00-00 00:00:00',64,'','',0,0,1,'','',0,0),(921,0,0,0,'2022-11-25 10:42:33','2022-11-25 10:42:33','2022-11-25 10:42:33',0,NULL,'0000-00-00 00:00:00',42,'','',0,0,1,'','',0,0),(922,0,0,0,'2022-11-25 10:42:34','2022-11-25 10:42:34','2022-11-25 10:42:34',0,NULL,'0000-00-00 00:00:00',40,'','',0,0,1,'','',0,0),(923,0,0,0,'2022-11-25 12:16:42','2022-11-25 12:16:42','2022-11-25 12:16:42',0,NULL,'0000-00-00 00:00:00',13,'','',0,0,1,'','',0,0),(924,0,0,0,'2022-11-26 22:54:28','2022-11-26 22:54:28','2022-11-26 22:54:28',0,NULL,'0000-00-00 00:00:00',94,'','',0,0,1,'','',0,0),(925,0,0,0,'2022-11-26 22:54:53','2022-11-26 22:54:53','2022-11-26 22:54:53',0,NULL,'0000-00-00 00:00:00',16,'','',0,0,1,'','',0,0),(926,0,0,0,'2022-11-27 21:17:48','2022-11-27 21:17:48','2022-11-27 21:17:48',0,NULL,'0000-00-00 00:00:00',19,'','',0,0,1,'','',0,0),(927,0,0,0,'2022-11-29 20:29:22','2022-11-29 20:29:22','2022-11-29 20:29:22',0,NULL,'0000-00-00 00:00:00',16,'','',0,0,1,'','',0,0),(928,0,0,0,'2022-12-01 22:17:22','2022-12-01 22:17:22','2022-12-01 22:17:22',0,NULL,'0000-00-00 00:00:00',79,'','',0,0,1,'','',0,0),(931,0,0,0,'2022-12-01 22:29:48','2022-12-01 22:29:48','2022-12-01 22:29:48',0,NULL,'0000-00-00 00:00:00',73,'','',0,0,1,'','',0,0),(932,0,0,0,'2022-12-02 11:55:28','2022-12-02 11:55:28','2022-12-02 11:55:28',0,NULL,'0000-00-00 00:00:00',16,'','',0,0,1,'','',0,0),(938,0,0,0,'2022-12-04 09:18:32','2022-12-04 09:18:32','2022-12-04 09:18:32',0,NULL,'0000-00-00 00:00:00',94,'','',0,0,1,'','',0,0),(939,0,0,0,'2022-12-04 10:37:55','2022-12-04 10:37:55','2022-12-04 10:37:55',0,NULL,'0000-00-00 00:00:00',79,'','',0,0,1,'','',0,0),(940,0,0,0,'2022-12-04 10:38:42','2022-12-04 10:38:42','2022-12-04 10:38:42',0,NULL,'0000-00-00 00:00:00',15,'','',0,0,1,'','',0,0),(941,0,0,0,'2022-12-04 10:49:01','2022-12-04 10:49:01','2022-12-04 10:49:01',0,NULL,'0000-00-00 00:00:00',89,'','',0,0,1,'','',0,0),(942,0,0,0,'2022-12-04 16:02:11','2022-12-04 16:02:11','2022-12-04 16:02:11',0,NULL,'0000-00-00 00:00:00',16,'','',0,0,1,'','',0,0),(943,0,0,0,'2022-12-04 16:02:53','2022-12-04 16:02:53','2022-12-04 16:02:53',0,NULL,'0000-00-00 00:00:00',13,'','',0,0,1,'','',0,0),(944,0,0,0,'2022-12-04 19:59:21','2022-12-04 19:59:21','2022-12-04 19:59:21',0,NULL,'0000-00-00 00:00:00',15,'','',0,0,1,'','',0,0),(945,0,0,0,'2022-12-04 19:59:39','2022-12-04 19:59:39','2022-12-04 19:59:39',0,NULL,'0000-00-00 00:00:00',6,'','',0,0,1,'','',0,0),(946,0,0,0,'2022-12-04 20:21:00','2022-12-04 20:21:00','2022-12-04 20:21:00',0,NULL,'0000-00-00 00:00:00',29,'','',0,0,1,'','',0,0),(947,0,0,0,'2022-12-04 20:21:58','2022-12-04 20:21:58','2022-12-04 20:21:58',0,NULL,'0000-00-00 00:00:00',117,'','',0,0,1,'','',0,0),(948,0,0,0,'2022-12-04 22:49:29','2022-12-04 22:49:29','2022-12-04 22:49:29',0,NULL,'0000-00-00 00:00:00',16,'','',0,0,1,'','',0,0),(949,0,0,0,'2022-12-05 08:37:41','2022-12-05 08:37:41','2022-12-05 08:37:41',0,NULL,'0000-00-00 00:00:00',13,'','',0,0,1,'','',0,0),(950,0,0,718,'2022-12-05 08:43:29','2022-12-05 08:43:29','2022-12-05 08:43:29',0,NULL,'0000-00-00 00:00:00',94,'','',0,0,1,'','',0,0),(951,0,0,0,'2022-12-05 08:45:32','2022-12-05 08:45:32','2022-12-05 08:45:32',0,NULL,'0000-00-00 00:00:00',94,'','',0,0,1,'','',0,0),(952,0,0,0,'2022-12-05 09:15:08','2022-12-05 09:15:08','2022-12-05 09:15:08',0,NULL,'0000-00-00 00:00:00',13,'','',0,0,1,'','',0,0),(953,0,0,718,'2022-12-05 09:21:56','2022-12-05 09:21:56','2022-12-05 09:21:56',0,NULL,'0000-00-00 00:00:00',94,'','',0,0,1,'','',0,0),(954,0,0,718,'2022-12-05 09:56:50','2022-12-05 09:56:50','2022-12-05 09:56:50',0,NULL,'0000-00-00 00:00:00',16,'','',0,0,1,'','',0,0),(955,0,0,59,'2022-12-05 10:16:44','2022-12-05 10:16:44','2022-12-05 10:16:44',0,NULL,'0000-00-00 00:00:00',23,'','',0,0,1,'','',0,0),(956,0,0,59,'2022-12-05 10:16:47','2022-12-05 10:16:47','2022-12-05 10:16:47',0,NULL,'0000-00-00 00:00:00',23,'','',0,0,1,'','',0,0),(957,0,0,59,'2022-12-05 10:18:14','2022-12-05 10:18:14','2022-12-05 10:18:14',0,NULL,'0000-00-00 00:00:00',23,'','',0,0,1,'','',0,0),(958,0,0,0,'2022-12-05 14:40:45','2022-12-05 14:40:45','2022-12-05 14:40:45',0,NULL,'0000-00-00 00:00:00',90,'','',0,0,1,'','',0,0),(959,0,0,796,'2022-12-05 16:41:03','2022-12-05 16:41:03','2022-12-05 16:41:03',0,NULL,'0000-00-00 00:00:00',89,'','',0,0,1,'','',0,0),(960,0,0,0,'2022-12-05 16:59:38','2022-12-05 16:59:38','2022-12-05 16:59:38',0,NULL,'0000-00-00 00:00:00',6,'','',0,0,1,'','',0,0),(961,0,0,0,'2022-12-05 21:36:04','2022-12-05 21:36:04','2022-12-05 21:36:04',0,NULL,'0000-00-00 00:00:00',116,'','',0,0,1,'','',0,0),(962,0,0,0,'2022-12-05 21:36:44','2022-12-05 21:36:44','2022-12-05 21:36:44',0,NULL,'0000-00-00 00:00:00',16,'','',0,0,1,'','',0,0),(963,0,0,0,'2022-12-05 21:37:42','2022-12-05 21:37:42','2022-12-05 21:37:42',0,NULL,'0000-00-00 00:00:00',92,'','',0,0,1,'','',0,0),(964,0,0,0,'2022-12-05 21:38:00','2022-12-05 21:38:00','2022-12-05 21:38:00',0,NULL,'0000-00-00 00:00:00',79,'','',0,0,1,'','',0,0),(965,0,0,0,'2022-12-05 21:38:45','2022-12-05 21:38:45','2022-12-05 21:38:45',0,NULL,'0000-00-00 00:00:00',14,'','',0,0,1,'','',0,0),(966,0,0,0,'2022-12-05 21:39:13','2022-12-05 21:39:13','2022-12-05 21:39:13',0,NULL,'0000-00-00 00:00:00',102,'','',0,0,1,'','',0,0),(967,0,0,0,'2022-12-05 21:39:42','2022-12-05 21:39:42','2022-12-05 21:39:42',0,NULL,'0000-00-00 00:00:00',15,'','',0,0,1,'','',0,0),(968,0,0,0,'2022-12-05 21:40:03','2022-12-05 21:40:03','2022-12-05 21:40:03',0,NULL,'0000-00-00 00:00:00',6,'','',0,0,1,'','',0,0),(970,0,0,0,'2022-12-05 21:41:03','2022-12-05 21:41:03','2022-12-05 21:41:03',0,NULL,'0000-00-00 00:00:00',94,'','',0,0,1,'','',0,0),(971,0,0,0,'2022-12-05 21:41:29','2022-12-05 21:41:29','2022-12-05 21:41:29',0,NULL,'0000-00-00 00:00:00',16,'','',0,0,1,'','',0,0),(972,0,0,0,'2022-12-05 21:42:54','2022-12-05 21:42:54','2022-12-05 21:42:54',0,NULL,'0000-00-00 00:00:00',23,'','',0,0,1,'','',0,0),(973,0,0,0,'2022-12-05 22:00:25','2022-12-05 22:00:25','2022-12-05 22:00:25',0,NULL,'0000-00-00 00:00:00',16,'','',0,0,1,'','',0,0),(974,0,0,0,'2022-12-05 22:01:01','2022-12-05 22:01:01','2022-12-05 22:01:01',0,NULL,'0000-00-00 00:00:00',23,'','',0,0,1,'','',0,0),(975,0,0,0,'2022-12-06 10:25:06','2022-12-06 10:25:06','2022-12-06 10:25:06',0,NULL,'0000-00-00 00:00:00',94,'','',0,0,1,'','',0,0),(976,0,0,0,'2022-12-06 10:25:09','2022-12-06 10:25:09','2022-12-06 10:25:09',0,NULL,'0000-00-00 00:00:00',94,'','',0,0,1,'','',0,0),(977,0,0,0,'2022-12-06 10:25:10','2022-12-06 10:25:10','2022-12-06 10:25:10',0,NULL,'0000-00-00 00:00:00',94,'','',0,0,1,'','',0,0),(978,0,0,0,'2022-12-07 11:46:58','2022-12-07 11:46:58','2022-12-07 11:46:58',0,NULL,'0000-00-00 00:00:00',54,'','',0,0,1,'','',0,0),(979,0,0,0,'2022-12-07 13:16:55','2022-12-07 13:16:55','2022-12-07 13:16:55',0,NULL,'0000-00-00 00:00:00',5,'','',0,0,1,'','',0,0),(980,0,0,0,'2022-12-07 13:17:14','2022-12-07 13:17:14','2022-12-07 13:17:14',0,NULL,'0000-00-00 00:00:00',56,'','',0,0,1,'','',0,0),(981,0,0,0,'2022-12-08 10:01:53','2022-12-08 10:01:53','2022-12-08 10:01:53',0,NULL,'0000-00-00 00:00:00',14,'','',0,0,1,'','',0,0),(983,0,0,0,'2022-12-08 12:31:21','2022-12-08 12:31:21','2022-12-08 12:31:21',0,NULL,'0000-00-00 00:00:00',94,'','',0,0,1,'','',0,0),(984,0,0,0,'2022-12-08 12:34:02','2022-12-08 12:34:02','2022-12-08 12:34:02',0,NULL,'0000-00-00 00:00:00',16,'','',0,0,1,'','',0,0),(985,0,0,0,'2022-12-08 12:34:31','2022-12-08 12:34:31','2022-12-08 12:34:31',0,NULL,'0000-00-00 00:00:00',23,'','',0,0,1,'','',0,0),(986,0,0,0,'2022-12-09 00:58:21','2022-12-09 00:58:21','2022-12-09 00:58:21',0,NULL,'0000-00-00 00:00:00',73,'','',0,0,1,'','',0,0),(987,0,0,0,'2022-12-09 07:07:00','2022-12-09 07:07:00','2022-12-09 07:07:00',0,NULL,'0000-00-00 00:00:00',94,'','',0,0,1,'','',0,0),(988,0,0,0,'2022-12-09 07:07:31','2022-12-09 07:07:31','2022-12-09 07:07:31',0,NULL,'0000-00-00 00:00:00',16,'','',0,0,1,'','',0,0),(989,0,0,0,'2022-12-09 07:07:49','2022-12-09 07:07:49','2022-12-09 07:07:49',0,NULL,'0000-00-00 00:00:00',23,'','',0,0,1,'','',0,0),(990,0,0,0,'2022-12-09 11:26:31','2022-12-09 11:26:31','2022-12-09 11:26:31',0,NULL,'0000-00-00 00:00:00',94,'','',0,0,1,'','',0,0),(991,0,0,0,'2022-12-09 14:29:08','2022-12-09 14:29:08','2022-12-09 14:29:08',0,NULL,'0000-00-00 00:00:00',90,'','',0,0,1,'','',0,0),(992,0,0,0,'2022-12-09 14:29:49','2022-12-09 14:29:49','2022-12-09 14:29:49',0,NULL,'0000-00-00 00:00:00',92,'','',0,0,1,'','',0,0),(994,0,0,0,'2022-12-09 14:34:17','2022-12-09 14:34:17','2022-12-09 14:34:17',0,NULL,'0000-00-00 00:00:00',23,'','',0,0,1,'','',0,0),(995,0,0,0,'2022-12-10 18:57:06','2022-12-10 18:57:06','2022-12-10 18:57:06',0,NULL,'0000-00-00 00:00:00',16,'','',0,0,1,'','',0,0),(996,0,0,0,'2022-12-12 12:41:25','2022-12-12 12:41:25','2022-12-12 12:41:25',0,NULL,'0000-00-00 00:00:00',88,'','',0,0,1,'','',0,0),(998,0,0,0,'2022-12-14 18:32:27','2022-12-14 18:32:27','2022-12-14 18:32:27',0,NULL,'0000-00-00 00:00:00',13,'','',0,0,1,'','',0,0),(999,0,0,0,'2022-12-14 18:34:38','2022-12-14 18:34:38','2022-12-14 18:34:38',0,NULL,'0000-00-00 00:00:00',92,'','',0,0,1,'','',0,0),(1000,0,0,0,'2022-12-14 18:35:12','2022-12-14 18:35:12','2022-12-14 18:35:12',0,NULL,'0000-00-00 00:00:00',117,'','',0,0,1,'','',0,0),(1001,0,0,0,'2022-12-14 18:35:51','2022-12-14 18:35:51','2022-12-14 18:35:51',0,NULL,'0000-00-00 00:00:00',112,'','',0,0,1,'','',0,0),(1002,0,0,0,'2022-12-14 18:36:25','2022-12-14 18:36:25','2022-12-14 18:36:25',0,NULL,'0000-00-00 00:00:00',116,'','',0,0,1,'','',0,0),(1003,0,0,0,'2022-12-14 18:37:11','2022-12-14 18:37:11','2022-12-14 18:37:11',0,NULL,'0000-00-00 00:00:00',94,'','',0,0,1,'','',0,0),(1004,0,0,0,'2022-12-14 18:43:45','2022-12-14 18:43:45','2022-12-14 18:43:45',0,NULL,'0000-00-00 00:00:00',116,'','',0,0,1,'','',0,0),(1005,0,0,0,'2022-12-14 18:44:06','2022-12-14 18:44:06','2022-12-14 18:44:06',0,NULL,'0000-00-00 00:00:00',94,'','',0,0,1,'','',0,0),(1006,0,0,0,'2022-12-14 18:44:18','2022-12-14 18:44:18','2022-12-14 18:44:18',0,NULL,'0000-00-00 00:00:00',16,'','',0,0,1,'','',0,0),(1007,0,0,0,'2022-12-14 18:44:37','2022-12-14 18:44:37','2022-12-14 18:44:37',0,NULL,'0000-00-00 00:00:00',92,'','',0,0,1,'','',0,0),(1008,0,0,0,'2022-12-14 18:45:14','2022-12-14 18:45:14','2022-12-14 18:45:14',0,NULL,'0000-00-00 00:00:00',117,'','',0,0,1,'','',0,0),(1009,0,0,0,'2022-12-14 18:45:27','2022-12-14 18:45:27','2022-12-14 18:45:27',0,NULL,'0000-00-00 00:00:00',112,'','',0,0,1,'','',0,0),(1010,0,0,0,'2022-12-15 12:21:49','2022-12-15 12:21:49','2022-12-15 12:21:49',0,NULL,'0000-00-00 00:00:00',55,'','',0,0,1,'','',0,0),(1011,0,0,0,'2022-12-15 12:23:06','2022-12-15 12:23:06','2022-12-15 12:23:06',0,NULL,'0000-00-00 00:00:00',26,'','',0,0,1,'','',0,0),(1012,0,0,0,'2022-12-15 12:23:18','2022-12-15 12:23:18','2022-12-15 12:23:18',0,NULL,'0000-00-00 00:00:00',54,'','',0,0,1,'','',0,0),(1013,0,0,0,'2022-12-15 14:50:55','2022-12-15 14:50:55','2022-12-15 14:50:55',0,NULL,'0000-00-00 00:00:00',19,'','',0,0,1,'','',0,0),(1014,0,0,0,'2022-12-15 16:57:32','2022-12-15 16:57:32','2022-12-15 16:57:32',0,NULL,'0000-00-00 00:00:00',16,'','',0,0,1,'','',0,0),(1015,0,0,0,'2022-12-15 16:58:04','2022-12-15 16:58:04','2022-12-15 16:58:04',0,NULL,'0000-00-00 00:00:00',90,'','',0,0,1,'','',0,0),(1016,0,0,0,'2022-12-15 16:58:56','2022-12-15 16:58:56','2022-12-15 16:58:56',0,NULL,'0000-00-00 00:00:00',23,'','',0,0,1,'','',0,0),(1017,0,0,0,'2022-12-15 17:02:58','2022-12-15 17:02:58','2022-12-15 17:02:58',0,NULL,'0000-00-00 00:00:00',6,'','',0,0,1,'','',0,0),(1018,0,0,59,'2022-12-16 14:39:38','2022-12-16 14:39:38','2022-12-16 14:39:38',0,NULL,'0000-00-00 00:00:00',16,'','',0,0,1,'','',0,0),(1019,0,0,0,'2022-12-20 00:52:02','2022-12-20 00:52:02','2022-12-20 00:52:02',0,NULL,'0000-00-00 00:00:00',23,'','',0,0,1,'','',0,0),(1020,0,0,0,'2022-12-20 15:36:02','2022-12-20 15:36:02','2022-12-20 15:36:02',0,NULL,'0000-00-00 00:00:00',16,'','',0,0,1,'','',0,0),(1021,0,0,0,'2022-12-20 15:36:47','2022-12-20 15:36:47','2022-12-20 15:36:47',0,NULL,'0000-00-00 00:00:00',92,'','',0,0,1,'','',0,0),(1022,0,0,0,'2022-12-20 15:37:12','2022-12-20 15:37:12','2022-12-20 15:37:12',0,NULL,'0000-00-00 00:00:00',94,'','',0,0,1,'','',0,0),(1023,0,0,0,'2022-12-20 15:37:44','2022-12-20 15:37:44','2022-12-20 15:37:44',0,NULL,'0000-00-00 00:00:00',73,'','',0,0,1,'','',0,0),(1024,0,0,0,'2022-12-20 15:38:04','2022-12-20 15:38:04','2022-12-20 15:38:04',0,NULL,'0000-00-00 00:00:00',14,'','',0,0,1,'','',0,0),(1025,0,0,718,'2022-12-20 16:29:41','2022-12-20 16:29:41','2022-12-20 16:29:41',0,NULL,'0000-00-00 00:00:00',16,'','',0,0,1,'','',0,0),(1026,0,0,718,'2022-12-20 16:29:54','2022-12-20 16:29:54','2022-12-20 16:29:54',0,NULL,'0000-00-00 00:00:00',13,'','',0,0,1,'','',0,0),(1027,0,0,718,'2022-12-20 16:30:11','2022-12-20 16:30:11','2022-12-20 16:30:11',0,NULL,'0000-00-00 00:00:00',13,'','',0,0,1,'','',0,0),(1028,0,0,718,'2022-12-20 16:30:15','2022-12-20 16:30:15','2022-12-20 16:30:15',0,NULL,'0000-00-00 00:00:00',13,'','',0,0,1,'','',0,0),(1029,0,0,718,'2022-12-20 16:39:56','2022-12-20 16:39:56','2022-12-20 16:39:56',0,NULL,'0000-00-00 00:00:00',16,'','',0,0,1,'','',0,0),(1030,0,0,718,'2022-12-20 16:50:24','2022-12-20 16:50:24','2022-12-20 16:50:24',0,NULL,'0000-00-00 00:00:00',13,'','',0,0,1,'','',0,0),(1031,0,0,0,'2022-12-22 20:40:42','2022-12-22 20:40:42','2022-12-22 20:40:42',0,NULL,'0000-00-00 00:00:00',13,'','',0,0,1,'','',0,0),(1032,0,0,0,'2022-12-22 20:41:12','2022-12-22 20:41:12','2022-12-22 20:41:12',0,NULL,'0000-00-00 00:00:00',92,'','',0,0,1,'','',0,0),(1033,0,0,0,'2022-12-22 21:50:59','2022-12-22 21:50:59','2022-12-22 21:50:59',0,NULL,'0000-00-00 00:00:00',13,'','',0,0,1,'','',0,0),(1034,0,0,0,'2022-12-22 21:53:59','2022-12-22 21:53:59','2022-12-22 21:53:59',0,NULL,'0000-00-00 00:00:00',13,'','',0,0,1,'','',0,0),(1035,0,0,0,'2022-12-26 19:25:58','2022-12-26 19:25:58','2022-12-26 19:25:58',0,NULL,'0000-00-00 00:00:00',94,'','',0,0,1,'','',0,0),(1036,0,0,0,'2022-12-26 19:26:15','2022-12-26 19:26:15','2022-12-26 19:26:15',0,NULL,'0000-00-00 00:00:00',16,'','',0,0,1,'','',0,0),(1037,0,0,0,'2022-12-26 19:27:37','2022-12-26 19:27:37','2022-12-26 19:27:37',0,NULL,'0000-00-00 00:00:00',23,'','',0,0,1,'','',0,0),(1038,0,0,0,'2022-12-26 19:28:12','2022-12-26 19:28:12','2022-12-26 19:28:12',0,NULL,'0000-00-00 00:00:00',13,'','',0,0,1,'','',0,0),(1039,0,0,0,'2022-12-26 19:28:41','2022-12-26 19:28:41','2022-12-26 19:28:41',0,NULL,'0000-00-00 00:00:00',14,'','',0,0,1,'','',0,0),(1041,0,0,0,'2022-12-26 19:29:24','2022-12-26 19:29:24','2022-12-26 19:29:24',0,NULL,'0000-00-00 00:00:00',15,'','',0,0,1,'','',0,0),(1042,0,0,0,'2022-12-26 19:30:40','2022-12-26 19:30:40','2022-12-26 19:30:40',0,NULL,'0000-00-00 00:00:00',16,'','',0,0,1,'','',0,0),(1043,0,0,0,'2022-12-26 20:06:59','2022-12-26 20:06:59','2022-12-26 20:06:59',0,NULL,'0000-00-00 00:00:00',16,'','',0,0,1,'','',0,0),(1044,0,0,0,'2022-12-27 11:01:43','2022-12-27 11:01:43','2022-12-27 11:01:43',0,NULL,'0000-00-00 00:00:00',89,'','',0,0,1,'','',0,0),(1045,0,0,0,'2022-12-27 21:11:08','2022-12-27 21:11:08','2022-12-27 21:11:08',0,NULL,'0000-00-00 00:00:00',88,'','',0,0,1,'','',0,0),(1046,0,0,0,'2022-12-30 12:56:25','2022-12-30 12:56:25','2022-12-30 12:56:25',0,NULL,'0000-00-00 00:00:00',88,'','',0,0,1,'','',0,0),(1047,0,0,0,'2022-12-31 10:22:39','2022-12-31 10:22:39','2022-12-31 10:22:39',0,NULL,'0000-00-00 00:00:00',107,'','',0,0,1,'','',0,0),(1048,0,0,0,'2023-01-02 20:52:59','2023-01-02 20:52:59','2023-01-02 20:52:59',0,NULL,'0000-00-00 00:00:00',94,'','',0,0,1,'','',0,0),(1049,0,0,0,'2023-01-02 20:53:24','2023-01-02 20:53:24','2023-01-02 20:53:24',0,NULL,'0000-00-00 00:00:00',6,'','',0,0,1,'','',0,0),(1051,0,0,0,'2023-01-02 20:54:46','2023-01-02 20:54:46','2023-01-02 20:54:46',0,NULL,'0000-00-00 00:00:00',92,'','',0,0,1,'','',0,0),(1052,0,0,0,'2023-01-05 14:37:25','2023-01-05 14:37:25','2023-01-05 14:37:25',0,NULL,'0000-00-00 00:00:00',16,'','',0,0,1,'','',0,0),(1054,0,0,0,'2023-01-05 21:48:41','2023-01-05 21:48:41','2023-01-05 21:48:41',0,NULL,'0000-00-00 00:00:00',16,'','',0,0,1,'','',0,0),(1055,0,0,0,'2023-01-05 21:49:35','2023-01-05 21:49:35','2023-01-05 21:49:35',0,NULL,'0000-00-00 00:00:00',23,'','',0,0,1,'','',0,0),(1056,0,0,945,'2023-01-06 10:22:22','2023-01-06 10:22:22','2023-01-06 10:22:22',0,NULL,'0000-00-00 00:00:00',120,'','',0,0,1,'','',0,0),(1057,0,0,945,'2023-01-06 14:18:09','2023-01-06 14:18:09','2023-01-06 14:18:09',0,NULL,'0000-00-00 00:00:00',89,'','',0,0,1,'','',0,0),(1058,0,0,0,'2023-01-06 15:55:00','2023-01-06 15:55:00','2023-01-06 15:55:00',0,NULL,'0000-00-00 00:00:00',108,'','',0,0,1,'','',0,0),(1059,0,0,0,'2023-01-06 17:08:19','2023-01-06 17:08:19','2023-01-06 17:08:19',0,NULL,'0000-00-00 00:00:00',89,'','',0,0,1,'','',0,0),(1061,0,0,0,'2023-01-06 17:09:40','2023-01-06 17:09:40','2023-01-06 17:09:40',0,NULL,'0000-00-00 00:00:00',14,'','',0,0,1,'','',0,0),(1062,0,0,0,'2023-01-06 17:10:49','2023-01-06 17:10:49','2023-01-06 17:10:49',0,NULL,'0000-00-00 00:00:00',13,'','',0,0,1,'','',0,0),(1063,0,0,0,'2023-01-08 17:14:11','2023-01-08 17:14:11','2023-01-08 17:14:11',0,NULL,'0000-00-00 00:00:00',27,'','',0,0,1,'','',0,0),(1064,0,0,0,'2023-01-08 17:14:20','2023-01-08 17:14:20','2023-01-08 17:14:20',0,NULL,'0000-00-00 00:00:00',25,'','',0,0,1,'','',0,0),(1065,0,0,0,'2023-01-08 17:26:38','2023-01-08 17:26:38','2023-01-08 17:26:38',0,NULL,'0000-00-00 00:00:00',0,'','',0,0,1,'','',0,0),(1066,0,0,0,'2023-01-08 21:36:01','2023-01-08 21:36:01','2023-01-08 21:36:01',0,NULL,'0000-00-00 00:00:00',0,'','',0,0,1,'','',0,0),(1067,0,0,0,'2023-01-09 10:06:03','2023-01-09 10:06:03','2023-01-09 10:06:03',0,NULL,'0000-00-00 00:00:00',0,'','',0,0,1,'','',0,0),(1068,0,0,0,'2023-01-09 19:59:56','2023-01-09 19:59:56','2023-01-09 19:59:56',0,NULL,'0000-00-00 00:00:00',90,'','',0,0,1,'','',0,0),(1069,0,0,0,'2023-01-09 21:34:23','2023-01-09 21:34:23','2023-01-09 21:34:23',0,NULL,'0000-00-00 00:00:00',121,'','',0,0,1,'','',0,0),(1070,0,0,0,'2023-01-09 22:48:31','2023-01-09 22:48:31','2023-01-09 22:48:31',0,NULL,'0000-00-00 00:00:00',25,'','',0,0,1,'','',0,0),(1071,0,0,0,'2023-01-09 22:49:21','2023-01-09 22:49:21','2023-01-09 22:49:21',0,NULL,'0000-00-00 00:00:00',42,'','',0,0,1,'','',0,0),(1072,0,0,0,'2023-01-09 22:50:31','2023-01-09 22:50:31','2023-01-09 22:50:31',0,NULL,'0000-00-00 00:00:00',133,'','',0,0,1,'','',0,0),(1073,0,0,0,'2023-01-12 15:51:03','2023-01-12 15:51:03','2023-01-12 15:51:03',0,NULL,'0000-00-00 00:00:00',24,'','',0,0,1,'','',0,0),(1074,0,0,0,'2023-01-12 15:51:16','2023-01-12 15:51:16','2023-01-12 15:51:16',0,NULL,'0000-00-00 00:00:00',54,'','',0,0,1,'','',0,0),(1075,0,0,0,'2023-01-12 15:51:34','2023-01-12 15:51:34','2023-01-12 15:51:34',0,NULL,'0000-00-00 00:00:00',56,'','',0,0,1,'','',0,0),(1076,0,0,0,'2023-01-12 15:53:59','2023-01-12 15:53:59','2023-01-12 15:53:59',0,NULL,'0000-00-00 00:00:00',28,'','',0,0,1,'','',0,0),(1077,0,0,0,'2023-01-12 15:54:27','2023-01-12 15:54:27','2023-01-12 15:54:27',0,NULL,'0000-00-00 00:00:00',54,'','',0,0,1,'','',0,0),(1079,0,0,0,'2023-01-13 16:12:34','2023-01-13 16:12:34','2023-01-13 16:12:34',0,NULL,'0000-00-00 00:00:00',16,'','',0,0,1,'','',0,0),(1080,0,0,0,'2023-01-13 16:13:22','2023-01-13 16:13:22','2023-01-13 16:13:22',0,NULL,'0000-00-00 00:00:00',16,'','',0,0,1,'','',0,0),(1081,0,0,0,'2023-01-13 21:01:02','2023-01-13 21:01:02','2023-01-13 21:01:02',0,NULL,'0000-00-00 00:00:00',16,'','',0,0,1,'','',0,0),(1082,0,0,0,'2023-01-13 22:49:13','2023-01-13 22:49:13','2023-01-13 22:49:13',0,NULL,'0000-00-00 00:00:00',16,'','',0,0,1,'','',0,0),(1083,0,0,0,'2023-01-13 22:49:17','2023-01-13 22:49:17','2023-01-13 22:49:17',0,NULL,'0000-00-00 00:00:00',16,'','',0,0,1,'','',0,0),(1084,0,0,0,'2023-01-15 11:24:32','2023-01-15 11:24:32','2023-01-15 11:24:32',0,NULL,'0000-00-00 00:00:00',16,'','',0,0,1,'','',0,0),(1085,0,0,0,'2023-01-15 16:15:41','2023-01-15 16:15:41','2023-01-15 16:15:41',0,NULL,'0000-00-00 00:00:00',133,'','',0,0,1,'','',0,0),(1086,0,0,0,'2023-01-15 19:21:22','2023-01-15 19:21:22','2023-01-15 19:21:22',0,NULL,'0000-00-00 00:00:00',90,'','',0,0,1,'','',0,0),(1088,0,0,718,'2023-01-16 08:22:38','2023-01-16 08:22:38','2023-01-16 08:22:38',0,NULL,'0000-00-00 00:00:00',16,'','',0,0,1,'','',0,0),(1102,0,0,718,'2023-01-16 09:14:24','2023-01-16 09:14:24','2023-01-16 09:14:24',0,NULL,'0000-00-00 00:00:00',94,'','',0,0,1,'','',0,0),(1109,0,0,0,'2023-01-16 09:16:48','2023-01-16 09:16:48','2023-01-16 09:16:48',0,NULL,'0000-00-00 00:00:00',16,'','',0,0,1,'','',0,0),(1110,0,0,0,'2023-01-16 13:29:16','2023-01-16 13:29:16','2023-01-16 13:29:16',0,NULL,'0000-00-00 00:00:00',73,'','',0,0,1,'','',0,0),(1111,0,0,0,'2023-01-16 13:29:46','2023-01-16 13:29:46','2023-01-16 13:29:46',0,NULL,'0000-00-00 00:00:00',14,'','',0,0,1,'','',0,0),(1112,0,0,0,'2023-01-16 13:30:02','2023-01-16 13:30:02','2023-01-16 13:30:02',0,NULL,'0000-00-00 00:00:00',102,'','',0,0,1,'','',0,0),(1113,0,0,0,'2023-01-16 14:15:50','2023-01-16 14:15:50','2023-01-16 14:15:50',0,NULL,'0000-00-00 00:00:00',16,'','',0,0,1,'','',0,0),(1114,0,0,0,'2023-01-16 14:16:58','2023-01-16 14:16:58','2023-01-16 14:16:58',0,NULL,'0000-00-00 00:00:00',16,'','',0,0,1,'','',0,0),(1116,0,0,0,'2023-01-16 14:22:25','2023-01-16 14:22:25','2023-01-16 14:22:25',0,NULL,'0000-00-00 00:00:00',16,'','',0,0,1,'','',0,0),(1118,0,0,0,'2023-01-16 14:23:12','2023-01-16 14:23:12','2023-01-16 14:23:12',0,NULL,'0000-00-00 00:00:00',16,'','',0,0,1,'','',0,0),(1119,0,0,0,'2023-01-16 20:16:28','2023-01-16 20:16:28','2023-01-16 20:16:28',0,NULL,'0000-00-00 00:00:00',89,'','',0,0,1,'','',0,0),(1120,0,0,0,'2023-01-17 08:40:10','2023-01-17 08:40:10','2023-01-17 08:40:10',0,NULL,'0000-00-00 00:00:00',16,'','',0,0,1,'','',0,0),(1121,0,0,0,'2023-01-17 08:43:47','2023-01-17 08:43:47','2023-01-17 08:43:47',0,NULL,'0000-00-00 00:00:00',13,'','',0,0,1,'','',0,0),(1122,0,0,0,'2023-01-17 08:44:02','2023-01-17 08:44:02','2023-01-17 08:44:02',0,NULL,'0000-00-00 00:00:00',16,'','',0,0,1,'','',0,0),(1123,0,0,0,'2023-01-17 08:44:08','2023-01-17 08:44:08','2023-01-17 08:44:08',0,NULL,'0000-00-00 00:00:00',13,'','',0,0,1,'','',0,0),(1124,0,0,0,'2023-01-17 10:27:11','2023-01-17 10:27:11','2023-01-17 10:27:11',0,NULL,'0000-00-00 00:00:00',16,'','',0,0,1,'','',0,0),(1125,0,0,0,'2023-01-17 19:02:31','2023-01-17 19:02:31','2023-01-17 19:02:31',0,NULL,'0000-00-00 00:00:00',111,'','',0,0,1,'','',0,0),(1126,0,0,0,'2023-01-17 19:04:42','2023-01-17 19:04:42','2023-01-17 19:04:42',0,NULL,'0000-00-00 00:00:00',112,'','',0,0,1,'','',0,0),(1127,0,0,0,'2023-01-17 19:36:09','2023-01-17 19:36:09','2023-01-17 19:36:09',0,NULL,'0000-00-00 00:00:00',92,'','',0,0,1,'','',0,0),(1128,0,0,0,'2023-01-17 19:36:56','2023-01-17 19:36:56','2023-01-17 19:36:56',0,NULL,'0000-00-00 00:00:00',73,'','',0,0,1,'','',0,0),(1129,0,0,0,'2023-01-17 19:37:38','2023-01-17 19:37:38','2023-01-17 19:37:38',0,NULL,'0000-00-00 00:00:00',79,'','',0,0,1,'','',0,0),(1130,0,0,0,'2023-01-17 19:38:23','2023-01-17 19:38:23','2023-01-17 19:38:23',0,NULL,'0000-00-00 00:00:00',5,'','',0,0,1,'','',0,0),(1131,0,0,0,'2023-01-17 19:38:53','2023-01-17 19:38:53','2023-01-17 19:38:53',0,NULL,'0000-00-00 00:00:00',6,'','',0,0,1,'','',0,0),(1132,0,0,0,'2023-01-17 19:39:37','2023-01-17 19:39:37','2023-01-17 19:39:37',0,NULL,'0000-00-00 00:00:00',16,'','',0,0,1,'','',0,0),(1133,0,0,0,'2023-01-17 19:40:06','2023-01-17 19:40:06','2023-01-17 19:40:06',0,NULL,'0000-00-00 00:00:00',94,'','',0,0,1,'','',0,0),(1135,0,0,0,'2023-01-18 18:36:12','2023-01-18 18:36:12','2023-01-18 18:36:12',0,NULL,'0000-00-00 00:00:00',89,'','',0,0,1,'','',0,0),(1136,0,0,0,'2023-01-18 18:37:15','2023-01-18 18:37:15','2023-01-18 18:37:15',0,NULL,'0000-00-00 00:00:00',0,'','',0,0,1,'','',0,0),(1137,0,0,0,'2023-01-19 16:56:26','2023-01-19 16:56:26','2023-01-19 16:56:26',0,NULL,'0000-00-00 00:00:00',94,'','',0,0,1,'','',0,0),(1138,0,0,0,'2023-01-20 22:04:29','2023-01-20 22:04:29','2023-01-20 22:04:29',0,NULL,'0000-00-00 00:00:00',128,'','',0,0,1,'','',0,0),(1139,0,0,0,'2023-01-21 21:31:04','2023-01-21 21:31:04','2023-01-21 21:31:04',0,NULL,'0000-00-00 00:00:00',14,'','',0,0,1,'','',0,0),(1140,0,0,0,'2023-01-22 16:00:13','2023-01-22 16:00:13','2023-01-22 16:00:13',0,NULL,'0000-00-00 00:00:00',5,'','',0,0,1,'','',0,0),(1141,0,0,1022,'2023-01-22 16:05:28','2023-01-22 16:05:28','2023-01-22 16:05:28',0,NULL,'0000-00-00 00:00:00',25,'','',0,0,1,'','',0,0),(1142,0,0,1022,'2023-01-22 16:05:51','2023-01-22 16:05:51','2023-01-22 16:05:51',0,NULL,'0000-00-00 00:00:00',29,'','',0,0,1,'','',0,0),(1143,0,0,0,'2023-01-22 17:19:00','2023-01-22 17:19:00','2023-01-22 17:19:00',0,NULL,'0000-00-00 00:00:00',133,'','',0,0,1,'','',0,0),(1144,0,0,0,'2023-01-22 17:19:13','2023-01-22 17:19:13','2023-01-22 17:19:13',0,NULL,'0000-00-00 00:00:00',89,'','',0,0,1,'','',0,0),(1147,0,0,0,'2023-01-23 21:47:10','2023-01-23 21:47:10','2023-01-23 21:47:10',0,NULL,'0000-00-00 00:00:00',15,'','',0,0,1,'','',0,0),(1148,0,0,0,'2023-01-23 21:48:40','2023-01-23 21:48:40','2023-01-23 21:48:40',0,NULL,'0000-00-00 00:00:00',14,'','',0,0,1,'','',0,0),(1149,0,0,0,'2023-01-23 21:49:20','2023-01-23 21:49:20','2023-01-23 21:49:20',0,NULL,'0000-00-00 00:00:00',102,'','',0,0,1,'','',0,0),(1150,0,0,0,'2023-01-23 22:56:58','2023-01-23 22:56:58','2023-01-23 22:56:58',0,NULL,'0000-00-00 00:00:00',16,'','',0,0,1,'','',0,0),(1151,0,0,0,'2023-01-26 06:46:32','2023-01-26 06:46:32','2023-01-26 06:46:32',0,NULL,'0000-00-00 00:00:00',54,'','',0,0,1,'','',0,0),(1152,0,0,0,'2023-01-26 17:34:08','2023-01-26 17:34:08','2023-01-26 17:34:08',0,NULL,'0000-00-00 00:00:00',89,'','',0,0,1,'','',0,0),(1153,0,0,0,'2023-01-29 10:10:23','2023-01-29 10:10:23','2023-01-29 10:10:23',0,NULL,'0000-00-00 00:00:00',26,'','',0,0,1,'','',0,0),(1154,0,0,0,'2023-01-29 10:10:39','2023-01-29 10:10:39','2023-01-29 10:10:39',0,NULL,'0000-00-00 00:00:00',25,'','',0,0,1,'','',0,0),(1155,0,0,0,'2023-01-29 10:12:16','2023-01-29 10:12:16','2023-01-29 10:12:16',0,NULL,'0000-00-00 00:00:00',27,'','',0,0,1,'','',0,0),(1156,0,0,0,'2023-01-29 13:38:21','2023-01-29 13:38:21','2023-01-29 13:38:21',0,NULL,'0000-00-00 00:00:00',16,'','',0,0,1,'','',0,0),(1157,0,0,0,'2023-01-29 13:38:28','2023-01-29 13:38:28','2023-01-29 13:38:28',0,NULL,'0000-00-00 00:00:00',16,'','',0,0,1,'','',0,0),(1158,0,0,0,'2023-01-29 13:52:41','2023-01-29 13:52:41','2023-01-29 13:52:41',0,NULL,'0000-00-00 00:00:00',55,'','',0,0,1,'','',0,0),(1159,0,0,0,'2023-01-30 15:11:40','2023-01-30 15:11:40','2023-01-30 15:11:40',0,NULL,'0000-00-00 00:00:00',24,'','',0,0,1,'','',0,0),(1160,0,0,0,'2023-01-31 09:25:22','2023-01-31 09:25:22','2023-01-31 09:25:22',0,NULL,'0000-00-00 00:00:00',23,'','',0,0,1,'','',0,0),(1161,0,0,718,'2023-01-31 09:25:32','2023-01-31 09:25:32','2023-01-31 09:25:32',0,NULL,'0000-00-00 00:00:00',23,'','',0,0,1,'','',0,0),(1162,0,0,718,'2023-01-31 09:25:32','2023-01-31 09:25:32','2023-01-31 09:25:32',0,NULL,'0000-00-00 00:00:00',0,'','',0,0,1,'','',0,0),(1163,0,0,0,'2023-01-31 10:32:34','2023-01-31 10:32:34','2023-01-31 10:32:34',0,NULL,'0000-00-00 00:00:00',107,'','',0,0,1,'','',0,0),(1164,0,0,0,'2023-01-31 10:32:46','2023-01-31 10:32:46','2023-01-31 10:32:46',0,NULL,'0000-00-00 00:00:00',128,'','',0,0,1,'','',0,0),(1165,0,0,0,'2023-01-31 19:56:03','2023-01-31 19:56:03','2023-01-31 19:56:03',0,NULL,'0000-00-00 00:00:00',23,'','',0,0,1,'','',0,0),(1166,0,0,0,'2023-02-02 20:07:52','2023-02-02 20:07:52','2023-02-02 20:07:52',0,NULL,'0000-00-00 00:00:00',94,'','',0,0,1,'','',0,0),(1168,0,0,0,'2023-02-02 20:08:39','2023-02-02 20:08:39','2023-02-02 20:08:39',0,NULL,'0000-00-00 00:00:00',23,'','',0,0,1,'','',0,0),(1169,0,0,0,'2023-02-03 18:54:18','2023-02-03 18:54:18','2023-02-03 18:54:18',0,NULL,'0000-00-00 00:00:00',16,'','',0,0,1,'','',0,0),(1170,0,0,0,'2023-02-03 19:01:15','2023-02-03 19:01:15','2023-02-03 19:01:15',0,NULL,'0000-00-00 00:00:00',13,'','',0,0,1,'','',0,0),(1171,0,0,0,'2023-02-03 19:40:19','2023-02-03 19:40:19','2023-02-03 19:40:19',0,NULL,'0000-00-00 00:00:00',73,'','',0,0,1,'','',0,0),(1172,0,0,0,'2023-02-04 22:51:26','2023-02-04 22:51:26','2023-02-04 22:51:26',0,NULL,'0000-00-00 00:00:00',89,'','',0,0,1,'','',0,0),(1173,0,0,0,'2023-02-05 14:23:22','2023-02-05 14:23:22','2023-02-05 14:23:22',0,NULL,'0000-00-00 00:00:00',16,'','',0,0,1,'','',0,0),(1174,0,0,0,'2023-02-05 14:23:31','2023-02-05 14:23:31','2023-02-05 14:23:31',0,NULL,'0000-00-00 00:00:00',16,'','',0,0,1,'','',0,0),(1175,0,0,1119,'2023-02-05 14:28:26','2023-02-05 14:28:26','2023-02-05 14:28:26',0,NULL,'0000-00-00 00:00:00',16,'','',0,0,1,'','',0,0),(1176,0,0,1119,'2023-02-05 14:28:33','2023-02-05 14:28:33','2023-02-05 14:28:33',0,NULL,'0000-00-00 00:00:00',16,'','',0,0,1,'','',0,0),(1177,0,0,0,'2023-02-05 14:33:27','2023-02-05 14:33:27','2023-02-05 14:33:27',0,NULL,'0000-00-00 00:00:00',94,'','',0,0,1,'','',0,0),(1179,0,0,0,'2023-02-06 17:47:04','2023-02-06 17:47:04','2023-02-06 17:47:04',0,NULL,'0000-00-00 00:00:00',16,'','',0,0,1,'','',0,0),(1180,0,0,0,'2023-02-06 21:21:51','2023-02-06 21:21:51','2023-02-06 21:21:51',0,NULL,'0000-00-00 00:00:00',6,'','',0,0,1,'','',0,0),(1181,0,0,0,'2023-02-07 16:14:28','2023-02-07 16:14:28','2023-02-07 16:14:28',0,NULL,'0000-00-00 00:00:00',79,'','',0,0,1,'','',0,0),(1183,0,0,0,'2023-02-07 17:13:43','2023-02-07 17:13:43','2023-02-07 17:13:43',0,NULL,'0000-00-00 00:00:00',16,'','',0,0,1,'','',0,0),(1184,0,0,0,'2023-02-08 01:04:00','2023-02-08 01:04:00','2023-02-08 01:04:00',0,NULL,'0000-00-00 00:00:00',24,'','',0,0,1,'','',0,0),(1185,0,0,0,'2023-02-08 01:04:14','2023-02-08 01:04:14','2023-02-08 01:04:14',0,NULL,'0000-00-00 00:00:00',28,'','',0,0,1,'','',0,0),(1186,0,0,0,'2023-02-08 20:26:06','2023-02-08 20:26:06','2023-02-08 20:26:06',0,NULL,'0000-00-00 00:00:00',89,'','',0,0,1,'','',0,0),(1187,0,0,0,'2023-02-10 19:03:14','2023-02-10 19:03:14','2023-02-10 19:03:14',0,NULL,'0000-00-00 00:00:00',13,'','',0,0,1,'','',0,0),(1188,0,0,0,'2023-02-10 19:06:53','2023-02-10 19:06:53','2023-02-10 19:06:53',0,NULL,'0000-00-00 00:00:00',90,'','',0,0,1,'','',0,0),(1190,0,0,0,'2023-02-10 19:13:12','2023-02-10 19:13:12','2023-02-10 19:13:12',0,NULL,'0000-00-00 00:00:00',92,'','',0,0,1,'','',0,0),(1191,0,0,0,'2023-02-10 19:13:50','2023-02-10 19:13:50','2023-02-10 19:13:50',0,NULL,'0000-00-00 00:00:00',16,'','',0,0,1,'','',0,0),(1193,0,0,0,'2023-02-10 20:29:57','2023-02-10 20:29:57','2023-02-10 20:29:57',0,NULL,'0000-00-00 00:00:00',14,'','',0,0,1,'','',0,0),(1194,0,0,0,'2023-02-10 20:30:58','2023-02-10 20:30:58','2023-02-10 20:30:58',0,NULL,'0000-00-00 00:00:00',92,'','',0,0,1,'','',0,0),(1195,0,0,0,'2023-02-10 20:31:34','2023-02-10 20:31:34','2023-02-10 20:31:34',0,NULL,'0000-00-00 00:00:00',15,'','',0,0,1,'','',0,0),(1196,0,0,0,'2023-02-10 20:33:29','2023-02-10 20:33:29','2023-02-10 20:33:29',0,NULL,'0000-00-00 00:00:00',16,'','',0,0,1,'','',0,0),(1197,0,0,0,'2023-02-11 08:05:45','2023-02-11 08:05:45','2023-02-11 08:05:45',0,NULL,'0000-00-00 00:00:00',89,'','',0,0,1,'','',0,0),(1198,0,0,1119,'2023-02-11 12:46:26','2023-02-11 12:46:26','2023-02-11 12:46:26',0,NULL,'0000-00-00 00:00:00',16,'','',0,0,1,'','',0,0),(1199,0,0,0,'2023-02-11 13:59:48','2023-02-11 13:59:48','2023-02-11 13:59:48',0,NULL,'0000-00-00 00:00:00',94,'','',0,0,1,'','',0,0),(1200,0,0,0,'2023-02-12 22:03:17','2023-02-12 22:03:17','2023-02-12 22:03:17',0,NULL,'0000-00-00 00:00:00',94,'','',0,0,1,'','',0,0),(1201,0,0,0,'2023-02-12 22:03:57','2023-02-12 22:03:57','2023-02-12 22:03:57',0,NULL,'0000-00-00 00:00:00',94,'','',0,0,1,'','',0,0),(1202,0,0,0,'2023-02-12 22:06:27','2023-02-12 22:06:27','2023-02-12 22:06:27',0,NULL,'0000-00-00 00:00:00',89,'','',0,0,1,'','',0,0),(1206,0,0,0,'2023-02-13 14:52:53','2023-02-13 14:52:53','2023-02-13 14:52:53',0,NULL,'0000-00-00 00:00:00',89,'','',0,0,1,'','',0,0),(1207,0,0,0,'2023-02-13 14:54:20','2023-02-13 14:54:20','2023-02-13 14:54:20',0,NULL,'0000-00-00 00:00:00',16,'','',0,0,1,'','',0,0),(1208,0,0,0,'2023-02-13 14:55:59','2023-02-13 14:55:59','2023-02-13 14:55:59',0,NULL,'0000-00-00 00:00:00',23,'','',0,0,1,'','',0,0),(1209,0,0,0,'2023-02-13 14:56:39','2023-02-13 14:56:39','2023-02-13 14:56:39',0,NULL,'0000-00-00 00:00:00',16,'','',0,0,1,'','',0,0),(1210,0,0,0,'2023-02-13 14:57:22','2023-02-13 14:57:22','2023-02-13 14:57:22',0,NULL,'0000-00-00 00:00:00',23,'','',0,0,1,'','',0,0),(1211,0,0,0,'2023-02-13 14:58:03','2023-02-13 14:58:03','2023-02-13 14:58:03',0,NULL,'0000-00-00 00:00:00',23,'','',0,0,1,'','',0,0),(1212,0,0,0,'2023-02-13 15:01:17','2023-02-13 15:01:17','2023-02-13 15:01:17',0,NULL,'0000-00-00 00:00:00',5,'','',0,0,1,'','',0,0),(1213,0,0,0,'2023-02-13 15:04:03','2023-02-13 15:04:03','2023-02-13 15:04:03',0,NULL,'0000-00-00 00:00:00',13,'','',0,0,1,'','',0,0),(1214,0,0,0,'2023-02-13 15:04:35','2023-02-13 15:04:35','2023-02-13 15:04:35',0,NULL,'0000-00-00 00:00:00',13,'','',0,0,1,'','',0,0),(1215,0,0,0,'2023-02-13 15:05:05','2023-02-13 15:05:05','2023-02-13 15:05:05',0,NULL,'0000-00-00 00:00:00',13,'','',0,0,1,'','',0,0),(1216,0,0,0,'2023-02-13 15:06:39','2023-02-13 15:06:39','2023-02-13 15:06:39',0,NULL,'0000-00-00 00:00:00',5,'','',0,0,1,'','',0,0),(1217,0,0,0,'2023-02-13 15:10:34','2023-02-13 15:10:34','2023-02-13 15:10:34',0,NULL,'0000-00-00 00:00:00',23,'','',0,0,1,'','',0,0),(1218,0,0,0,'2023-02-14 19:46:07','2023-02-14 19:46:07','2023-02-14 19:46:07',0,NULL,'0000-00-00 00:00:00',89,'','',0,0,1,'','',0,0),(1219,0,0,0,'2023-02-14 20:08:40','2023-02-14 20:08:40','2023-02-14 20:08:40',0,NULL,'0000-00-00 00:00:00',16,'','',0,0,1,'','',0,0),(1220,0,0,0,'2023-02-14 20:13:01','2023-02-14 20:13:01','2023-02-14 20:13:01',0,NULL,'0000-00-00 00:00:00',94,'','',0,0,1,'','',0,0),(1221,0,0,0,'2023-02-14 20:15:46','2023-02-14 20:15:46','2023-02-14 20:15:46',0,NULL,'0000-00-00 00:00:00',23,'','',0,0,1,'','',0,0),(1222,0,0,0,'2023-02-14 20:16:50','2023-02-14 20:16:50','2023-02-14 20:16:50',0,NULL,'0000-00-00 00:00:00',92,'','',0,0,1,'','',0,0),(1223,0,0,0,'2023-02-14 20:18:02','2023-02-14 20:18:02','2023-02-14 20:18:02',0,NULL,'0000-00-00 00:00:00',79,'','',0,0,1,'','',0,0),(1224,0,0,0,'2023-02-15 17:14:42','2023-02-15 17:14:42','2023-02-15 17:14:42',0,NULL,'0000-00-00 00:00:00',28,'','',0,0,1,'','',0,0),(1225,0,0,0,'2023-02-15 17:15:32','2023-02-15 17:15:32','2023-02-15 17:15:32',0,NULL,'0000-00-00 00:00:00',24,'','',0,0,1,'','',0,0),(1228,0,0,0,'2023-02-15 17:20:17','2023-02-15 17:20:17','2023-02-15 17:20:17',0,NULL,'0000-00-00 00:00:00',94,'','',0,0,1,'','',0,0),(1230,0,0,0,'2023-02-16 19:53:21','2023-02-16 19:53:21','2023-02-16 19:53:21',0,NULL,'0000-00-00 00:00:00',23,'','',0,0,1,'','',0,0),(1231,0,0,0,'2023-02-16 19:54:20','2023-02-16 19:54:20','2023-02-16 19:54:20',0,NULL,'0000-00-00 00:00:00',89,'','',0,0,1,'','',0,0),(1232,0,0,0,'2023-02-17 08:29:15','2023-02-17 08:29:15','2023-02-17 08:29:15',0,NULL,'0000-00-00 00:00:00',137,'','',0,0,1,'','',0,0),(1233,0,0,0,'2023-02-17 22:52:29','2023-02-17 22:52:29','2023-02-17 22:52:29',0,NULL,'0000-00-00 00:00:00',90,'','',0,0,1,'','',0,0),(1235,0,0,0,'2023-02-19 08:39:56','2023-02-19 08:39:56','2023-02-19 08:39:56',0,NULL,'0000-00-00 00:00:00',79,'','',0,0,1,'','',0,0),(1236,0,0,0,'2023-02-19 08:40:24','2023-02-19 08:40:24','2023-02-19 08:40:24',0,NULL,'0000-00-00 00:00:00',5,'','',0,0,1,'','',0,0),(1237,0,0,0,'2023-02-19 08:40:57','2023-02-19 08:40:57','2023-02-19 08:40:57',0,NULL,'0000-00-00 00:00:00',73,'','',0,0,1,'','',0,0),(1238,0,0,0,'2023-02-19 08:42:10','2023-02-19 08:42:10','2023-02-19 08:42:10',0,NULL,'0000-00-00 00:00:00',94,'','',0,0,1,'','',0,0),(1239,0,0,0,'2023-02-19 09:15:27','2023-02-19 09:15:27','2023-02-19 09:15:27',0,NULL,'0000-00-00 00:00:00',90,'','',0,0,1,'','',0,0),(1240,0,0,0,'2023-02-19 09:16:43','2023-02-19 09:16:43','2023-02-19 09:16:43',0,NULL,'0000-00-00 00:00:00',92,'','',0,0,1,'','',0,0),(1241,0,0,0,'2023-02-19 09:19:17','2023-02-19 09:19:17','2023-02-19 09:19:17',0,NULL,'0000-00-00 00:00:00',23,'','',0,0,1,'','',0,0),(1242,0,0,0,'2023-02-19 09:19:29','2023-02-19 09:19:29','2023-02-19 09:19:29',0,NULL,'0000-00-00 00:00:00',15,'','',0,0,1,'','',0,0),(1243,0,0,0,'2023-02-19 09:19:53','2023-02-19 09:19:53','2023-02-19 09:19:53',0,NULL,'0000-00-00 00:00:00',94,'','',0,0,1,'','',0,0),(1244,0,0,0,'2023-02-19 09:20:47','2023-02-19 09:20:47','2023-02-19 09:20:47',0,NULL,'0000-00-00 00:00:00',16,'','',0,0,1,'','',0,0),(1245,0,0,0,'2023-02-19 09:22:15','2023-02-19 09:22:15','2023-02-19 09:22:15',0,NULL,'0000-00-00 00:00:00',6,'','',0,0,1,'','',0,0),(1246,0,0,0,'2023-02-19 13:31:08','2023-02-19 13:31:08','2023-02-19 13:31:08',0,NULL,'0000-00-00 00:00:00',89,'','',0,0,1,'','',0,0),(1247,0,0,1119,'2023-02-19 13:52:18','2023-02-19 13:52:18','2023-02-19 13:52:18',0,NULL,'0000-00-00 00:00:00',16,'','',0,0,1,'','',0,0),(1248,0,0,1119,'2023-02-19 13:52:24','2023-02-19 13:52:24','2023-02-19 13:52:24',0,NULL,'0000-00-00 00:00:00',16,'','',0,0,1,'','',0,0),(1249,0,0,0,'2023-02-20 12:35:56','2023-02-20 12:35:56','2023-02-20 12:35:56',0,NULL,'0000-00-00 00:00:00',90,'','',0,0,1,'','',0,0),(1251,0,0,718,'2023-02-21 08:33:35','2023-02-21 08:33:35','2023-02-21 08:33:35',0,NULL,'0000-00-00 00:00:00',16,'','',0,0,1,'','',0,0),(1255,0,0,718,'2023-02-21 08:59:08','2023-02-21 08:59:08','2023-02-21 08:59:08',0,NULL,'0000-00-00 00:00:00',23,'','',0,0,1,'','',0,0),(1256,0,0,0,'2023-02-21 08:59:55','2023-02-21 08:59:55','2023-02-21 08:59:55',0,NULL,'0000-00-00 00:00:00',16,'','',0,0,1,'','',0,0),(1257,0,0,0,'2023-02-21 09:03:09','2023-02-21 09:03:09','2023-02-21 09:03:09',0,NULL,'0000-00-00 00:00:00',16,'','',0,0,1,'','',0,0),(1258,0,0,718,'2023-02-21 09:18:19','2023-02-21 09:18:19','2023-02-21 09:18:19',0,NULL,'0000-00-00 00:00:00',16,'','',0,0,1,'','',0,0),(1259,0,0,0,'2023-02-21 09:43:05','2023-02-21 09:43:05','2023-02-21 09:43:05',0,NULL,'0000-00-00 00:00:00',90,'','',0,0,1,'','',0,0),(1260,0,0,0,'2023-02-21 11:55:42','2023-02-21 11:55:42','2023-02-21 11:55:42',0,NULL,'0000-00-00 00:00:00',89,'','',0,0,1,'','',0,0),(1261,0,0,0,'2023-02-21 14:30:25','2023-02-21 14:30:25','2023-02-21 14:30:25',0,NULL,'0000-00-00 00:00:00',92,'','',0,0,1,'','',0,0),(1262,0,0,0,'2023-02-21 14:31:19','2023-02-21 14:31:19','2023-02-21 14:31:19',0,NULL,'0000-00-00 00:00:00',73,'','',0,0,1,'','',0,0),(1264,0,0,0,'2023-02-21 14:32:16','2023-02-21 14:32:16','2023-02-21 14:32:16',0,NULL,'0000-00-00 00:00:00',54,'','',0,0,1,'','',0,0),(1265,0,0,0,'2023-02-21 14:33:07','2023-02-21 14:33:07','2023-02-21 14:33:07',0,NULL,'0000-00-00 00:00:00',65,'','',0,0,1,'','',0,0),(1266,0,0,0,'2023-02-21 14:33:17','2023-02-21 14:33:17','2023-02-21 14:33:17',0,NULL,'0000-00-00 00:00:00',40,'','',0,0,1,'','',0,0),(1267,0,0,0,'2023-02-21 20:58:35','2023-02-21 20:58:35','2023-02-21 20:58:35',0,NULL,'0000-00-00 00:00:00',54,'','',0,0,1,'','',0,0),(1268,0,0,0,'2023-02-21 21:10:11','2023-02-21 21:10:11','2023-02-21 21:10:11',0,NULL,'0000-00-00 00:00:00',62,'','',0,0,1,'','',0,0),(1269,0,0,0,'2023-02-21 21:10:41','2023-02-21 21:10:41','2023-02-21 21:10:41',0,NULL,'0000-00-00 00:00:00',40,'','',0,0,1,'','',0,0),(1270,0,0,0,'2023-02-21 21:14:05','2023-02-21 21:14:05','2023-02-21 21:14:05',0,NULL,'0000-00-00 00:00:00',73,'','',0,0,1,'','',0,0),(1271,0,0,0,'2023-02-22 09:53:36','2023-02-22 09:53:36','2023-02-22 09:53:36',0,NULL,'0000-00-00 00:00:00',16,'','',0,0,1,'','',0,0),(1272,0,0,0,'2023-02-22 09:53:43','2023-02-22 09:53:43','2023-02-22 09:53:43',0,NULL,'0000-00-00 00:00:00',16,'','',0,0,1,'','',0,0),(1273,0,0,0,'2023-02-22 19:35:30','2023-02-22 19:35:30','2023-02-22 19:35:30',0,NULL,'0000-00-00 00:00:00',16,'','',0,0,1,'','',0,0),(1274,0,0,0,'2023-02-22 19:37:52','2023-02-22 19:37:52','2023-02-22 19:37:52',0,NULL,'0000-00-00 00:00:00',15,'','',0,0,1,'','',0,0),(1275,0,0,0,'2023-02-22 19:38:10','2023-02-22 19:38:10','2023-02-22 19:38:10',0,NULL,'0000-00-00 00:00:00',102,'','',0,0,1,'','',0,0),(1278,0,0,0,'2023-02-22 19:40:45','2023-02-22 19:40:45','2023-02-22 19:40:45',0,NULL,'0000-00-00 00:00:00',6,'','',0,0,1,'','',0,0),(1279,0,0,0,'2023-02-22 19:41:19','2023-02-22 19:41:19','2023-02-22 19:41:19',0,NULL,'0000-00-00 00:00:00',79,'','',0,0,1,'','',0,0),(1280,0,0,0,'2023-02-22 19:48:35','2023-02-22 19:48:35','2023-02-22 19:48:35',0,NULL,'0000-00-00 00:00:00',133,'','',0,0,1,'','',0,0),(1281,0,0,0,'2023-02-22 19:51:07','2023-02-22 19:51:07','2023-02-22 19:51:07',0,NULL,'0000-00-00 00:00:00',117,'','',0,0,1,'','',0,0),(1282,0,0,0,'2023-02-23 09:22:54','2023-02-23 09:22:54','2023-02-23 09:22:54',0,NULL,'0000-00-00 00:00:00',5,'','',0,0,1,'','',0,0),(1283,0,0,0,'2023-02-23 11:11:13','2023-02-23 11:11:13','2023-02-23 11:11:13',0,NULL,'0000-00-00 00:00:00',5,'','',0,0,1,'','',0,0),(1284,0,0,0,'2023-02-23 23:39:26','2023-02-23 23:39:26','2023-02-23 23:39:26',0,NULL,'0000-00-00 00:00:00',54,'','',0,0,1,'','',0,0),(1286,0,0,0,'2023-02-23 23:42:47','2023-02-23 23:42:47','2023-02-23 23:42:47',0,NULL,'0000-00-00 00:00:00',89,'','',0,0,1,'','',0,0),(1287,0,0,719,'2023-02-24 08:07:53','2023-02-24 08:07:53','2023-02-24 08:07:53',0,NULL,'0000-00-00 00:00:00',94,'','',0,0,1,'','',0,0),(1288,0,0,719,'2023-02-24 08:08:00','2023-02-24 08:08:00','2023-02-24 08:08:00',0,NULL,'0000-00-00 00:00:00',106,'','',0,0,1,'','',0,0),(1289,0,0,719,'2023-02-24 08:08:12','2023-02-24 08:08:12','2023-02-24 08:08:12',0,NULL,'0000-00-00 00:00:00',24,'','',0,0,1,'','',0,0),(1290,0,0,0,'2023-02-24 11:37:48','2023-02-24 11:37:48','2023-02-24 11:37:48',0,NULL,'0000-00-00 00:00:00',89,'','',0,0,1,'','',0,0),(1291,0,0,718,'2023-02-24 13:04:26','2023-02-24 13:04:26','2023-02-24 13:04:26',0,NULL,'0000-00-00 00:00:00',16,'','',0,0,1,'','',0,0),(1292,0,0,0,'2023-02-24 13:21:09','2023-02-24 13:21:09','2023-02-24 13:21:09',0,NULL,'0000-00-00 00:00:00',94,'','',0,0,1,'','',0,0),(1293,0,0,0,'2023-02-24 13:23:25','2023-02-24 13:23:25','2023-02-24 13:23:25',0,NULL,'0000-00-00 00:00:00',90,'','',0,0,1,'','',0,0),(1294,0,0,0,'2023-02-24 13:23:56','2023-02-24 13:23:56','2023-02-24 13:23:56',0,NULL,'0000-00-00 00:00:00',73,'','',0,0,1,'','',0,0),(1295,0,0,0,'2023-02-24 15:14:27','2023-02-24 15:14:27','2023-02-24 15:14:27',0,NULL,'0000-00-00 00:00:00',106,'','',0,0,1,'','',0,0),(1296,0,0,0,'2023-02-24 15:14:39','2023-02-24 15:14:39','2023-02-24 15:14:39',0,NULL,'0000-00-00 00:00:00',54,'','',0,0,1,'','',0,0),(1297,0,0,0,'2023-02-24 15:14:51','2023-02-24 15:14:51','2023-02-24 15:14:51',0,NULL,'0000-00-00 00:00:00',16,'','',0,0,1,'','',0,0),(1298,0,0,718,'2023-02-24 15:19:22','2023-02-24 15:19:22','2023-02-24 15:19:22',0,NULL,'0000-00-00 00:00:00',16,'','',0,0,1,'','',0,0),(1299,0,0,718,'2023-02-24 15:19:24','2023-02-24 15:19:24','2023-02-24 15:19:24',0,NULL,'0000-00-00 00:00:00',16,'','',0,0,1,'','',0,0),(1300,0,0,718,'2023-02-24 15:33:47','2023-02-24 15:33:47','2023-02-24 15:33:47',0,NULL,'0000-00-00 00:00:00',16,'','',0,0,1,'','',0,0),(1301,0,0,59,'2023-02-24 16:11:35','2023-02-24 16:11:35','2023-02-24 16:11:35',0,NULL,'0000-00-00 00:00:00',16,'','',0,0,1,'','',0,0),(1302,0,0,59,'2023-02-24 16:11:43','2023-02-24 16:11:43','2023-02-24 16:11:43',0,NULL,'0000-00-00 00:00:00',89,'','',0,0,1,'','',0,0),(1303,0,0,59,'2023-02-24 16:26:13','2023-02-24 16:26:13','2023-02-24 16:26:13',0,NULL,'0000-00-00 00:00:00',89,'','',0,0,1,'','',0,0),(1304,0,0,59,'2023-02-24 16:26:20','2023-02-24 16:26:20','2023-02-24 16:26:20',0,NULL,'0000-00-00 00:00:00',16,'','',0,0,1,'','',0,0),(1305,0,0,718,'2023-02-24 16:49:59','2023-02-24 16:49:59','2023-02-24 16:49:59',0,NULL,'0000-00-00 00:00:00',16,'','',0,0,1,'','',0,0),(1306,0,0,718,'2023-02-24 16:50:02','2023-02-24 16:50:02','2023-02-24 16:50:02',0,NULL,'0000-00-00 00:00:00',16,'','',0,0,1,'','',0,0),(1307,0,0,718,'2023-02-24 16:50:10','2023-02-24 16:50:10','2023-02-24 16:50:10',0,NULL,'0000-00-00 00:00:00',16,'','',0,0,1,'','',0,0),(1308,0,0,0,'2023-02-24 17:41:39','2023-02-24 17:41:39','2023-02-24 17:41:39',0,NULL,'0000-00-00 00:00:00',92,'','',0,0,1,'','',0,0),(1309,0,0,0,'2023-02-24 17:42:30','2023-02-24 17:42:30','2023-02-24 17:42:30',0,NULL,'0000-00-00 00:00:00',14,'','',0,0,1,'','',0,0),(1310,0,0,0,'2023-02-24 17:42:50','2023-02-24 17:42:50','2023-02-24 17:42:50',0,NULL,'0000-00-00 00:00:00',14,'','',0,0,1,'','',0,0),(1311,0,0,718,'2023-02-24 17:43:33','2023-02-24 17:43:33','2023-02-24 17:43:33',0,NULL,'0000-00-00 00:00:00',94,'','',0,0,1,'','',0,0),(1312,0,0,0,'2023-02-24 17:43:35','2023-02-24 17:43:35','2023-02-24 17:43:35',0,NULL,'0000-00-00 00:00:00',5,'','',0,0,1,'','',0,0),(1313,0,0,718,'2023-02-24 18:02:35','2023-02-24 18:02:35','2023-02-24 18:02:35',0,NULL,'0000-00-00 00:00:00',16,'','',0,0,1,'','',0,0),(1314,0,0,718,'2023-02-24 18:33:30','2023-02-24 18:33:30','2023-02-24 18:33:30',0,NULL,'0000-00-00 00:00:00',14,'','',0,0,1,'','',0,0),(1315,0,0,718,'2023-02-24 18:33:57','2023-02-24 18:33:57','2023-02-24 18:33:57',0,NULL,'0000-00-00 00:00:00',132,'','',0,0,1,'','',0,0),(1316,0,0,0,'2023-02-25 14:27:39','2023-02-25 14:27:39','2023-02-25 14:27:39',0,NULL,'0000-00-00 00:00:00',131,'','',0,0,1,'','',0,0),(1317,0,0,0,'2023-02-26 03:38:22','2023-02-26 03:38:22','2023-02-26 03:38:22',0,NULL,'0000-00-00 00:00:00',54,'','',0,0,1,'','',0,0),(1318,0,0,0,'2023-02-26 03:38:38','2023-02-26 03:38:38','2023-02-26 03:38:38',0,NULL,'0000-00-00 00:00:00',24,'','',0,0,1,'','',0,0),(1320,0,0,0,'2023-02-26 03:41:23','2023-02-26 03:41:23','2023-02-26 03:41:23',0,NULL,'0000-00-00 00:00:00',55,'','',0,0,1,'','',0,0),(1321,0,0,0,'2023-02-26 03:41:52','2023-02-26 03:41:52','2023-02-26 03:41:52',0,NULL,'0000-00-00 00:00:00',52,'','',0,0,1,'','',0,0),(1322,0,0,0,'2023-02-26 03:43:30','2023-02-26 03:43:30','2023-02-26 03:43:30',0,NULL,'0000-00-00 00:00:00',62,'','',0,0,1,'','',0,0),(1323,0,0,0,'2023-02-26 13:11:18','2023-02-26 13:11:18','2023-02-26 13:11:18',0,NULL,'0000-00-00 00:00:00',16,'','',0,0,1,'','',0,0),(1324,0,0,0,'2023-02-27 13:15:59','2023-02-27 13:15:59','2023-02-27 13:15:59',0,NULL,'0000-00-00 00:00:00',94,'','',0,0,1,'','',0,0),(1325,0,0,0,'2023-02-27 13:16:15','2023-02-27 13:16:15','2023-02-27 13:16:15',0,NULL,'0000-00-00 00:00:00',106,'','',0,0,1,'','',0,0),(1326,0,0,719,'2023-02-27 13:18:38','2023-02-27 13:18:38','2023-02-27 13:18:38',0,NULL,'0000-00-00 00:00:00',135,'','',0,0,1,'','',0,0),(1327,0,0,0,'2023-02-27 13:26:45','2023-02-27 13:26:45','2023-02-27 13:26:45',0,NULL,'0000-00-00 00:00:00',16,'','',0,0,1,'','',0,0),(1328,0,0,0,'2023-02-27 13:30:34','2023-02-27 13:30:34','2023-02-27 13:30:34',0,NULL,'0000-00-00 00:00:00',56,'','',0,0,1,'','',0,0),(1329,0,0,0,'2023-02-27 13:30:42','2023-02-27 13:30:42','2023-02-27 13:30:42',0,NULL,'0000-00-00 00:00:00',122,'','',0,0,1,'','',0,0),(1330,0,0,0,'2023-02-27 13:30:53','2023-02-27 13:30:53','2023-02-27 13:30:53',0,NULL,'0000-00-00 00:00:00',90,'','',0,0,1,'','',0,0),(1331,0,0,0,'2023-02-27 13:31:43','2023-02-27 13:31:43','2023-02-27 13:31:43',0,NULL,'0000-00-00 00:00:00',16,'','',0,0,1,'','',0,0),(1333,0,0,0,'2023-02-27 16:10:17','2023-02-27 16:10:17','2023-02-27 16:10:17',0,NULL,'0000-00-00 00:00:00',41,'','',0,0,1,'','',0,0),(1336,0,0,0,'2023-02-27 18:04:09','2023-02-27 18:04:09','2023-02-27 18:04:09',0,NULL,'0000-00-00 00:00:00',13,'','',0,0,1,'','',0,0),(1337,0,0,0,'2023-02-27 21:21:55','2023-02-27 21:21:55','2023-02-27 21:21:55',0,NULL,'0000-00-00 00:00:00',24,'','',0,0,1,'','',0,0),(1338,0,0,0,'2023-02-27 21:22:19','2023-02-27 21:22:19','2023-02-27 21:22:19',0,NULL,'0000-00-00 00:00:00',28,'','',0,0,1,'','',0,0),(1339,0,0,0,'2023-02-28 12:04:04','2023-02-28 12:04:04','2023-02-28 12:04:04',0,NULL,'0000-00-00 00:00:00',28,'','',0,0,1,'','',0,0),(1342,0,0,719,'2023-02-28 14:56:31','2023-02-28 14:56:31','2023-02-28 14:56:31',0,NULL,'0000-00-00 00:00:00',6,'','',0,0,1,'','',0,0),(1343,0,0,0,'2023-03-01 10:51:16','2023-03-01 10:51:16','2023-03-01 10:51:16',0,NULL,'0000-00-00 00:00:00',66,'','',0,0,1,'','',0,0),(1344,0,0,0,'2023-03-02 07:19:04','2023-03-02 07:19:04','2023-03-02 07:19:04',0,NULL,'0000-00-00 00:00:00',92,'','',0,0,1,'','',0,0),(1345,0,0,0,'2023-03-03 06:29:21','2023-03-03 06:29:21','2023-03-03 06:29:21',0,NULL,'0000-00-00 00:00:00',14,'','',0,0,1,'','',0,0),(1346,0,0,0,'2023-03-03 22:47:12','2023-03-03 22:47:12','2023-03-03 22:47:12',0,NULL,'0000-00-00 00:00:00',25,'','',0,0,1,'','',0,0),(1347,0,0,0,'2023-03-04 15:07:03','2023-03-04 15:07:03','2023-03-04 15:07:03',0,NULL,'0000-00-00 00:00:00',5,'','',0,0,1,'','',0,0),(1348,0,0,0,'2023-03-04 16:32:12','2023-03-04 16:32:12','2023-03-04 16:32:12',0,NULL,'0000-00-00 00:00:00',5,'','',0,0,1,'','',0,0),(1349,0,0,0,'2023-03-04 17:35:23','2023-03-04 17:35:23','2023-03-04 17:35:23',0,NULL,'0000-00-00 00:00:00',5,'','',0,0,1,'','',0,0),(1350,0,0,0,'2023-03-04 18:47:05','2023-03-04 18:47:05','2023-03-04 18:47:05',0,NULL,'0000-00-00 00:00:00',15,'','',0,0,1,'','',0,0),(1351,0,0,0,'2023-03-04 18:48:54','2023-03-04 18:48:54','2023-03-04 18:48:54',0,NULL,'0000-00-00 00:00:00',16,'','',0,0,1,'','',0,0),(1352,0,0,0,'2023-03-04 21:07:52','2023-03-04 21:07:52','2023-03-04 21:07:52',0,NULL,'0000-00-00 00:00:00',79,'','',0,0,1,'','',0,0),(1353,0,0,0,'2023-03-04 21:08:28','2023-03-04 21:08:28','2023-03-04 21:08:28',0,NULL,'0000-00-00 00:00:00',15,'','',0,0,1,'','',0,0),(1354,0,0,0,'2023-03-04 22:19:31','2023-03-04 22:19:31','2023-03-04 22:19:31',0,NULL,'0000-00-00 00:00:00',135,'','',0,0,1,'','',0,0),(1359,0,0,0,'2023-03-05 07:15:00','2023-03-05 07:15:00','2023-03-05 07:15:00',0,NULL,'0000-00-00 00:00:00',13,'','',0,0,1,'','',0,0),(1360,0,0,0,'2023-03-05 07:15:27','2023-03-05 07:15:27','2023-03-05 07:15:27',0,NULL,'0000-00-00 00:00:00',16,'','',0,0,1,'','',0,0),(1361,0,0,0,'2023-03-05 07:17:04','2023-03-05 07:17:04','2023-03-05 07:17:04',0,NULL,'0000-00-00 00:00:00',13,'','',0,0,1,'','',0,0),(1363,0,0,0,'2023-03-05 10:08:51','2023-03-05 10:08:51','2023-03-05 10:08:51',0,NULL,'0000-00-00 00:00:00',79,'','',0,0,1,'','',0,0),(1364,0,0,0,'2023-03-05 10:09:03','2023-03-05 10:09:03','2023-03-05 10:09:03',0,NULL,'0000-00-00 00:00:00',15,'','',0,0,1,'','',0,0),(1365,0,0,0,'2023-03-05 12:01:19','2023-03-05 12:01:19','2023-03-05 12:01:19',0,NULL,'0000-00-00 00:00:00',56,'','',0,0,1,'','',0,0),(1366,0,0,0,'2023-03-05 12:03:28','2023-03-05 12:03:28','2023-03-05 12:03:28',0,NULL,'0000-00-00 00:00:00',55,'','',0,0,1,'','',0,0),(1367,0,0,0,'2023-03-05 12:16:44','2023-03-05 12:16:44','2023-03-05 12:16:44',0,NULL,'0000-00-00 00:00:00',25,'','',0,0,1,'','',0,0),(1368,0,0,0,'2023-03-05 15:52:04','2023-03-05 15:52:04','2023-03-05 15:52:04',0,NULL,'0000-00-00 00:00:00',89,'','',0,0,1,'','',0,0),(1369,0,0,0,'2023-03-05 16:01:07','2023-03-05 16:01:07','2023-03-05 16:01:07',0,NULL,'0000-00-00 00:00:00',13,'','',0,0,1,'','',0,0),(1370,0,0,718,'2023-03-07 10:54:55','2023-03-07 10:54:55','2023-03-07 10:54:55',0,NULL,'0000-00-00 00:00:00',131,'','',0,0,1,'','',0,0),(1371,0,0,0,'2023-03-07 19:59:59','2023-03-07 19:59:59','2023-03-07 19:59:59',0,NULL,'0000-00-00 00:00:00',45,'','',0,0,1,'','',0,0),(1372,0,0,0,'2023-03-09 20:47:26','2023-03-09 20:47:26','2023-03-09 20:47:26',0,NULL,'0000-00-00 00:00:00',54,'','',0,0,1,'','',0,0),(1373,0,0,0,'2023-03-10 06:14:31','2023-03-10 06:14:31','2023-03-10 06:14:31',0,NULL,'0000-00-00 00:00:00',54,'','',0,0,1,'','',0,0),(1374,0,0,0,'2023-03-10 10:34:21','2023-03-10 10:34:21','2023-03-10 10:34:21',0,NULL,'0000-00-00 00:00:00',73,'','',0,0,1,'','',0,0),(1375,0,0,0,'2023-03-10 10:38:07','2023-03-10 10:38:07','2023-03-10 10:38:07',0,NULL,'0000-00-00 00:00:00',92,'','',0,0,1,'','',0,0),(1376,0,0,0,'2023-03-10 18:44:59','2023-03-10 18:44:59','2023-03-10 18:44:59',0,NULL,'0000-00-00 00:00:00',56,'','',0,0,1,'','',0,0),(1377,0,0,0,'2023-03-10 21:44:00','2023-03-10 21:44:00','2023-03-10 21:44:00',0,NULL,'0000-00-00 00:00:00',5,'','',0,0,1,'','',0,0),(1378,0,0,0,'2023-03-10 22:10:20','2023-03-10 22:10:20','2023-03-10 22:10:20',0,NULL,'0000-00-00 00:00:00',28,'','',0,0,1,'','',0,0),(1380,0,0,0,'2023-03-11 07:07:55','2023-03-11 07:07:55','2023-03-11 07:07:55',0,NULL,'0000-00-00 00:00:00',89,'','',0,0,1,'','',0,0),(1381,0,0,0,'2023-03-11 11:57:59','2023-03-11 11:57:59','2023-03-11 11:57:59',0,NULL,'0000-00-00 00:00:00',89,'','',0,0,1,'','',0,0),(1383,0,0,0,'2023-03-11 12:39:41','2023-03-11 12:39:41','2023-03-11 12:39:41',0,NULL,'0000-00-00 00:00:00',5,'','',0,0,1,'','',0,0),(1384,0,0,0,'2023-03-11 14:33:03','2023-03-11 14:33:03','2023-03-11 14:33:03',0,NULL,'0000-00-00 00:00:00',5,'','',0,0,1,'','',0,0),(1385,0,0,0,'2023-03-11 15:37:51','2023-03-11 15:37:51','2023-03-11 15:37:51',0,NULL,'0000-00-00 00:00:00',5,'','',0,0,1,'','',0,0),(1386,0,0,0,'2023-03-11 15:38:50','2023-03-11 15:38:50','2023-03-11 15:38:50',0,NULL,'0000-00-00 00:00:00',16,'','',0,0,1,'','',0,0),(1387,0,0,0,'2023-03-11 15:40:09','2023-03-11 15:40:09','2023-03-11 15:40:09',0,NULL,'0000-00-00 00:00:00',94,'','',0,0,1,'','',0,0),(1388,0,0,0,'2023-03-11 17:25:33','2023-03-11 17:25:33','2023-03-11 17:25:33',0,NULL,'0000-00-00 00:00:00',5,'','',0,0,1,'','',0,0),(1389,0,0,0,'2023-03-11 18:28:15','2023-03-11 18:28:15','2023-03-11 18:28:15',0,NULL,'0000-00-00 00:00:00',6,'','',0,0,1,'','',0,0),(1390,0,0,0,'2023-03-11 21:36:05','2023-03-11 21:36:05','2023-03-11 21:36:05',0,NULL,'0000-00-00 00:00:00',5,'','',0,0,1,'','',0,0),(1391,0,0,0,'2023-03-11 23:14:48','2023-03-11 23:14:48','2023-03-11 23:14:48',0,NULL,'0000-00-00 00:00:00',14,'','',0,0,1,'','',0,0),(1397,0,0,0,'2023-03-13 11:27:39','2023-03-13 11:27:39','2023-03-13 11:27:39',0,NULL,'0000-00-00 00:00:00',133,'','',0,0,1,'','',0,0),(1398,0,0,719,'2023-03-13 13:46:27','2023-03-13 13:46:27','2023-03-13 13:46:27',0,NULL,'0000-00-00 00:00:00',55,'','',0,0,1,'','',0,0),(1401,0,0,1430,'2023-03-13 16:49:18','2023-03-13 16:49:18','2023-03-13 16:49:18',0,NULL,'0000-00-00 00:00:00',16,'','',0,0,1,'','',0,0),(1402,0,0,0,'2023-03-14 15:07:22','2023-03-14 15:07:22','2023-03-14 15:07:22',0,NULL,'0000-00-00 00:00:00',13,'','',0,0,1,'','',0,0),(1403,0,0,0,'2023-03-15 07:25:11','2023-03-15 07:25:11','2023-03-15 07:25:11',0,NULL,'0000-00-00 00:00:00',23,'','',0,0,1,'','',0,0),(1406,0,0,0,'2023-03-15 21:40:08','2023-03-15 21:40:08','2023-03-15 21:40:08',0,NULL,'0000-00-00 00:00:00',90,'','',0,0,1,'','',0,0),(1407,0,0,0,'2023-03-15 21:40:47','2023-03-15 21:40:47','2023-03-15 21:40:47',0,NULL,'0000-00-00 00:00:00',5,'','',0,0,1,'','',0,0),(1408,0,0,0,'2023-03-15 21:42:15','2023-03-15 21:42:15','2023-03-15 21:42:15',0,NULL,'0000-00-00 00:00:00',56,'','',0,0,1,'','',0,0),(1409,0,0,0,'2023-03-15 21:44:16','2023-03-15 21:44:16','2023-03-15 21:44:16',0,NULL,'0000-00-00 00:00:00',65,'','',0,0,1,'','',0,0),(1410,0,0,0,'2023-03-15 21:45:16','2023-03-15 21:45:16','2023-03-15 21:45:16',0,NULL,'0000-00-00 00:00:00',40,'','',0,0,1,'','',0,0),(1411,0,0,0,'2023-03-15 21:46:59','2023-03-15 21:46:59','2023-03-15 21:46:59',0,NULL,'0000-00-00 00:00:00',112,'','',0,0,1,'','',0,0),(1412,0,0,0,'2023-03-15 21:47:44','2023-03-15 21:47:44','2023-03-15 21:47:44',0,NULL,'0000-00-00 00:00:00',108,'','',0,0,1,'','',0,0),(1413,0,0,0,'2023-03-16 11:12:09','2023-03-16 11:12:09','2023-03-16 11:12:09',0,NULL,'0000-00-00 00:00:00',89,'','',0,0,1,'','',0,0),(1414,0,0,0,'2023-03-16 23:23:18','2023-03-16 23:23:18','2023-03-16 23:23:18',0,NULL,'0000-00-00 00:00:00',135,'','',0,0,1,'','',0,0),(1415,0,0,0,'2023-03-16 23:24:02','2023-03-16 23:24:02','2023-03-16 23:24:02',0,NULL,'0000-00-00 00:00:00',19,'','',0,0,1,'','',0,0),(1417,0,0,0,'2023-03-16 23:25:36','2023-03-16 23:25:36','2023-03-16 23:25:36',0,NULL,'0000-00-00 00:00:00',29,'','',0,0,1,'','',0,0),(1418,0,0,0,'2023-03-16 23:41:35','2023-03-16 23:41:35','2023-03-16 23:41:35',0,NULL,'0000-00-00 00:00:00',5,'','',0,0,1,'','',0,0),(1419,0,0,0,'2023-03-16 23:42:20','2023-03-16 23:42:20','2023-03-16 23:42:20',0,NULL,'0000-00-00 00:00:00',111,'','',0,0,1,'','',0,0),(1420,0,0,0,'2023-03-17 18:05:01','2023-03-17 18:05:01','2023-03-17 18:05:01',0,NULL,'0000-00-00 00:00:00',16,'','',0,0,1,'','',0,0),(1422,0,0,0,'2023-03-17 18:08:01','2023-03-17 18:08:01','2023-03-17 18:08:01',0,NULL,'0000-00-00 00:00:00',13,'','',0,0,1,'','',0,0),(1425,0,0,0,'2023-03-18 14:39:46','2023-03-18 14:39:46','2023-03-18 14:39:46',0,NULL,'0000-00-00 00:00:00',5,'','',0,0,1,'','',0,0),(1426,0,0,0,'2023-03-18 18:20:35','2023-03-18 18:20:35','2023-03-18 18:20:35',0,NULL,'0000-00-00 00:00:00',16,'','',0,0,1,'','',0,0),(1427,0,0,0,'2023-03-18 21:24:43','2023-03-18 21:24:43','2023-03-18 21:24:43',0,NULL,'0000-00-00 00:00:00',5,'','',0,0,1,'','',0,0),(1428,0,0,0,'2023-03-19 12:25:39','2023-03-19 12:25:39','2023-03-19 12:25:39',0,NULL,'0000-00-00 00:00:00',5,'','',0,0,1,'','',0,0),(1429,0,0,718,'2023-03-20 08:14:48','2023-03-20 08:14:48','2023-03-20 08:14:48',0,NULL,'0000-00-00 00:00:00',79,'','',0,0,1,'','',0,0),(1430,0,0,718,'2023-03-20 08:15:47','2023-03-20 08:15:47','2023-03-20 08:15:47',0,NULL,'0000-00-00 00:00:00',5,'','',0,0,1,'','',0,0),(1431,0,0,718,'2023-03-20 08:25:26','2023-03-20 08:25:26','2023-03-20 08:25:26',0,NULL,'0000-00-00 00:00:00',94,'','',0,0,1,'','',0,0),(1432,0,0,718,'2023-03-20 08:29:42','2023-03-20 08:29:42','2023-03-20 08:29:42',0,NULL,'0000-00-00 00:00:00',16,'','',0,0,1,'','',0,0),(1433,0,0,718,'2023-03-20 08:41:13','2023-03-20 08:41:13','2023-03-20 08:41:13',0,NULL,'0000-00-00 00:00:00',73,'','',0,0,1,'','',0,0),(1434,0,0,718,'2023-03-20 08:42:38','2023-03-20 08:42:38','2023-03-20 08:42:38',0,NULL,'0000-00-00 00:00:00',73,'','',0,0,1,'','',0,0),(1435,0,0,718,'2023-03-20 08:43:42','2023-03-20 08:43:42','2023-03-20 08:43:42',0,NULL,'0000-00-00 00:00:00',73,'','',0,0,1,'','',0,0),(1436,0,0,718,'2023-03-20 08:44:40','2023-03-20 08:44:40','2023-03-20 08:44:40',0,NULL,'0000-00-00 00:00:00',73,'','',0,0,1,'','',0,0),(1437,0,0,718,'2023-03-20 08:57:14','2023-03-20 08:57:14','2023-03-20 08:57:14',0,NULL,'0000-00-00 00:00:00',73,'','',0,0,1,'','',0,0),(1438,0,0,718,'2023-03-20 09:02:52','2023-03-20 09:02:52','2023-03-20 09:02:52',0,NULL,'0000-00-00 00:00:00',23,'','',0,0,1,'','',0,0),(1440,0,0,0,'2023-03-20 12:49:20','2023-03-20 12:49:20','2023-03-20 12:49:20',0,NULL,'0000-00-00 00:00:00',79,'','',0,0,1,'','',0,0),(1441,0,0,0,'2023-03-20 12:49:49','2023-03-20 12:49:49','2023-03-20 12:49:49',0,NULL,'0000-00-00 00:00:00',5,'','',0,0,1,'','',0,0),(1442,0,0,0,'2023-03-20 18:07:13','2023-03-20 18:07:13','2023-03-20 18:07:13',0,NULL,'0000-00-00 00:00:00',13,'','',0,0,1,'','',0,0),(1443,0,0,0,'2023-03-20 19:11:15','2023-03-20 19:11:15','2023-03-20 19:11:15',0,NULL,'0000-00-00 00:00:00',89,'','',0,0,1,'','',0,0),(1444,0,0,0,'2023-03-20 19:24:46','2023-03-20 19:24:46','2023-03-20 19:24:46',0,NULL,'0000-00-00 00:00:00',89,'','',0,0,1,'','',0,0),(1445,0,0,0,'2023-03-20 20:21:29','2023-03-20 20:21:29','2023-03-20 20:21:29',0,NULL,'0000-00-00 00:00:00',89,'','',0,0,1,'','',0,0),(1446,0,0,0,'2023-03-20 20:22:46','2023-03-20 20:22:46','2023-03-20 20:22:46',0,NULL,'0000-00-00 00:00:00',123,'','',0,0,1,'','',0,0),(1447,0,0,0,'2023-03-20 21:15:14','2023-03-20 21:15:14','2023-03-20 21:15:14',0,NULL,'0000-00-00 00:00:00',73,'','',0,0,1,'','',0,0),(1448,0,0,0,'2023-03-20 22:03:22','2023-03-20 22:03:22','2023-03-20 22:03:22',0,NULL,'0000-00-00 00:00:00',107,'','',0,0,1,'','',0,0),(1449,0,0,0,'2023-03-21 08:08:07','2023-03-21 08:08:07','2023-03-21 08:08:07',0,NULL,'0000-00-00 00:00:00',15,'','',0,0,1,'','',0,0),(1450,0,0,0,'2023-03-21 08:09:08','2023-03-21 08:09:08','2023-03-21 08:09:08',0,NULL,'0000-00-00 00:00:00',5,'','',0,0,1,'','',0,0),(1451,0,0,0,'2023-03-21 08:10:21','2023-03-21 08:10:21','2023-03-21 08:10:21',0,NULL,'0000-00-00 00:00:00',89,'','',0,0,1,'','',0,0),(1452,0,0,0,'2023-03-21 08:11:00','2023-03-21 08:11:00','2023-03-21 08:11:00',0,NULL,'0000-00-00 00:00:00',90,'','',0,0,1,'','',0,0),(1453,0,0,0,'2023-03-21 15:59:39','2023-03-21 15:59:39','2023-03-21 15:59:39',0,NULL,'0000-00-00 00:00:00',89,'','',0,0,1,'','',0,0),(1454,0,0,0,'2023-03-22 09:03:30','2023-03-22 09:03:30','2023-03-22 09:03:30',0,NULL,'0000-00-00 00:00:00',89,'','',0,0,1,'','',0,0),(1455,0,0,0,'2023-03-24 10:56:11','2023-03-24 10:56:11','2023-03-24 10:56:11',0,NULL,'0000-00-00 00:00:00',107,'','',0,0,1,'','',0,0),(1456,0,0,0,'2023-03-24 15:41:49','2023-03-24 15:41:49','2023-03-24 15:41:49',0,NULL,'0000-00-00 00:00:00',13,'','',0,0,1,'','',0,0),(1457,0,0,0,'2023-03-24 19:07:55','2023-03-24 19:07:55','2023-03-24 19:07:55',0,NULL,'0000-00-00 00:00:00',33,'','',0,0,1,'','',0,0),(1458,0,0,0,'2023-03-24 20:49:49','2023-03-24 20:49:49','2023-03-24 20:49:49',0,NULL,'0000-00-00 00:00:00',107,'','',0,0,1,'','',0,0),(1459,0,0,0,'2023-03-26 11:44:55','2023-03-26 11:44:55','2023-03-26 11:44:55',0,NULL,'0000-00-00 00:00:00',90,'','',0,0,1,'','',0,0),(1460,0,0,0,'2023-03-27 10:06:40','2023-03-27 10:06:40','2023-03-27 10:06:40',0,NULL,'0000-00-00 00:00:00',89,'','',0,0,1,'','',0,0),(1461,0,0,1594,'2023-03-27 10:23:58','2023-03-27 10:23:58','2023-03-27 10:23:58',0,NULL,'0000-00-00 00:00:00',33,'','',0,0,1,'','',0,0),(1462,0,0,0,'2023-03-27 15:13:56','2023-03-27 15:13:56','2023-03-27 15:13:56',0,NULL,'0000-00-00 00:00:00',89,'','',0,0,1,'','',0,0),(1463,0,0,0,'2023-03-27 15:14:57','2023-03-27 15:14:57','2023-03-27 15:14:57',0,NULL,'0000-00-00 00:00:00',94,'','',0,0,1,'','',0,0),(1464,0,0,0,'2023-03-27 15:15:31','2023-03-27 15:15:31','2023-03-27 15:15:31',0,NULL,'0000-00-00 00:00:00',23,'','',0,0,1,'','',0,0),(1465,0,0,0,'2023-03-27 15:15:57','2023-03-27 15:15:57','2023-03-27 15:15:57',0,NULL,'0000-00-00 00:00:00',14,'','',0,0,1,'','',0,0),(1466,0,0,0,'2023-03-27 15:16:11','2023-03-27 15:16:11','2023-03-27 15:16:11',0,NULL,'0000-00-00 00:00:00',14,'','',0,0,1,'','',0,0),(1467,0,0,0,'2023-03-27 15:16:28','2023-03-27 15:16:28','2023-03-27 15:16:28',0,NULL,'0000-00-00 00:00:00',5,'','',0,0,1,'','',0,0),(1468,0,0,0,'2023-03-28 13:33:29','2023-03-28 13:33:29','2023-03-28 13:33:29',0,NULL,'0000-00-00 00:00:00',89,'','',0,0,1,'','',0,0),(1469,0,0,0,'2023-03-28 13:52:43','2023-03-28 13:52:43','2023-03-28 13:52:43',0,NULL,'0000-00-00 00:00:00',89,'','',0,0,1,'','',0,0),(1470,0,0,0,'2023-03-28 20:16:17','2023-03-28 20:16:17','2023-03-28 20:16:17',0,NULL,'0000-00-00 00:00:00',23,'','',0,0,1,'','',0,0),(1471,0,0,0,'2023-03-28 20:30:00','2023-03-28 20:30:00','2023-03-28 20:30:00',0,NULL,'0000-00-00 00:00:00',90,'','',0,0,1,'','',0,0),(1472,0,0,0,'2023-03-28 21:17:46','2023-03-28 21:17:46','2023-03-28 21:17:46',0,NULL,'0000-00-00 00:00:00',89,'','',0,0,1,'','',0,0),(1473,0,0,0,'2023-03-29 21:14:42','2023-03-29 21:14:42','2023-03-29 21:14:42',0,NULL,'0000-00-00 00:00:00',89,'','',0,0,1,'','',0,0),(1474,0,0,0,'2023-03-31 17:53:44','2023-03-31 17:53:44','2023-03-31 17:53:44',0,NULL,'0000-00-00 00:00:00',54,'','',0,0,1,'','',0,0),(1475,0,0,0,'2023-04-01 18:58:09','2023-04-01 18:58:09','2023-04-01 18:58:09',0,NULL,'0000-00-00 00:00:00',89,'','',0,0,1,'','',0,0),(1477,0,0,0,'2023-04-02 13:50:07','2023-04-02 13:50:07','2023-04-02 13:50:07',0,NULL,'0000-00-00 00:00:00',89,'','',0,0,1,'','',0,0),(1478,0,0,0,'2023-04-02 13:50:48','2023-04-02 13:50:48','2023-04-02 13:50:48',0,NULL,'0000-00-00 00:00:00',16,'','',0,0,1,'','',0,0),(1479,0,0,0,'2023-04-02 14:00:17','2023-04-02 14:00:17','2023-04-02 14:00:17',0,NULL,'0000-00-00 00:00:00',16,'','',0,0,1,'','',0,0),(1480,0,0,0,'2023-04-02 14:03:18','2023-04-02 14:03:18','2023-04-02 14:03:18',0,NULL,'0000-00-00 00:00:00',89,'','',0,0,1,'','',0,0),(1481,0,0,0,'2023-04-02 14:39:20','2023-04-02 14:39:20','2023-04-02 14:39:20',0,NULL,'0000-00-00 00:00:00',13,'','',0,0,1,'','',0,0),(1482,0,0,0,'2023-04-02 21:32:52','2023-04-02 21:32:52','2023-04-02 21:32:52',0,NULL,'0000-00-00 00:00:00',16,'','',0,0,1,'','',0,0),(1483,0,0,0,'2023-04-03 09:37:45','2023-04-03 09:37:45','2023-04-03 09:37:45',0,NULL,'0000-00-00 00:00:00',89,'','',0,0,1,'','',0,0),(1484,0,0,0,'2023-04-03 19:35:51','2023-04-03 19:35:51','2023-04-03 19:35:51',0,NULL,'0000-00-00 00:00:00',14,'','',0,0,1,'','',0,0),(1485,0,0,0,'2023-04-04 08:07:25','2023-04-04 08:07:25','2023-04-04 08:07:25',0,NULL,'0000-00-00 00:00:00',133,'','',0,0,1,'','',0,0),(1486,0,0,0,'2023-04-04 13:12:16','2023-04-04 13:12:16','2023-04-04 13:12:16',0,NULL,'0000-00-00 00:00:00',33,'','',0,0,1,'','',0,0),(1487,0,0,719,'2023-04-04 13:13:13','2023-04-04 13:13:13','2023-04-04 13:13:13',0,NULL,'0000-00-00 00:00:00',16,'','',0,0,1,'','',0,0),(1488,0,0,719,'2023-04-04 13:13:22','2023-04-04 13:13:22','2023-04-04 13:13:22',0,NULL,'0000-00-00 00:00:00',13,'','',0,0,1,'','',0,0),(1489,0,0,719,'2023-04-04 13:13:35','2023-04-04 13:13:35','2023-04-04 13:13:35',0,NULL,'0000-00-00 00:00:00',5,'','',0,0,1,'','',0,0),(1490,0,0,719,'2023-04-04 13:13:49','2023-04-04 13:13:49','2023-04-04 13:13:49',0,NULL,'0000-00-00 00:00:00',15,'','',0,0,1,'','',0,0),(1491,0,0,719,'2023-04-04 13:13:54','2023-04-04 13:13:54','2023-04-04 13:13:54',0,NULL,'0000-00-00 00:00:00',79,'','',0,0,1,'','',0,0),(1492,0,0,0,'2023-04-04 23:35:06','2023-04-04 23:35:06','2023-04-04 23:35:06',0,NULL,'0000-00-00 00:00:00',89,'','',0,0,1,'','',0,0),(1493,0,0,0,'2023-04-04 23:36:48','2023-04-04 23:36:48','2023-04-04 23:36:48',0,NULL,'0000-00-00 00:00:00',16,'','',0,0,1,'','',0,0),(1494,0,0,0,'2023-04-05 00:36:35','2023-04-05 00:36:35','2023-04-05 00:36:35',0,NULL,'0000-00-00 00:00:00',89,'','',0,0,1,'','',0,0),(1495,0,0,0,'2023-04-05 00:40:35','2023-04-05 00:40:35','2023-04-05 00:40:35',0,NULL,'0000-00-00 00:00:00',89,'','',0,0,1,'','',0,0),(1497,0,0,0,'2023-04-05 00:42:20','2023-04-05 00:42:20','2023-04-05 00:42:20',0,NULL,'0000-00-00 00:00:00',16,'','',0,0,1,'','',0,0),(1498,0,0,0,'2023-04-05 08:46:35','2023-04-05 08:46:35','2023-04-05 08:46:35',0,NULL,'0000-00-00 00:00:00',133,'','',0,0,1,'','',0,0),(1499,0,0,0,'2023-04-05 10:03:05','2023-04-05 10:03:05','2023-04-05 10:03:05',0,NULL,'0000-00-00 00:00:00',132,'','',0,0,1,'','',0,0),(1501,0,0,0,'2023-04-05 12:33:19','2023-04-05 12:33:19','2023-04-05 12:33:19',0,NULL,'0000-00-00 00:00:00',13,'','',0,0,1,'','',0,0),(1502,0,0,0,'2023-04-05 14:06:46','2023-04-05 14:06:46','2023-04-05 14:06:46',0,NULL,'0000-00-00 00:00:00',14,'','',0,0,1,'','',0,0),(1506,0,0,718,'2023-04-05 15:22:14','2023-04-05 15:22:14','2023-04-05 15:22:14',0,NULL,'0000-00-00 00:00:00',89,'','',0,0,1,'','',0,0),(1507,0,0,718,'2023-04-05 15:23:16','2023-04-05 15:23:16','2023-04-05 15:23:16',0,NULL,'0000-00-00 00:00:00',94,'','',0,0,1,'','',0,0),(1508,0,0,0,'2023-04-05 15:29:38','2023-04-05 15:29:38','2023-04-05 15:29:38',0,NULL,'0000-00-00 00:00:00',89,'','',0,0,1,'','',0,0),(1509,0,0,0,'2023-04-05 15:29:43','2023-04-05 15:29:43','2023-04-05 15:29:43',0,NULL,'0000-00-00 00:00:00',94,'','',0,0,1,'','',0,0),(1510,0,0,0,'2023-04-05 21:21:14','2023-04-05 21:21:14','2023-04-05 21:21:14',0,NULL,'0000-00-00 00:00:00',23,'','',0,0,1,'','',0,0),(1511,0,0,0,'2023-04-07 12:18:18','2023-04-07 12:18:18','2023-04-07 12:18:18',0,NULL,'0000-00-00 00:00:00',15,'','',0,0,1,'','',0,0),(1512,0,0,0,'2023-04-08 18:00:56','2023-04-08 18:00:56','2023-04-08 18:00:56',0,NULL,'0000-00-00 00:00:00',111,'','',0,0,1,'','',0,0),(1513,0,0,0,'2023-04-11 15:05:56','2023-04-11 15:05:56','2023-04-11 15:05:56',0,NULL,'0000-00-00 00:00:00',13,'','',0,0,1,'','',0,0),(1514,0,0,0,'2023-04-11 15:10:25','2023-04-11 15:10:25','2023-04-11 15:10:25',0,NULL,'0000-00-00 00:00:00',23,'','',0,0,1,'','',0,0),(1515,0,0,0,'2023-04-11 15:11:24','2023-04-11 15:11:24','2023-04-11 15:11:24',0,NULL,'0000-00-00 00:00:00',13,'','',0,0,1,'','',0,0),(1516,0,0,0,'2023-04-13 06:52:17','2023-04-13 06:52:17','2023-04-13 06:52:17',0,NULL,'0000-00-00 00:00:00',61,'','',0,0,1,'','',0,0),(1517,0,0,0,'2023-04-13 06:52:35','2023-04-13 06:52:35','2023-04-13 06:52:35',0,NULL,'0000-00-00 00:00:00',52,'','',0,0,1,'','',0,0),(1518,0,0,0,'2023-04-13 06:53:36','2023-04-13 06:53:36','2023-04-13 06:53:36',0,NULL,'0000-00-00 00:00:00',127,'','',0,0,1,'','',0,0),(1519,0,0,0,'2023-04-13 06:54:59','2023-04-13 06:54:59','2023-04-13 06:54:59',0,NULL,'0000-00-00 00:00:00',108,'','',0,0,1,'','',0,0),(1520,0,0,0,'2023-04-13 08:01:17','2023-04-13 08:01:17','2023-04-13 08:01:17',0,NULL,'0000-00-00 00:00:00',111,'','',0,0,1,'','',0,0),(1521,0,0,0,'2023-04-13 08:01:55','2023-04-13 08:01:55','2023-04-13 08:01:55',0,NULL,'0000-00-00 00:00:00',113,'','',0,0,1,'','',0,0),(1522,0,0,0,'2023-04-13 08:02:27','2023-04-13 08:02:27','2023-04-13 08:02:27',0,NULL,'0000-00-00 00:00:00',108,'','',0,0,1,'','',0,0),(1524,0,0,1700,'2023-04-13 08:07:32','2023-04-13 08:07:32','2023-04-13 08:07:32',0,NULL,'0000-00-00 00:00:00',128,'','',0,0,1,'','',0,0),(1527,0,0,0,'2023-04-14 17:30:29','2023-04-14 17:30:29','2023-04-14 17:30:29',0,NULL,'0000-00-00 00:00:00',5,'','',0,0,1,'','',0,0),(1528,0,0,0,'2023-04-15 14:17:36','2023-04-15 14:17:36','2023-04-15 14:17:36',0,NULL,'0000-00-00 00:00:00',89,'','',0,0,1,'','',0,0),(1529,0,0,0,'2023-04-16 09:02:34','2023-04-16 09:02:34','2023-04-16 09:02:34',0,NULL,'0000-00-00 00:00:00',14,'','',0,0,1,'','',0,0),(1530,0,0,0,'2023-04-16 09:03:32','2023-04-16 09:03:32','2023-04-16 09:03:32',0,NULL,'0000-00-00 00:00:00',5,'','',0,0,1,'','',0,0),(1531,0,0,0,'2023-04-16 12:12:03','2023-04-16 12:12:03','2023-04-16 12:12:03',0,NULL,'0000-00-00 00:00:00',89,'','',0,0,1,'','',0,0),(1532,0,0,0,'2023-04-16 20:24:39','2023-04-16 20:24:39','2023-04-16 20:24:39',0,NULL,'0000-00-00 00:00:00',89,'','',0,0,1,'','',0,0),(1533,0,0,0,'2023-04-16 23:42:29','2023-04-16 23:42:29','2023-04-16 23:42:29',0,NULL,'0000-00-00 00:00:00',89,'','',0,0,1,'','',0,0),(1534,0,0,0,'2023-04-17 13:17:04','2023-04-17 13:17:04','2023-04-17 13:17:04',0,NULL,'0000-00-00 00:00:00',6,'','',0,0,1,'','',0,0),(1535,0,0,0,'2023-04-17 13:27:21','2023-04-17 13:27:21','2023-04-17 13:27:21',0,NULL,'0000-00-00 00:00:00',5,'','',0,0,1,'','',0,0),(1536,0,0,0,'2023-04-17 14:44:01','2023-04-17 14:44:01','2023-04-17 14:44:01',0,NULL,'0000-00-00 00:00:00',94,'','',0,0,1,'','',0,0),(1537,0,0,0,'2023-04-17 15:10:46','2023-04-17 15:10:46','2023-04-17 15:10:46',0,NULL,'0000-00-00 00:00:00',94,'','',0,0,1,'','',0,0),(1538,0,0,0,'2023-04-17 15:44:51','2023-04-17 15:44:51','2023-04-17 15:44:51',0,NULL,'0000-00-00 00:00:00',13,'','',0,0,1,'','',0,0),(1539,0,0,718,'2023-04-17 15:51:12','2023-04-17 15:51:12','2023-04-17 15:51:12',0,NULL,'0000-00-00 00:00:00',13,'','',0,0,1,'','',0,0),(1541,0,0,0,'2023-04-17 19:54:08','2023-04-17 19:54:08','2023-04-17 19:54:08',0,NULL,'0000-00-00 00:00:00',90,'','',0,0,1,'','',0,0),(1542,0,0,0,'2023-04-17 21:11:58','2023-04-17 21:11:58','2023-04-17 21:11:58',0,NULL,'0000-00-00 00:00:00',102,'','',0,0,1,'','',0,0),(1543,0,0,0,'2023-04-18 16:31:59','2023-04-18 16:31:59','2023-04-18 16:31:59',0,NULL,'0000-00-00 00:00:00',89,'','',0,0,1,'','',0,0),(1544,0,0,0,'2023-04-18 16:39:34','2023-04-18 16:39:34','2023-04-18 16:39:34',0,NULL,'0000-00-00 00:00:00',89,'','',0,0,1,'','',0,0),(1545,0,0,0,'2023-04-18 20:10:14','2023-04-18 20:10:14','2023-04-18 20:10:14',0,NULL,'0000-00-00 00:00:00',23,'','',0,0,1,'','',0,0),(1546,0,0,0,'2023-04-18 20:12:38','2023-04-18 20:12:38','2023-04-18 20:12:38',0,NULL,'0000-00-00 00:00:00',6,'','',0,0,1,'','',0,0),(1547,0,0,0,'2023-04-18 20:13:27','2023-04-18 20:13:27','2023-04-18 20:13:27',0,NULL,'0000-00-00 00:00:00',89,'','',0,0,1,'','',0,0),(1548,0,0,0,'2023-04-18 20:13:38','2023-04-18 20:13:38','2023-04-18 20:13:38',0,NULL,'0000-00-00 00:00:00',79,'','',0,0,1,'','',0,0),(1549,0,0,0,'2023-04-19 11:12:34','2023-04-19 11:12:34','2023-04-19 11:12:34',0,NULL,'0000-00-00 00:00:00',89,'','',0,0,1,'','',0,0),(1552,0,0,0,'2023-04-19 18:06:11','2023-04-19 18:06:11','2023-04-19 18:06:11',0,NULL,'0000-00-00 00:00:00',15,'','',0,0,1,'','',0,0),(1553,0,0,0,'2023-04-19 18:06:35','2023-04-19 18:06:35','2023-04-19 18:06:35',0,NULL,'0000-00-00 00:00:00',6,'','',0,0,1,'','',0,0),(1554,0,0,0,'2023-04-19 18:07:16','2023-04-19 18:07:16','2023-04-19 18:07:16',0,NULL,'0000-00-00 00:00:00',16,'','',0,0,1,'','',0,0),(1555,0,0,0,'2023-04-19 19:08:37','2023-04-19 19:08:37','2023-04-19 19:08:37',0,NULL,'0000-00-00 00:00:00',16,'','',0,0,1,'','',0,0),(1556,0,0,0,'2023-04-19 19:09:59','2023-04-19 19:09:59','2023-04-19 19:09:59',0,NULL,'0000-00-00 00:00:00',23,'','',0,0,1,'','',0,0),(1557,0,0,0,'2023-04-19 19:11:57','2023-04-19 19:11:57','2023-04-19 19:11:57',0,NULL,'0000-00-00 00:00:00',92,'','',0,0,1,'','',0,0),(1558,0,0,0,'2023-04-19 19:12:51','2023-04-19 19:12:51','2023-04-19 19:12:51',0,NULL,'0000-00-00 00:00:00',14,'','',0,0,1,'','',0,0),(1559,0,0,0,'2023-04-19 19:13:44','2023-04-19 19:13:44','2023-04-19 19:13:44',0,NULL,'0000-00-00 00:00:00',102,'','',0,0,1,'','',0,0),(1560,0,0,0,'2023-04-20 18:17:47','2023-04-20 18:17:47','2023-04-20 18:17:47',0,NULL,'0000-00-00 00:00:00',23,'','',0,0,1,'','',0,0),(1561,0,0,0,'2023-04-20 20:02:21','2023-04-20 20:02:21','2023-04-20 20:02:21',0,NULL,'0000-00-00 00:00:00',5,'','',0,0,1,'','',0,0),(1562,0,0,0,'2023-04-21 06:23:01','2023-04-21 06:23:01','2023-04-21 06:23:01',0,NULL,'0000-00-00 00:00:00',89,'','',0,0,1,'','',0,0),(1563,0,0,0,'2023-04-21 17:29:33','2023-04-21 17:29:33','2023-04-21 17:29:33',0,NULL,'0000-00-00 00:00:00',94,'','',0,0,1,'','',0,0),(1564,0,0,1854,'2023-04-22 12:39:47','2023-04-22 12:39:47','2023-04-22 12:39:47',0,NULL,'0000-00-00 00:00:00',89,'','',0,0,1,'','',0,0),(1565,0,0,0,'2023-04-22 17:43:13','2023-04-22 17:43:13','2023-04-22 17:43:13',0,NULL,'0000-00-00 00:00:00',89,'','',0,0,1,'','',0,0),(1566,0,0,0,'2023-04-22 19:44:39','2023-04-22 19:44:39','2023-04-22 19:44:39',0,NULL,'0000-00-00 00:00:00',90,'','',0,0,1,'','',0,0),(1567,0,0,0,'2023-04-23 10:12:00','2023-04-23 10:12:00','2023-04-23 10:12:00',0,NULL,'0000-00-00 00:00:00',79,'','',0,0,1,'','',0,0),(1568,0,0,0,'2023-04-23 11:34:43','2023-04-23 11:34:43','2023-04-23 11:34:43',0,NULL,'0000-00-00 00:00:00',90,'','',0,0,1,'','',0,0),(1569,0,0,0,'2023-04-23 11:52:58','2023-04-23 11:52:58','2023-04-23 11:52:58',0,NULL,'0000-00-00 00:00:00',6,'','',0,0,1,'','',0,0),(1570,0,0,0,'2023-04-23 11:54:34','2023-04-23 11:54:34','2023-04-23 11:54:34',0,NULL,'0000-00-00 00:00:00',79,'','',0,0,1,'','',0,0),(1571,0,0,0,'2023-04-23 11:55:54','2023-04-23 11:55:54','2023-04-23 11:55:54',0,NULL,'0000-00-00 00:00:00',14,'','',0,0,1,'','',0,0),(1572,0,0,0,'2023-04-23 13:44:09','2023-04-23 13:44:09','2023-04-23 13:44:09',0,NULL,'0000-00-00 00:00:00',89,'','',0,0,1,'','',0,0),(1573,0,0,0,'2023-04-23 14:24:24','2023-04-23 14:24:24','2023-04-23 14:24:24',0,NULL,'0000-00-00 00:00:00',90,'','',0,0,1,'','',0,0),(1574,0,0,0,'2023-04-23 14:35:33','2023-04-23 14:35:33','2023-04-23 14:35:33',0,NULL,'0000-00-00 00:00:00',16,'','',0,0,1,'','',0,0),(1576,0,0,0,'2023-04-23 14:38:03','2023-04-23 14:38:03','2023-04-23 14:38:03',0,NULL,'0000-00-00 00:00:00',94,'','',0,0,1,'','',0,0),(1577,0,0,0,'2023-04-23 14:39:16','2023-04-23 14:39:16','2023-04-23 14:39:16',0,NULL,'0000-00-00 00:00:00',92,'','',0,0,1,'','',0,0),(1578,0,0,0,'2023-04-24 00:03:21','2023-04-24 00:03:21','2023-04-24 00:03:21',0,NULL,'0000-00-00 00:00:00',6,'','',0,0,1,'','',0,0),(1579,0,0,0,'2023-04-24 08:27:35','2023-04-24 08:27:35','2023-04-24 08:27:35',0,NULL,'0000-00-00 00:00:00',90,'','',0,0,1,'','',0,0),(1581,0,0,0,'2023-04-24 16:18:17','2023-04-24 16:18:17','2023-04-24 16:18:17',0,NULL,'0000-00-00 00:00:00',54,'','',0,0,1,'','',0,0),(1582,0,0,0,'2023-04-24 16:26:51','2023-04-24 16:26:51','2023-04-24 16:26:51',0,NULL,'0000-00-00 00:00:00',13,'','',0,0,1,'','',0,0),(1584,0,0,0,'2023-04-24 16:28:35','2023-04-24 16:28:35','2023-04-24 16:28:35',0,NULL,'0000-00-00 00:00:00',6,'','',0,0,1,'','',0,0),(1585,0,0,0,'2023-04-24 22:41:29','2023-04-24 22:41:29','2023-04-24 22:41:29',0,NULL,'0000-00-00 00:00:00',55,'','',0,0,1,'','',0,0),(1587,0,0,0,'2023-04-27 12:21:14','2023-04-27 12:21:14','2023-04-27 12:21:14',0,NULL,'0000-00-00 00:00:00',89,'','',0,0,1,'','',0,0),(1588,0,0,0,'2023-04-28 12:51:03','2023-04-28 12:51:03','2023-04-28 12:51:03',0,NULL,'0000-00-00 00:00:00',16,'','',0,0,1,'','',0,0),(1589,0,0,0,'2023-04-29 13:31:47','2023-04-29 13:31:47','2023-04-29 13:31:47',0,NULL,'0000-00-00 00:00:00',13,'','',0,0,1,'','',0,0),(1590,0,0,0,'2023-04-30 15:16:30','2023-04-30 15:16:30','2023-04-30 15:16:30',0,NULL,'0000-00-00 00:00:00',89,'','',0,0,1,'','',0,0),(1591,0,0,0,'2023-04-30 19:27:39','2023-04-30 19:27:39','2023-04-30 19:27:39',0,NULL,'0000-00-00 00:00:00',16,'','',0,0,1,'','',0,0),(1592,0,0,0,'2023-05-01 14:29:13','2023-05-01 14:29:13','2023-05-01 14:29:13',0,NULL,'0000-00-00 00:00:00',15,'','',0,0,1,'','',0,0),(1593,0,0,0,'2023-05-01 20:35:57','2023-05-01 20:35:57','2023-05-01 20:35:57',0,NULL,'0000-00-00 00:00:00',54,'','',0,0,1,'','',0,0),(1594,0,0,0,'2023-05-01 22:56:53','2023-05-01 22:56:53','2023-05-01 22:56:53',0,NULL,'0000-00-00 00:00:00',94,'','',0,0,1,'','',0,0),(1595,0,0,0,'2023-05-02 07:17:59','2023-05-02 07:17:59','2023-05-02 07:17:59',0,NULL,'0000-00-00 00:00:00',89,'','',0,0,1,'','',0,0),(1596,0,0,0,'2023-05-02 08:47:27','2023-05-02 08:47:27','2023-05-02 08:47:27',0,NULL,'0000-00-00 00:00:00',6,'','',0,0,1,'','',0,0),(1597,0,0,0,'2023-05-02 08:48:47','2023-05-02 08:48:47','2023-05-02 08:48:47',0,NULL,'0000-00-00 00:00:00',13,'','',0,0,1,'','',0,0),(1598,0,0,0,'2023-05-02 08:49:38','2023-05-02 08:49:38','2023-05-02 08:49:38',0,NULL,'0000-00-00 00:00:00',14,'','',0,0,1,'','',0,0),(1599,0,0,0,'2023-05-02 08:50:04','2023-05-02 08:50:04','2023-05-02 08:50:04',0,NULL,'0000-00-00 00:00:00',15,'','',0,0,1,'','',0,0),(1601,0,0,0,'2023-05-02 12:12:14','2023-05-02 12:12:14','2023-05-02 12:12:14',0,NULL,'0000-00-00 00:00:00',89,'','',0,0,1,'','',0,0),(1602,0,0,0,'2023-05-02 22:13:45','2023-05-02 22:13:45','2023-05-02 22:13:45',0,NULL,'0000-00-00 00:00:00',14,'','',0,0,1,'','',0,0),(1603,0,0,0,'2023-05-03 14:31:26','2023-05-03 14:31:26','2023-05-03 14:31:26',0,NULL,'0000-00-00 00:00:00',16,'','',0,0,1,'','',0,0),(1604,0,0,0,'2023-05-04 13:18:13','2023-05-04 13:18:13','2023-05-04 13:18:13',0,NULL,'0000-00-00 00:00:00',89,'','',0,0,1,'','',0,0),(1606,0,0,0,'2023-05-06 06:23:27','2023-05-06 06:23:27','2023-05-06 06:23:27',0,NULL,'0000-00-00 00:00:00',114,'','',0,0,1,'','',0,0),(1607,0,0,0,'2023-05-06 12:47:36','2023-05-06 12:47:36','2023-05-06 12:47:36',0,NULL,'0000-00-00 00:00:00',14,'','',0,0,1,'','',0,0),(1608,0,0,0,'2023-05-06 12:48:12','2023-05-06 12:48:12','2023-05-06 12:48:12',0,NULL,'0000-00-00 00:00:00',89,'','',0,0,1,'','',0,0),(1609,0,0,0,'2023-05-07 08:40:24','2023-05-07 08:40:24','2023-05-07 08:40:24',0,NULL,'0000-00-00 00:00:00',114,'','',0,0,1,'','',0,0),(1610,0,0,0,'2023-05-07 08:42:34','2023-05-07 08:42:34','2023-05-07 08:42:34',0,NULL,'0000-00-00 00:00:00',55,'','',0,0,1,'','',0,0),(1611,0,0,0,'2023-05-07 08:44:56','2023-05-07 08:44:56','2023-05-07 08:44:56',0,NULL,'0000-00-00 00:00:00',127,'','',0,0,1,'','',0,0),(1612,0,0,0,'2023-05-07 11:54:41','2023-05-07 11:54:41','2023-05-07 11:54:41',0,NULL,'0000-00-00 00:00:00',89,'','',0,0,1,'','',0,0),(1613,0,0,0,'2023-05-07 14:45:17','2023-05-07 14:45:17','2023-05-07 14:45:17',0,NULL,'0000-00-00 00:00:00',54,'','',0,0,1,'','',0,0),(1614,0,0,0,'2023-05-07 21:23:59','2023-05-07 21:23:59','2023-05-07 21:23:59',0,NULL,'0000-00-00 00:00:00',89,'','',0,0,1,'','',0,0),(1615,0,0,0,'2023-05-08 12:42:02','2023-05-08 12:42:02','2023-05-08 12:42:02',0,NULL,'0000-00-00 00:00:00',89,'','',0,0,1,'','',0,0),(1616,0,0,0,'2023-05-08 13:30:32','2023-05-08 13:30:32','2023-05-08 13:30:32',0,NULL,'0000-00-00 00:00:00',133,'','',0,0,1,'','',0,0),(1617,0,0,0,'2023-05-08 13:30:35','2023-05-08 13:30:35','2023-05-08 13:30:35',0,NULL,'0000-00-00 00:00:00',114,'','',0,0,1,'','',0,0),(1618,0,0,1982,'2023-05-08 14:26:57','2023-05-08 14:26:57','2023-05-08 14:26:57',0,NULL,'0000-00-00 00:00:00',6,'','',0,0,1,'','',0,0),(1619,0,0,1982,'2023-05-08 14:28:04','2023-05-08 14:28:04','2023-05-08 14:28:04',0,NULL,'0000-00-00 00:00:00',14,'','',0,0,1,'','',0,0),(1620,0,0,1982,'2023-05-08 14:29:40','2023-05-08 14:29:40','2023-05-08 14:29:40',0,NULL,'0000-00-00 00:00:00',94,'','',0,0,1,'','',0,0),(1621,0,0,1982,'2023-05-08 14:29:47','2023-05-08 14:29:47','2023-05-08 14:29:47',0,NULL,'0000-00-00 00:00:00',16,'','',0,0,1,'','',0,0),(1622,0,0,0,'2023-05-09 05:23:28','2023-05-09 05:23:28','2023-05-09 05:23:28',0,NULL,'0000-00-00 00:00:00',54,'','',0,0,1,'','',0,0),(1623,0,0,0,'2023-05-09 10:08:01','2023-05-09 10:08:01','2023-05-09 10:08:01',0,NULL,'0000-00-00 00:00:00',89,'','',0,0,1,'','',0,0),(1624,0,0,0,'2023-05-09 17:50:31','2023-05-09 17:50:31','2023-05-09 17:50:31',0,NULL,'0000-00-00 00:00:00',79,'','',0,0,1,'','',0,0),(1625,0,0,0,'2023-05-10 11:17:05','2023-05-10 11:17:05','2023-05-10 11:17:05',0,NULL,'0000-00-00 00:00:00',23,'','',0,0,1,'','',0,0),(1626,0,0,0,'2023-05-10 23:02:59','2023-05-10 23:02:59','2023-05-10 23:02:59',0,NULL,'0000-00-00 00:00:00',90,'','',0,0,1,'','',0,0),(1627,0,0,0,'2023-05-11 20:08:24','2023-05-11 20:08:24','2023-05-11 20:08:24',0,NULL,'0000-00-00 00:00:00',94,'','',0,0,1,'','',0,0),(1628,0,0,0,'2023-05-11 20:09:28','2023-05-11 20:09:28','2023-05-11 20:09:28',0,NULL,'0000-00-00 00:00:00',111,'','',0,0,1,'','',0,0),(1629,0,0,0,'2023-05-12 12:24:43','2023-05-12 12:24:43','2023-05-12 12:24:43',0,NULL,'0000-00-00 00:00:00',15,'','',0,0,1,'','',0,0),(1630,0,0,0,'2023-05-12 20:44:13','2023-05-12 20:44:13','2023-05-12 20:44:13',0,NULL,'0000-00-00 00:00:00',114,'','',0,0,1,'','',0,0),(1631,0,0,0,'2023-05-13 09:24:06','2023-05-13 09:24:06','2023-05-13 09:24:06',0,NULL,'0000-00-00 00:00:00',107,'','',0,0,1,'','',0,0),(1632,0,0,0,'2023-05-13 17:51:50','2023-05-13 17:51:50','2023-05-13 17:51:50',0,NULL,'0000-00-00 00:00:00',15,'','',0,0,1,'','',0,0),(1633,0,0,0,'2023-05-14 12:38:49','2023-05-14 12:38:49','2023-05-14 12:38:49',0,NULL,'0000-00-00 00:00:00',79,'','',0,0,1,'','',0,0),(1636,0,0,0,'2023-05-15 15:48:20','2023-05-15 15:48:20','2023-05-15 15:48:20',0,NULL,'0000-00-00 00:00:00',90,'','',0,0,1,'','',0,0),(1637,0,0,0,'2023-05-15 16:09:51','2023-05-15 16:09:51','2023-05-15 16:09:51',0,NULL,'0000-00-00 00:00:00',16,'','',0,0,1,'','',0,0),(1638,0,0,0,'2023-05-16 14:10:17','2023-05-16 14:10:17','2023-05-16 14:10:17',0,NULL,'0000-00-00 00:00:00',79,'','',0,0,1,'','',0,0),(1639,0,0,0,'2023-05-16 15:42:33','2023-05-16 15:42:33','2023-05-16 15:42:33',0,NULL,'0000-00-00 00:00:00',133,'','',0,0,1,'','',0,0),(1640,0,0,0,'2023-05-16 17:40:42','2023-05-16 17:40:42','2023-05-16 17:40:42',0,NULL,'0000-00-00 00:00:00',89,'','',0,0,1,'','',0,0),(1641,0,0,0,'2023-05-16 20:41:39','2023-05-16 20:41:39','2023-05-16 20:41:39',0,NULL,'0000-00-00 00:00:00',92,'','',0,0,1,'','',0,0),(1642,0,0,0,'2023-05-16 20:42:38','2023-05-16 20:42:38','2023-05-16 20:42:38',0,NULL,'0000-00-00 00:00:00',5,'','',0,0,1,'','',0,0),(1643,0,0,0,'2023-05-16 20:43:51','2023-05-16 20:43:51','2023-05-16 20:43:51',0,NULL,'0000-00-00 00:00:00',90,'','',0,0,1,'','',0,0),(1644,0,0,0,'2023-05-16 22:15:30','2023-05-16 22:15:30','2023-05-16 22:15:30',0,NULL,'0000-00-00 00:00:00',40,'','',0,0,1,'','',0,0),(1646,0,0,0,'2023-05-17 07:12:02','2023-05-17 07:12:02','2023-05-17 07:12:02',0,NULL,'0000-00-00 00:00:00',79,'','',0,0,1,'','',0,0),(1647,0,0,0,'2023-05-17 08:37:37','2023-05-17 08:37:37','2023-05-17 08:37:37',0,NULL,'0000-00-00 00:00:00',79,'','',0,0,1,'','',0,0),(1648,0,0,0,'2023-05-17 09:44:05','2023-05-17 09:44:05','2023-05-17 09:44:05',0,NULL,'0000-00-00 00:00:00',5,'','',0,0,1,'','',0,0),(1649,0,0,0,'2023-05-17 09:44:41','2023-05-17 09:44:41','2023-05-17 09:44:41',0,NULL,'0000-00-00 00:00:00',15,'','',0,0,1,'','',0,0),(1650,0,0,0,'2023-05-17 12:22:44','2023-05-17 12:22:44','2023-05-17 12:22:44',0,NULL,'0000-00-00 00:00:00',89,'','',0,0,1,'','',0,0),(1651,0,0,0,'2023-05-18 16:16:26','2023-05-18 16:16:26','2023-05-18 16:16:26',0,NULL,'0000-00-00 00:00:00',6,'','',0,0,1,'','',0,0),(1653,0,0,0,'2023-05-20 13:44:11','2023-05-20 13:44:11','2023-05-20 13:44:11',0,NULL,'0000-00-00 00:00:00',114,'','',0,0,1,'','',0,0),(1654,0,0,0,'2023-05-21 15:29:11','2023-05-21 15:29:11','2023-05-21 15:29:11',0,NULL,'0000-00-00 00:00:00',23,'','',0,0,1,'','',0,0),(1655,0,0,0,'2023-05-22 17:36:19','2023-05-22 17:36:19','2023-05-22 17:36:19',0,NULL,'0000-00-00 00:00:00',90,'','',0,0,1,'','',0,0),(1656,0,0,0,'2023-05-23 11:59:35','2023-05-23 11:59:35','2023-05-23 11:59:35',0,NULL,'0000-00-00 00:00:00',23,'','',0,0,1,'','',0,0),(1657,0,0,0,'2023-05-23 12:00:21','2023-05-23 12:00:21','2023-05-23 12:00:21',0,NULL,'0000-00-00 00:00:00',16,'','',0,0,1,'','',0,0),(1658,0,0,0,'2023-05-23 12:00:53','2023-05-23 12:00:53','2023-05-23 12:00:53',0,NULL,'0000-00-00 00:00:00',5,'','',0,0,1,'','',0,0),(1659,0,0,0,'2023-05-23 12:01:42','2023-05-23 12:01:42','2023-05-23 12:01:42',0,NULL,'0000-00-00 00:00:00',79,'','',0,0,1,'','',0,0),(1660,0,0,0,'2023-05-23 13:45:41','2023-05-23 13:45:41','2023-05-23 13:45:41',0,NULL,'0000-00-00 00:00:00',102,'','',0,0,1,'','',0,0),(1661,0,0,0,'2023-05-23 13:46:10','2023-05-23 13:46:10','2023-05-23 13:46:10',0,NULL,'0000-00-00 00:00:00',6,'','',0,0,1,'','',0,0),(1662,0,0,0,'2023-05-23 16:18:16','2023-05-23 16:18:16','2023-05-23 16:18:16',0,NULL,'0000-00-00 00:00:00',16,'','',0,0,1,'','',0,0),(1663,0,0,0,'2023-05-23 16:18:34','2023-05-23 16:18:34','2023-05-23 16:18:34',0,NULL,'0000-00-00 00:00:00',23,'','',0,0,1,'','',0,0),(1664,0,0,0,'2023-05-23 16:19:41','2023-05-23 16:19:41','2023-05-23 16:19:41',0,NULL,'0000-00-00 00:00:00',15,'','',0,0,1,'','',0,0),(1665,0,0,0,'2023-05-23 16:19:48','2023-05-23 16:19:48','2023-05-23 16:19:48',0,NULL,'0000-00-00 00:00:00',79,'','',0,0,1,'','',0,0),(1666,0,0,0,'2023-05-23 16:19:57','2023-05-23 16:19:57','2023-05-23 16:19:57',0,NULL,'0000-00-00 00:00:00',102,'','',0,0,1,'','',0,0),(1667,0,0,0,'2023-05-23 18:50:47','2023-05-23 18:50:47','2023-05-23 18:50:47',0,NULL,'0000-00-00 00:00:00',13,'','',0,0,1,'','',0,0),(1668,0,0,0,'2023-05-24 11:41:29','2023-05-24 11:41:29','2023-05-24 11:41:29',0,NULL,'0000-00-00 00:00:00',89,'','',0,0,1,'','',0,0),(1669,0,0,0,'2023-05-24 14:48:06','2023-05-24 14:48:06','2023-05-24 14:48:06',0,NULL,'0000-00-00 00:00:00',89,'','',0,0,1,'','',0,0),(1670,0,0,0,'2023-05-24 19:29:48','2023-05-24 19:29:48','2023-05-24 19:29:48',0,NULL,'0000-00-00 00:00:00',6,'','',0,0,1,'','',0,0),(1671,0,0,0,'2023-05-25 14:16:49','2023-05-25 14:16:49','2023-05-25 14:16:49',0,NULL,'0000-00-00 00:00:00',89,'','',0,0,1,'','',0,0),(1672,0,0,0,'2023-05-25 15:18:04','2023-05-25 15:18:04','2023-05-25 15:18:04',0,NULL,'0000-00-00 00:00:00',92,'','',0,0,1,'','',0,0),(1673,0,0,0,'2023-05-25 15:18:20','2023-05-25 15:18:20','2023-05-25 15:18:20',0,NULL,'0000-00-00 00:00:00',14,'','',0,0,1,'','',0,0),(1674,0,0,0,'2023-05-25 15:18:34','2023-05-25 15:18:34','2023-05-25 15:18:34',0,NULL,'0000-00-00 00:00:00',5,'','',0,0,1,'','',0,0),(1675,0,0,0,'2023-05-25 15:18:48','2023-05-25 15:18:48','2023-05-25 15:18:48',0,NULL,'0000-00-00 00:00:00',79,'','',0,0,1,'','',0,0),(1676,0,0,0,'2023-05-25 15:18:58','2023-05-25 15:18:58','2023-05-25 15:18:58',0,NULL,'0000-00-00 00:00:00',6,'','',0,0,1,'','',0,0),(1677,0,0,0,'2023-05-25 15:52:49','2023-05-25 15:52:49','2023-05-25 15:52:49',0,NULL,'0000-00-00 00:00:00',92,'','',0,0,1,'','',0,0),(1678,0,0,0,'2023-05-25 15:53:57','2023-05-25 15:53:57','2023-05-25 15:53:57',0,NULL,'0000-00-00 00:00:00',92,'','',0,0,1,'','',0,0),(1679,0,0,0,'2023-05-25 15:54:48','2023-05-25 15:54:48','2023-05-25 15:54:48',0,NULL,'0000-00-00 00:00:00',16,'','',0,0,1,'','',0,0),(1680,0,0,0,'2023-05-26 08:14:41','2023-05-26 08:14:41','2023-05-26 08:14:41',0,NULL,'0000-00-00 00:00:00',89,'','',0,0,1,'','',0,0),(1681,0,0,0,'2023-05-26 11:01:03','2023-05-26 11:01:03','2023-05-26 11:01:03',0,NULL,'0000-00-00 00:00:00',94,'','',0,0,1,'','',0,0),(1682,0,0,0,'2023-05-26 11:03:40','2023-05-26 11:03:40','2023-05-26 11:03:40',0,NULL,'0000-00-00 00:00:00',16,'','',0,0,1,'','',0,0),(1683,0,0,0,'2023-05-26 11:04:01','2023-05-26 11:04:01','2023-05-26 11:04:01',0,NULL,'0000-00-00 00:00:00',23,'','',0,0,1,'','',0,0),(1684,0,0,0,'2023-05-26 11:04:58','2023-05-26 11:04:58','2023-05-26 11:04:58',0,NULL,'0000-00-00 00:00:00',14,'','',0,0,1,'','',0,0),(1685,0,0,0,'2023-05-26 11:05:45','2023-05-26 11:05:45','2023-05-26 11:05:45',0,NULL,'0000-00-00 00:00:00',5,'','',0,0,1,'','',0,0),(1686,0,0,0,'2023-05-26 20:23:50','2023-05-26 20:23:50','2023-05-26 20:23:50',0,NULL,'0000-00-00 00:00:00',114,'','',0,0,1,'','',0,0),(1687,0,0,0,'2023-05-27 22:18:23','2023-05-27 22:18:23','2023-05-27 22:18:23',0,NULL,'0000-00-00 00:00:00',94,'','',0,0,1,'','',0,0),(1688,0,0,0,'2023-05-27 22:19:28','2023-05-27 22:19:28','2023-05-27 22:19:28',0,NULL,'0000-00-00 00:00:00',16,'','',0,0,1,'','',0,0),(1689,0,0,0,'2023-05-27 22:21:40','2023-05-27 22:21:40','2023-05-27 22:21:40',0,NULL,'0000-00-00 00:00:00',23,'','',0,0,1,'','',0,0),(1690,0,0,0,'2023-05-29 14:26:21','2023-05-29 14:26:21','2023-05-29 14:26:21',0,NULL,'0000-00-00 00:00:00',94,'','',0,0,1,'','',0,0),(1691,0,0,0,'2023-05-29 14:27:03','2023-05-29 14:27:03','2023-05-29 14:27:03',0,NULL,'0000-00-00 00:00:00',16,'','',0,0,1,'','',0,0),(1692,0,0,0,'2023-05-29 14:27:30','2023-05-29 14:27:30','2023-05-29 14:27:30',0,NULL,'0000-00-00 00:00:00',23,'','',0,0,1,'','',0,0),(1694,0,0,0,'2023-05-29 23:25:18','2023-05-29 23:25:18','2023-05-29 23:25:18',0,NULL,'0000-00-00 00:00:00',116,'','',0,0,1,'','',0,0),(1695,0,0,0,'2023-05-31 02:48:47','2023-05-31 02:48:47','2023-05-31 02:48:47',0,NULL,'0000-00-00 00:00:00',54,'','',0,0,1,'','',0,0),(1696,0,0,0,'2023-05-31 06:58:36','2023-05-31 06:58:36','2023-05-31 06:58:36',0,NULL,'0000-00-00 00:00:00',5,'','',0,0,1,'','',0,0),(1697,0,0,0,'2023-05-31 06:59:05','2023-05-31 06:59:05','2023-05-31 06:59:05',0,NULL,'0000-00-00 00:00:00',73,'','',0,0,1,'','',0,0),(1698,0,0,0,'2023-05-31 11:02:57','2023-05-31 11:02:57','2023-05-31 11:02:57',0,NULL,'0000-00-00 00:00:00',114,'','',0,0,1,'','',0,0),(1699,0,0,0,'2023-05-31 16:24:10','2023-05-31 16:24:10','2023-05-31 16:24:10',0,NULL,'0000-00-00 00:00:00',5,'','',0,0,1,'','',0,0),(1700,0,0,0,'2023-05-31 16:24:35','2023-05-31 16:24:35','2023-05-31 16:24:35',0,NULL,'0000-00-00 00:00:00',14,'','',0,0,1,'','',0,0),(1701,0,0,0,'2023-05-31 16:24:54','2023-05-31 16:24:54','2023-05-31 16:24:54',0,NULL,'0000-00-00 00:00:00',13,'','',0,0,1,'','',0,0),(1702,0,0,0,'2023-06-01 19:31:19','2023-06-01 19:31:19','2023-06-01 19:31:19',0,NULL,'0000-00-00 00:00:00',54,'','',0,0,1,'','',0,0),(1703,0,0,0,'2023-06-01 19:47:11','2023-06-01 19:47:11','2023-06-01 19:47:11',0,NULL,'0000-00-00 00:00:00',94,'','',0,0,1,'','',0,0),(1704,0,0,0,'2023-06-02 07:54:59','2023-06-02 07:54:59','2023-06-02 07:54:59',0,NULL,'0000-00-00 00:00:00',16,'','',0,0,1,'','',0,0),(1705,0,0,0,'2023-06-02 07:56:16','2023-06-02 07:56:16','2023-06-02 07:56:16',0,NULL,'0000-00-00 00:00:00',15,'','',0,0,1,'','',0,0),(1706,0,0,0,'2023-06-02 09:12:36','2023-06-02 09:12:36','2023-06-02 09:12:36',0,NULL,'0000-00-00 00:00:00',16,'','',0,0,1,'','',0,0),(1707,0,0,0,'2023-06-02 09:12:53','2023-06-02 09:12:53','2023-06-02 09:12:53',0,NULL,'0000-00-00 00:00:00',15,'','',0,0,1,'','',0,0),(1708,0,0,0,'2023-06-02 17:03:11','2023-06-02 17:03:11','2023-06-02 17:03:11',0,NULL,'0000-00-00 00:00:00',89,'','',0,0,1,'','',0,0),(1709,0,0,0,'2023-06-02 17:12:14','2023-06-02 17:12:14','2023-06-02 17:12:14',0,NULL,'0000-00-00 00:00:00',89,'','',0,0,1,'','',0,0),(1710,0,0,0,'2023-06-03 16:11:32','2023-06-03 16:11:32','2023-06-03 16:11:32',0,NULL,'0000-00-00 00:00:00',89,'','',0,0,1,'','',0,0),(1711,0,0,0,'2023-06-03 22:31:38','2023-06-03 22:31:38','2023-06-03 22:31:38',0,NULL,'0000-00-00 00:00:00',94,'','',0,0,1,'','',0,0),(1712,0,0,0,'2023-06-03 22:31:48','2023-06-03 22:31:48','2023-06-03 22:31:48',0,NULL,'0000-00-00 00:00:00',94,'','',0,0,1,'','',0,0),(1713,0,0,0,'2023-06-03 22:31:51','2023-06-03 22:31:51','2023-06-03 22:31:51',0,NULL,'0000-00-00 00:00:00',94,'','',0,0,1,'','',0,0),(1714,0,0,0,'2023-06-03 22:32:01','2023-06-03 22:32:01','2023-06-03 22:32:01',0,NULL,'0000-00-00 00:00:00',94,'','',0,0,1,'','',0,0),(1715,0,0,0,'2023-06-03 22:32:05','2023-06-03 22:32:05','2023-06-03 22:32:05',0,NULL,'0000-00-00 00:00:00',94,'','',0,0,1,'','',0,0),(1716,0,0,0,'2023-06-03 22:32:06','2023-06-03 22:32:06','2023-06-03 22:32:06',0,NULL,'0000-00-00 00:00:00',94,'','',0,0,1,'','',0,0),(1717,0,0,0,'2023-06-03 22:32:11','2023-06-03 22:32:11','2023-06-03 22:32:11',0,NULL,'0000-00-00 00:00:00',94,'','',0,0,1,'','',0,0),(1718,0,0,0,'2023-06-03 22:32:21','2023-06-03 22:32:21','2023-06-03 22:32:21',0,NULL,'0000-00-00 00:00:00',94,'','',0,0,1,'','',0,0),(1719,0,0,0,'2023-06-03 22:32:22','2023-06-03 22:32:22','2023-06-03 22:32:22',0,NULL,'0000-00-00 00:00:00',94,'','',0,0,1,'','',0,0),(1720,0,0,0,'2023-06-03 22:32:32','2023-06-03 22:32:32','2023-06-03 22:32:32',0,NULL,'0000-00-00 00:00:00',94,'','',0,0,1,'','',0,0),(1721,0,0,0,'2023-06-03 22:33:12','2023-06-03 22:33:12','2023-06-03 22:33:12',0,NULL,'0000-00-00 00:00:00',16,'','',0,0,1,'','',0,0),(1722,0,0,0,'2023-06-03 22:33:13','2023-06-03 22:33:13','2023-06-03 22:33:13',0,NULL,'0000-00-00 00:00:00',16,'','',0,0,1,'','',0,0),(1723,0,0,0,'2023-06-03 22:33:14','2023-06-03 22:33:14','2023-06-03 22:33:14',0,NULL,'0000-00-00 00:00:00',16,'','',0,0,1,'','',0,0),(1724,0,0,0,'2023-06-03 22:33:15','2023-06-03 22:33:15','2023-06-03 22:33:15',0,NULL,'0000-00-00 00:00:00',16,'','',0,0,1,'','',0,0),(1725,0,0,0,'2023-06-03 22:33:15','2023-06-03 22:33:15','2023-06-03 22:33:15',0,NULL,'0000-00-00 00:00:00',16,'','',0,0,1,'','',0,0),(1726,0,0,0,'2023-06-03 22:33:16','2023-06-03 22:33:16','2023-06-03 22:33:16',0,NULL,'0000-00-00 00:00:00',16,'','',0,0,1,'','',0,0),(1727,0,0,0,'2023-06-04 10:31:02','2023-06-04 10:31:02','2023-06-04 10:31:02',0,NULL,'0000-00-00 00:00:00',89,'','',0,0,1,'','',0,0),(1730,0,0,0,'2023-06-04 18:09:52','2023-06-04 18:09:52','2023-06-04 18:09:52',0,NULL,'0000-00-00 00:00:00',15,'','',0,0,1,'','',0,0),(1731,0,0,0,'2023-06-04 18:10:50','2023-06-04 18:10:50','2023-06-04 18:10:50',0,NULL,'0000-00-00 00:00:00',92,'','',0,0,1,'','',0,0),(1732,0,0,0,'2023-06-04 21:30:19','2023-06-04 21:30:19','2023-06-04 21:30:19',0,NULL,'0000-00-00 00:00:00',13,'','',0,0,1,'','',0,0),(1733,0,0,0,'2023-06-04 21:30:41','2023-06-04 21:30:41','2023-06-04 21:30:41',0,NULL,'0000-00-00 00:00:00',23,'','',0,0,1,'','',0,0),(1734,0,0,0,'2023-06-04 21:30:57','2023-06-04 21:30:57','2023-06-04 21:30:57',0,NULL,'0000-00-00 00:00:00',16,'','',0,0,1,'','',0,0),(1735,0,0,0,'2023-06-05 14:00:36','2023-06-05 14:00:36','2023-06-05 14:00:36',0,NULL,'0000-00-00 00:00:00',94,'','',0,0,1,'','',0,0),(1736,0,0,0,'2023-06-05 16:28:32','2023-06-05 16:28:32','2023-06-05 16:28:32',0,NULL,'0000-00-00 00:00:00',15,'','',0,0,1,'','',0,0),(1737,0,0,0,'2023-06-05 16:29:44','2023-06-05 16:29:44','2023-06-05 16:29:44',0,NULL,'0000-00-00 00:00:00',14,'','',0,0,1,'','',0,0),(1739,0,0,0,'2023-06-05 16:30:39','2023-06-05 16:30:39','2023-06-05 16:30:39',0,NULL,'0000-00-00 00:00:00',6,'','',0,0,1,'','',0,0),(1740,0,0,0,'2023-06-05 16:31:22','2023-06-05 16:31:22','2023-06-05 16:31:22',0,NULL,'0000-00-00 00:00:00',102,'','',0,0,1,'','',0,0),(1741,0,0,0,'2023-06-05 16:32:29','2023-06-05 16:32:29','2023-06-05 16:32:29',0,NULL,'0000-00-00 00:00:00',73,'','',0,0,1,'','',0,0),(1742,0,0,0,'2023-06-06 11:12:01','2023-06-06 11:12:01','2023-06-06 11:12:01',0,NULL,'0000-00-00 00:00:00',90,'','',0,0,1,'','',0,0),(1743,0,0,0,'2023-06-06 11:42:16','2023-06-06 11:42:16','2023-06-06 11:42:16',0,NULL,'0000-00-00 00:00:00',90,'','',0,0,1,'','',0,0),(1744,0,0,0,'2023-06-06 11:43:34','2023-06-06 11:43:34','2023-06-06 11:43:34',0,NULL,'0000-00-00 00:00:00',23,'','',0,0,1,'','',0,0),(1745,0,0,0,'2023-06-06 11:49:14','2023-06-06 11:49:14','2023-06-06 11:49:14',0,NULL,'0000-00-00 00:00:00',114,'','',0,0,1,'','',0,0),(1746,0,0,0,'2023-06-06 18:41:50','2023-06-06 18:41:50','2023-06-06 18:41:50',0,NULL,'0000-00-00 00:00:00',89,'','',0,0,1,'','',0,0),(1747,0,0,0,'2023-06-06 18:51:45','2023-06-06 18:51:45','2023-06-06 18:51:45',0,NULL,'0000-00-00 00:00:00',89,'','',0,0,1,'','',0,0),(1748,0,0,0,'2023-06-06 19:22:24','2023-06-06 19:22:24','2023-06-06 19:22:24',0,NULL,'0000-00-00 00:00:00',89,'','',0,0,1,'','',0,0),(1749,0,0,0,'2023-06-06 21:02:37','2023-06-06 21:02:37','2023-06-06 21:02:37',0,NULL,'0000-00-00 00:00:00',23,'','',0,0,1,'','',0,0),(1750,0,0,0,'2023-06-07 14:10:35','2023-06-07 14:10:35','2023-06-07 14:10:35',0,NULL,'0000-00-00 00:00:00',23,'','',0,0,1,'','',0,0),(1751,0,0,0,'2023-06-07 14:15:36','2023-06-07 14:15:36','2023-06-07 14:15:36',0,NULL,'0000-00-00 00:00:00',113,'','',0,0,1,'','',0,0),(1752,0,0,0,'2023-06-07 16:21:11','2023-06-07 16:21:11','2023-06-07 16:21:11',0,NULL,'0000-00-00 00:00:00',23,'','',0,0,1,'','',0,0),(1753,0,0,0,'2023-06-07 16:21:47','2023-06-07 16:21:47','2023-06-07 16:21:47',0,NULL,'0000-00-00 00:00:00',113,'','',0,0,1,'','',0,0),(1754,0,0,0,'2023-06-09 10:26:33','2023-06-09 10:26:33','2023-06-09 10:26:33',0,NULL,'0000-00-00 00:00:00',16,'','',0,0,1,'','',0,0),(1755,0,0,0,'2023-06-09 13:58:30','2023-06-09 13:58:30','2023-06-09 13:58:30',0,NULL,'0000-00-00 00:00:00',13,'','',0,0,1,'','',0,0),(1756,0,0,0,'2023-06-09 15:10:00','2023-06-09 15:10:00','2023-06-09 15:10:00',0,NULL,'0000-00-00 00:00:00',16,'','',0,0,1,'','',0,0),(1761,0,0,0,'2023-06-13 16:30:12','2023-06-13 16:30:12','2023-06-13 16:30:12',0,NULL,'0000-00-00 00:00:00',89,'','',0,0,1,'','',0,0),(1762,0,0,0,'2023-06-14 06:28:22','2023-06-14 06:28:22','2023-06-14 06:28:22',0,NULL,'0000-00-00 00:00:00',16,'','',0,0,1,'','',0,0),(1763,0,0,0,'2023-06-14 06:30:58','2023-06-14 06:30:58','2023-06-14 06:30:58',0,NULL,'0000-00-00 00:00:00',90,'','',0,0,1,'','',0,0),(1764,0,0,0,'2023-06-14 06:31:36','2023-06-14 06:31:36','2023-06-14 06:31:36',0,NULL,'0000-00-00 00:00:00',13,'','',0,0,1,'','',0,0),(1765,0,0,0,'2023-06-14 06:32:27','2023-06-14 06:32:27','2023-06-14 06:32:27',0,NULL,'0000-00-00 00:00:00',23,'','',0,0,1,'','',0,0),(1766,0,0,0,'2023-06-14 09:56:54','2023-06-14 09:56:54','2023-06-14 09:56:54',0,NULL,'0000-00-00 00:00:00',137,'','',0,0,1,'','',0,0),(1767,0,0,0,'2023-06-14 10:03:50','2023-06-14 10:03:50','2023-06-14 10:03:50',0,NULL,'0000-00-00 00:00:00',54,'','',0,0,1,'','',0,0),(1768,0,0,0,'2023-06-14 10:06:12','2023-06-14 10:06:12','2023-06-14 10:06:12',0,NULL,'0000-00-00 00:00:00',114,'','',0,0,1,'','',0,0),(1769,0,0,0,'2023-06-14 22:07:35','2023-06-14 22:07:35','2023-06-14 22:07:35',0,NULL,'0000-00-00 00:00:00',16,'','',0,0,1,'','',0,0),(1770,0,0,0,'2023-06-14 22:08:02','2023-06-14 22:08:02','2023-06-14 22:08:02',0,NULL,'0000-00-00 00:00:00',16,'','',0,0,1,'','',0,0),(1771,0,0,0,'2023-06-14 22:09:33','2023-06-14 22:09:33','2023-06-14 22:09:33',0,NULL,'0000-00-00 00:00:00',90,'','',0,0,1,'','',0,0),(1772,0,0,0,'2023-06-15 10:50:09','2023-06-15 10:50:09','2023-06-15 10:50:09',0,NULL,'0000-00-00 00:00:00',79,'','',0,0,1,'','',0,0),(1773,0,0,2377,'2023-06-15 20:27:10','2023-06-15 20:27:10','2023-06-15 20:27:10',0,NULL,'0000-00-00 00:00:00',6,'','',0,0,1,'','',0,0),(1774,0,0,2377,'2023-06-15 20:27:45','2023-06-15 20:27:45','2023-06-15 20:27:45',0,NULL,'0000-00-00 00:00:00',14,'','',0,0,1,'','',0,0),(1775,0,0,0,'2023-06-15 21:17:17','2023-06-15 21:17:17','2023-06-15 21:17:17',0,NULL,'0000-00-00 00:00:00',14,'','',0,0,1,'','',0,0),(1776,0,0,0,'2023-06-15 22:05:43','2023-06-15 22:05:43','2023-06-15 22:05:43',0,NULL,'0000-00-00 00:00:00',137,'','',0,0,1,'','',0,0),(1777,0,0,0,'2023-06-16 11:44:23','2023-06-16 11:44:23','2023-06-16 11:44:23',0,NULL,'0000-00-00 00:00:00',13,'','',0,0,1,'','',0,0),(1779,0,0,0,'2023-06-16 22:35:39','2023-06-16 22:35:39','2023-06-16 22:35:39',0,NULL,'0000-00-00 00:00:00',15,'','',0,0,1,'','',0,0),(1780,0,0,0,'2023-06-17 21:05:43','2023-06-17 21:05:43','2023-06-17 21:05:43',0,NULL,'0000-00-00 00:00:00',14,'','',0,0,1,'','',0,0),(1781,0,0,0,'2023-06-17 23:28:46','2023-06-17 23:28:46','2023-06-17 23:28:46',0,NULL,'0000-00-00 00:00:00',16,'','',0,0,1,'','',0,0),(1782,0,0,0,'2023-06-17 23:30:19','2023-06-17 23:30:19','2023-06-17 23:30:19',0,NULL,'0000-00-00 00:00:00',13,'','',0,0,1,'','',0,0),(1783,0,0,0,'2023-06-17 23:31:15','2023-06-17 23:31:15','2023-06-17 23:31:15',0,NULL,'0000-00-00 00:00:00',14,'','',0,0,1,'','',0,0),(1784,0,0,0,'2023-06-17 23:33:19','2023-06-17 23:33:19','2023-06-17 23:33:19',0,NULL,'0000-00-00 00:00:00',5,'','',0,0,1,'','',0,0),(1786,0,0,0,'2023-06-18 21:24:34','2023-06-18 21:24:34','2023-06-18 21:24:34',0,NULL,'0000-00-00 00:00:00',23,'','',0,0,1,'','',0,0),(1788,0,0,0,'2023-06-18 21:27:18','2023-06-18 21:27:18','2023-06-18 21:27:18',0,NULL,'0000-00-00 00:00:00',15,'','',0,0,1,'','',0,0),(1789,0,0,0,'2023-06-18 21:31:16','2023-06-18 21:31:16','2023-06-18 21:31:16',0,NULL,'0000-00-00 00:00:00',73,'','',0,0,1,'','',0,0),(1790,0,0,0,'2023-06-19 10:17:44','2023-06-19 10:17:44','2023-06-19 10:17:44',0,NULL,'0000-00-00 00:00:00',15,'','',0,0,1,'','',0,0),(1793,0,0,0,'2023-06-19 18:33:48','2023-06-19 18:33:48','2023-06-19 18:33:48',0,NULL,'0000-00-00 00:00:00',16,'','',0,0,1,'','',0,0),(1794,0,0,0,'2023-06-19 19:06:07','2023-06-19 19:06:07','2023-06-19 19:06:07',0,NULL,'0000-00-00 00:00:00',13,'','',0,0,1,'','',0,0),(1795,0,0,0,'2023-06-19 19:08:00','2023-06-19 19:08:00','2023-06-19 19:08:00',0,NULL,'0000-00-00 00:00:00',5,'','',0,0,1,'','',0,0),(1796,0,0,0,'2023-06-19 19:08:24','2023-06-19 19:08:24','2023-06-19 19:08:24',0,NULL,'0000-00-00 00:00:00',16,'','',0,0,1,'','',0,0),(1797,0,0,0,'2023-06-19 19:08:38','2023-06-19 19:08:38','2023-06-19 19:08:38',0,NULL,'0000-00-00 00:00:00',23,'','',0,0,1,'','',0,0),(1799,0,0,0,'2023-06-20 00:16:30','2023-06-20 00:16:30','2023-06-20 00:16:30',0,NULL,'0000-00-00 00:00:00',113,'','',0,0,1,'','',0,0),(1800,0,0,0,'2023-06-20 15:17:02','2023-06-20 15:17:02','2023-06-20 15:17:02',0,NULL,'0000-00-00 00:00:00',90,'','',0,0,1,'','',0,0),(1801,0,0,0,'2023-06-21 16:45:12','2023-06-21 16:45:12','2023-06-21 16:45:12',0,NULL,'0000-00-00 00:00:00',89,'','',0,0,1,'','',0,0),(1802,0,0,0,'2023-06-23 12:13:01','2023-06-23 12:13:01','2023-06-23 12:13:01',0,NULL,'0000-00-00 00:00:00',16,'','',0,0,1,'','',0,0),(1803,0,0,0,'2023-06-23 12:18:54','2023-06-23 12:18:54','2023-06-23 12:18:54',0,NULL,'0000-00-00 00:00:00',16,'','',0,0,1,'','',0,0),(1804,0,0,0,'2023-06-23 21:46:22','2023-06-23 21:46:22','2023-06-23 21:46:22',0,NULL,'0000-00-00 00:00:00',54,'','',0,0,1,'','',0,0),(1805,0,0,0,'2023-06-23 22:12:37','2023-06-23 22:12:37','2023-06-23 22:12:37',0,NULL,'0000-00-00 00:00:00',114,'','',0,0,1,'','',0,0),(1806,0,0,0,'2023-06-23 22:34:56','2023-06-23 22:34:56','2023-06-23 22:34:56',0,NULL,'0000-00-00 00:00:00',120,'','',0,0,1,'','',0,0),(1808,0,0,0,'2023-06-24 21:57:23','2023-06-24 21:57:23','2023-06-24 21:57:23',0,NULL,'0000-00-00 00:00:00',23,'','',0,0,1,'','',0,0),(1809,0,0,0,'2023-06-24 21:59:50','2023-06-24 21:59:50','2023-06-24 21:59:50',0,NULL,'0000-00-00 00:00:00',15,'','',0,0,1,'','',0,0),(1811,0,0,0,'2023-06-24 22:02:02','2023-06-24 22:02:02','2023-06-24 22:02:02',0,NULL,'0000-00-00 00:00:00',14,'','',0,0,1,'','',0,0),(1812,0,0,0,'2023-06-25 19:28:13','2023-06-25 19:28:13','2023-06-25 19:28:13',0,NULL,'0000-00-00 00:00:00',73,'','',0,0,1,'','',0,0),(1813,0,0,0,'2023-06-26 11:09:54','2023-06-26 11:09:54','2023-06-26 11:09:54',0,NULL,'0000-00-00 00:00:00',13,'','',0,0,1,'','',0,0),(1814,0,0,2478,'2023-06-26 12:33:02','2023-06-26 12:33:02','2023-06-26 12:33:02',0,NULL,'0000-00-00 00:00:00',89,'','',0,0,1,'','',0,0),(1815,0,0,0,'2023-06-26 15:40:57','2023-06-26 15:40:57','2023-06-26 15:40:57',0,NULL,'0000-00-00 00:00:00',89,'','',0,0,1,'','',0,0),(1816,0,0,0,'2023-06-27 13:17:42','2023-06-27 13:17:42','2023-06-27 13:17:42',0,NULL,'0000-00-00 00:00:00',89,'','',0,0,1,'','',0,0),(1817,0,0,0,'2023-06-27 13:18:06','2023-06-27 13:18:06','2023-06-27 13:18:06',0,NULL,'0000-00-00 00:00:00',90,'','',0,0,1,'','',0,0),(1823,0,0,0,'2023-06-28 07:00:43','2023-06-28 07:00:43','2023-06-28 07:00:43',0,NULL,'0000-00-00 00:00:00',14,'','',0,0,1,'','',0,0),(1824,0,0,0,'2023-06-28 10:36:37','2023-06-28 10:36:37','2023-06-28 10:36:37',0,NULL,'0000-00-00 00:00:00',13,'','',0,0,1,'','',0,0),(1825,0,0,0,'2023-06-28 10:37:21','2023-06-28 10:37:21','2023-06-28 10:37:21',0,NULL,'0000-00-00 00:00:00',90,'','',0,0,1,'','',0,0),(1826,0,0,0,'2023-06-28 10:46:07','2023-06-28 10:46:07','2023-06-28 10:46:07',0,NULL,'0000-00-00 00:00:00',89,'','',0,0,1,'','',0,0),(1827,0,0,0,'2023-06-28 13:14:30','2023-06-28 13:14:30','2023-06-28 13:14:30',0,NULL,'0000-00-00 00:00:00',16,'','',0,0,1,'','',0,0),(1828,0,0,0,'2023-06-28 13:14:54','2023-06-28 13:14:54','2023-06-28 13:14:54',0,NULL,'0000-00-00 00:00:00',90,'','',0,0,1,'','',0,0),(1829,0,0,0,'2023-06-28 13:15:28','2023-06-28 13:15:28','2023-06-28 13:15:28',0,NULL,'0000-00-00 00:00:00',6,'','',0,0,1,'','',0,0),(1830,0,0,0,'2023-06-28 13:15:44','2023-06-28 13:15:44','2023-06-28 13:15:44',0,NULL,'0000-00-00 00:00:00',15,'','',0,0,1,'','',0,0),(1831,0,0,0,'2023-06-28 13:16:17','2023-06-28 13:16:17','2023-06-28 13:16:17',0,NULL,'0000-00-00 00:00:00',5,'','',0,0,1,'','',0,0),(1832,0,0,0,'2023-06-28 13:16:33','2023-06-28 13:16:33','2023-06-28 13:16:33',0,NULL,'0000-00-00 00:00:00',102,'','',0,0,1,'','',0,0),(1833,0,0,0,'2023-06-28 13:16:45','2023-06-28 13:16:45','2023-06-28 13:16:45',0,NULL,'0000-00-00 00:00:00',92,'','',0,0,1,'','',0,0),(1834,0,0,0,'2023-06-28 14:16:32','2023-06-28 14:16:32','2023-06-28 14:16:32',0,NULL,'0000-00-00 00:00:00',5,'','',0,0,1,'','',0,0),(1835,0,0,0,'2023-06-28 14:19:19','2023-06-28 14:19:19','2023-06-28 14:19:19',0,NULL,'0000-00-00 00:00:00',13,'','',0,0,1,'','',0,0),(1836,0,0,0,'2023-06-28 19:58:36','2023-06-28 19:58:36','2023-06-28 19:58:36',0,NULL,'0000-00-00 00:00:00',15,'','',0,0,1,'','',0,0),(1837,0,0,0,'2023-06-29 21:23:43','2023-06-29 21:23:43','2023-06-29 21:23:43',0,NULL,'0000-00-00 00:00:00',89,'','',0,0,1,'','',0,0),(1838,0,0,0,'2023-06-30 12:30:35','2023-06-30 12:30:35','2023-06-30 12:30:35',0,NULL,'0000-00-00 00:00:00',16,'','',0,0,1,'','',0,0),(1839,0,0,0,'2023-06-30 13:37:26','2023-06-30 13:37:26','2023-06-30 13:37:26',0,NULL,'0000-00-00 00:00:00',133,'','',0,0,1,'','',0,0),(1840,0,0,0,'2023-06-30 15:57:26','2023-06-30 15:57:26','2023-06-30 15:57:26',0,NULL,'0000-00-00 00:00:00',16,'','',0,0,1,'','',0,0),(1841,0,0,0,'2023-07-01 10:20:33','2023-07-01 10:20:33','2023-07-01 10:20:33',0,NULL,'0000-00-00 00:00:00',89,'','',0,0,1,'','',0,0),(1842,0,0,0,'2023-07-01 10:22:10','2023-07-01 10:22:10','2023-07-01 10:22:10',0,NULL,'0000-00-00 00:00:00',16,'','',0,0,1,'','',0,0),(1843,0,0,0,'2023-07-01 10:23:08','2023-07-01 10:23:08','2023-07-01 10:23:08',0,NULL,'0000-00-00 00:00:00',13,'','',0,0,1,'','',0,0),(1844,0,0,0,'2023-07-01 12:51:10','2023-07-01 12:51:10','2023-07-01 12:51:10',0,NULL,'0000-00-00 00:00:00',13,'','',0,0,1,'','',0,0),(1845,0,0,0,'2023-07-02 09:13:47','2023-07-02 09:13:47','2023-07-02 09:13:47',0,NULL,'0000-00-00 00:00:00',16,'','',0,0,1,'','',0,0),(1846,0,0,0,'2023-07-02 09:14:08','2023-07-02 09:14:08','2023-07-02 09:14:08',0,NULL,'0000-00-00 00:00:00',13,'','',0,0,1,'','',0,0),(1849,0,0,0,'2023-07-04 05:50:45','2023-07-04 05:50:45','2023-07-04 05:50:45',0,NULL,'0000-00-00 00:00:00',16,'','',0,0,1,'','',0,0),(1850,0,0,0,'2023-07-04 09:09:53','2023-07-04 09:09:53','2023-07-04 09:09:53',0,NULL,'0000-00-00 00:00:00',23,'','',0,0,1,'','',0,0),(1853,0,0,0,'2023-07-05 17:06:59','2023-07-05 17:06:59','2023-07-05 17:06:59',0,NULL,'0000-00-00 00:00:00',90,'','',0,0,1,'','',0,0),(1854,0,0,0,'2023-07-05 17:07:44','2023-07-05 17:07:44','2023-07-05 17:07:44',0,NULL,'0000-00-00 00:00:00',89,'','',0,0,1,'','',0,0),(1855,0,0,0,'2023-07-05 17:08:31','2023-07-05 17:08:31','2023-07-05 17:08:31',0,NULL,'0000-00-00 00:00:00',16,'','',0,0,1,'','',0,0),(1856,0,0,0,'2023-07-05 17:09:06','2023-07-05 17:09:06','2023-07-05 17:09:06',0,NULL,'0000-00-00 00:00:00',15,'','',0,0,1,'','',0,0),(1857,0,0,0,'2023-07-05 18:42:02','2023-07-05 18:42:02','2023-07-05 18:42:02',0,NULL,'0000-00-00 00:00:00',89,'','',0,0,1,'','',0,0),(1858,0,0,0,'2023-07-05 18:43:37','2023-07-05 18:43:37','2023-07-05 18:43:37',0,NULL,'0000-00-00 00:00:00',90,'','',0,0,1,'','',0,0),(1859,0,0,0,'2023-07-05 18:49:10','2023-07-05 18:49:10','2023-07-05 18:49:10',0,NULL,'0000-00-00 00:00:00',135,'','',0,0,1,'','',0,0),(1860,0,0,0,'2023-07-05 20:18:54','2023-07-05 20:18:54','2023-07-05 20:18:54',0,NULL,'0000-00-00 00:00:00',16,'','',0,0,1,'','',0,0),(1861,0,0,0,'2023-07-05 21:00:37','2023-07-05 21:00:37','2023-07-05 21:00:37',0,NULL,'0000-00-00 00:00:00',16,'','',0,0,1,'','',0,0),(1862,0,0,0,'2023-07-05 21:03:20','2023-07-05 21:03:20','2023-07-05 21:03:20',0,NULL,'0000-00-00 00:00:00',13,'','',0,0,1,'','',0,0),(1863,0,0,0,'2023-07-05 23:05:03','2023-07-05 23:05:03','2023-07-05 23:05:03',0,NULL,'0000-00-00 00:00:00',16,'','',0,0,1,'','',0,0),(1864,0,0,0,'2023-07-06 13:36:53','2023-07-06 13:36:53','2023-07-06 13:36:53',0,NULL,'0000-00-00 00:00:00',13,'','',0,0,1,'','',0,0),(1866,0,0,0,'2023-07-06 13:41:44','2023-07-06 13:41:44','2023-07-06 13:41:44',0,NULL,'0000-00-00 00:00:00',113,'','',0,0,1,'','',0,0),(1867,0,0,0,'2023-07-06 13:42:36','2023-07-06 13:42:36','2023-07-06 13:42:36',0,NULL,'0000-00-00 00:00:00',16,'','',0,0,1,'','',0,0),(1868,0,0,0,'2023-07-06 13:47:04','2023-07-06 13:47:04','2023-07-06 13:47:04',0,NULL,'0000-00-00 00:00:00',16,'','',0,0,1,'','',0,0),(1869,0,0,0,'2023-07-06 14:38:11','2023-07-06 14:38:11','2023-07-06 14:38:11',0,NULL,'0000-00-00 00:00:00',120,'','',0,0,1,'','',0,0),(1870,0,0,0,'2023-07-06 14:39:11','2023-07-06 14:39:11','2023-07-06 14:39:11',0,NULL,'0000-00-00 00:00:00',107,'','',0,0,1,'','',0,0),(1871,0,0,0,'2023-07-06 14:45:36','2023-07-06 14:45:36','2023-07-06 14:45:36',0,NULL,'0000-00-00 00:00:00',110,'','',0,0,1,'','',0,0),(1872,0,0,0,'2023-07-08 12:11:55','2023-07-08 12:11:55','2023-07-08 12:11:55',0,NULL,'0000-00-00 00:00:00',89,'','',0,0,1,'','',0,0),(1873,0,0,0,'2023-07-08 12:14:19','2023-07-08 12:14:19','2023-07-08 12:14:19',0,NULL,'0000-00-00 00:00:00',15,'','',0,0,1,'','',0,0),(1874,0,0,0,'2023-07-08 12:14:58','2023-07-08 12:14:58','2023-07-08 12:14:58',0,NULL,'0000-00-00 00:00:00',6,'','',0,0,1,'','',0,0),(1875,0,0,0,'2023-07-08 21:10:16','2023-07-08 21:10:16','2023-07-08 21:10:16',0,NULL,'0000-00-00 00:00:00',6,'','',0,0,1,'','',0,0),(1876,0,0,0,'2023-07-08 21:11:03','2023-07-08 21:11:03','2023-07-08 21:11:03',0,NULL,'0000-00-00 00:00:00',79,'','',0,0,1,'','',0,0),(1877,0,0,0,'2023-07-08 21:12:14','2023-07-08 21:12:14','2023-07-08 21:12:14',0,NULL,'0000-00-00 00:00:00',15,'','',0,0,1,'','',0,0),(1878,0,0,0,'2023-07-08 21:12:56','2023-07-08 21:12:56','2023-07-08 21:12:56',0,NULL,'0000-00-00 00:00:00',92,'','',0,0,1,'','',0,0),(1879,0,0,0,'2023-07-08 21:14:42','2023-07-08 21:14:42','2023-07-08 21:14:42',0,NULL,'0000-00-00 00:00:00',14,'','',0,0,1,'','',0,0),(1880,0,0,0,'2023-07-09 10:08:52','2023-07-09 10:08:52','2023-07-09 10:08:52',0,NULL,'0000-00-00 00:00:00',15,'','',0,0,1,'','',0,0),(1881,0,0,0,'2023-07-09 13:44:37','2023-07-09 13:44:37','2023-07-09 13:44:37',0,NULL,'0000-00-00 00:00:00',13,'','',0,0,1,'','',0,0),(1882,0,0,0,'2023-07-09 13:45:03','2023-07-09 13:45:03','2023-07-09 13:45:03',0,NULL,'0000-00-00 00:00:00',16,'','',0,0,1,'','',0,0),(1883,0,0,0,'2023-07-09 13:45:43','2023-07-09 13:45:43','2023-07-09 13:45:43',0,NULL,'0000-00-00 00:00:00',14,'','',0,0,1,'','',0,0),(1884,0,0,0,'2023-07-09 13:46:00','2023-07-09 13:46:00','2023-07-09 13:46:00',0,NULL,'0000-00-00 00:00:00',5,'','',0,0,1,'','',0,0),(1885,0,0,0,'2023-07-09 13:46:26','2023-07-09 13:46:26','2023-07-09 13:46:26',0,NULL,'0000-00-00 00:00:00',73,'','',0,0,1,'','',0,0),(1887,0,0,0,'2023-07-10 18:09:51','2023-07-10 18:09:51','2023-07-10 18:09:51',0,NULL,'0000-00-00 00:00:00',15,'','',0,0,1,'','',0,0),(1888,0,0,0,'2023-07-10 18:10:27','2023-07-10 18:10:27','2023-07-10 18:10:27',0,NULL,'0000-00-00 00:00:00',6,'','',0,0,1,'','',0,0),(1889,0,0,0,'2023-07-10 18:10:47','2023-07-10 18:10:47','2023-07-10 18:10:47',0,NULL,'0000-00-00 00:00:00',79,'','',0,0,1,'','',0,0),(1894,0,0,0,'2023-07-10 21:55:30','2023-07-10 21:55:30','2023-07-10 21:55:30',0,NULL,'0000-00-00 00:00:00',73,'','',0,0,1,'','',0,0),(1897,0,0,0,'2023-07-10 21:58:40','2023-07-10 21:58:40','2023-07-10 21:58:40',0,NULL,'0000-00-00 00:00:00',13,'','',0,0,1,'','',0,0),(1898,0,0,0,'2023-07-10 22:03:21','2023-07-10 22:03:21','2023-07-10 22:03:21',0,NULL,'0000-00-00 00:00:00',6,'','',0,0,1,'','',0,0),(1899,0,0,0,'2023-07-11 06:42:32','2023-07-11 06:42:32','2023-07-11 06:42:32',0,NULL,'0000-00-00 00:00:00',90,'','',0,0,1,'','',0,0),(1900,0,0,0,'2023-07-11 06:43:41','2023-07-11 06:43:41','2023-07-11 06:43:41',0,NULL,'0000-00-00 00:00:00',16,'','',0,0,1,'','',0,0),(1901,0,0,0,'2023-07-11 06:44:08','2023-07-11 06:44:08','2023-07-11 06:44:08',0,NULL,'0000-00-00 00:00:00',6,'','',0,0,1,'','',0,0),(1902,0,0,0,'2023-07-11 06:45:06','2023-07-11 06:45:06','2023-07-11 06:45:06',0,NULL,'0000-00-00 00:00:00',15,'','',0,0,1,'','',0,0),(1903,0,0,2505,'2023-07-11 06:46:28','2023-07-11 06:46:28','2023-07-11 06:46:28',0,NULL,'0000-00-00 00:00:00',79,'','',0,0,1,'','',0,0),(1904,0,0,0,'2023-07-11 08:20:00','2023-07-11 08:20:00','2023-07-11 08:20:00',0,NULL,'0000-00-00 00:00:00',16,'','',0,0,1,'','',0,0),(1905,0,0,0,'2023-07-11 09:04:44','2023-07-11 09:04:44','2023-07-11 09:04:44',0,NULL,'0000-00-00 00:00:00',16,'','',0,0,1,'','',0,0),(1906,0,0,0,'2023-07-11 09:05:50','2023-07-11 09:05:50','2023-07-11 09:05:50',0,NULL,'0000-00-00 00:00:00',23,'','',0,0,1,'','',0,0),(1907,0,0,0,'2023-07-11 09:08:28','2023-07-11 09:08:28','2023-07-11 09:08:28',0,NULL,'0000-00-00 00:00:00',5,'','',0,0,1,'','',0,0),(1909,0,0,0,'2023-07-11 13:43:12','2023-07-11 13:43:12','2023-07-11 13:43:12',0,NULL,'0000-00-00 00:00:00',16,'','',0,0,1,'','',0,0),(1910,0,0,0,'2023-07-11 13:44:39','2023-07-11 13:44:39','2023-07-11 13:44:39',0,NULL,'0000-00-00 00:00:00',13,'','',0,0,1,'','',0,0),(1911,0,0,2680,'2023-07-11 15:08:44','2023-07-11 15:08:44','2023-07-11 15:08:44',0,NULL,'0000-00-00 00:00:00',23,'','',0,0,1,'','',0,0),(1912,0,0,0,'2023-07-11 15:25:44','2023-07-11 15:25:44','2023-07-11 15:25:44',0,NULL,'0000-00-00 00:00:00',16,'','',0,0,1,'','',0,0),(1913,0,0,0,'2023-07-11 15:44:02','2023-07-11 15:44:02','2023-07-11 15:44:02',0,NULL,'0000-00-00 00:00:00',16,'','',0,0,1,'','',0,0),(1914,0,0,0,'2023-07-11 15:46:44','2023-07-11 15:46:44','2023-07-11 15:46:44',0,NULL,'0000-00-00 00:00:00',73,'','',0,0,1,'','',0,0),(1915,0,0,0,'2023-07-11 15:47:04','2023-07-11 15:47:04','2023-07-11 15:47:04',0,NULL,'0000-00-00 00:00:00',92,'','',0,0,1,'','',0,0),(1916,0,0,0,'2023-07-11 15:47:21','2023-07-11 15:47:21','2023-07-11 15:47:21',0,NULL,'0000-00-00 00:00:00',102,'','',0,0,1,'','',0,0),(1917,0,0,0,'2023-07-11 15:47:38','2023-07-11 15:47:38','2023-07-11 15:47:38',0,NULL,'0000-00-00 00:00:00',15,'','',0,0,1,'','',0,0),(1918,0,0,0,'2023-07-11 15:47:50','2023-07-11 15:47:50','2023-07-11 15:47:50',0,NULL,'0000-00-00 00:00:00',14,'','',0,0,1,'','',0,0),(1919,0,0,0,'2023-07-11 15:48:09','2023-07-11 15:48:09','2023-07-11 15:48:09',0,NULL,'0000-00-00 00:00:00',6,'','',0,0,1,'','',0,0),(1920,0,0,0,'2023-07-11 15:49:06','2023-07-11 15:49:06','2023-07-11 15:49:06',0,NULL,'0000-00-00 00:00:00',16,'','',0,0,1,'','',0,0),(1921,0,0,0,'2023-07-11 15:49:41','2023-07-11 15:49:41','2023-07-11 15:49:41',0,NULL,'0000-00-00 00:00:00',6,'','',0,0,1,'','',0,0),(1922,0,0,0,'2023-07-11 15:50:05','2023-07-11 15:50:05','2023-07-11 15:50:05',0,NULL,'0000-00-00 00:00:00',5,'','',0,0,1,'','',0,0),(1923,0,0,0,'2023-07-11 15:52:01','2023-07-11 15:52:01','2023-07-11 15:52:01',0,NULL,'0000-00-00 00:00:00',55,'','',0,0,1,'','',0,0),(1924,0,0,0,'2023-07-12 10:54:43','2023-07-12 10:54:43','2023-07-12 10:54:43',0,NULL,'0000-00-00 00:00:00',16,'','',0,0,1,'','',0,0),(1925,0,0,0,'2023-07-12 10:55:04','2023-07-12 10:55:04','2023-07-12 10:55:04',0,NULL,'0000-00-00 00:00:00',16,'','',0,0,1,'','',0,0),(1926,0,0,0,'2023-07-12 14:14:15','2023-07-12 14:14:15','2023-07-12 14:14:15',0,NULL,'0000-00-00 00:00:00',135,'','',0,0,1,'','',0,0),(1927,0,0,0,'2023-07-12 18:41:11','2023-07-12 18:41:11','2023-07-12 18:41:11',0,NULL,'0000-00-00 00:00:00',89,'','',0,0,1,'','',0,0),(1928,0,0,0,'2023-07-13 17:02:36','2023-07-13 17:02:36','2023-07-13 17:02:36',0,NULL,'0000-00-00 00:00:00',102,'','',0,0,1,'','',0,0),(1930,0,0,0,'2023-07-13 18:24:51','2023-07-13 18:24:51','2023-07-13 18:24:51',0,NULL,'0000-00-00 00:00:00',5,'','',0,0,1,'','',0,0),(1931,0,0,0,'2023-07-13 18:25:28','2023-07-13 18:25:28','2023-07-13 18:25:28',0,NULL,'0000-00-00 00:00:00',102,'','',0,0,1,'','',0,0),(1932,0,0,0,'2023-07-13 18:27:46','2023-07-13 18:27:46','2023-07-13 18:27:46',0,NULL,'0000-00-00 00:00:00',102,'','',0,0,1,'','',0,0),(1933,0,0,0,'2023-07-13 18:28:45','2023-07-13 18:28:45','2023-07-13 18:28:45',0,NULL,'0000-00-00 00:00:00',5,'','',0,0,1,'','',0,0),(1934,0,0,0,'2023-07-13 22:21:25','2023-07-13 22:21:25','2023-07-13 22:21:25',0,NULL,'0000-00-00 00:00:00',16,'','',0,0,1,'','',0,0),(1935,0,0,0,'2023-07-13 23:42:12','2023-07-13 23:42:12','2023-07-13 23:42:12',0,NULL,'0000-00-00 00:00:00',92,'','',0,0,1,'','',0,0),(1936,0,0,0,'2023-07-14 11:35:34','2023-07-14 11:35:34','2023-07-14 11:35:34',0,NULL,'0000-00-00 00:00:00',116,'','',0,0,1,'','',0,0),(1937,0,0,0,'2023-07-14 14:08:36','2023-07-14 14:08:36','2023-07-14 14:08:36',0,NULL,'0000-00-00 00:00:00',16,'','',0,0,1,'','',0,0),(1938,0,0,0,'2023-07-15 14:35:37','2023-07-15 14:35:37','2023-07-15 14:35:37',0,NULL,'0000-00-00 00:00:00',54,'','',0,0,1,'','',0,0),(1939,0,0,0,'2023-07-16 00:05:50','2023-07-16 00:05:50','2023-07-16 00:05:50',0,NULL,'0000-00-00 00:00:00',143,'','',0,0,1,'','',0,0),(1940,0,0,0,'2023-07-16 11:12:08','2023-07-16 11:12:08','2023-07-16 11:12:08',0,NULL,'0000-00-00 00:00:00',123,'','',0,0,1,'','',0,0),(1941,0,0,0,'2023-07-16 11:12:57','2023-07-16 11:12:57','2023-07-16 11:12:57',0,NULL,'0000-00-00 00:00:00',116,'','',0,0,1,'','',0,0),(1943,0,0,0,'2023-07-16 11:19:06','2023-07-16 11:19:06','2023-07-16 11:19:06',0,NULL,'0000-00-00 00:00:00',73,'','',0,0,1,'','',0,0),(1945,0,0,2643,'2023-07-16 11:21:02','2023-07-16 11:21:02','2023-07-16 11:21:02',0,NULL,'0000-00-00 00:00:00',13,'','',0,0,1,'','',0,0),(1946,0,0,0,'2023-07-16 11:40:54','2023-07-16 11:40:54','2023-07-16 11:40:54',0,NULL,'0000-00-00 00:00:00',116,'','',0,0,1,'','',0,0),(1947,0,0,0,'2023-07-16 16:27:07','2023-07-16 16:27:07','2023-07-16 16:27:07',0,NULL,'0000-00-00 00:00:00',89,'','',0,0,1,'','',0,0),(1948,0,0,0,'2023-07-16 19:06:48','2023-07-16 19:06:48','2023-07-16 19:06:48',0,NULL,'0000-00-00 00:00:00',79,'','',0,0,1,'','',0,0),(1949,0,0,0,'2023-07-17 06:32:13','2023-07-17 06:32:13','2023-07-17 06:32:13',0,NULL,'0000-00-00 00:00:00',6,'','',0,0,1,'','',0,0),(1950,0,0,0,'2023-07-17 10:05:13','2023-07-17 10:05:13','2023-07-17 10:05:13',0,NULL,'0000-00-00 00:00:00',133,'','',0,0,1,'','',0,0),(1951,0,0,0,'2023-07-17 12:46:16','2023-07-17 12:46:16','2023-07-17 12:46:16',0,NULL,'0000-00-00 00:00:00',16,'','',0,0,1,'','',0,0),(1952,0,0,0,'2023-07-18 17:36:37','2023-07-18 17:36:37','2023-07-18 17:36:37',0,NULL,'0000-00-00 00:00:00',89,'','',0,0,1,'','',0,0),(1953,0,0,0,'2023-07-19 04:25:05','2023-07-19 04:25:05','2023-07-19 04:25:05',0,NULL,'0000-00-00 00:00:00',90,'','',0,0,1,'','',0,0),(1954,0,0,0,'2023-07-19 04:27:05','2023-07-19 04:27:05','2023-07-19 04:27:05',0,NULL,'0000-00-00 00:00:00',5,'','',0,0,1,'','',0,0),(1955,0,0,0,'2023-07-19 04:27:59','2023-07-19 04:27:59','2023-07-19 04:27:59',0,NULL,'0000-00-00 00:00:00',79,'','',0,0,1,'','',0,0),(1956,0,0,0,'2023-07-19 04:28:21','2023-07-19 04:28:21','2023-07-19 04:28:21',0,NULL,'0000-00-00 00:00:00',14,'','',0,0,1,'','',0,0),(1957,0,0,0,'2023-07-19 04:28:58','2023-07-19 04:28:58','2023-07-19 04:28:58',0,NULL,'0000-00-00 00:00:00',92,'','',0,0,1,'','',0,0),(1958,0,0,0,'2023-07-19 04:31:18','2023-07-19 04:31:18','2023-07-19 04:31:18',0,NULL,'0000-00-00 00:00:00',16,'','',0,0,1,'','',0,0),(1959,0,0,0,'2023-07-19 12:39:12','2023-07-19 12:39:12','2023-07-19 12:39:12',0,NULL,'0000-00-00 00:00:00',16,'','',0,0,1,'','',0,0),(1960,0,0,0,'2023-07-19 12:45:47','2023-07-19 12:45:47','2023-07-19 12:45:47',0,NULL,'0000-00-00 00:00:00',113,'','',0,0,1,'','',0,0),(1962,0,0,0,'2023-07-19 15:48:56','2023-07-19 15:48:56','2023-07-19 15:48:56',0,NULL,'0000-00-00 00:00:00',23,'','',0,0,1,'','',0,0),(1967,0,0,0,'2023-07-19 15:57:42','2023-07-19 15:57:42','2023-07-19 15:57:42',0,NULL,'0000-00-00 00:00:00',6,'','',0,0,1,'','',0,0),(1969,0,0,0,'2023-07-19 15:58:20','2023-07-19 15:58:20','2023-07-19 15:58:20',0,NULL,'0000-00-00 00:00:00',92,'','',0,0,1,'','',0,0),(1971,0,0,0,'2023-07-19 15:58:40','2023-07-19 15:58:40','2023-07-19 15:58:40',0,NULL,'0000-00-00 00:00:00',15,'','',0,0,1,'','',0,0),(1972,0,0,0,'2023-07-19 15:58:52','2023-07-19 15:58:52','2023-07-19 15:58:52',0,NULL,'0000-00-00 00:00:00',92,'','',0,0,1,'','',0,0),(1973,0,0,0,'2023-07-19 15:59:56','2023-07-19 15:59:56','2023-07-19 15:59:56',0,NULL,'0000-00-00 00:00:00',73,'','',0,0,1,'','',0,0),(1974,0,0,0,'2023-07-19 21:00:52','2023-07-19 21:00:52','2023-07-19 21:00:52',0,NULL,'0000-00-00 00:00:00',137,'','',0,0,1,'','',0,0),(1975,0,0,0,'2023-07-19 23:04:21','2023-07-19 23:04:21','2023-07-19 23:04:21',0,NULL,'0000-00-00 00:00:00',128,'','',0,0,1,'','',0,0),(1976,0,0,0,'2023-07-20 18:20:58','2023-07-20 18:20:58','2023-07-20 18:20:58',0,NULL,'0000-00-00 00:00:00',90,'','',0,0,1,'','',0,0),(1977,0,0,0,'2023-07-20 20:50:55','2023-07-20 20:50:55','2023-07-20 20:50:55',0,NULL,'0000-00-00 00:00:00',14,'','',0,0,1,'','',0,0),(1978,0,0,0,'2023-07-20 21:15:40','2023-07-20 21:15:40','2023-07-20 21:15:40',0,NULL,'0000-00-00 00:00:00',5,'','',0,0,1,'','',0,0),(1979,0,0,0,'2023-07-20 21:47:28','2023-07-20 21:47:28','2023-07-20 21:47:28',0,NULL,'0000-00-00 00:00:00',6,'','',0,0,1,'','',0,0),(1980,0,0,0,'2023-07-21 04:36:04','2023-07-21 04:36:04','2023-07-21 04:36:04',0,NULL,'0000-00-00 00:00:00',6,'','',0,0,1,'','',0,0),(1981,0,0,0,'2023-07-22 08:13:33','2023-07-22 08:13:33','2023-07-22 08:13:33',0,NULL,'0000-00-00 00:00:00',16,'','',0,0,1,'','',0,0),(1982,0,0,0,'2023-07-22 08:13:57','2023-07-22 08:13:57','2023-07-22 08:13:57',0,NULL,'0000-00-00 00:00:00',16,'','',0,0,1,'','',0,0),(1983,0,0,0,'2023-07-22 08:14:20','2023-07-22 08:14:20','2023-07-22 08:14:20',0,NULL,'0000-00-00 00:00:00',13,'','',0,0,1,'','',0,0),(1984,0,0,0,'2023-07-22 08:15:17','2023-07-22 08:15:17','2023-07-22 08:15:17',0,NULL,'0000-00-00 00:00:00',15,'','',0,0,1,'','',0,0),(1985,0,0,0,'2023-07-22 08:15:29','2023-07-22 08:15:29','2023-07-22 08:15:29',0,NULL,'0000-00-00 00:00:00',15,'','',0,0,1,'','',0,0),(1986,0,0,0,'2023-07-22 08:20:32','2023-07-22 08:20:32','2023-07-22 08:20:32',0,NULL,'0000-00-00 00:00:00',29,'','',0,0,1,'','',0,0),(1987,0,0,0,'2023-07-22 08:22:32','2023-07-22 08:22:32','2023-07-22 08:22:32',0,NULL,'0000-00-00 00:00:00',55,'','',0,0,1,'','',0,0),(1988,0,0,0,'2023-07-22 08:37:12','2023-07-22 08:37:12','2023-07-22 08:37:12',0,NULL,'0000-00-00 00:00:00',16,'','',0,0,1,'','',0,0),(1989,0,0,0,'2023-07-22 08:39:00','2023-07-22 08:39:00','2023-07-22 08:39:00',0,NULL,'0000-00-00 00:00:00',23,'','',0,0,1,'','',0,0),(1990,0,0,0,'2023-07-22 08:39:30','2023-07-22 08:39:30','2023-07-22 08:39:30',0,NULL,'0000-00-00 00:00:00',6,'','',0,0,1,'','',0,0),(1991,0,0,0,'2023-07-22 08:40:57','2023-07-22 08:40:57','2023-07-22 08:40:57',0,NULL,'0000-00-00 00:00:00',92,'','',0,0,1,'','',0,0),(1992,0,0,0,'2023-07-23 08:48:07','2023-07-23 08:48:07','2023-07-23 08:48:07',0,NULL,'0000-00-00 00:00:00',92,'','',0,0,1,'','',0,0),(1994,0,0,0,'2023-07-23 14:45:44','2023-07-23 14:45:44','2023-07-23 14:45:44',0,NULL,'0000-00-00 00:00:00',92,'','',0,0,1,'','',0,0),(1995,0,0,0,'2023-07-23 15:43:39','2023-07-23 15:43:39','2023-07-23 15:43:39',0,NULL,'0000-00-00 00:00:00',141,'','',0,0,1,'','',0,0),(1996,0,0,0,'2023-07-24 08:41:32','2023-07-24 08:41:32','2023-07-24 08:41:32',0,NULL,'0000-00-00 00:00:00',13,'','',0,0,1,'','',0,0),(1997,0,0,0,'2023-07-24 13:03:52','2023-07-24 13:03:52','2023-07-24 13:03:52',0,NULL,'0000-00-00 00:00:00',23,'','',0,0,1,'','',0,0),(1998,0,0,0,'2023-07-24 13:04:20','2023-07-24 13:04:20','2023-07-24 13:04:20',0,NULL,'0000-00-00 00:00:00',13,'','',0,0,1,'','',0,0),(1999,0,0,0,'2023-07-24 13:04:33','2023-07-24 13:04:33','2023-07-24 13:04:33',0,NULL,'0000-00-00 00:00:00',16,'','',0,0,1,'','',0,0),(2000,0,0,0,'2023-07-24 15:22:19','2023-07-24 15:22:19','2023-07-24 15:22:19',0,NULL,'0000-00-00 00:00:00',89,'','',0,0,1,'','',0,0),(2002,0,0,0,'2023-07-24 20:56:16','2023-07-24 20:56:16','2023-07-24 20:56:16',0,NULL,'0000-00-00 00:00:00',13,'','',0,0,1,'','',0,0),(2003,0,0,0,'2023-07-25 15:58:05','2023-07-25 15:58:05','2023-07-25 15:58:05',0,NULL,'0000-00-00 00:00:00',23,'','',0,0,1,'','',0,0),(2004,0,0,0,'2023-07-26 05:18:50','2023-07-26 05:18:50','2023-07-26 05:18:50',0,NULL,'0000-00-00 00:00:00',135,'','',0,0,1,'','',0,0),(2005,0,0,0,'2023-07-26 06:31:15','2023-07-26 06:31:15','2023-07-26 06:31:15',0,NULL,'0000-00-00 00:00:00',89,'','',0,0,1,'','',0,0),(2006,0,0,0,'2023-07-26 09:39:22','2023-07-26 09:39:22','2023-07-26 09:39:22',0,NULL,'0000-00-00 00:00:00',16,'','',0,0,1,'','',0,0),(2008,0,0,0,'2023-07-26 09:41:54','2023-07-26 09:41:54','2023-07-26 09:41:54',0,NULL,'0000-00-00 00:00:00',89,'','',0,0,1,'','',0,0),(2009,0,0,0,'2023-07-26 09:44:34','2023-07-26 09:44:34','2023-07-26 09:44:34',0,NULL,'0000-00-00 00:00:00',114,'','',0,0,1,'','',0,0),(2010,0,0,0,'2023-07-26 10:02:43','2023-07-26 10:02:43','2023-07-26 10:02:43',0,NULL,'0000-00-00 00:00:00',16,'','',0,0,1,'','',0,0),(2011,0,0,0,'2023-07-26 16:03:35','2023-07-26 16:03:35','2023-07-26 16:03:35',0,NULL,'0000-00-00 00:00:00',89,'','',0,0,1,'','',0,0),(2012,0,0,0,'2023-07-26 19:03:33','2023-07-26 19:03:33','2023-07-26 19:03:33',0,NULL,'0000-00-00 00:00:00',112,'','',0,0,1,'','',0,0),(2014,0,0,0,'2023-07-26 19:38:36','2023-07-26 19:38:36','2023-07-26 19:38:36',0,NULL,'0000-00-00 00:00:00',5,'','',0,0,1,'','',0,0),(2015,0,0,0,'2023-07-26 19:39:28','2023-07-26 19:39:28','2023-07-26 19:39:28',0,NULL,'0000-00-00 00:00:00',89,'','',0,0,1,'','',0,0),(2017,0,0,0,'2023-07-26 23:10:37','2023-07-26 23:10:37','2023-07-26 23:10:37',0,NULL,'0000-00-00 00:00:00',54,'','',0,0,1,'','',0,0),(2018,0,0,0,'2023-07-27 13:35:32','2023-07-27 13:35:32','2023-07-27 13:35:32',0,NULL,'0000-00-00 00:00:00',89,'','',0,0,1,'','',0,0),(2019,0,0,0,'2023-07-29 13:22:18','2023-07-29 13:22:18','2023-07-29 13:22:18',0,NULL,'0000-00-00 00:00:00',5,'','',0,0,1,'','',0,0),(2020,0,0,0,'2023-07-29 13:22:56','2023-07-29 13:22:56','2023-07-29 13:22:56',0,NULL,'0000-00-00 00:00:00',89,'','',0,0,1,'','',0,0),(2021,0,0,0,'2023-07-29 20:07:14','2023-07-29 20:07:14','2023-07-29 20:07:14',0,NULL,'0000-00-00 00:00:00',16,'','',0,0,1,'','',0,0),(2022,0,0,0,'2023-07-29 20:09:35','2023-07-29 20:09:35','2023-07-29 20:09:35',0,NULL,'0000-00-00 00:00:00',90,'','',0,0,1,'','',0,0),(2023,0,0,0,'2023-07-29 20:17:15','2023-07-29 20:17:15','2023-07-29 20:17:15',0,NULL,'0000-00-00 00:00:00',5,'','',0,0,1,'','',0,0),(2024,0,0,0,'2023-07-30 21:53:43','2023-07-30 21:53:43','2023-07-30 21:53:43',0,NULL,'0000-00-00 00:00:00',6,'','',0,0,1,'','',0,0),(2025,0,0,0,'2023-07-30 21:54:21','2023-07-30 21:54:21','2023-07-30 21:54:21',0,NULL,'0000-00-00 00:00:00',79,'','',0,0,1,'','',0,0),(2026,0,0,0,'2023-07-30 21:55:02','2023-07-30 21:55:02','2023-07-30 21:55:02',0,NULL,'0000-00-00 00:00:00',14,'','',0,0,1,'','',0,0),(2027,0,0,0,'2023-07-30 21:55:36','2023-07-30 21:55:36','2023-07-30 21:55:36',0,NULL,'0000-00-00 00:00:00',15,'','',0,0,1,'','',0,0),(2028,0,0,0,'2023-07-31 08:46:25','2023-07-31 08:46:25','2023-07-31 08:46:25',0,NULL,'0000-00-00 00:00:00',24,'','',0,0,1,'','',0,0),(2029,0,0,0,'2023-07-31 08:47:11','2023-07-31 08:47:11','2023-07-31 08:47:11',0,NULL,'0000-00-00 00:00:00',140,'','',0,0,1,'','',0,0),(2030,0,0,0,'2023-07-31 08:47:20','2023-07-31 08:47:20','2023-07-31 08:47:20',0,NULL,'0000-00-00 00:00:00',135,'','',0,0,1,'','',0,0),(2031,0,0,0,'2023-07-31 08:47:27','2023-07-31 08:47:27','2023-07-31 08:47:27',0,NULL,'0000-00-00 00:00:00',25,'','',0,0,1,'','',0,0),(2032,0,0,0,'2023-07-31 08:47:32','2023-07-31 08:47:32','2023-07-31 08:47:32',0,NULL,'0000-00-00 00:00:00',64,'','',0,0,1,'','',0,0),(2033,0,0,0,'2023-07-31 13:08:54','2023-07-31 13:08:54','2023-07-31 13:08:54',0,NULL,'0000-00-00 00:00:00',45,'','',0,0,1,'','',0,0),(2034,0,0,0,'2023-07-31 19:40:23','2023-07-31 19:40:23','2023-07-31 19:40:23',0,NULL,'0000-00-00 00:00:00',5,'','',0,0,1,'','',0,0),(2035,0,0,0,'2023-08-01 01:14:03','2023-08-01 01:14:03','2023-08-01 01:14:03',0,NULL,'0000-00-00 00:00:00',15,'','',0,0,1,'','',0,0),(2036,0,0,0,'2023-08-01 01:14:11','2023-08-01 01:14:11','2023-08-01 01:14:11',0,NULL,'0000-00-00 00:00:00',15,'','',0,0,1,'','',0,0),(2037,0,0,0,'2023-08-01 01:38:01','2023-08-01 01:38:01','2023-08-01 01:38:01',0,NULL,'0000-00-00 00:00:00',90,'','',0,0,1,'','',0,0),(2038,0,0,0,'2023-08-01 11:59:38','2023-08-01 11:59:38','2023-08-01 11:59:38',0,NULL,'0000-00-00 00:00:00',133,'','',0,0,1,'','',0,0),(2040,0,0,0,'2023-08-01 14:25:01','2023-08-01 14:25:01','2023-08-01 14:25:01',0,NULL,'0000-00-00 00:00:00',89,'','',0,0,1,'','',0,0),(2041,0,0,0,'2023-08-01 17:00:40','2023-08-01 17:00:40','2023-08-01 17:00:40',0,NULL,'0000-00-00 00:00:00',13,'','',0,0,1,'','',0,0),(2042,0,0,0,'2023-08-01 17:01:20','2023-08-01 17:01:20','2023-08-01 17:01:20',0,NULL,'0000-00-00 00:00:00',6,'','',0,0,1,'','',0,0),(2043,0,0,0,'2023-08-01 17:04:32','2023-08-01 17:04:32','2023-08-01 17:04:32',0,NULL,'0000-00-00 00:00:00',92,'','',0,0,1,'','',0,0),(2044,0,0,0,'2023-08-01 17:39:49','2023-08-01 17:39:49','2023-08-01 17:39:49',0,NULL,'0000-00-00 00:00:00',55,'','',0,0,1,'','',0,0),(2045,0,0,0,'2023-08-01 17:47:56','2023-08-01 17:47:56','2023-08-01 17:47:56',0,NULL,'0000-00-00 00:00:00',133,'','',0,0,1,'','',0,0),(2046,0,0,0,'2023-08-02 08:10:43','2023-08-02 08:10:43','2023-08-02 08:10:43',0,NULL,'0000-00-00 00:00:00',89,'','',0,0,1,'','',0,0),(2047,0,0,0,'2023-08-02 08:11:27','2023-08-02 08:11:27','2023-08-02 08:11:27',0,NULL,'0000-00-00 00:00:00',5,'','',0,0,1,'','',0,0),(2048,0,0,0,'2023-08-02 19:57:41','2023-08-02 19:57:41','2023-08-02 19:57:41',0,NULL,'0000-00-00 00:00:00',6,'','',0,0,1,'','',0,0),(2049,0,0,0,'2023-08-02 19:58:13','2023-08-02 19:58:13','2023-08-02 19:58:13',0,NULL,'0000-00-00 00:00:00',79,'','',0,0,1,'','',0,0),(2050,0,0,0,'2023-08-02 19:59:02','2023-08-02 19:59:02','2023-08-02 19:59:02',0,NULL,'0000-00-00 00:00:00',14,'','',0,0,1,'','',0,0),(2051,0,0,0,'2023-08-02 19:59:21','2023-08-02 19:59:21','2023-08-02 19:59:21',0,NULL,'0000-00-00 00:00:00',15,'','',0,0,1,'','',0,0),(2052,0,0,0,'2023-08-02 19:59:40','2023-08-02 19:59:40','2023-08-02 19:59:40',0,NULL,'0000-00-00 00:00:00',102,'','',0,0,1,'','',0,0),(2053,0,0,0,'2023-08-03 01:05:22','2023-08-03 01:05:22','2023-08-03 01:05:22',0,NULL,'0000-00-00 00:00:00',6,'','',0,0,1,'','',0,0),(2054,0,0,0,'2023-08-03 01:05:47','2023-08-03 01:05:47','2023-08-03 01:05:47',0,NULL,'0000-00-00 00:00:00',79,'','',0,0,1,'','',0,0),(2055,0,0,0,'2023-08-03 01:06:39','2023-08-03 01:06:39','2023-08-03 01:06:39',0,NULL,'0000-00-00 00:00:00',15,'','',0,0,1,'','',0,0),(2056,0,0,0,'2023-08-03 01:07:43','2023-08-03 01:07:43','2023-08-03 01:07:43',0,NULL,'0000-00-00 00:00:00',92,'','',0,0,1,'','',0,0),(2057,0,0,0,'2023-08-03 01:09:36','2023-08-03 01:09:36','2023-08-03 01:09:36',0,NULL,'0000-00-00 00:00:00',16,'','',0,0,1,'','',0,0),(2058,0,0,0,'2023-08-03 01:10:06','2023-08-03 01:10:06','2023-08-03 01:10:06',0,NULL,'0000-00-00 00:00:00',114,'','',0,0,1,'','',0,0),(2059,0,0,0,'2023-08-03 12:19:30','2023-08-03 12:19:30','2023-08-03 12:19:30',0,NULL,'0000-00-00 00:00:00',16,'','',0,0,1,'','',0,0),(2060,0,0,0,'2023-08-03 12:19:45','2023-08-03 12:19:45','2023-08-03 12:19:45',0,NULL,'0000-00-00 00:00:00',13,'','',0,0,1,'','',0,0),(2061,0,0,0,'2023-08-03 12:20:13','2023-08-03 12:20:13','2023-08-03 12:20:13',0,NULL,'0000-00-00 00:00:00',23,'','',0,0,1,'','',0,0),(2062,0,0,0,'2023-08-03 12:20:40','2023-08-03 12:20:40','2023-08-03 12:20:40',0,NULL,'0000-00-00 00:00:00',90,'','',0,0,1,'','',0,0),(2063,0,0,0,'2023-08-03 12:21:15','2023-08-03 12:21:15','2023-08-03 12:21:15',0,NULL,'0000-00-00 00:00:00',14,'','',0,0,1,'','',0,0),(2064,0,0,0,'2023-08-03 12:21:17','2023-08-03 12:21:17','2023-08-03 12:21:17',0,NULL,'0000-00-00 00:00:00',14,'','',0,0,1,'','',0,0),(2065,0,0,0,'2023-08-03 12:26:04','2023-08-03 12:26:04','2023-08-03 12:26:04',0,NULL,'0000-00-00 00:00:00',16,'','',0,0,1,'','',0,0),(2067,0,0,0,'2023-08-03 13:20:47','2023-08-03 13:20:47','2023-08-03 13:20:47',0,NULL,'0000-00-00 00:00:00',16,'','',0,0,1,'','',0,0),(2068,0,0,0,'2023-08-03 13:21:36','2023-08-03 13:21:36','2023-08-03 13:21:36',0,NULL,'0000-00-00 00:00:00',137,'','',0,0,1,'','',0,0),(2069,0,0,0,'2023-08-03 21:53:27','2023-08-03 21:53:27','2023-08-03 21:53:27',0,NULL,'0000-00-00 00:00:00',13,'','',0,0,1,'','',0,0),(2070,0,0,0,'2023-08-04 04:11:22','2023-08-04 04:11:22','2023-08-04 04:11:22',0,NULL,'0000-00-00 00:00:00',15,'','',0,0,1,'','',0,0),(2071,0,0,0,'2023-08-04 04:11:39','2023-08-04 04:11:39','2023-08-04 04:11:39',0,NULL,'0000-00-00 00:00:00',15,'','',0,0,1,'','',0,0),(2072,0,0,0,'2023-08-04 04:15:04','2023-08-04 04:15:04','2023-08-04 04:15:04',0,NULL,'0000-00-00 00:00:00',92,'','',0,0,1,'','',0,0),(2073,0,0,0,'2023-08-04 04:15:43','2023-08-04 04:15:43','2023-08-04 04:15:43',0,NULL,'0000-00-00 00:00:00',16,'','',0,0,1,'','',0,0),(2074,0,0,0,'2023-08-04 04:16:48','2023-08-04 04:16:48','2023-08-04 04:16:48',0,NULL,'0000-00-00 00:00:00',23,'','',0,0,1,'','',0,0),(2075,0,0,0,'2023-08-04 12:33:28','2023-08-04 12:33:28','2023-08-04 12:33:28',0,NULL,'0000-00-00 00:00:00',13,'','',0,0,1,'','',0,0),(2076,0,0,0,'2023-08-04 12:34:04','2023-08-04 12:34:04','2023-08-04 12:34:04',0,NULL,'0000-00-00 00:00:00',13,'','',0,0,1,'','',0,0),(2077,0,0,0,'2023-08-04 12:36:36','2023-08-04 12:36:36','2023-08-04 12:36:36',0,NULL,'0000-00-00 00:00:00',13,'','',0,0,1,'','',0,0),(2078,0,0,0,'2023-08-04 13:29:26','2023-08-04 13:29:26','2023-08-04 13:29:26',0,NULL,'0000-00-00 00:00:00',89,'','',0,0,1,'','',0,0),(2079,0,0,0,'2023-08-04 13:36:10','2023-08-04 13:36:10','2023-08-04 13:36:10',0,NULL,'0000-00-00 00:00:00',89,'','',0,0,1,'','',0,0),(2080,0,0,0,'2023-08-05 00:02:25','2023-08-05 00:02:25','2023-08-05 00:02:25',0,NULL,'0000-00-00 00:00:00',23,'','',0,0,1,'','',0,0),(2081,0,0,0,'2023-08-05 00:03:07','2023-08-05 00:03:07','2023-08-05 00:03:07',0,NULL,'0000-00-00 00:00:00',16,'','',0,0,1,'','',0,0),(2082,0,0,0,'2023-08-05 00:04:07','2023-08-05 00:04:07','2023-08-05 00:04:07',0,NULL,'0000-00-00 00:00:00',15,'','',0,0,1,'','',0,0),(2083,0,0,0,'2023-08-05 00:04:25','2023-08-05 00:04:25','2023-08-05 00:04:25',0,NULL,'0000-00-00 00:00:00',15,'','',0,0,1,'','',0,0),(2084,0,0,0,'2023-08-05 05:38:39','2023-08-05 05:38:39','2023-08-05 05:38:39',0,NULL,'0000-00-00 00:00:00',14,'','',0,0,1,'','',0,0),(2085,0,0,0,'2023-08-05 05:40:00','2023-08-05 05:40:00','2023-08-05 05:40:00',0,NULL,'0000-00-00 00:00:00',15,'','',0,0,1,'','',0,0),(2088,0,0,0,'2023-08-05 18:56:10','2023-08-05 18:56:10','2023-08-05 18:56:10',0,NULL,'0000-00-00 00:00:00',16,'','',0,0,1,'','',0,0),(2089,0,0,0,'2023-08-06 08:02:11','2023-08-06 08:02:11','2023-08-06 08:02:11',0,NULL,'0000-00-00 00:00:00',114,'','',0,0,1,'','',0,0),(2090,0,0,0,'2023-08-06 10:47:20','2023-08-06 10:47:20','2023-08-06 10:47:20',0,NULL,'0000-00-00 00:00:00',135,'','',0,0,1,'','',0,0),(2091,0,0,0,'2023-08-06 11:06:06','2023-08-06 11:06:06','2023-08-06 11:06:06',0,NULL,'0000-00-00 00:00:00',92,'','',0,0,1,'','',0,0),(2092,0,0,0,'2023-08-06 11:06:39','2023-08-06 11:06:39','2023-08-06 11:06:39',0,NULL,'0000-00-00 00:00:00',102,'','',0,0,1,'','',0,0),(2093,0,0,0,'2023-08-06 11:07:24','2023-08-06 11:07:24','2023-08-06 11:07:24',0,NULL,'0000-00-00 00:00:00',15,'','',0,0,1,'','',0,0),(2094,0,0,0,'2023-08-06 11:07:54','2023-08-06 11:07:54','2023-08-06 11:07:54',0,NULL,'0000-00-00 00:00:00',79,'','',0,0,1,'','',0,0),(2095,0,0,0,'2023-08-06 11:23:37','2023-08-06 11:23:37','2023-08-06 11:23:37',0,NULL,'0000-00-00 00:00:00',73,'','',0,0,1,'','',0,0),(2096,0,0,0,'2023-08-06 11:30:33','2023-08-06 11:30:33','2023-08-06 11:30:33',0,NULL,'0000-00-00 00:00:00',5,'','',0,0,1,'','',0,0),(2097,0,0,0,'2023-08-06 13:42:55','2023-08-06 13:42:55','2023-08-06 13:42:55',0,NULL,'0000-00-00 00:00:00',79,'','',0,0,1,'','',0,0),(2098,0,0,0,'2023-08-06 13:43:22','2023-08-06 13:43:22','2023-08-06 13:43:22',0,NULL,'0000-00-00 00:00:00',14,'','',0,0,1,'','',0,0),(2099,0,0,0,'2023-08-06 13:43:44','2023-08-06 13:43:44','2023-08-06 13:43:44',0,NULL,'0000-00-00 00:00:00',15,'','',0,0,1,'','',0,0),(2100,0,0,0,'2023-08-06 13:44:00','2023-08-06 13:44:00','2023-08-06 13:44:00',0,NULL,'0000-00-00 00:00:00',102,'','',0,0,1,'','',0,0),(2101,0,0,0,'2023-08-06 19:41:00','2023-08-06 19:41:00','2023-08-06 19:41:00',0,NULL,'0000-00-00 00:00:00',16,'','',0,0,1,'','',0,0),(2102,0,0,0,'2023-08-07 08:41:28','2023-08-07 08:41:28','2023-08-07 08:41:28',0,NULL,'0000-00-00 00:00:00',54,'','',0,0,1,'','',0,0),(2103,0,0,0,'2023-08-07 11:04:04','2023-08-07 11:04:04','2023-08-07 11:04:04',0,NULL,'0000-00-00 00:00:00',89,'','',0,0,1,'','',0,0),(2104,0,0,0,'2023-08-07 20:23:36','2023-08-07 20:23:36','2023-08-07 20:23:36',0,NULL,'0000-00-00 00:00:00',108,'','',0,0,1,'','',0,0),(2105,0,0,0,'2023-08-07 23:07:28','2023-08-07 23:07:28','2023-08-07 23:07:28',0,NULL,'0000-00-00 00:00:00',114,'','',0,0,1,'','',0,0),(2106,0,0,0,'2023-08-08 08:25:41','2023-08-08 08:25:41','2023-08-08 08:25:41',0,NULL,'0000-00-00 00:00:00',13,'','',0,0,1,'','',0,0),(2107,0,0,0,'2023-08-08 09:43:25','2023-08-08 09:43:25','2023-08-08 09:43:25',0,NULL,'0000-00-00 00:00:00',90,'','',0,0,1,'','',0,0),(2110,0,0,0,'2023-08-08 14:06:32','2023-08-08 14:06:32','2023-08-08 14:06:32',0,NULL,'0000-00-00 00:00:00',92,'','',0,0,1,'','',0,0),(2111,0,0,0,'2023-08-08 14:06:58','2023-08-08 14:06:58','2023-08-08 14:06:58',0,NULL,'0000-00-00 00:00:00',5,'','',0,0,1,'','',0,0),(2112,0,0,0,'2023-08-08 14:10:45','2023-08-08 14:10:45','2023-08-08 14:10:45',0,NULL,'0000-00-00 00:00:00',127,'','',0,0,1,'','',0,0),(2113,0,0,0,'2023-08-08 14:11:45','2023-08-08 14:11:45','2023-08-08 14:11:45',0,NULL,'0000-00-00 00:00:00',54,'','',0,0,1,'','',0,0),(2114,0,0,0,'2023-08-09 22:31:24','2023-08-09 22:31:24','2023-08-09 22:31:24',0,NULL,'0000-00-00 00:00:00',16,'','',0,0,1,'','',0,0),(2115,0,0,0,'2023-08-10 00:52:14','2023-08-10 00:52:14','2023-08-10 00:52:14',0,NULL,'0000-00-00 00:00:00',90,'','',0,0,1,'','',0,0),(2116,0,0,0,'2023-08-10 01:03:22','2023-08-10 01:03:22','2023-08-10 01:03:22',0,NULL,'0000-00-00 00:00:00',5,'','',0,0,1,'','',0,0),(2117,0,0,0,'2023-08-10 15:19:39','2023-08-10 15:19:39','2023-08-10 15:19:39',0,NULL,'0000-00-00 00:00:00',110,'','',0,0,1,'','',0,0),(2118,0,0,0,'2023-08-10 17:25:54','2023-08-10 17:25:54','2023-08-10 17:25:54',0,NULL,'0000-00-00 00:00:00',114,'','',0,0,1,'','',0,0),(2119,0,0,0,'2023-08-10 17:45:20','2023-08-10 17:45:20','2023-08-10 17:45:20',0,NULL,'0000-00-00 00:00:00',19,'','',0,0,1,'','',0,0),(2120,0,0,0,'2023-08-11 05:27:29','2023-08-11 05:27:29','2023-08-11 05:27:29',0,NULL,'0000-00-00 00:00:00',106,'','',0,0,1,'','',0,0),(2122,0,0,0,'2023-08-11 17:40:26','2023-08-11 17:40:26','2023-08-11 17:40:26',0,NULL,'0000-00-00 00:00:00',14,'','',0,0,1,'','',0,0),(2123,0,0,0,'2023-08-12 19:59:48','2023-08-12 19:59:48','2023-08-12 19:59:48',0,NULL,'0000-00-00 00:00:00',16,'','',0,0,1,'','',0,0),(2125,0,0,0,'2023-08-12 20:00:45','2023-08-12 20:00:45','2023-08-12 20:00:45',0,NULL,'0000-00-00 00:00:00',16,'','',0,0,1,'','',0,0),(2126,0,0,0,'2023-08-12 22:05:57','2023-08-12 22:05:57','2023-08-12 22:05:57',0,NULL,'0000-00-00 00:00:00',16,'','',0,0,1,'','',0,0),(2128,0,0,0,'2023-08-12 22:08:34','2023-08-12 22:08:34','2023-08-12 22:08:34',0,NULL,'0000-00-00 00:00:00',5,'','',0,0,1,'','',0,0),(2129,0,0,0,'2023-08-12 22:09:33','2023-08-12 22:09:33','2023-08-12 22:09:33',0,NULL,'0000-00-00 00:00:00',13,'','',0,0,1,'','',0,0),(2130,0,0,0,'2023-08-12 22:12:27','2023-08-12 22:12:27','2023-08-12 22:12:27',0,NULL,'0000-00-00 00:00:00',111,'','',0,0,1,'','',0,0),(2131,0,0,0,'2023-08-13 04:51:07','2023-08-13 04:51:07','2023-08-13 04:51:07',0,NULL,'0000-00-00 00:00:00',23,'','',0,0,1,'','',0,0),(2133,0,0,0,'2023-08-13 14:00:26','2023-08-13 14:00:26','2023-08-13 14:00:26',0,NULL,'0000-00-00 00:00:00',13,'','',0,0,1,'','',0,0),(2134,0,0,0,'2023-08-13 14:01:38','2023-08-13 14:01:38','2023-08-13 14:01:38',0,NULL,'0000-00-00 00:00:00',90,'','',0,0,1,'','',0,0),(2135,0,0,0,'2023-08-13 22:35:09','2023-08-13 22:35:09','2023-08-13 22:35:09',0,NULL,'0000-00-00 00:00:00',15,'','',0,0,1,'','',0,0),(2136,0,0,0,'2023-08-13 22:35:48','2023-08-13 22:35:48','2023-08-13 22:35:48',0,NULL,'0000-00-00 00:00:00',92,'','',0,0,1,'','',0,0),(2137,0,0,0,'2023-08-14 10:19:06','2023-08-14 10:19:06','2023-08-14 10:19:06',0,NULL,'0000-00-00 00:00:00',89,'','',0,0,1,'','',0,0),(2138,0,0,0,'2023-08-14 11:55:07','2023-08-14 11:55:07','2023-08-14 11:55:07',0,NULL,'0000-00-00 00:00:00',89,'','',0,0,1,'','',0,0),(2139,0,0,0,'2023-08-14 15:05:46','2023-08-14 15:05:46','2023-08-14 15:05:46',0,NULL,'0000-00-00 00:00:00',16,'','',0,0,1,'','',0,0),(2140,0,0,0,'2023-08-14 15:10:35','2023-08-14 15:10:35','2023-08-14 15:10:35',0,NULL,'0000-00-00 00:00:00',13,'','',0,0,1,'','',0,0),(2141,0,0,0,'2023-08-14 15:56:15','2023-08-14 15:56:15','2023-08-14 15:56:15',0,NULL,'0000-00-00 00:00:00',89,'','',0,0,1,'','',0,0),(2142,0,0,0,'2023-08-14 18:54:56','2023-08-14 18:54:56','2023-08-14 18:54:56',0,NULL,'0000-00-00 00:00:00',90,'','',0,0,1,'','',0,0),(2143,0,0,0,'2023-08-14 21:21:26','2023-08-14 21:21:26','2023-08-14 21:21:26',0,NULL,'0000-00-00 00:00:00',89,'','',0,0,1,'','',0,0),(2144,0,0,0,'2023-08-14 21:22:03','2023-08-14 21:22:03','2023-08-14 21:22:03',0,NULL,'0000-00-00 00:00:00',90,'','',0,0,1,'','',0,0),(2145,0,0,0,'2023-08-14 21:32:10','2023-08-14 21:32:10','2023-08-14 21:32:10',0,NULL,'0000-00-00 00:00:00',23,'','',0,0,1,'','',0,0),(2147,0,0,0,'2023-08-15 07:09:56','2023-08-15 07:09:56','2023-08-15 07:09:56',0,NULL,'0000-00-00 00:00:00',23,'','',0,0,1,'','',0,0),(2148,0,0,0,'2023-08-15 11:40:52','2023-08-15 11:40:52','2023-08-15 11:40:52',0,NULL,'0000-00-00 00:00:00',89,'','',0,0,1,'','',0,0),(2149,0,0,0,'2023-08-15 11:41:23','2023-08-15 11:41:23','2023-08-15 11:41:23',0,NULL,'0000-00-00 00:00:00',5,'','',0,0,1,'','',0,0),(2150,0,0,0,'2023-08-15 12:48:37','2023-08-15 12:48:37','2023-08-15 12:48:37',0,NULL,'0000-00-00 00:00:00',16,'','',0,0,1,'','',0,0),(2151,0,0,0,'2023-08-15 12:49:57','2023-08-15 12:49:57','2023-08-15 12:49:57',0,NULL,'0000-00-00 00:00:00',23,'','',0,0,1,'','',0,0),(2152,0,0,0,'2023-08-15 14:26:05','2023-08-15 14:26:05','2023-08-15 14:26:05',0,NULL,'0000-00-00 00:00:00',52,'','',0,0,1,'','',0,0),(2153,0,0,0,'2023-08-15 16:51:05','2023-08-15 16:51:05','2023-08-15 16:51:05',0,NULL,'0000-00-00 00:00:00',13,'','',0,0,1,'','',0,0),(2155,0,0,0,'2023-08-15 16:52:14','2023-08-15 16:52:14','2023-08-15 16:52:14',0,NULL,'0000-00-00 00:00:00',116,'','',0,0,1,'','',0,0),(2156,0,0,0,'2023-08-15 16:54:06','2023-08-15 16:54:06','2023-08-15 16:54:06',0,NULL,'0000-00-00 00:00:00',45,'','',0,0,1,'','',0,0);

--
