-- Dumping data for table `ngn_static_atribute_language`
--

INSERT INTO `ngn_static_atribute_language` VALUES (1,1,'0000-00-00 00:00:00',0,1,'Skrij v meniju','','','','',''),(1,2,'0000-00-00 00:00:00',0,1,'Skrij v meniju','','','','',''),(2,1,'0000-00-00 00:00:00',0,1,'Sortiraj po','','','','',''),(2,2,'0000-00-00 00:00:00',0,1,'Sortiraj po','','','','',''),(3,1,'0000-00-00 00:00:00',0,1,'Razvrsti','','','','',''),(3,2,'0000-00-00 00:00:00',0,1,'Razvrsti','','','','',''),(4,1,'0000-00-00 00:00:00',0,1,'Št. novic','','','','',''),(4,2,'0000-00-00 00:00:00',0,1,'Št. novic','','','','',''),(5,1,'0000-00-00 00:00:00',0,1,'Alternativna kategorija','','','','',''),(5,2,'0000-00-00 00:00:00',0,1,'Alternativna kategorija','','','','',''),(6,1,'0000-00-00 00:00:00',0,1,'Vedno prikaži','','','','',''),(6,2,'0000-00-00 00:00:00',0,1,'Vedno prikaži','','','','',''),(7,1,'0000-00-00 00:00:00',0,1,'Velik tekst','','','','',''),(7,2,'0000-00-00 00:00:00',0,1,'Velik tekst','','','','',''),(8,1,'0000-00-00 00:00:00',0,1,'Majhen tekst','','','','',''),(8,2,'0000-00-00 00:00:00',0,1,'Majhen tekst','','','','',''),(9,1,'0000-00-00 00:00:00',0,1,'Vsebina','','','','',''),(9,2,'0000-00-00 00:00:00',0,1,'Vsebina','','','','',''),(10,1,'0000-00-00 00:00:00',0,1,'Obrni','','','','',''),(10,2,'0000-00-00 00:00:00',0,1,'Obrni','','','','',''),(11,1,'0000-00-00 00:00:00',0,1,'Gumb tekst','','','','',''),(11,2,'0000-00-00 00:00:00',0,1,'Gumb tekst','','','','',''),(12,1,'0000-00-00 00:00:00',0,1,'Gumb url','','','','',''),(12,2,'0000-00-00 00:00:00',0,1,'Gumb url','','','','',''),(13,1,'2022-09-30 11:44:28',0,1,'Longitude','','','','',''),(13,2,'0000-00-00 00:00:00',0,1,'Longitude','','','','',''),(14,1,'2022-09-30 11:44:30',0,1,'Latitude','','','','',''),(14,2,'0000-00-00 00:00:00',0,1,'Latitude','','','','',''),(15,1,'0000-00-00 00:00:00',0,1,'Kratek opis','','','','',''),(15,2,'0000-00-00 00:00:00',0,1,'Kratek opis','','','','',''),(16,1,'2022-03-11 14:20:51',0,1,'Zgornji tekst','','','','',''),(16,2,'2022-03-11 14:20:51',0,1,'Zgornji tekst','','','','',''),(17,1,'2022-03-11 14:21:56',0,1,'Spodnji tekst','','','','',''),(17,2,'2022-03-11 14:21:56',0,1,'Spodnji tekst','','','','',''),(18,1,'2022-03-11 15:51:05',0,1,'Tekst na sliki','','','','',''),(18,2,'2022-03-11 15:51:05',0,1,'Tekst na sliki','','','','',''),(19,1,'2022-03-14 12:06:01',0,1,'Video url','','','','',''),(19,2,'2022-03-14 12:06:01',0,1,'Video url','','','','',''),(20,1,'2022-03-14 15:14:24',0,1,'Tekst nad obrazcem','','','','',''),(20,2,'2022-03-14 15:14:24',0,1,'Tekst nad obrazcem','','','','',''),(21,1,'2022-03-17 10:13:58',0,1,'Zgornji tekst v breadcrumbs-ih','','','','',''),(21,2,'2022-03-17 10:13:58',0,1,'Zgornji tekst v breadcrumbs-ih','','','','',''),(22,1,'2022-03-17 10:14:21',0,1,'Spodnji tekst v breadcrumbs-ih','','','','',''),(22,2,'2022-03-17 10:14:21',0,1,'Spodnji tekst v breadcrumbs-ih','','','','',''),(23,1,'2022-03-22 10:23:35',0,1,'Vklopi podmeni','','','','',''),(23,2,'2022-03-22 10:23:35',0,1,'Vklopi podmeni','','','','',''),(24,1,'2022-03-22 13:29:57',0,1,'Preskoči grid','','','','',''),(24,2,'2022-03-22 13:29:57',0,1,'Preskoči grid','','','','',''),(25,1,'2022-07-07 13:54:31',0,1,'Iframe','','','','',''),(25,2,'2022-07-07 13:54:31',0,1,'Iframe','','','','',''),(26,1,'2022-09-06 14:34:22',0,1,'Testni atribut','','','','',''),(26,2,'0000-00-00 00:00:00',0,0,'','','','','',''),(27,1,'2022-10-20 14:36:21',0,1,'Pozicija gumba','','','','',''),(27,2,'2022-09-22 14:46:43',0,1,'Button position','','','','',''),(28,1,'2022-09-26 15:55:05',0,1,'Elementi na banner-ju','','','','',''),(28,2,'2022-09-26 09:51:46',0,1,'Banner elements','','','','',''),(29,1,'2022-10-13 14:07:12',0,1,'Barva gumba','','','','',''),(29,2,'2022-10-20 11:03:27',0,1,'Button color','','','','',''),(30,1,'2022-10-27 14:31:27',0,1,'Prikaži le na mobile','','','','',''),(30,2,'2022-10-27 14:31:30',0,1,'Prikaži le na mobile','','','','',''),(31,1,'2023-03-01 08:34:43',0,1,'Url','','','','',''),(31,2,'2022-10-27 15:34:36',0,1,'Url','','','','',''),(32,1,'2023-06-27 09:21:31',0,1,'test','','','','',''),(32,2,'0000-00-00 00:00:00',0,0,'','','','','','');

--
-- Table structure for table `ngn_static_atribute_links`
--

CREATE TABLE `ngn_static_atribute_links` (
  `atribute_id` int(11) NOT NULL,
  `link_id` int(11) NOT NULL,
  `position` int(11) NOT NULL,
  `link_date` datetime NOT NULL,
  PRIMARY KEY (`atribute_id`,`link_id`),
  KEY `atribute_id_idx` (`link_id`)
) ENGINE=InnoDB DEFAULT CHARSET=utf8;

--
-- Dumping data for table `ngn_static_atribute_links`
--


--
-- Table structure for table `ngn_static_atribute_values`
--

CREATE TABLE `ngn_static_atribute_values` (
  `value_id` int(11) NOT NULL AUTO_INCREMENT,
  `atribute_id` int(11) NOT NULL,
  `value_same` int(11) NOT NULL,
  `value_value` varchar(50) DEFAULT NULL,
  `value_photo` varchar(100) NOT NULL,
  `value_order` int(11) NOT NULL,
  PRIMARY KEY (`value_id`,`atribute_id`),
  KEY `atribute_id` (`atribute_id`),
  KEY `value_order` (`value_order`)
) ENGINE=InnoDB AUTO_INCREMENT=24 DEFAULT CHARSET=utf8;

--
-- Dumping data for table `ngn_static_atribute_values`
--

INSERT INTO `ngn_static_atribute_values` VALUES (1,2,1,'id','',0),(2,2,1,'createdate','',0),(3,2,1,'order','',0),(4,2,1,'name','',0),(5,3,1,'asc','',0),(6,3,1,'desc','',0),(10,27,0,'left','',1),(11,27,0,'right','',2),(12,28,0,'bio','',0),(13,28,0,'leaf_left','',0),(14,28,0,'leaf_right','',0),(17,28,0,'leaf_center','',0),(18,29,0,'white','',0),(19,29,0,'black','',0),(20,27,0,'none','',0),(21,32,1,'1','',0),(22,32,1,'2','',0),(23,32,1,'3','',0);

--
-- Table structure for table `ngn_static_atribute_values_language`
--

CREATE TABLE `ngn_static_atribute_values_language` (
  `value_id` int(11) NOT NULL,
  `language_id` int(11) NOT NULL DEFAULT 0,
  `editdate` datetime NOT NULL,
  `enable` int(11) NOT NULL,
  `approved` int(1) NOT NULL DEFAULT 0,
  `language_name` varchar(200) DEFAULT NULL,
  `language_description` text DEFAULT NULL,
  `language_meta` text DEFAULT NULL,
  `language_keywords` varchar(100) DEFAULT NULL,
  `language_url` varchar(100) DEFAULT NULL,
  `language_photo` varchar(100) NOT NULL DEFAULT '',
  PRIMARY KEY (`value_id`,`language_id`),
  KEY `language_id` (`language_id`),
  KEY `editdate` (`editdate`)
) ENGINE=InnoDB DEFAULT CHARSET=utf8;

--
-- Dumping data for table `ngn_static_atribute_values_language`
--

INSERT INTO `ngn_static_atribute_values_language` VALUES (1,1,'0000-00-00 00:00:00',0,0,'Identifikator',NULL,NULL,NULL,'identifikator',''),(1,2,'0000-00-00 00:00:00',0,0,'Identifikator',NULL,NULL,NULL,'identifikator',''),(2,1,'0000-00-00 00:00:00',0,0,'Datum vnosa',NULL,NULL,NULL,'datum-vnosa',''),(2,2,'0000-00-00 00:00:00',0,0,'Datum vnosa',NULL,NULL,NULL,'datum-vnosa',''),(3,1,'0000-00-00 00:00:00',0,0,'Razvrstitev',NULL,NULL,NULL,'razvrstitev',''),(3,2,'0000-00-00 00:00:00',0,0,'Razvrstitev',NULL,NULL,NULL,'razvrstitev',''),(4,1,'0000-00-00 00:00:00',0,0,'Ime',NULL,NULL,NULL,'ime',''),(4,2,'0000-00-00 00:00:00',0,0,'Ime',NULL,NULL,NULL,'ime',''),(5,1,'0000-00-00 00:00:00',0,0,'A-Z',NULL,NULL,NULL,'a-z',''),(5,2,'0000-00-00 00:00:00',0,0,'A-Z',NULL,NULL,NULL,'a-z',''),(6,1,'0000-00-00 00:00:00',0,0,'Z-A',NULL,NULL,NULL,'z-a',''),(6,2,'0000-00-00 00:00:00',0,0,'Z-A',NULL,NULL,NULL,'z-a',''),(10,1,'2022-10-20 14:36:21',0,0,'levo',NULL,NULL,NULL,'levo',''),(10,2,'2022-10-20 14:36:21',0,0,'left',NULL,NULL,NULL,'left',''),(11,1,'2022-10-20 14:36:21',0,0,'desno',NULL,NULL,NULL,'desno',''),(11,2,'2022-10-20 14:36:21',0,0,'right',NULL,NULL,NULL,'right',''),(12,1,'2022-09-26 15:55:05',0,0,'BIO',NULL,NULL,NULL,'bio',''),(12,2,'2022-09-26 15:55:05',0,0,'BIO',NULL,NULL,NULL,'bio',''),(13,1,'2022-09-26 15:55:05',0,0,'listki levo',NULL,NULL,NULL,'listki-levo',''),(13,2,'2022-09-26 15:55:05',0,0,'leaves left',NULL,NULL,NULL,'leaves-left',''),(14,1,'2022-09-26 15:55:05',0,0,'listki desno',NULL,NULL,NULL,'listki-desno',''),(14,2,'2022-09-26 15:55:05',0,0,'leaves right',NULL,NULL,NULL,'leaves-right',''),(17,1,'2022-09-26 15:55:05',0,0,'listki sredina',NULL,NULL,NULL,'listki-sredina',''),(17,2,'2022-09-26 15:55:05',0,0,'leaves center',NULL,NULL,NULL,'leaves-center',''),(18,1,'2022-10-20 11:03:27',0,0,'bela',NULL,NULL,NULL,'bela',''),(18,2,'2022-10-20 11:03:27',0,0,'white',NULL,NULL,NULL,'white',''),(19,1,'2022-10-20 11:03:27',0,0,'črna',NULL,NULL,NULL,'crna',''),(19,2,'2022-10-20 11:03:27',0,0,'black',NULL,NULL,NULL,'black',''),(20,1,'2022-10-20 14:36:21',0,0,'brez gumba',NULL,NULL,NULL,'brez-gumba',''),(20,2,'2022-10-20 14:36:21',0,0,'no button',NULL,NULL,NULL,'no-button',''),(21,1,'2023-06-27 09:21:31',0,0,'1',NULL,NULL,NULL,'1',''),(21,2,'2023-06-27 09:21:31',0,0,'1',NULL,NULL,NULL,'1',''),(22,1,'2023-06-27 09:21:31',0,0,'2',NULL,NULL,NULL,'2',''),(22,2,'2023-06-27 09:21:31',0,0,'2',NULL,NULL,NULL,'2',''),(23,1,'2023-06-27 09:21:31',0,0,'3',NULL,NULL,NULL,'3',''),(23,2,'2023-06-27 09:21:31',0,0,'3',NULL,NULL,NULL,'3','');

--
-- Table structure for table `ngn_static_categories`
--

CREATE TABLE `ngn_static_categories` (
  `news_id` int(11) NOT NULL,
  `category_id` int(11) NOT NULL,
  `position` int(11) NOT NULL DEFAULT 0,
  PRIMARY KEY (`news_id`,`category_id`),
  KEY `category_id` (`category_id`)
) ENGINE=InnoDB DEFAULT CHARSET=utf8;

--
-- Dumping data for table `ngn_static_categories`
--

INSERT INTO `ngn_static_categories` VALUES (1,8,-1),(2,9,-1),(3,9,-1),(4,12,-1),(5,12,-1),(6,12,-1),(7,7,-1),(8,20,-1),(9,2,-1),(9,40,0),(9,41,1),(9,42,2),(9,43,3),(9,44,4),(9,45,5),(9,46,6),(9,47,7),(10,32,-1),(11,32,-1),(12,23,-1),(13,24,-1),(14,27,-1),(15,49,-1),(16,50,-1),(17,28,-1),(18,12,-1),(19,51,-1),(20,52,-1),(21,52,-1),(22,26,-1),(23,53,-1),(24,66,-1),(25,31,-1),(26,33,-1),(27,5,-1),(28,6,-1),(29,4,-1),(30,73,-1),(31,71,-1),(32,69,-1),(33,70,-1),(34,68,-1),(35,72,-1),(36,87,-1),(37,0,-1);

--
-- Table structure for table `ngn_static_category`
--

CREATE TABLE `ngn_static_category` (
  `category_id` int(11) NOT NULL AUTO_INCREMENT,
  `category_enable` int(11) DEFAULT NULL,
  `category_createdate` datetime DEFAULT NULL,
  `category_showdate` datetime DEFAULT NULL,
  `category_hidedate` datetime DEFAULT NULL,
  `category_hide` tinyint(1) NOT NULL,
  `category_editdate` datetime DEFAULT NULL,
  `category_position` int(11) DEFAULT NULL,
  `category_type` int(11) NOT NULL,
  `category_parent` int(11) DEFAULT NULL,
  `category_photo` int(11) DEFAULT NULL,
  `category_restriction` int(11) NOT NULL,
  `category_template` int(11) NOT NULL,
  `category_template_news` int(11) NOT NULL,
  `category_source` varchar(200) NOT NULL,
  `category_source_url` varchar(200) NOT NULL,
  `category_photo2` int(11) DEFAULT NULL,
  `category_photo_language1` int(11) NOT NULL,
  `category_photo_language2` int(11) NOT NULL,
  PRIMARY KEY (`category_id`),
  KEY `category_enable` (`category_enable`),
  KEY `category_template` (`category_template`),
  KEY `category_template_news` (`category_template_news`),
  KEY `category_createdate` (`category_createdate`),
  KEY `category_editdate` (`category_editdate`),
  KEY `category_hidedate` (`category_hidedate`),
  KEY `category_showdate` (`category_showdate`)
) ENGINE=InnoDB AUTO_INCREMENT=98 DEFAULT CHARSET=utf8;

--
-- Dumping data for table `ngn_static_category`
--

INSERT INTO `ngn_static_category` VALUES (1,1,'2021-03-03 15:15:04',NULL,NULL,0,'2023-02-23 13:00:10',0,1,0,0,4,43,43,'','',NULL,0,0),(2,1,'2021-03-03 15:16:01',NULL,NULL,0,'2022-09-22 14:17:40',1,0,0,0,2,14,15,'','',NULL,0,0),(3,1,'2021-03-03 15:16:13',NULL,NULL,0,'2022-08-18 00:00:00',3,0,0,0,2,14,15,'','',NULL,0,0),(4,1,'2021-03-03 15:16:28',NULL,NULL,0,'2022-09-30 11:15:05',3,1,3,143,2,19,20,'','',NULL,0,0),(5,1,'2021-03-03 15:16:48',NULL,NULL,0,'2023-03-13 08:30:01',4,1,3,0,2,44,20,'','',NULL,0,0),(6,1,'2021-03-03 15:16:59',NULL,NULL,0,'2022-09-30 10:45:11',5,1,3,0,2,14,15,'','',NULL,0,0),(7,1,'2021-03-03 15:17:13',NULL,NULL,0,'2022-08-18 00:00:00',6,0,3,0,2,14,15,'','',NULL,0,0),(8,1,'2022-03-09 10:50:26',NULL,NULL,0,'2023-03-13 11:49:34',0,1,3,0,2,44,15,'','',NULL,0,0),(9,1,'2022-03-10 09:15:28',NULL,NULL,0,'2022-08-18 00:00:00',2,0,3,0,2,19,20,'','',NULL,0,0),(11,0,'2022-03-11 13:34:34',NULL,NULL,0,'2022-09-22 14:17:32',0,1,80,48,2,21,15,'','',NULL,0,0),(12,0,'2022-03-11 13:35:28',NULL,NULL,0,'2022-09-22 14:17:32',1,0,80,0,2,22,22,'','',NULL,0,0),(13,0,'2022-03-11 13:35:46',NULL,NULL,0,'2022-09-22 14:17:33',2,0,80,0,2,23,23,'','',NULL,0,0),(14,0,'2022-03-11 13:36:18',NULL,NULL,0,'2022-09-22 14:17:33',3,0,80,4,2,24,24,'','',NULL,0,0),(15,0,'2022-03-11 13:37:01',NULL,NULL,0,'2022-09-22 14:17:34',4,0,80,7,2,27,27,'','',NULL,0,0),(16,0,'2022-03-11 13:37:34',NULL,NULL,0,'2022-09-22 14:17:35',5,1,80,73,2,28,15,'','',NULL,0,0),(17,0,'2022-03-11 13:37:52',NULL,NULL,0,'2022-09-22 14:17:35',6,1,80,0,2,25,25,'','',NULL,0,0),(18,0,'2022-03-11 13:38:16',NULL,NULL,0,'2022-09-22 14:17:36',7,0,80,0,2,26,26,'','',NULL,0,0),(21,0,'2022-03-11 14:31:45',NULL,NULL,0,'2022-09-20 09:03:24',3,0,81,0,2,14,15,'','',NULL,0,0),(22,0,'2022-03-11 14:31:53',NULL,NULL,0,'2022-09-20 09:03:25',4,0,81,0,2,14,15,'','',NULL,0,0),(23,0,'2022-03-11 14:32:00',NULL,NULL,0,'2023-01-09 11:01:56',5,1,81,0,2,44,15,'','',NULL,0,0),(24,0,'2022-03-11 14:32:06',NULL,NULL,0,'2022-09-20 09:03:31',6,1,81,0,2,14,15,'','',75,0,0),(25,0,'2022-03-11 14:32:12',NULL,NULL,0,'2022-09-20 09:03:32',7,0,81,0,2,14,15,'','',NULL,0,0),(26,0,'2022-03-11 14:32:20',NULL,NULL,0,'2022-09-20 09:03:30',8,1,81,0,2,14,15,'','',0,0,0),(27,0,'2022-03-11 14:32:28',NULL,NULL,0,'2022-09-20 09:03:30',9,1,81,0,2,14,15,'','',69,0,0),(28,0,'2022-03-11 14:32:39',NULL,NULL,0,'2023-01-09 11:01:10',10,1,81,0,2,44,15,'','',66,0,0),(29,0,'2022-03-14 15:26:06',NULL,NULL,0,'2022-09-22 14:17:36',8,0,80,0,2,29,21,'','',NULL,0,0),(30,1,'2022-03-14 15:32:57',NULL,NULL,0,'2022-10-20 15:11:03',2,1,0,0,2,44,15,'','',NULL,0,0),(31,1,'2022-03-14 15:34:11',NULL,NULL,0,'2023-02-28 15:00:10',1,1,2,0,2,44,20,'','',NULL,0,0),(32,0,'2022-03-14 15:34:23',NULL,NULL,0,'2022-09-30 10:28:32',12,1,81,0,2,16,17,'','',NULL,0,0),(33,1,'2022-03-14 15:34:34',NULL,NULL,0,'2022-09-30 11:26:47',9,1,2,0,2,18,18,'','',NULL,0,0),(34,0,'2022-03-14 15:35:08',NULL,NULL,0,'2023-06-27 09:22:18',13,1,81,0,2,44,15,'','',NULL,0,0),(48,1,'2022-03-28 11:05:30',NULL,NULL,0,'2023-02-23 12:53:06',0,1,2,0,2,19,42,'','',NULL,0,0),(49,0,'2022-06-23 15:25:03',NULL,NULL,0,'2023-01-09 11:02:30',0,1,81,72,2,44,15,'','',72,0,0),(50,0,'2022-06-23 15:28:01',NULL,NULL,0,'2022-09-20 09:03:20',1,1,81,0,2,14,15,'','',0,0,0),(51,1,'2022-07-08 09:29:43',NULL,NULL,0,'2022-08-18 00:00:00',1,1,3,0,2,14,15,'','',NULL,0,0),(52,0,'2022-07-08 10:24:55',NULL,NULL,0,'2022-09-20 09:03:21',2,1,81,0,2,14,15,'','',0,0,0),(53,0,'2022-07-08 11:00:21',NULL,NULL,0,'2022-09-30 10:28:31',11,1,81,0,2,14,15,'','',NULL,0,0),(57,1,'2022-09-22 14:13:00',NULL,NULL,0,'2023-06-02 14:03:41',1,1,1,188,4,43,43,'','',188,1,1),(58,1,'2022-09-22 14:30:50',NULL,NULL,0,'2023-02-28 15:01:08',2,1,1,146,4,43,43,'','',NULL,0,0),(59,1,'2022-09-22 15:52:44',NULL,NULL,0,'2023-05-19 11:37:07',3,1,1,148,4,43,43,'','',NULL,0,0),(68,1,'2022-10-18 14:07:51',NULL,NULL,0,'2023-02-23 12:51:59',0,1,31,0,2,44,20,'','',NULL,0,0),(69,1,'2022-10-18 14:10:02',NULL,NULL,0,'2023-02-23 10:52:20',1,1,31,0,2,44,20,'','',NULL,0,0),(70,1,'2022-10-18 14:10:45',NULL,NULL,0,'2023-02-23 10:52:53',2,1,31,0,2,44,20,'','',NULL,0,0),(71,1,'2022-10-18 14:11:19',NULL,NULL,0,'2023-02-22 08:27:50',3,1,31,0,2,44,15,'','',NULL,0,0),(72,1,'2022-10-18 14:14:16',NULL,NULL,0,'2023-02-21 11:42:31',4,1,31,0,2,44,15,'','',NULL,0,0),(73,1,'2022-10-18 14:14:55',NULL,NULL,0,'2023-01-06 09:32:20',5,1,31,0,2,44,15,'','',NULL,0,0),(74,1,'2022-10-18 14:15:42',NULL,NULL,0,'2022-10-27 10:12:42',6,1,31,0,2,44,15,'','',NULL,0,0),(75,1,'2022-10-18 14:16:40',NULL,NULL,0,'2022-10-27 10:12:44',7,1,31,0,2,44,15,'','',NULL,0,0),(76,1,'2022-10-27 15:33:25',NULL,NULL,0,'2023-05-19 11:15:51',0,1,30,0,2,44,15,'','',NULL,0,0),(77,1,'2022-11-14 15:05:27',NULL,NULL,0,'2023-05-31 08:23:45',2,1,30,0,2,44,15,'','',NULL,0,0),(78,1,'2022-11-14 15:06:04',NULL,NULL,0,'2023-03-01 08:35:52',3,1,30,0,2,44,15,'','',NULL,0,0),(79,1,'2022-11-14 15:06:47',NULL,NULL,0,'2023-03-01 08:36:16',4,1,30,0,2,44,15,'','',NULL,0,0),(80,0,'2022-11-16 10:23:12',NULL,NULL,0,'2022-11-16 10:23:12',4,1,0,0,2,0,0,'','',NULL,0,0),(81,0,'2022-11-16 10:24:13',NULL,NULL,0,'2022-11-16 10:24:13',5,1,0,0,2,0,0,'','',NULL,0,0),(85,1,'2023-01-06 11:18:38',NULL,NULL,0,'2023-03-01 08:37:49',1,1,30,174,2,44,15,'','',NULL,1,0),(87,1,'2023-01-06 14:11:05',NULL,NULL,0,'2023-03-13 13:42:08',2,1,2,199,2,44,15,'','',NULL,0,1),(88,1,'2023-01-06 14:11:40',NULL,NULL,0,'2023-05-03 15:19:08',3,1,2,0,2,44,20,'','',NULL,0,0),(89,0,'2023-01-06 14:12:10',NULL,NULL,0,'2023-01-06 14:12:20',4,1,2,0,2,44,15,'','',NULL,0,0),(90,1,'2023-01-06 14:12:30',NULL,NULL,0,'2023-03-13 10:48:36',5,1,2,0,2,44,15,'','',NULL,0,0),(91,1,'2023-01-06 14:12:55',NULL,NULL,0,'2023-01-16 10:30:59',8,1,2,0,2,44,15,'','',NULL,0,0),(92,1,'2023-01-10 14:30:13',NULL,NULL,0,'2023-01-16 10:36:00',7,1,2,0,2,44,20,'','',NULL,0,0),(93,0,'2023-01-14 11:57:01',NULL,NULL,0,'2023-01-14 15:36:30',0,1,87,199,2,44,20,'','',NULL,1,0),(94,1,'2023-01-26 11:56:57',NULL,NULL,0,'2023-01-27 15:48:58',6,1,2,0,2,44,15,'','',NULL,0,0),(96,0,'2023-02-23 10:16:42',NULL,NULL,0,'2023-02-23 10:19:22',0,1,1,198,4,43,43,'','',NULL,0,0),(97,1,'2023-05-03 14:39:57',NULL,NULL,0,'2023-06-14 09:30:01',0,1,1,252,4,43,43,'','',NULL,0,0);

--
-- Table structure for table `ngn_static_category_file`
--

CREATE TABLE `ngn_static_category_file` (
  `type_id` int(11) NOT NULL AUTO_INCREMENT,
  `type_name` varchar(200) NOT NULL DEFAULT '',
  `type_extension` varchar(200) NOT NULL DEFAULT '',
  `type_type` varchar(200) NOT NULL DEFAULT '',
  `type_enable` int(11) NOT NULL DEFAULT 0,
  `type_photo` varchar(200) NOT NULL DEFAULT '',
  PRIMARY KEY (`type_id`)
) ENGINE=InnoDB DEFAULT CHARSET=utf8;

--
-- Dumping data for table `ngn_static_category_file`
--


--
-- Table structure for table `ngn_static_category_files`
--

CREATE TABLE `ngn_static_category_files` (
  `file_id` int(11) NOT NULL AUTO_INCREMENT,
  `category_id` int(11) NOT NULL DEFAULT 0,
  `file_type` int(11) NOT NULL DEFAULT 0,
  `file_group` int(11) NOT NULL,
  `file_size` int(11) NOT NULL DEFAULT 0,
  `file_list` int(11) NOT NULL DEFAULT 1,
  `file_file` varchar(100) NOT NULL DEFAULT '',
  `file_original_name` varchar(200) NOT NULL DEFAULT '0',
  `file_createdate` datetime NOT NULL,
  `file_showdate` datetime NOT NULL,
  `file_hidedate` datetime NOT NULL,
  `file_hide` smallint(1) NOT NULL,
  `file_owner` int(11) NOT NULL,
  `file_order` int(11) NOT NULL,
  PRIMARY KEY (`file_id`),
  KEY `category_id` (`category_id`),
  KEY `file_type` (`file_type`),
  KEY `file_createdate` (`file_createdate`),
  KEY `file_owner` (`file_owner`),
  KEY `file_group` (`file_group`),
  KEY `file_showdate` (`file_showdate`),
  KEY `file_hidedate` (`file_hidedate`),
  KEY `file_hide` (`file_hide`),
  KEY `file_order` (`file_order`),
  CONSTRAINT `ngn_static_category_files_ibfk_1` FOREIGN KEY (`category_id`) REFERENCES `ngn_static_category` (`category_id`) ON DELETE CASCADE ON UPDATE CASCADE
) ENGINE=InnoDB DEFAULT CHARSET=utf8;

--
-- Dumping data for table `ngn_static_category_files`
--


--
-- Table structure for table `ngn_static_category_files_language`
--

CREATE TABLE `ngn_static_category_files_language` (
  `file_id` int(11) NOT NULL,
  `language_id` int(11) NOT NULL DEFAULT 0,
  `editdate` datetime NOT NULL,
  `enable` int(11) NOT NULL,
  `approved` int(1) NOT NULL DEFAULT 0,
  `language_name` varchar(200) DEFAULT NULL,
  `language_description` text DEFAULT NULL,
  `language_meta` text DEFAULT NULL,
  `language_keywords` varchar(100) DEFAULT NULL,
  `language_url` varchar(100) DEFAULT NULL,
  `language_photo` varchar(100) NOT NULL DEFAULT '',
  PRIMARY KEY (`file_id`,`language_id`),
  KEY `language_id` (`language_id`),
  KEY `editdate` (`editdate`),
  CONSTRAINT `ngn_static_category_files_languageibfk_1` FOREIGN KEY (`file_id`) REFERENCES `ngn_static_category_files` (`file_id`) ON DELETE CASCADE ON UPDATE CASCADE
) ENGINE=InnoDB DEFAULT CHARSET=utf8;

--
-- Dumping data for table `ngn_static_category_files_language`
--


--
-- Table structure for table `ngn_static_category_groups`
--

CREATE TABLE `ngn_static_category_groups` (
  `id` int(11) NOT NULL AUTO_INCREMENT,
  `category_id` int(11) NOT NULL,
  `group_id` int(11) NOT NULL,
  `position` int(11) NOT NULL,
  `transfer` int(11) NOT NULL,
  `category` int(11) NOT NULL,
  PRIMARY KEY (`id`),
  UNIQUE KEY `category_id_2` (`category_id`,`group_id`),
  KEY `group_id` (`group_id`),
  KEY `category_id` (`category_id`),
  KEY `position` (`position`),
  CONSTRAINT `ngn_static_category_groups_ibfk_1` FOREIGN KEY (`category_id`) REFERENCES `ngn_static_category` (`category_id`) ON DELETE CASCADE ON UPDATE CASCADE,
  CONSTRAINT `ngn_static_category_groups_ibfk_2` FOREIGN KEY (`group_id`) REFERENCES `ngn_static_groups` (`group_id`) ON DELETE CASCADE ON UPDATE CASCADE
) ENGINE=InnoDB AUTO_INCREMENT=105 DEFAULT CHARSET=utf8;

--
-- Dumping data for table `ngn_static_category_groups`
--

INSERT INTO `ngn_static_category_groups` VALUES (1,4,4,0,1,0),(2,8,1,1,1,1),(3,9,1,0,1,1),(4,11,3,1,0,1),(5,12,3,0,0,1),(6,13,3,1,0,1),(7,14,3,1,0,1),(8,15,3,1,0,1),(9,16,3,1,0,1),(10,17,3,1,0,1),(11,18,3,1,0,1),(14,11,5,0,0,1),(15,28,1,1,0,1),(16,27,3,1,0,1),(17,26,1,1,0,1),(18,25,1,1,0,1),(19,24,1,1,0,1),(20,23,1,1,0,1),(21,22,1,1,0,1),(22,21,1,1,0,1),(24,13,6,0,0,1),(25,14,7,0,0,1),(26,15,7,0,0,1),(27,16,7,0,1,1),(29,17,8,0,0,1),(30,18,9,0,0,1),(32,29,3,0,0,1),(34,21,10,0,1,1),(35,22,10,0,1,1),(36,23,10,0,1,1),(37,24,10,0,1,1),(38,25,10,0,1,1),(39,26,10,0,1,1),(40,27,10,0,1,1),(41,28,10,0,1,1),(42,8,10,0,1,1),(43,48,1,0,0,1),(44,49,1,0,0,1),(45,49,10,1,1,0),(46,50,1,0,0,1),(47,50,10,1,1,0),(48,51,1,0,1,1),(49,52,1,0,0,1),(50,53,1,0,1,1),(51,53,10,1,0,0),(53,32,11,0,1,0),(55,57,12,0,0,1),(56,57,3,1,0,1),(63,58,12,0,0,1),(64,58,3,1,0,1),(65,59,12,0,1,1),(72,31,1,0,0,1),(73,69,1,0,0,1),(74,70,1,0,0,1),(75,71,1,0,0,1),(76,68,1,0,0,1),(77,72,1,0,1,1),(78,73,1,0,1,1),(79,74,1,0,1,1),(80,75,1,0,1,1),(81,30,1,0,1,1),(82,76,1,1,0,1),(83,76,13,0,0,1),(84,77,13,0,1,1),(85,78,13,0,1,1),(86,79,13,0,1,1),(91,87,1,0,0,1),(92,88,1,0,1,1),(93,89,1,0,1,1),(94,90,1,0,1,1),(95,91,1,0,1,1),(96,92,1,0,1,1),(97,94,1,0,1,1),(100,96,12,0,1,1),(101,85,1,1,0,1),(102,85,13,0,0,1),(103,97,12,0,1,1);

--
-- Table structure for table `ngn_static_category_groups_atribute`
--

CREATE TABLE `ngn_static_category_groups_atribute` (
  `cgid` int(11) NOT NULL,
  `gaid` int(11) NOT NULL,
  `language_id` int(11) NOT NULL,
  `valueInt` int(11) NOT NULL DEFAULT 0,
  `valueFloat` double NOT NULL DEFAULT 0,
  `valueText` text NOT NULL,
  PRIMARY KEY (`cgid`,`gaid`,`language_id`),
  KEY `language_id` (`language_id`),
  KEY `gaid` (`gaid`),
  KEY `cgid` (`cgid`),
  KEY `valueInt` (`valueInt`)
) ENGINE=InnoDB DEFAULT CHARSET=utf8;

--
-- Dumping data for table `ngn_static_category_groups_atribute`
--

INSERT INTO `ngn_static_category_groups_atribute` VALUES (0,1,1,0,0,''),(0,2,1,0,0,''),(0,3,1,0,0,''),(0,4,1,0,0,''),(0,10,1,0,0,''),(0,16,1,0,0,''),(0,16,2,0,0,''),(0,17,1,0,0,''),(0,17,2,0,0,''),(0,18,1,0,0,''),(0,18,2,0,0,''),(0,19,1,0,0,''),(0,19,2,0,0,''),(0,20,1,0,0,''),(0,20,2,0,0,''),(0,26,1,0,0,''),(0,26,2,0,0,''),(0,27,1,0,0,''),(0,27,2,0,0,''),(0,30,1,0,0,''),(0,31,1,0,0,''),(0,38,1,0,0,''),(2,1,1,0,0,''),(2,2,1,0,0,''),(2,3,1,0,0,''),(2,4,1,0,0,''),(2,10,1,0,0,''),(2,30,1,0,0,''),(2,31,1,0,0,''),(2,38,1,0,0,''),(3,1,1,0,0,''),(3,2,1,0,0,''),(3,3,1,0,0,''),(3,4,1,0,0,''),(3,10,1,0,0,''),(4,6,1,0,0,''),(4,7,1,0,0,''),(4,8,1,0,0,''),(4,9,1,0,0,''),(5,6,1,0,0,''),(5,7,1,0,0,''),(5,8,1,0,0,''),(5,9,1,0,0,''),(6,6,1,0,0,''),(6,7,1,0,0,''),(6,8,1,0,0,''),(6,9,1,0,0,''),(7,6,1,0,0,''),(7,7,1,0,0,''),(7,8,1,0,0,''),(7,9,1,0,0,''),(8,6,1,0,0,''),(8,7,1,0,0,''),(8,8,1,0,0,''),(8,9,1,0,0,''),(9,6,1,0,0,''),(9,7,1,0,0,''),(9,8,1,0,0,''),(9,9,1,0,0,''),(10,6,1,0,0,''),(10,7,1,0,0,''),(10,8,1,0,0,''),(10,9,1,0,0,''),(11,6,1,0,0,''),(11,7,1,0,0,''),(11,8,1,0,0,''),(11,9,1,0,0,''),(14,13,1,0,0,'FAKE PASSION'),(14,13,2,0,0,'FAKE PASSION'),(14,14,1,0,0,'YOU CAN&#039;T '),(14,14,2,0,0,'YOU CAN&#039;T '),(15,1,1,0,0,''),(15,2,1,0,0,''),(15,3,1,0,0,''),(15,4,1,0,0,''),(15,10,1,0,0,''),(15,30,1,0,0,''),(15,31,1,0,0,''),(15,38,1,0,0,''),(16,6,1,0,0,''),(16,7,1,0,0,''),(16,8,1,0,0,''),(16,9,1,0,0,''),(17,1,1,0,0,''),(17,2,1,0,0,''),(17,3,1,0,0,''),(17,4,1,0,0,''),(17,10,1,0,0,''),(17,30,1,0,0,''),(17,31,1,0,0,''),(18,1,1,0,0,''),(18,2,1,0,0,''),(18,3,1,0,0,''),(18,4,1,0,0,''),(18,10,1,0,0,''),(19,1,1,0,0,''),(19,2,1,0,0,''),(19,3,1,0,0,''),(19,4,1,0,0,''),(19,10,1,0,0,''),(19,30,1,0,0,''),(19,31,1,0,0,''),(20,1,1,0,0,''),(20,2,1,0,0,''),(20,3,1,0,0,''),(20,4,1,0,0,''),(20,10,1,0,0,''),(20,30,1,1,0,''),(20,31,1,1,0,''),(20,38,1,0,0,''),(21,1,1,0,0,''),(21,2,1,0,0,''),(21,3,1,0,0,''),(21,4,1,0,0,''),(21,10,1,0,0,''),(22,1,1,0,0,''),(22,2,1,0,0,''),(22,3,1,0,0,''),(22,4,1,0,0,''),(22,10,1,0,0,''),(23,1,1,0,0,''),(23,2,1,0,0,''),(23,3,1,0,0,''),(23,4,1,0,0,''),(23,10,1,0,0,''),(23,30,1,1,0,''),(23,31,1,0,0,''),(24,15,1,0,0,'&lt;p&gt;Our intelligent digital strategy and a pragmatic and thoughtful approach to solving business calls deliver a successful framework for both you and your audience.&lt;/p&gt;'),(24,15,2,0,0,'&lt;p&gt;Our intelligent digital strategy and a pragmatic and thoughtful approach to solving business calls deliver a successful framework for both you and your audience.&lt;/p&gt;'),(25,16,1,0,0,'Glamping'),(25,16,2,0,0,'Glamping'),(25,17,1,0,0,'Some title'),(25,17,2,0,0,'Some title'),(25,18,1,0,0,'&lt;p&gt;In the design process, they create both functional and beautiful things. The team possesses unique individuality and strong qualifications and can easily translate something so abstract and visionary into a digital experience. They always put the clients first no matter how complicated the tasks are&amp;rdquo;.&lt;/p&gt;'),(25,18,2,0,0,'&lt;p&gt;In the design process, they create both functional and beautiful things. The team possesses unique individuality and strong qualifications and can easily translate something so abstract and visionary into a digital experience. They always put the clients first no matter how complicated the tasks are&amp;rdquo;.&lt;/p&gt;'),(25,19,1,0,0,'Read more'),(25,19,2,0,0,'Read more'),(25,20,1,0,0,''),(25,20,2,0,0,''),(26,16,1,0,0,'Vintage tour'),(26,16,2,0,0,'Vintage tour'),(26,17,1,0,0,'Some title'),(26,17,2,0,0,'Some title'),(26,18,1,0,0,'&lt;p&gt;In the design process, they create both functional and beautiful things. The team possesses unique individuality and strong qualifications and can easily translate something so abstract and visionary into a digital experience. They always put the clients first no matter how complicated the tasks are&amp;rdquo;.&lt;/p&gt;\r\n&lt;p&gt;&lt;/p&gt;'),(26,18,2,0,0,'&lt;p&gt;In the design process, they create both functional and beautiful things. The team possesses unique individuality and strong qualifications and can easily translate something so abstract and visionary into a digital experience. They always put the clients first no matter how complicated the tasks are&amp;rdquo;.&lt;/p&gt;\r\n&lt;p&gt;&lt;/p&gt;'),(26,19,1,0,0,'Read more'),(26,19,2,0,0,'Read more'),(26,20,1,0,0,''),(26,20,2,0,0,''),(27,16,1,0,0,''),(27,16,2,0,0,''),(27,17,1,0,0,'NO WASTE MILL'),(27,17,2,0,0,'NO WASTE MILL'),(27,18,1,0,0,'&lt;p&gt;&lt;strong&gt;LEAFS:&lt;/strong&gt;&lt;/p&gt;\r\n&lt;ul&gt;\r\n&lt;li&gt;biologic tea&lt;/li&gt;\r\n&lt;/ul&gt;\r\n&lt;p&gt;&lt;strong&gt;SEEDS:&lt;/strong&gt;&lt;/p&gt;\r\n&lt;ul&gt;\r\n&lt;li&gt;pallets for heating&lt;/li&gt;\r\n&lt;li&gt;scrub&lt;/li&gt;\r\n&lt;li&gt;piling&lt;/li&gt;\r\n&lt;/ul&gt;\r\n&lt;p&gt;&lt;strong&gt;PATE:&lt;/strong&gt;&lt;/p&gt;\r\n&lt;ul&gt;\r\n&lt;li&gt;food supplement for animals&lt;/li&gt;\r\n&lt;/ul&gt;\r\n&lt;p&gt;&lt;strong&gt;WATER:&lt;/strong&gt;&lt;/p&gt;\r\n&lt;ul&gt;\r\n&lt;li&gt;BIO gas&lt;/li&gt;\r\n&lt;/ul&gt;'),(27,18,2,0,0,'&lt;p&gt;&lt;strong&gt;LEAFS:&lt;/strong&gt;&lt;/p&gt;\r\n&lt;ul&gt;\r\n&lt;li&gt;biologic tea&lt;/li&gt;\r\n&lt;/ul&gt;\r\n&lt;p&gt;&lt;strong&gt;SEEDS:&lt;/strong&gt;&lt;/p&gt;\r\n&lt;ul&gt;\r\n&lt;li&gt;pallets for heating&lt;/li&gt;\r\n&lt;li&gt;scrub&lt;/li&gt;\r\n&lt;li&gt;piling&lt;/li&gt;\r\n&lt;/ul&gt;\r\n&lt;p&gt;&lt;strong&gt;PATE:&lt;/strong&gt;&lt;/p&gt;\r\n&lt;ul&gt;\r\n&lt;li&gt;food supplement for animals&lt;/li&gt;\r\n&lt;/ul&gt;\r\n&lt;p&gt;&lt;strong&gt;WATER:&lt;/strong&gt;&lt;/p&gt;\r\n&lt;ul&gt;\r\n&lt;li&gt;BIO gas&lt;/li&gt;\r\n&lt;/ul&gt;'),(27,19,1,0,0,''),(27,19,2,0,0,''),(27,20,1,0,0,''),(27,20,2,0,0,''),(29,21,1,0,0,'Some Title'),(29,21,2,0,0,'Some Title'),(29,22,1,0,0,'&lt;p&gt;In the design process, they create both functional and beautiful things. The team possesses unique individuality and strong qualifications and can easily translate something so abstract and visionary into a digital experience. They always put the clients first no matter how complicated the tasks are&amp;rdquo;.&lt;/p&gt;'),(29,22,2,0,0,'&lt;p&gt;In the design process, they create both functional and beautiful things. The team possesses unique individuality and strong qualifications and can easily translate something so abstract and visionary into a digital experience. They always put the clients first no matter how complicated the tasks are&amp;rdquo;.&lt;/p&gt;'),(29,23,1,0,0,'Read more'),(29,23,2,0,0,'Read more'),(29,24,1,0,0,''),(29,24,2,0,0,''),(29,25,1,0,0,'https://player.vimeo.com/video/723706801?h=9828ce9476&amp;badge=0&amp;autopause=0&amp;player_id=0&amp;app_id=58479'),(29,32,1,0,0,'&lt;iframe title=&quot;vimeo-player&quot; src=&quot;https://player.vimeo.com/video/723761884?h=6127f372a6&quot; width=&quot;640&quot; height=&quot;360&quot; frameborder=&quot;0&quot; allowfullscreen&gt;&lt;/iframe&gt;'),(30,26,1,0,0,'Send request'),(30,26,2,0,0,'Send request'),(30,27,1,0,0,'Contact'),(30,27,2,0,0,'Contact'),(32,6,1,0,0,''),(32,7,1,0,0,''),(32,8,1,0,0,''),(32,9,1,0,0,''),(33,28,1,0,0,'Olive'),(33,28,2,0,0,'Olive'),(33,29,1,0,0,'Oil'),(33,29,2,0,0,'Oil'),(34,28,1,0,0,''),(34,28,2,0,0,''),(34,29,1,0,0,''),(34,29,2,0,0,''),(36,28,1,0,0,''),(36,28,2,0,0,''),(36,29,1,0,0,''),(36,29,2,0,0,''),(37,28,1,0,0,''),(37,28,2,0,0,''),(37,29,1,0,0,''),(37,29,2,0,0,''),(39,28,1,0,0,''),(39,28,2,0,0,''),(39,29,1,0,0,''),(39,29,2,0,0,''),(40,28,1,0,0,''),(40,28,2,0,0,''),(40,29,1,0,0,''),(40,29,2,0,0,''),(41,28,1,0,0,''),(41,28,2,0,0,''),(41,29,1,0,0,''),(41,29,2,0,0,''),(42,28,1,0,0,''),(42,28,2,0,0,''),(42,29,1,0,0,''),(42,29,2,0,0,''),(43,1,1,3,0,''),(43,2,1,5,0,''),(43,3,1,0,0,''),(43,4,1,1,0,''),(43,10,1,999,0,''),(43,30,1,0,0,''),(43,31,1,0,0,''),(43,38,1,0,0,''),(44,1,1,0,0,''),(44,2,1,0,0,''),(44,3,1,0,0,''),(44,4,1,0,0,''),(44,10,1,0,0,''),(44,30,1,0,0,''),(44,31,1,0,0,''),(44,38,1,0,0,''),(46,1,1,0,0,''),(46,2,1,0,0,''),(46,3,1,0,0,''),(46,4,1,0,0,''),(46,10,1,0,0,''),(46,30,1,0,0,''),(46,31,1,0,0,''),(49,1,1,0,0,''),(49,2,1,0,0,''),(49,3,1,0,0,''),(49,4,1,0,0,''),(49,10,1,0,0,''),(49,30,1,0,0,''),(49,31,1,0,0,''),(50,1,1,0,0,''),(50,2,1,0,0,''),(50,3,1,0,0,''),(50,4,1,0,0,''),(50,10,1,0,0,''),(50,30,1,0,0,''),(50,31,1,0,0,''),(52,1,1,0,0,''),(52,2,1,0,0,''),(52,3,1,0,0,''),(52,4,1,1,0,''),(52,10,1,0,0,''),(52,30,1,0,0,''),(52,31,1,0,0,''),(54,1,1,4,0,''),(54,2,1,5,0,''),(54,3,1,0,0,''),(54,4,1,1,0,''),(54,10,1,0,0,''),(54,30,1,0,0,''),(54,31,1,0,0,''),(55,34,1,11,0,''),(55,35,1,0,0,'/si/oljcno-olje/'),(55,35,2,0,0,'/en/olive-oil/'),(55,36,1,0,0,''),(55,37,1,18,0,''),(55,37,2,0,0,''),(56,6,1,0,0,''),(56,7,1,0,0,''),(56,8,1,0,0,''),(56,9,1,0,0,''),(63,34,1,11,0,''),(63,35,1,0,0,'/si/kozmetika/'),(63,35,2,0,0,'/en/shop/cosmetics/'),(63,36,1,0,0,''),(63,37,1,19,0,''),(63,37,2,19,0,''),(64,6,1,0,0,''),(64,7,1,0,0,''),(64,8,1,0,0,''),(64,9,1,0,0,''),(65,34,1,10,0,''),(65,35,1,0,0,'/si/les/'),(65,35,2,0,0,'/en/wood/'),(65,36,1,0,0,''),(65,37,1,0,0,''),(65,37,2,18,0,''),(66,34,1,0,0,''),(66,35,1,0,0,'test'),(66,35,2,0,0,'test'),(66,36,1,0,0,'13'),(67,34,1,10,0,''),(67,35,1,0,0,'test'),(67,35,2,0,0,'test'),(67,36,1,0,0,''),(68,34,1,0,0,''),(68,35,1,0,0,''),(68,35,2,0,0,''),(68,36,1,0,0,'14'),(69,34,1,0,0,''),(69,35,1,0,0,''),(69,35,2,0,0,''),(69,36,1,0,0,''),(70,34,1,10,0,''),(70,35,1,0,0,'test'),(70,35,2,0,0,'test'),(70,36,1,0,0,''),(71,34,1,10,0,''),(71,35,1,0,0,'test'),(71,35,2,0,0,'test'),(71,36,1,0,0,'12'),(72,1,1,0,0,''),(72,2,1,0,0,''),(72,3,1,0,0,''),(72,4,1,0,0,''),(72,10,1,0,0,''),(72,30,1,1,0,''),(72,31,1,0,0,''),(72,38,1,0,0,''),(73,1,1,0,0,''),(73,2,1,0,0,''),(73,3,1,0,0,''),(73,4,1,1,0,''),(73,10,1,0,0,''),(73,30,1,1,0,''),(73,31,1,0,0,''),(73,38,1,0,0,''),(74,1,1,0,0,''),(74,2,1,0,0,''),(74,3,1,0,0,''),(74,4,1,1,0,''),(74,10,1,0,0,''),(74,30,1,1,0,''),(74,31,1,0,0,''),(74,38,1,0,0,''),(75,1,1,0,0,''),(75,2,1,0,0,''),(75,3,1,0,0,''),(75,4,1,1,0,''),(75,10,1,0,0,''),(75,30,1,1,0,''),(75,31,1,0,0,''),(75,38,1,0,0,''),(76,1,1,0,0,''),(76,2,1,0,0,''),(76,3,1,0,0,''),(76,4,1,1,0,''),(76,10,1,0,0,''),(76,30,1,1,0,''),(76,31,1,0,0,''),(76,38,1,0,0,''),(77,1,1,0,0,''),(77,2,1,0,0,''),(77,3,1,0,0,''),(77,4,1,1,0,''),(77,10,1,0,0,''),(77,30,1,1,0,''),(77,31,1,0,0,''),(77,38,1,0,0,''),(78,1,1,0,0,''),(78,2,1,0,0,''),(78,3,1,0,0,''),(78,4,1,1,0,''),(78,10,1,0,0,''),(78,30,1,1,0,''),(78,31,1,0,0,''),(78,38,1,0,0,''),(79,1,1,0,0,''),(79,2,1,0,0,''),(79,3,1,0,0,''),(79,4,1,1,0,''),(79,10,1,0,0,''),(79,30,1,1,0,''),(79,31,1,0,0,''),(80,1,1,0,0,''),(80,2,1,0,0,''),(80,3,1,0,0,''),(80,4,1,1,0,''),(80,10,1,0,0,''),(80,30,1,1,0,''),(80,31,1,0,0,''),(82,1,1,0,0,''),(82,2,1,0,0,''),(82,3,1,0,0,''),(82,4,1,0,0,''),(82,10,1,0,0,''),(82,30,1,0,0,''),(82,31,1,0,0,''),(82,38,1,0,0,''),(83,39,1,0,0,'/si/oljcno-olje/'),(83,39,2,0,0,'/en/olive-oil/'),(84,39,1,0,0,'/si/les/'),(84,39,2,0,0,'/en/wood/'),(85,39,1,0,0,'/si/kozmetika/'),(85,39,2,0,0,'/en/cosmetics/'),(86,39,1,0,0,'/si/poslovna-darila/'),(86,39,2,0,0,'/en/business-gifts/'),(87,34,1,0,0,''),(87,35,1,0,0,''),(87,35,2,0,0,''),(87,36,1,0,0,''),(87,37,1,0,0,''),(87,37,2,0,0,''),(91,1,1,0,0,''),(91,2,1,0,0,''),(91,3,1,0,0,''),(91,4,1,1,0,''),(91,10,1,0,0,''),(91,30,1,0,0,''),(91,31,1,0,0,''),(91,38,1,0,0,''),(92,1,1,0,0,''),(92,2,1,0,0,''),(92,3,1,0,0,''),(92,4,1,1,0,''),(92,10,1,0,0,''),(92,30,1,0,0,''),(92,31,1,0,0,''),(92,38,1,0,0,''),(94,1,1,0,0,''),(94,2,1,0,0,''),(94,3,1,0,0,''),(94,4,1,1,0,''),(94,10,1,0,0,''),(94,30,1,0,0,''),(94,31,1,0,0,''),(94,38,1,0,0,''),(95,1,1,0,0,''),(95,2,1,0,0,''),(95,3,1,0,0,''),(95,4,1,1,0,''),(95,10,1,0,0,''),(95,30,1,0,0,''),(95,31,1,0,0,''),(95,38,1,0,0,''),(96,1,1,0,0,''),(96,2,1,0,0,''),(96,3,1,0,0,''),(96,4,1,1,0,''),(96,10,1,0,0,''),(96,30,1,0,0,''),(96,31,1,0,0,''),(96,38,1,0,0,''),(97,1,1,0,0,''),(97,2,1,0,0,''),(97,3,1,0,0,''),(97,4,1,1,0,''),(97,10,1,0,0,''),(97,30,1,0,0,''),(97,31,1,0,0,''),(97,38,1,0,0,''),(100,34,1,0,0,''),(100,35,2,0,0,'/en/business-gifts/'),(100,36,1,0,0,''),(100,37,2,0,0,''),(101,1,1,0,0,''),(101,2,1,0,0,''),(101,3,1,0,0,''),(101,4,1,0,0,''),(101,10,1,0,0,''),(101,30,1,0,0,''),(101,31,1,0,0,''),(101,38,1,1,0,''),(102,39,1,0,0,'/si/vina-in-destilerija/'),(102,39,2,0,0,'/en/wine-distillery/'),(103,34,1,11,0,''),(103,35,1,0,0,'/si/degustacije/'),(103,35,2,0,0,'/en/tasting/'),(103,36,1,0,0,''),(103,37,1,0,0,''),(103,37,2,18,0,''),(104,40,1,0,0,'21,22,23');

--
-- Table structure for table `ngn_static_category_groups_atribute_multi`
--

CREATE TABLE `ngn_static_category_groups_atribute_multi` (
  `cgid` int(11) NOT NULL,
  `category_id` int(11) NOT NULL,
  `gaid` int(11) NOT NULL,
  `language_id` int(11) NOT NULL,
  `valueInt` int(11) NOT NULL,
  `item_order` int(11) NOT NULL,
  PRIMARY KEY (`cgid`,`gaid`,`language_id`,`valueInt`),
  KEY `item_order` (`item_order`)
) ENGINE=InnoDB DEFAULT CHARSET=utf8;

--
-- Dumping data for table `ngn_static_category_groups_atribute_multi`
--

INSERT INTO `ngn_static_category_groups_atribute_multi` VALUES (55,57,36,1,13,0),(55,57,36,1,14,0),(55,57,36,1,17,0),(63,58,36,1,12,0),(63,58,36,1,13,1),(63,58,36,1,17,0),(66,60,36,1,13,0),(68,62,36,1,13,0),(68,62,36,1,14,0),(70,64,36,1,14,0),(71,65,36,1,12,0),(71,65,36,1,13,1),(71,65,36,1,14,2),(104,34,40,1,21,0),(104,34,40,1,22,1),(104,34,40,1,23,2);

--
-- Table structure for table `ngn_static_category_language`
--

CREATE TABLE `ngn_static_category_language` (
  `category_id` int(11) NOT NULL,
  `language_id` int(11) NOT NULL DEFAULT 0,
  `editdate` datetime NOT NULL,
  `enable` int(11) NOT NULL,
  `approved` int(1) NOT NULL DEFAULT 0,
  `language_name` varchar(200) DEFAULT NULL,
  `language_description` text DEFAULT NULL,
  `language_meta` text DEFAULT NULL,
  `language_keywords` varchar(100) DEFAULT NULL,
  `language_url` varchar(100) DEFAULT NULL,
  `photo1` int(11) NOT NULL,
  `photo2` int(11) NOT NULL,
  `language_photo` varchar(100) NOT NULL DEFAULT '',
  `language_photo2` varchar(100) DEFAULT NULL,
  `language_html` text NOT NULL,
  PRIMARY KEY (`category_id`,`language_id`),
  KEY `language_id` (`language_id`),
  KEY `editdate` (`editdate`),
  FULLTEXT KEY `language_html` (`language_html`),
  CONSTRAINT `ngn_static_category_language_ibfk_1` FOREIGN KEY (`category_id`) REFERENCES `ngn_static_category` (`category_id`) ON DELETE CASCADE ON UPDATE CASCADE
) ENGINE=InnoDB DEFAULT CHARSET=utf8;

--
-- Dumping data for table `ngn_static_category_language`
--

INSERT INTO `ngn_static_category_language` VALUES (1,1,'2023-02-23 13:00:10',1,1,'INDEX','','','','index',0,0,'','',''),(1,2,'2022-03-14 16:27:33',1,1,'INDEX','','','','index',0,0,'','',''),(2,1,'2021-03-03 15:16:01',1,1,'MENI','','','','meni',0,0,'','',''),(2,2,'2021-03-03 15:16:01',1,1,'MENI','','','','meni',0,0,'','',''),(3,1,'2021-03-03 15:16:13',1,1,'NE TIKAJ','','','','ne-tikaj',0,0,'','',''),(3,2,'2021-03-03 15:16:13',1,1,'NE TIKAJ','','','','ne-tikaj',0,0,'','',''),(4,1,'2021-03-03 15:16:28',1,1,'Lokacija','','','','lokacija',0,0,'','',''),(4,2,'2022-09-30 11:15:05',1,1,'Lokacija','','','','lokacija',0,0,'','',''),(5,1,'2022-09-30 10:45:08',1,1,'Splo&scaron;ni pogoji','','','','splosni-pogoji',0,0,'','',''),(5,2,'2023-03-13 08:30:01',1,1,'General terms and conditions','','','','general-terms-and-conditions',0,0,'','',''),(6,1,'2022-09-30 10:45:11',1,1,'Varstvo osebnih podatkov','','','','varstvo-osebnih-podatkov',0,0,'','',''),(6,2,'2022-09-30 10:39:30',1,1,'Privacy policy','','','','privacy-policy',0,0,'','',''),(7,1,'2021-03-03 15:17:13',1,1,'Header photo','','','','header-photo',0,0,'','',''),(7,2,'2021-03-03 15:17:13',1,1,'Header photo','','','','header-photo',0,0,'','',''),(8,1,'2023-03-13 11:49:31',1,1,'Podstran','','','','podstran',0,0,'',NULL,''),(8,2,'2023-03-13 11:49:34',1,1,'Podstran','','','','podstran',0,0,'',NULL,''),(9,1,'2022-03-10 09:31:17',1,1,'Grid artiklov','','','','grid-artiklov',0,0,'',NULL,''),(9,2,'2022-03-10 09:31:17',1,1,'Grid artiklov','','','','grid-artiklov',0,0,'',NULL,''),(11,1,'2022-06-23 15:16:09',1,1,'Slider','','','','slider',0,0,'',NULL,''),(11,2,'2022-06-23 15:16:09',1,1,'Slider','','','','slider',0,0,'',NULL,''),(12,1,'2022-03-11 13:48:08',1,1,'{i} Storitve','','','','i-storitve',0,0,'',NULL,''),(12,2,'2022-03-11 13:48:08',1,1,'{i} Storitve','','','','i-storitve',0,0,'',NULL,''),(13,1,'2022-03-11 15:40:21',1,1,'{i} Tekst','','','','i-tekst',0,0,'',NULL,''),(13,2,'2022-03-11 15:40:21',1,1,'{i} Tekst','','','','i-tekst',0,0,'',NULL,''),(14,1,'2022-03-14 10:57:14',1,1,'{i} Slika - tekst (vodoravna)','','','','i-tekst-slika',0,0,'',NULL,''),(14,2,'2022-03-14 10:57:14',1,1,'{i} Slika - tekst (vodoravna)','','','','i-tekst-slika',0,0,'',NULL,''),(15,1,'2022-03-14 11:29:47',1,1,'{i} Slika - tekst (kvadrat)','','','','i-slika-tekst-2',0,0,'',NULL,''),(15,2,'2022-03-14 11:29:47',1,1,'{i} Slika - tekst (kvadrat)','','','','i-slika-tekst-2',0,0,'',NULL,''),(16,1,'2022-06-24 11:38:57',1,1,'{i} Slika - tekst (navpična)','','','','i-slika-tekst-navpicna',0,0,'',NULL,''),(16,2,'2022-06-24 11:38:57',1,1,'{i} Slika - tekst (navpična)','','','','i-slika-tekst-navpicna',0,0,'',NULL,''),(17,1,'2022-07-07 13:56:02',1,1,'{i} Video - tekst','','','','i-video-tekst',0,0,'',NULL,''),(17,2,'2022-07-07 13:56:02',1,1,'{i} Video - tekst','','','','i-video-tekst',0,0,'',NULL,''),(18,1,'2022-03-14 15:15:42',1,1,'{i} Kontakt','','','','i-kontakt',0,0,'',NULL,''),(18,2,'2022-03-14 15:15:42',1,1,'{i} Kontakt','','','','i-kontakt',0,0,'',NULL,''),(21,1,'2022-03-17 10:15:42',1,1,'Olive garden','','','','olive-garden',0,0,'',NULL,''),(21,2,'2022-03-17 10:15:42',1,1,'Olive garden','','','','olive-garden',0,0,'',NULL,''),(22,1,'2022-03-17 10:15:48',1,1,'Olive wood','','','','olive-wood',0,0,'',NULL,''),(22,2,'2022-03-17 10:15:48',1,1,'Olive wood','','','','olive-wood',0,0,'',NULL,''),(23,1,'2023-01-09 11:01:51',1,1,'Vintage tour','','','','23-vintage-tour',0,0,'',NULL,''),(23,2,'2023-01-09 11:01:56',1,1,'Vintage tour','','','','23-vintage-tour',0,0,'',NULL,''),(24,1,'2022-06-24 14:36:29',1,1,'Events','','','','events',0,0,'',NULL,''),(24,2,'2022-06-24 14:36:29',1,1,'Events','','','','events',0,0,'',NULL,''),(25,1,'2022-03-17 10:16:05',1,1,'Pergola','','','','pergola',0,0,'',NULL,''),(25,2,'2022-03-17 10:16:05',1,1,'Pergola','','','','pergola',0,0,'',NULL,''),(26,1,'2022-07-08 11:16:11',1,1,'Glamping','','','','glamping',0,0,'','',''),(26,2,'2022-07-08 11:16:11',1,1,'Glamping','','','','glamping',0,0,'','',''),(27,1,'2022-06-24 14:38:03',1,1,'Olive mill','','','','olive-mill',0,0,'','',''),(27,2,'2022-06-24 14:38:03',1,1,'Olive mill','','','','olive-mill',0,0,'','',''),(28,1,'2023-01-09 11:01:10',1,1,'Food truck','','','','28-food-truck',0,0,'','',''),(28,2,'2022-06-24 14:39:46',1,1,'Food truck','','','','food-truck',0,0,'','',''),(29,1,'2022-03-14 15:26:51',1,1,'{i} Instagram','','','','i-instagram',0,0,'',NULL,''),(29,2,'2022-03-14 15:26:51',1,1,'{i} Instagram','','','','i-instagram',0,0,'',NULL,''),(30,1,'2022-10-20 15:11:03',1,1,'Meni (2)','','','','meni-2',0,0,'',NULL,''),(30,2,'2022-03-14 15:32:57',1,1,'Meni (2)','','','','meni-2',0,0,'',NULL,''),(31,1,'2023-02-28 15:00:10',0,1,'o nas','','','','o-nas',0,0,'',NULL,''),(31,2,'2023-02-21 13:45:34',1,1,'about us','','','lisjak, lisjak olive oil, lisjak olive wood, lisjak oil','about-us',0,0,'',NULL,''),(32,1,'2022-09-20 11:17:00',1,1,'novice','','','','novice',0,0,'',NULL,''),(32,2,'2022-09-20 11:17:07',1,1,'blog','','','','novice',0,0,'',NULL,''),(33,1,'2022-09-30 11:26:47',1,1,'kontakt','','','','kontakt',0,0,'',NULL,''),(33,2,'2022-09-30 10:30:09',1,1,'contact us','','','','contact-us',0,0,'',NULL,''),(34,1,'2023-06-27 09:22:18',1,1,'gallery','','','','gallery',0,0,'',NULL,''),(34,2,'2022-09-20 11:17:16',1,1,'gallery','','','','gallery',0,0,'',NULL,''),(48,1,'2023-02-23 12:53:06',1,1,'Spletna trgovina','','','','spletna-trgovina',0,0,'',NULL,''),(48,2,'2022-09-22 11:43:43',1,1,'Shop','','','','shop',0,0,'',NULL,''),(49,1,'2023-01-09 11:02:25',1,1,'Tasting','','','','49-tasting',0,0,'','',''),(49,2,'2023-01-09 11:02:30',1,1,'Tasting','','','','49-tasting',0,0,'','',''),(50,1,'2022-07-08 11:14:13',1,1,'Wine and gin','','','','wine-and-gin',0,0,'','',''),(50,2,'2022-07-08 11:14:13',1,1,'Wine and gin','','','','wine-and-gin',0,0,'','',''),(51,1,'2022-07-08 09:29:56',1,1,'Press','','','','press',0,0,'',NULL,''),(51,2,'2022-07-08 09:29:56',1,1,'Press','','','','press',0,0,'',NULL,''),(52,1,'2022-07-08 11:14:38',1,1,'Bioclimatic pergola','','','','bioclimatic-pergola',0,0,'','',''),(52,2,'2022-07-08 11:14:38',1,1,'Bioclimatic pergola','','','','bioclimatic-pergola',0,0,'','',''),(53,1,'2022-09-20 11:16:52',1,1,'coming soon','','','','coming-soon',0,0,'',NULL,''),(53,2,'2022-09-20 11:16:54',1,1,'coming soon','','','','coming-soon',0,0,'',NULL,''),(57,1,'2023-06-02 14:03:41',1,1,'Oljčno olje','','','','oljcno-olje',198,0,'','',''),(57,2,'2023-02-28 15:00:52',1,1,'Olive oil','','','','olive-oil',198,0,'','',''),(58,1,'2023-02-28 15:01:08',1,1,'Cosmetics','','','','cosmetics',0,0,'',NULL,''),(58,2,'2022-10-25 08:13:26',1,1,'Cosmetics','','','','cosmetics',0,0,'',NULL,''),(59,1,'2023-05-19 11:37:07',1,1,'Wood','','','','wood',0,0,'',NULL,''),(59,2,'2023-02-23 10:14:47',1,1,'Wood','','','','wood',0,0,'',NULL,''),(68,1,'2023-02-23 12:51:59',0,1,'Family tradition','','','','family-tradition',0,0,'',NULL,''),(68,2,'2023-02-23 10:51:34',1,1,'Family tradition','','','','family-tradition',0,0,'',NULL,''),(69,1,'2022-10-27 10:11:58',0,1,'Terroir territory','','','','terroir-territory',0,0,'',NULL,''),(69,2,'2023-02-23 10:52:20',1,1,'Terroir territory','','','','69-terroir-territory',0,0,'',NULL,''),(70,1,'2022-10-27 15:34:39',0,1,'Newest technology','','','','70-newest-technology',0,0,'',NULL,''),(70,2,'2023-02-23 10:52:53',1,1,'Newest technology','','','','70-newest-technology',0,0,'',NULL,''),(71,1,'2023-02-22 08:27:50',0,1,'Hand picked','','','','71-hand-picked',0,0,'',NULL,''),(71,2,'2022-10-20 15:02:53',1,1,'Hand picked','','','','71-hand-picked',0,0,'',NULL,''),(72,1,'2023-02-21 11:42:01',0,1,'High tech storage','','','','72-high-tech-storage',0,0,'',NULL,''),(72,2,'2023-02-21 11:42:31',1,1,'High tech storage','','','','72-high-tech-storage',0,0,'',NULL,''),(73,1,'2023-01-06 09:32:20',0,1,'No waste mill','','','','no-waste-mill',0,0,'',NULL,''),(73,2,'2022-10-25 11:57:02',1,1,'No waste mill','','','','no-waste-mill',0,0,'',NULL,''),(74,1,'2022-10-27 10:12:42',0,1,'Fast production','','','','74-fast-production',0,0,'',NULL,''),(74,2,'2022-10-20 15:06:53',1,1,'Fast production','','','','74-fast-production',0,0,'',NULL,''),(75,1,'2022-10-27 10:12:44',0,1,'We are BIO','','','','75-we-are-bio',0,0,'',NULL,''),(75,2,'2022-10-20 15:08:15',1,1,'We are BIO','','','','75-we-are-bio',0,0,'',NULL,''),(76,1,'2023-05-19 11:15:51',1,1,'Oljčno olje','','','','76-oljcno-olje',0,0,'',NULL,''),(76,2,'2023-03-01 08:34:57',1,1,'Olive oil','','','','76-olive-oil',0,0,'',NULL,''),(77,1,'2023-05-31 08:23:45',1,1,'Les','','','','les',0,0,'',NULL,''),(77,2,'2023-03-01 08:35:23',1,1,'Wood','','','','les',0,0,'',NULL,''),(78,1,'2023-03-01 08:35:46',1,1,'Kozmetika','','','','kozmetika',0,0,'',NULL,''),(78,2,'2023-03-01 08:35:52',1,1,'Cosmetics','','','','kozmetika',0,0,'',NULL,''),(79,1,'2023-03-01 08:36:08',1,1,'Poslovna darila','','','','poslovna-darila',0,0,'',NULL,''),(79,2,'2023-03-01 08:36:16',1,1,'Business gifts','','','','poslovna-darila',0,0,'',NULL,''),(80,1,'2022-11-16 10:23:12',0,1,'INDEX OLD','','','','index-old',0,0,'',NULL,''),(80,2,'2022-11-16 10:23:12',0,0,'','','','','',0,0,'',NULL,''),(81,1,'2022-11-16 10:24:13',0,1,'MENI OLD','','','','meni-old',0,0,'',NULL,''),(81,2,'2022-11-16 10:24:13',0,0,'','','','','',0,0,'',NULL,''),(85,1,'2023-03-01 08:37:44',1,1,'VINA &amp; DESTILERIJA','','','Penina, malvazija, refo&scaron;k, &scaron;ampanjec, prosecco','vina-destilerija',0,0,'',NULL,''),(85,2,'2023-03-01 08:37:49',1,1,'WINE &amp; GIN','','','Penina, malvazija, refo&scaron;k, &scaron;ampanjec, prosecco','wine-gin',0,0,'',NULL,''),(87,1,'2023-03-13 13:37:34',0,1,'Vintage tour','','','','vintage-tour',0,0,'',NULL,''),(87,2,'2023-03-13 13:42:08',1,1,'Vintage tour','','','vintage bus tour, vintage tour, lisjak vintage tour','vintage-tour',0,181,'',NULL,''),(88,1,'2023-05-03 15:19:08',1,1,'Degustacije','','','','degustacije',0,0,'',NULL,''),(88,2,'2023-05-03 15:18:00',1,1,'Tasting','','','olive oil tasting, olive taste, olive tasting, olive oil tasting room, olive tasting room','tasting',0,0,'',NULL,''),(89,1,'2023-01-06 14:12:12',0,1,'Glamping','','','','89-glamping',0,0,'',NULL,''),(89,2,'2023-01-06 14:12:20',1,1,'Glamping','','','','89-glamping',0,0,'',NULL,''),(90,1,'2023-03-13 10:48:36',0,1,'Food truck','','','','90-food-truck',0,0,'',NULL,''),(90,2,'2023-01-27 15:41:07',1,1,'Foodtruck','','','','foodtruck',0,0,'',NULL,''),(91,1,'2023-01-16 10:30:32',0,1,'Bioklimatske pergole','','','','bioklimatske-pergole',0,0,'',NULL,''),(91,2,'2023-01-16 10:30:59',1,1,'Bioclimatic pergolas','','','bioclimatic pergola, pergola bioclimatic, pergola, pergole, bioclimatic pergola price','bioclimatic-pergolas',0,0,'',NULL,''),(92,1,'2023-01-16 10:35:35',0,1,'Stiskanje oljk','','','','stiskanje-oljk',0,0,'',NULL,''),(92,2,'2023-01-16 10:36:00',1,1,'Olive mill - production','','','olive mill, the olive mill, olive oil mill, olive oil production, production of olive oil','olive-mill-production',0,0,'',NULL,''),(93,2,'2023-01-14 15:34:38',1,1,'','','','','93-',0,0,'',NULL,''),(94,1,'2023-01-27 15:48:55',0,1,'Events','','','','94-events',0,0,'',NULL,''),(94,2,'2023-01-27 15:48:58',1,1,'Events &amp; party','','','','events-party',0,0,'',NULL,''),(96,2,'2023-02-23 10:19:22',1,1,'Test','','','','test',0,0,'',NULL,''),(97,1,'2023-06-14 09:30:01',1,1,'Visit us','','','','visit-us',0,0,'',NULL,''),(97,2,'2023-05-03 15:12:06',1,1,'Visit us','','','','visit-us',0,0,'',NULL,'');

--
-- Table structure for table `ngn_static_category_links`
--

CREATE TABLE `ngn_static_category_links` (
  `category_id` int(11) NOT NULL,
  `link_id` int(11) NOT NULL,
  `category_position` int(11) NOT NULL DEFAULT 0,
  `link_position` int(11) NOT NULL,
  `link_date` int(11) NOT NULL,
  PRIMARY KEY (`category_id`,`link_id`),
  KEY `link_position` (`link_position`),
  KEY `link_id` (`link_id`),
  KEY `category_position` (`category_position`)
) ENGINE=InnoDB DEFAULT CHARSET=utf8;

--
-- Dumping data for table `ngn_static_category_links`
--


--
-- Table structure for table `ngn_static_category_multi`
--

CREATE TABLE `ngn_static_category_multi` (
  `news_id` int(11) NOT NULL,
  `category_id` int(11) NOT NULL,
  `position` int(11) NOT NULL DEFAULT 0,
  PRIMARY KEY (`news_id`,`category_id`),
  KEY `category_id` (`category_id`),
  CONSTRAINT `ngn_static_category_multi_ibfk_2` FOREIGN KEY (`category_id`) REFERENCES `ngn_static_category` (`category_id`) ON DELETE CASCADE ON UPDATE CASCADE
) ENGINE=InnoDB DEFAULT CHARSET=utf8;

--
-- Dumping data for table `ngn_static_category_multi`
--


--
-- Table structure for table `ngn_static_category_pages`
--

CREATE TABLE `ngn_static_category_pages` (
  `category_id` int(11) NOT NULL,
  `link_id` int(11) NOT NULL,
  `language_id` int(11) NOT NULL,
  `category_position` int(11) NOT NULL DEFAULT 0,
  `link_position` int(11) NOT NULL,
  `link_date` int(11) NOT NULL,
  PRIMARY KEY (`category_id`,`link_id`,`language_id`),
  KEY `link_position` (`link_position`),
  KEY `link_id` (`link_id`),
  KEY `category_position` (`category_position`)
) ENGINE=InnoDB DEFAULT CHARSET=utf8;

--
-- Dumping data for table `ngn_static_category_pages`
--

INSERT INTO `ngn_static_category_pages` VALUES (49,40,1,0,0,1673258440),(49,40,2,0,0,1673258550),(68,102,2,0,0,1677145894),(69,103,2,0,0,1677145940),(70,104,2,0,0,1677145973),(71,105,2,0,0,1666270973),(72,106,1,0,0,1676976151),(72,106,2,0,0,1666271046),(73,107,2,0,0,1666691822),(74,108,2,0,0,1666271213),(75,109,2,0,0,1666271295),(87,133,1,0,0,1673854817),(87,133,2,0,0,1678711328),(87,134,1,0,1,1673854817),(87,134,2,0,1,1678711328),(87,135,1,0,2,1673854817),(87,135,2,0,3,1678711328),(87,149,2,0,4,1678711328),(87,151,2,0,2,1678711328),(87,210,2,0,5,1678711328),(87,214,1,0,3,1679314395),(88,137,1,0,3,1683119948),(88,137,2,0,3,1683119878),(88,138,1,0,2,1683119948),(88,138,2,0,2,1683119878),(88,139,1,0,1,1683119948),(88,139,2,0,1,1683119878),(88,140,1,0,0,1683119948),(88,140,2,0,0,1683119878),(90,153,2,0,0,1674830467),(90,154,2,0,1,1674830467),(91,132,2,0,0,1673861459),(92,141,2,0,0,1673861760),(92,142,2,0,1,1673861760),(94,155,2,0,0,1674830938),(94,156,2,0,1,1674830938);

--
-- Table structure for table `ngn_static_category_photo`
--

CREATE TABLE `ngn_static_category_photo` (
  `photo_id` int(11) NOT NULL AUTO_INCREMENT,
  `category_id` int(11) DEFAULT NULL,
  `photo_order` int(11) NOT NULL,
  `photo_gallery` int(11) NOT NULL DEFAULT 1,
  `photo_photo` varchar(100) DEFAULT NULL,
  `photo_path` varchar(200) NOT NULL,
  `photo_owner` int(11) NOT NULL,
  `photo_date` datetime NOT NULL,
  `photo_source` varchar(255) NOT NULL,
  PRIMARY KEY (`photo_id`),
  KEY `category_id` (`category_id`),
  KEY `photo_date` (`photo_date`),
  KEY `photo_owner` (`photo_owner`),
  KEY `photo_source` (`photo_source`),
  CONSTRAINT `ngn_static_category_photo_ibfk_1` FOREIGN KEY (`category_id`) REFERENCES `ngn_static_category` (`category_id`) ON DELETE CASCADE ON UPDATE CASCADE
) ENGINE=InnoDB DEFAULT CHARSET=utf8;

--
-- Dumping data for table `ngn_static_category_photo`
--


--
-- Table structure for table `ngn_static_category_photo_gallery`
--

CREATE TABLE `ngn_static_category_photo_gallery` (
  `photo_id` int(11) NOT NULL,
  `category_id` int(11) NOT NULL,
  `photo_gallery` int(11) NOT NULL,
  `photo_order` int(11) NOT NULL,
  PRIMARY KEY (`category_id`,`photo_id`)
) ENGINE=InnoDB DEFAULT CHARSET=utf8;

--
-- Dumping data for table `ngn_static_category_photo_gallery`
--


--
-- Table structure for table `ngn_static_category_photo_gallery_language`
--

CREATE TABLE `ngn_static_category_photo_gallery_language` (
  `photo_id` int(11) NOT NULL,
  `category_id` int(11) NOT NULL,
  `language_id` int(11) NOT NULL,
  `editdate` datetime NOT NULL,
  `enable` int(11) NOT NULL,
  PRIMARY KEY (`photo_id`,`category_id`,`language_id`),
  KEY `editdate` (`editdate`)
) ENGINE=InnoDB DEFAULT CHARSET=utf8;

--
-- Dumping data for table `ngn_static_category_photo_gallery_language`
--


--
-- Table structure for table `ngn_static_category_photo_language`
--

CREATE TABLE `ngn_static_category_photo_language` (
  `photo_id` int(11) NOT NULL,
  `language_id` int(11) NOT NULL DEFAULT 0,
  `editdate` datetime NOT NULL,
  `enable` int(11) NOT NULL,
  `approved` int(1) NOT NULL DEFAULT 0,
  `language_name` varchar(200) DEFAULT NULL,
  `language_description` text DEFAULT NULL,
  `language_meta` text DEFAULT NULL,
  `language_keywords` varchar(100) DEFAULT NULL,
  `language_url` varchar(100) DEFAULT NULL,
  `language_photo` varchar(100) NOT NULL DEFAULT '',
  PRIMARY KEY (`photo_id`,`language_id`),
  KEY `language_id` (`language_id`),
  KEY `editdate` (`editdate`),
  CONSTRAINT `ngn_static_category_photo_language_ibfk_1` FOREIGN KEY (`photo_id`) REFERENCES `ngn_static_category_photo` (`photo_id`) ON DELETE CASCADE ON UPDATE CASCADE
) ENGINE=InnoDB DEFAULT CHARSET=utf8;

--
-- Dumping data for table `ngn_static_category_photo_language`
--


--
-- Table structure for table `ngn_static_category_roles`
--

CREATE TABLE `ngn_static_category_roles` (
  `role_id` int(11) NOT NULL,
  `category_id` int(11) NOT NULL,
  `childs` int(11) NOT NULL,
  `exclude` int(11) NOT NULL,
  PRIMARY KEY (`role_id`,`category_id`),
  KEY `category_id` (`category_id`)
) ENGINE=InnoDB DEFAULT CHARSET=utf8;

--
-- Dumping data for table `ngn_static_category_roles`
--

INSERT INTO `ngn_static_category_roles` VALUES (2,0,1,0),(2,1,1,0),(2,2,1,0),(2,3,1,0),(2,30,1,0),(2,80,1,0),(2,81,1,0);

--
-- Table structure for table `ngn_static_comments`
--

CREATE TABLE `ngn_static_comments` (
  `comment_id` int(11) NOT NULL AUTO_INCREMENT,
  `parent_id` int(11) NOT NULL DEFAULT 0,
  `user_id` int(11) NOT NULL DEFAULT 0,
  `category_id` int(11) NOT NULL DEFAULT 0,
  `user_ip` varchar(60) NOT NULL,
  `date` datetime NOT NULL,
  `votes` int(11) NOT NULL,
  `reported` int(11) NOT NULL,
  `enable` int(11) NOT NULL DEFAULT 1,
  `owner_id` int(11) NOT NULL,
  PRIMARY KEY (`comment_id`),
  KEY `news_id` (`parent_id`),
  KEY `user_id` (`user_id`),
  KEY `category_id` (`category_id`),
  KEY `owner_id` (`owner_id`)
) ENGINE=InnoDB DEFAULT CHARSET=utf8;

--
-- Dumping data for table `ngn_static_comments`
--


--
-- Table structure for table `ngn_static_comments_admin`
--

CREATE TABLE `ngn_static_comments_admin` (
  `comment_id` int(11) NOT NULL,
  `role_id` int(11) NOT NULL,
  PRIMARY KEY (`comment_id`,`role_id`),
  KEY `role_id` (`role_id`)
) ENGINE=InnoDB DEFAULT CHARSET=utf8;

--
-- Dumping data for table `ngn_static_comments_admin`
--


--
-- Table structure for table `ngn_static_comments_files`
--

CREATE TABLE `ngn_static_comments_files` (
  `file_id` int(11) NOT NULL AUTO_INCREMENT,
  `comment_id` int(11) NOT NULL DEFAULT 0,
  `file_type` int(11) NOT NULL DEFAULT 0,
  `file_group` int(11) NOT NULL,
  `file_size` int(11) NOT NULL DEFAULT 0,
  `file_list` int(11) NOT NULL DEFAULT 1,
  `file_file` varchar(100) NOT NULL DEFAULT '',
  `file_original_name` varchar(200) NOT NULL DEFAULT '0',
  `file_createdate` datetime NOT NULL,
  `file_showdate` datetime NOT NULL,
  `file_hidedate` datetime NOT NULL,
  `file_hide` smallint(1) NOT NULL,
  `file_owner` int(11) NOT NULL,
  `file_order` int(11) NOT NULL,
  PRIMARY KEY (`file_id`),
  KEY `comment_id` (`comment_id`),
  KEY `file_type` (`file_type`),
  KEY `file_createdate` (`file_createdate`),
  KEY `file_owner` (`file_owner`),
  KEY `file_group` (`file_group`),
  KEY `file_showdate` (`file_showdate`),
  KEY `file_hidedate` (`file_hidedate`),
  KEY `file_hide` (`file_hide`),
  KEY `file_order` (`file_order`)
) ENGINE=InnoDB DEFAULT CHARSET=utf8;

--
-- Dumping data for table `ngn_static_comments_files`
--


--
-- Table structure for table `ngn_static_comments_files_language`
--

CREATE TABLE `ngn_static_comments_files_language` (
  `file_id` int(11) NOT NULL,
  `language_id` int(11) NOT NULL DEFAULT 0,
  `editdate` datetime NOT NULL,
  `enable` int(11) NOT NULL,
  `approved` int(1) NOT NULL DEFAULT 0,
  `language_name` varchar(200) DEFAULT NULL,
  `language_description` text DEFAULT NULL,
  `language_meta` text DEFAULT NULL,
  `language_keywords` varchar(100) DEFAULT NULL,
  `language_url` varchar(100) DEFAULT NULL,
  `language_photo` varchar(100) NOT NULL DEFAULT '',
  PRIMARY KEY (`file_id`,`language_id`),
  KEY `language_id` (`language_id`),
  KEY `editdate` (`editdate`),
  CONSTRAINT `ngn_static_comments_files_language_ibfk_1` FOREIGN KEY (`file_id`) REFERENCES `ngn_static_comments_files` (`file_id`) ON DELETE CASCADE ON UPDATE CASCADE
) ENGINE=InnoDB DEFAULT CHARSET=utf8;

--
-- Dumping data for table `ngn_static_comments_files_language`
--


--
-- Table structure for table `ngn_static_comments_language`
--

CREATE TABLE `ngn_static_comments_language` (
  `comment_id` int(11) NOT NULL,
  `language_id` int(11) NOT NULL DEFAULT 0,
  `editdate` datetime NOT NULL,
  `enable` int(11) NOT NULL,
  `approved` int(1) NOT NULL DEFAULT 0,
  `language_name` varchar(200) DEFAULT NULL,
  `language_description` text DEFAULT NULL,
  `language_meta` text DEFAULT NULL,
  `language_keywords` varchar(100) DEFAULT NULL,
  `language_url` varchar(100) DEFAULT NULL,
  `language_photo` varchar(100) NOT NULL DEFAULT '',
  PRIMARY KEY (`comment_id`,`language_id`),
  KEY `language_id` (`language_id`),
  KEY `editdate` (`editdate`),
  CONSTRAINT `ngn_static_comments_language_ibfk_1` FOREIGN KEY (`comment_id`) REFERENCES `ngn_static_comments` (`comment_id`) ON DELETE CASCADE ON UPDATE CASCADE
) ENGINE=InnoDB DEFAULT CHARSET=utf8;

--
-- Dumping data for table `ngn_static_comments_language`
--


--
-- Table structure for table `ngn_static_comments_votes`
--

CREATE TABLE `ngn_static_comments_votes` (
  `comment_id` int(11) NOT NULL,
  `vote_date` datetime DEFAULT NULL,
  `vote_ip` varchar(50) NOT NULL,
  `vote_value` int(11) NOT NULL,
  PRIMARY KEY (`comment_id`,`vote_ip`),
  CONSTRAINT `ngn_static_comments_votes_ibfk_1` FOREIGN KEY (`comment_id`) REFERENCES `ngn_static_comments` (`comment_id`) ON DELETE CASCADE ON UPDATE CASCADE
) ENGINE=InnoDB DEFAULT CHARSET=utf8;

--
-- Dumping data for table `ngn_static_comments_votes`
--


--
-- Table structure for table `ngn_static_custom_values`
--

CREATE TABLE `ngn_static_custom_values` (
  `news_id` int(11) NOT NULL,
  `category_id` int(11) NOT NULL,
  `gaid` int(11) NOT NULL,
  `language_id` int(11) NOT NULL,
  `valueAutomatic` int(11) NOT NULL DEFAULT 0,
  `valueInt` int(11) NOT NULL,
  `valueFloat` double NOT NULL,
  `valueText` text NOT NULL,
  PRIMARY KEY (`news_id`,`category_id`,`gaid`,`language_id`),
  KEY `category_id` (`category_id`),
  KEY `gaid` (`gaid`),
  KEY `language_id` (`language_id`),
  KEY `valueInt` (`valueInt`)
) ENGINE=InnoDB DEFAULT CHARSET=utf8;

--
-- Dumping data for table `ngn_static_custom_values`
--

INSERT INTO `ngn_static_custom_values` VALUES (1,8,1,1,0,0,0,''),(1,8,2,1,0,0,0,''),(1,8,3,1,0,0,0,''),(1,8,4,1,0,0,0,''),(1,8,10,1,0,0,0,''),(1,8,28,1,0,0,0,'Vintage'),(1,8,28,2,0,0,0,'Vintage'),(1,8,29,1,0,0,0,'tours'),(1,8,29,2,0,0,0,'tours'),(1,8,30,1,0,0,0,''),(1,8,31,1,0,0,0,''),(1,8,38,1,0,0,0,''),(10,32,33,1,0,8,0,''),(11,32,33,1,0,0,0,'test333 dfsdfsf'),(12,23,28,1,0,0,0,'VINTAGE'),(12,23,28,2,0,0,0,'VINTAGE'),(12,23,29,1,0,0,0,'TOUR'),(12,23,29,2,0,0,0,'TOUR'),(13,24,28,1,0,0,0,'Events'),(13,24,28,2,0,0,0,'Events'),(13,24,29,1,0,0,0,''),(13,24,29,2,0,0,0,''),(14,27,28,1,0,0,0,'OLIVE'),(14,27,28,2,0,0,0,'OLIVE'),(14,27,29,1,0,0,0,'MILL'),(14,27,29,2,0,0,0,'MILL'),(15,49,28,1,0,0,0,'VINTAGE'),(15,49,28,2,0,0,0,'VINTAGE'),(15,49,29,1,0,0,0,'GOURMET TOUR'),(15,49,29,2,0,0,0,'GOURMET TOUR'),(16,50,28,1,0,0,0,''),(16,50,28,2,0,0,0,''),(16,50,29,1,0,0,0,''),(16,50,29,2,0,0,0,''),(17,28,28,1,0,0,0,'FOOD'),(17,28,28,2,0,0,0,'FOOD'),(17,28,29,1,0,0,0,'TRUCK'),(17,28,29,2,0,0,0,'TRUCK'),(21,52,1,1,0,0,0,''),(21,52,2,1,0,0,0,''),(21,52,3,1,0,0,0,''),(21,52,4,1,0,0,0,''),(21,52,10,1,0,0,0,''),(21,52,30,1,0,0,0,''),(21,52,31,1,0,0,0,''),(22,26,28,1,0,0,0,''),(22,26,28,2,0,0,0,''),(22,26,29,1,0,0,0,''),(22,26,29,2,0,0,0,''),(29,4,11,1,0,0,0,'45.52032'),(29,4,11,2,0,0,0,'45.52032'),(29,4,12,1,0,0,0,'13.72501'),(29,4,12,2,0,0,0,'13.72501'),(30,73,1,1,0,0,0,''),(30,73,2,1,0,0,0,''),(30,73,3,1,0,0,0,''),(30,73,4,1,0,1,0,''),(30,73,10,1,0,0,0,''),(30,73,30,1,0,0,0,''),(30,73,31,1,0,0,0,''),(30,73,38,1,0,0,0,''),(35,72,1,1,0,0,0,''),(35,72,2,1,0,0,0,''),(35,72,3,1,0,0,0,''),(35,72,4,1,0,1,0,''),(35,72,10,1,0,0,0,''),(35,72,30,1,0,1,0,''),(35,72,31,1,0,0,0,''),(35,72,38,1,0,0,0,''),(36,87,1,1,0,0,0,''),(36,87,2,1,0,0,0,''),(36,87,3,1,0,0,0,''),(36,87,4,1,0,1,0,''),(36,87,10,1,0,0,0,''),(36,87,30,1,0,0,0,''),(36,87,31,1,0,0,0,''),(36,87,38,1,0,0,0,'');

--
-- Table structure for table `ngn_static_custom_values_multi`
--

CREATE TABLE `ngn_static_custom_values_multi` (
  `news_id` int(11) NOT NULL,
  `category_id` int(11) NOT NULL,
  `gaid` int(11) NOT NULL,
  `language_id` int(11) NOT NULL,
  `valueInt` int(11) NOT NULL,
  `item_order` int(11) NOT NULL,
  PRIMARY KEY (`news_id`,`category_id`,`gaid`,`language_id`,`valueInt`),
  KEY `item_order` (`item_order`)
) ENGINE=InnoDB DEFAULT CHARSET=utf8;

--
-- Dumping data for table `ngn_static_custom_values_multi`
--


--
-- Table structure for table `ngn_static_file`
--

CREATE TABLE `ngn_static_file` (
  `type_id` int(11) NOT NULL AUTO_INCREMENT,
  `type_name` varchar(200) NOT NULL DEFAULT '',
  `type_extension` varchar(200) NOT NULL DEFAULT '',
  `type_type` varchar(200) NOT NULL DEFAULT '',
  `type_enable` int(11) NOT NULL DEFAULT 0,
  `type_photo` varchar(200) NOT NULL DEFAULT '',
  PRIMARY KEY (`type_id`)
) ENGINE=InnoDB AUTO_INCREMENT=4 DEFAULT CHARSET=utf8;

--
-- Dumping data for table `ngn_static_file`
--

INSERT INTO `ngn_static_file` VALUES (1,'PDF','pdf','',1,'fa-file'),(2,'DOC','doc','',1,'fa-file'),(3,'DOCX','docx','',1,'fa-file');

--
-- Table structure for table `ngn_static_files`
--

CREATE TABLE `ngn_static_files` (
  `file_id` int(11) NOT NULL AUTO_INCREMENT,
  `news_id` int(11) NOT NULL DEFAULT 0,
  `file_type` int(11) NOT NULL DEFAULT 0,
  `file_group` int(11) NOT NULL,
  `file_size` int(11) NOT NULL DEFAULT 0,
  `file_list` int(11) NOT NULL DEFAULT 1,
  `file_file` varchar(100) NOT NULL DEFAULT '',
  `file_original_name` varchar(200) NOT NULL DEFAULT '0',
  `file_createdate` datetime NOT NULL,
  `file_showdate` datetime NOT NULL,
  `file_hidedate` datetime NOT NULL,
  `file_hide` smallint(1) NOT NULL,
  `file_owner` int(11) NOT NULL,
  `file_order` int(11) NOT NULL,
  PRIMARY KEY (`file_id`),
  KEY `news_id` (`news_id`),
  KEY `file_type` (`file_type`),
  KEY `file_createdate` (`file_createdate`),
  KEY `file_owner` (`file_owner`),
  KEY `file_group` (`file_group`),
  KEY `file_showdate` (`file_showdate`),
  KEY `file_hidedate` (`file_hidedate`),
  KEY `file_hide` (`file_hide`),
  KEY `file_order` (`file_order`)
) ENGINE=InnoDB DEFAULT CHARSET=utf8;

--
-- Dumping data for table `ngn_static_files`
--


--
-- Table structure for table `ngn_static_files_groups`
--

CREATE TABLE `ngn_static_files_groups` (
  `group_id` int(11) NOT NULL AUTO_INCREMENT,
  `group_photo` varchar(50) NOT NULL,
  `group_enable` int(11) NOT NULL DEFAULT 0,
  `group_order` int(11) NOT NULL,
  PRIMARY KEY (`group_id`)
) ENGINE=InnoDB DEFAULT CHARSET=utf8;

--
-- Dumping data for table `ngn_static_files_groups`
--


--
-- Table structure for table `ngn_static_files_groups_language`
--

CREATE TABLE `ngn_static_files_groups_language` (
  `group_id` int(11) NOT NULL,
  `language_id` int(11) NOT NULL DEFAULT 0,
  `editdate` datetime NOT NULL,
  `language_name` varchar(200) DEFAULT NULL,
  PRIMARY KEY (`group_id`,`language_id`),
  KEY `language_id` (`language_id`),
  KEY `editdate` (`editdate`)
) ENGINE=InnoDB DEFAULT CHARSET=utf8;

--
-- Dumping data for table `ngn_static_files_groups_language`
--


--
-- Table structure for table `ngn_static_files_language`
--

CREATE TABLE `ngn_static_files_language` (
  `file_id` int(11) NOT NULL,
  `language_id` int(11) NOT NULL DEFAULT 0,
  `editdate` datetime NOT NULL,
  `enable` int(11) NOT NULL,
  `approved` int(1) NOT NULL DEFAULT 0,
  `language_name` varchar(200) DEFAULT NULL,
  `language_description` text DEFAULT NULL,
  `language_meta` text DEFAULT NULL,
  `language_keywords` varchar(100) DEFAULT NULL,
  `language_url` varchar(100) DEFAULT NULL,
  `language_photo` varchar(100) NOT NULL DEFAULT '',
  PRIMARY KEY (`file_id`,`language_id`),
  KEY `language_id` (`language_id`),
  KEY `editdate` (`editdate`),
  CONSTRAINT `ngn_static_files_language_ibfk_1` FOREIGN KEY (`file_id`) REFERENCES `ngn_static_files` (`file_id`) ON DELETE CASCADE ON UPDATE CASCADE
) ENGINE=InnoDB DEFAULT CHARSET=utf8;

--
-- Dumping data for table `ngn_static_files_language`
--


--
-- Table structure for table `ngn_static_gallery`
--

CREATE TABLE `ngn_static_gallery` (
  `gallery_id` int(11) NOT NULL AUTO_INCREMENT,
  `news_id` int(11) NOT NULL,
  `gallery_template` int(11) NOT NULL,
  PRIMARY KEY (`gallery_id`)
) ENGINE=InnoDB DEFAULT CHARSET=utf8;

--
-- Dumping data for table `ngn_static_gallery`
--


--
-- Table structure for table `ngn_static_gallery_photo`
--

CREATE TABLE `ngn_static_gallery_photo` (
  `gallery_id` int(11) NOT NULL,
  `photo_id` int(11) NOT NULL,
  `position` int(11) NOT NULL,
  PRIMARY KEY (`gallery_id`,`photo_id`,`position`)
) ENGINE=InnoDB DEFAULT CHARSET=utf8;

--
-- Dumping data for table `ngn_static_gallery_photo`
--


--
-- Table structure for table `ngn_static_groups`
--

CREATE TABLE `ngn_static_groups` (
  `group_id` int(11) NOT NULL AUTO_INCREMENT,
  `group_var` varchar(50) NOT NULL,
  PRIMARY KEY (`group_id`)
) ENGINE=InnoDB AUTO_INCREMENT=15 DEFAULT CHARSET=utf8;

--
-- Dumping data for table `ngn_static_groups`
--

INSERT INTO `ngn_static_groups` VALUES (1,'menu'),(3,'index'),(4,'location'),(5,'index_slider'),(6,'index_text'),(7,'index_photo_text'),(8,'index_video_text'),(9,'index_contact'),(10,'breadcrumbs_text'),(11,'testing_group'),(12,'index_designer_with_designer'),(13,'custom_url'),(14,'test');

--
-- Table structure for table `ngn_static_groups_atribute`
--

CREATE TABLE `ngn_static_groups_atribute` (
  `id` int(11) NOT NULL AUTO_INCREMENT,
  `group_id` int(11) NOT NULL,
  `atribute_id` int(11) NOT NULL,
  `position` int(11) NOT NULL,
  PRIMARY KEY (`id`),
  KEY `group_id` (`group_id`),
  KEY `atribute_id` (`atribute_id`),
  CONSTRAINT `ngn_static_groups_atribute_ibfk_1` FOREIGN KEY (`group_id`) REFERENCES `ngn_static_groups` (`group_id`) ON DELETE CASCADE ON UPDATE CASCADE
) ENGINE=InnoDB AUTO_INCREMENT=41 DEFAULT CHARSET=utf8;

--
-- Dumping data for table `ngn_static_groups_atribute`
--

INSERT INTO `ngn_static_groups_atribute` VALUES (1,1,2,2),(2,1,3,1),(3,1,1,4),(4,1,6,3),(6,3,2,0),(7,3,3,1),(8,3,5,2),(9,3,4,3),(10,1,4,6),(11,4,14,0),(12,4,13,1),(13,5,17,1),(14,5,16,0),(15,6,9,0),(16,7,18,0),(17,7,7,1),(18,7,9,2),(19,7,11,3),(20,7,12,4),(21,8,7,1),(22,8,9,2),(23,8,11,3),(24,8,12,4),(26,9,20,1),(27,9,7,0),(28,10,21,0),(29,10,22,1),(30,1,23,7),(31,1,24,5),(32,8,25,0),(33,11,26,0),(34,12,27,0),(35,12,12,2),(36,12,28,3),(37,12,29,1),(38,1,30,0),(39,13,31,0),(40,14,32,0);

--
-- Table structure for table `ngn_static_groups_language`
--

CREATE TABLE `ngn_static_groups_language` (
  `group_id` int(11) NOT NULL,
  `language_id` int(11) NOT NULL DEFAULT 0,
  `editdate` datetime NOT NULL,
  `enable` int(11) NOT NULL,
  `approved` int(1) NOT NULL DEFAULT 0,
  `language_name` varchar(200) DEFAULT NULL,
  `language_description` text DEFAULT NULL,
  `language_meta` text DEFAULT NULL,
  `language_keywords` varchar(100) DEFAULT NULL,
  `language_url` varchar(100) DEFAULT NULL,
  `language_photo` varchar(100) NOT NULL DEFAULT '',
  PRIMARY KEY (`group_id`,`language_id`),
  KEY `language_id` (`language_id`),
  KEY `editdate` (`editdate`)
) ENGINE=InnoDB DEFAULT CHARSET=utf8;

--
-- Dumping data for table `ngn_static_groups_language`
--

INSERT INTO `ngn_static_groups_language` VALUES (1,1,'2022-10-27 14:31:43',0,1,'Nastavitve menija','',NULL,NULL,NULL,''),(1,2,'2022-03-22 13:30:26',0,1,'Nastavitve menija','',NULL,NULL,NULL,''),(3,1,'0000-00-00 00:00:00',0,1,'Nastavitve index elementa','',NULL,NULL,NULL,''),(3,2,'0000-00-00 00:00:00',0,1,'Nastavitve index elementa','',NULL,NULL,NULL,''),(4,1,'2021-03-03 15:25:37',0,1,'Lokacija','',NULL,NULL,NULL,''),(4,2,'2021-03-03 15:25:37',0,1,'Lokacija','',NULL,NULL,NULL,''),(5,1,'2022-03-11 14:22:24',0,1,'Index slider','',NULL,NULL,NULL,''),(5,2,'2022-03-11 14:22:24',0,1,'Index slider','',NULL,NULL,NULL,''),(6,1,'2022-03-11 15:36:35',0,1,'Index tekst','',NULL,NULL,NULL,''),(6,2,'2022-03-11 15:36:35',0,1,'Index tekst','',NULL,NULL,NULL,''),(7,1,'2022-03-11 15:51:51',0,1,'Index slika - tekst','',NULL,NULL,NULL,''),(7,2,'2022-03-11 15:51:51',0,1,'Index slika - tekst','',NULL,NULL,NULL,''),(8,1,'2022-07-07 13:55:04',0,1,'Index video - tekst','',NULL,NULL,NULL,''),(8,2,'2022-07-07 13:55:04',0,1,'Index video - tekst','',NULL,NULL,NULL,''),(9,1,'2022-03-14 15:15:21',0,1,'Index contact','',NULL,NULL,NULL,''),(9,2,'2022-03-14 15:15:21',0,1,'Index contact','',NULL,NULL,NULL,''),(10,1,'2022-03-17 10:14:53',0,1,'Tekst v breadcrumbs-ih','',NULL,NULL,NULL,''),(10,2,'2022-03-17 10:14:53',0,1,'Tekst v breadcrumbs-ih','',NULL,NULL,NULL,''),(11,1,'2022-09-06 14:29:38',0,1,'Testna grupa','',NULL,NULL,NULL,''),(11,2,'0000-00-00 00:00:00',0,0,'','','','','',''),(12,1,'2022-10-13 14:07:25',0,1,'Index banner z designerjem','',NULL,NULL,NULL,''),(12,2,'2022-09-22 14:47:47',0,1,'Index banner z designerjem','',NULL,NULL,NULL,''),(13,1,'2022-10-27 15:34:44',0,1,'Custom url','',NULL,NULL,NULL,''),(13,2,'2022-10-27 15:34:17',0,1,'Custom url','',NULL,NULL,NULL,''),(14,1,'2023-06-27 09:21:50',0,1,'test','',NULL,NULL,NULL,''),(14,2,'0000-00-00 00:00:00',0,0,'','','','','','');

--
-- Table structure for table `ngn_static_item`
--

CREATE TABLE `ngn_static_item` (
  `item_id` int(11) NOT NULL AUTO_INCREMENT,
  `item_category` int(11) NOT NULL,
  `news_id` int(11) NOT NULL DEFAULT 0,
  `item_order` int(11) NOT NULL,
  `item_createdate` datetime DEFAULT NULL,
  `item_showdate` datetime DEFAULT NULL,
  `item_editdate` datetime NOT NULL,
  `item_hidedate` datetime NOT NULL,
  `item_hide` tinyint(1) NOT NULL,
  `item_enable` int(11) NOT NULL DEFAULT 0,
  `item_photo1` varchar(100) NOT NULL,
  `item_photo2` varchar(100) NOT NULL,
  `item_viewed` int(11) NOT NULL DEFAULT 0,
  PRIMARY KEY (`item_id`),
  KEY `item_category` (`item_category`),
  KEY `news_id` (`news_id`),
  KEY `item_enable` (`item_enable`)
) ENGINE=InnoDB DEFAULT CHARSET=utf8;

--
-- Dumping data for table `ngn_static_item`
--


--
-- Table structure for table `ngn_static_item_category`
--

CREATE TABLE `ngn_static_item_category` (
  `category_id` int(11) NOT NULL AUTO_INCREMENT,
  `category_enable` int(11) DEFAULT NULL,
  `category_createdate` datetime DEFAULT NULL,
  `category_showdate` datetime DEFAULT NULL,
  `category_hidedate` datetime DEFAULT NULL,
  `category_hide` tinyint(1) NOT NULL,
  `category_editdate` datetime DEFAULT NULL,
  `category_position` int(11) DEFAULT NULL,
  `category_parent` int(11) DEFAULT NULL,
  `category_photo` int(11) DEFAULT NULL,
  `category_template` int(11) NOT NULL,
  `category_template_news` int(11) NOT NULL,
  `category_photo2` int(11) DEFAULT NULL,
  PRIMARY KEY (`category_id`),
  KEY `category_enable` (`category_enable`),
  KEY `category_template` (`category_template`),
  KEY `category_template_news` (`category_template_news`),
  KEY `category_createdate` (`category_createdate`),
  KEY `category_editdate` (`category_editdate`),
  KEY `category_hidedate` (`category_hidedate`),
  KEY `category_showdate` (`category_showdate`)
) ENGINE=InnoDB DEFAULT CHARSET=utf8;

--
-- Dumping data for table `ngn_static_item_category`
--


--
-- Table structure for table `ngn_static_item_category_language`
--

CREATE TABLE `ngn_static_item_category_language` (
  `category_id` int(11) NOT NULL,
  `language_id` int(11) NOT NULL DEFAULT 0,
  `editdate` datetime NOT NULL,
  `enable` int(11) NOT NULL,
  `approved` int(1) NOT NULL DEFAULT 0,
  `language_name` varchar(200) DEFAULT NULL,
  `language_description` text DEFAULT NULL,
  `language_meta` text DEFAULT NULL,
  `language_keywords` varchar(100) DEFAULT NULL,
  `language_url` varchar(100) DEFAULT NULL,
  `language_photo` varchar(100) NOT NULL DEFAULT '',
  PRIMARY KEY (`category_id`,`language_id`),
  KEY `language_id` (`language_id`),
  KEY `editdate` (`editdate`)
) ENGINE=InnoDB DEFAULT CHARSET=utf8;

--
-- Dumping data for table `ngn_static_item_category_language`
--


--
-- Table structure for table `ngn_static_item_custom_values`
--

CREATE TABLE `ngn_static_item_custom_values` (
  `item_id` int(11) NOT NULL,
  `item_category_id` int(11) NOT NULL,
  `gaid` int(11) NOT NULL,
  `language_id` int(11) NOT NULL,
  `valueAutomatic` int(11) NOT NULL DEFAULT 0,
  `valueInt` int(11) NOT NULL,
  `valueFloat` double NOT NULL,
  `valueText` text NOT NULL,
  PRIMARY KEY (`item_id`,`item_category_id`,`gaid`,`language_id`),
  KEY `item_category_id` (`item_category_id`),
  KEY `gaid` (`gaid`),
  KEY `language_id` (`language_id`),
  KEY `valueInt` (`valueInt`),
  CONSTRAINT `ngn_static_item_custom_values_ibfk_1` FOREIGN KEY (`item_id`) REFERENCES `ngn_static_item_variations` (`variations_id`) ON DELETE CASCADE ON UPDATE CASCADE
) ENGINE=InnoDB DEFAULT CHARSET=utf8;

--
-- Dumping data for table `ngn_static_item_custom_values`
--


--
-- Table structure for table `ngn_static_item_custom_values_multi`
--

CREATE TABLE `ngn_static_item_custom_values_multi` (
  `item_id` int(11) NOT NULL,
  `item_category_id` int(11) NOT NULL,
  `gaid` int(11) NOT NULL,
  `language_id` int(11) NOT NULL,
  `valueInt` int(11) NOT NULL,
  `item_order` int(11) NOT NULL,
  PRIMARY KEY (`item_id`,`item_category_id`,`gaid`,`language_id`,`valueInt`),
  KEY `item_order` (`item_order`)
) ENGINE=InnoDB DEFAULT CHARSET=utf8;

--
-- Dumping data for table `ngn_static_item_custom_values_multi`
--


--
-- Table structure for table `ngn_static_item_file`
--

CREATE TABLE `ngn_static_item_file` (
  `type_id` int(11) NOT NULL AUTO_INCREMENT,
  `type_name` varchar(200) NOT NULL DEFAULT '',
  `type_extension` varchar(200) NOT NULL DEFAULT '',
  `type_type` varchar(200) NOT NULL DEFAULT '',
  `type_enable` int(11) NOT NULL DEFAULT 0,
  `type_photo` varchar(200) NOT NULL DEFAULT '',
  PRIMARY KEY (`type_id`)
) ENGINE=InnoDB DEFAULT CHARSET=utf8;

--
-- Dumping data for table `ngn_static_item_file`
--


--
-- Table structure for table `ngn_static_item_files`
--

CREATE TABLE `ngn_static_item_files` (
  `file_id` int(11) NOT NULL AUTO_INCREMENT,
  `item_id` int(11) NOT NULL DEFAULT 0,
  `file_type` int(11) NOT NULL DEFAULT 0,
  `file_group` int(11) NOT NULL,
  `file_size` int(11) NOT NULL DEFAULT 0,
  `file_list` int(11) NOT NULL DEFAULT 1,
  `file_file` varchar(100) NOT NULL DEFAULT '',
  `file_original_name` varchar(200) NOT NULL DEFAULT '0',
  `file_createdate` datetime NOT NULL,
  `file_showdate` datetime NOT NULL,
  `file_hidedate` datetime NOT NULL,
  `file_hide` smallint(1) NOT NULL,
  `file_owner` int(11) NOT NULL,
  `file_order` int(11) NOT NULL,
  PRIMARY KEY (`file_id`),
  KEY `item_id` (`item_id`),
  KEY `file_type` (`file_type`),
  KEY `file_createdate` (`file_createdate`),
  KEY `file_owner` (`file_owner`),
  KEY `file_group` (`file_group`),
  KEY `file_showdate` (`file_showdate`),
  KEY `file_hidedate` (`file_hidedate`),
  KEY `file_hide` (`file_hide`),
  KEY `file_order` (`file_order`)
) ENGINE=InnoDB DEFAULT CHARSET=utf8;

--
-- Dumping data for table `ngn_static_item_files`
--


--
-- Table structure for table `ngn_static_item_files_language`
--

CREATE TABLE `ngn_static_item_files_language` (
  `file_id` int(11) NOT NULL,
  `language_id` int(11) NOT NULL DEFAULT 0,
  `editdate` datetime NOT NULL,
  `enable` int(11) NOT NULL,
  `approved` int(1) NOT NULL DEFAULT 0,
  `language_name` varchar(200) DEFAULT NULL,
  `language_description` text DEFAULT NULL,
  `language_meta` text DEFAULT NULL,
  `language_keywords` varchar(100) DEFAULT NULL,
  `language_url` varchar(100) DEFAULT NULL,
  `language_photo` varchar(100) NOT NULL DEFAULT '',
  PRIMARY KEY (`file_id`,`language_id`),
  KEY `language_id` (`language_id`),
  KEY `editdate` (`editdate`)
) ENGINE=InnoDB DEFAULT CHARSET=utf8;

--
-- Dumping data for table `ngn_static_item_files_language`
--


--
-- Table structure for table `ngn_static_item_groups`
--

CREATE TABLE `ngn_static_item_groups` (
  `id` int(11) NOT NULL AUTO_INCREMENT,
  `item_category_id` int(11) NOT NULL,
  `group_id` int(11) NOT NULL,
  `position` int(11) NOT NULL,
  `transfer` int(11) NOT NULL DEFAULT 1,
  `category` int(11) NOT NULL DEFAULT 0,
  PRIMARY KEY (`id`),
  KEY `group_id` (`group_id`),
  KEY `item_category_id` (`item_category_id`),
  KEY `position` (`position`)
) ENGINE=InnoDB DEFAULT CHARSET=utf8;

--
-- Dumping data for table `ngn_static_item_groups`
--


--
-- Table structure for table `ngn_static_item_groups_atribute`
--

CREATE TABLE `ngn_static_item_groups_atribute` (
  `cgid` int(11) NOT NULL,
  `gaid` int(11) NOT NULL,
  `language_id` int(11) NOT NULL,
  `valueInt` int(11) NOT NULL DEFAULT 0,
  `valueFloat` double NOT NULL DEFAULT 0,
  `valueText` text NOT NULL,
  PRIMARY KEY (`cgid`,`gaid`,`language_id`),
  KEY `language_id` (`language_id`),
  KEY `gaid` (`gaid`),
  KEY `cgid` (`cgid`),
  KEY `valueInt` (`valueInt`)
) ENGINE=InnoDB DEFAULT CHARSET=utf8;

--
-- Dumping data for table `ngn_static_item_groups_atribute`
--


--
-- Table structure for table `ngn_static_item_language`
--

CREATE TABLE `ngn_static_item_language` (
  `item_id` int(11) NOT NULL,
  `language_id` int(11) NOT NULL DEFAULT 0,
  `editdate` datetime NOT NULL,
  `enable` int(11) NOT NULL,
  `approved` int(1) NOT NULL DEFAULT 0,
  `language_name` varchar(200) DEFAULT NULL,
  `language_description` text DEFAULT NULL,
  `language_meta` text DEFAULT NULL,
  `language_keywords` varchar(100) DEFAULT NULL,
  `language_url` varchar(100) DEFAULT NULL,
  `language_photo1` varchar(100) NOT NULL,
  `language_photo2` varchar(100) NOT NULL,
  `language_html` text NOT NULL,
  PRIMARY KEY (`item_id`,`language_id`),
  KEY `language_id` (`language_id`),
  KEY `editdate` (`editdate`),
  FULLTEXT KEY `language_html` (`language_html`)
) ENGINE=InnoDB DEFAULT CHARSET=utf8;

--
-- Dumping data for table `ngn_static_item_language`
--


--
-- Table structure for table `ngn_static_item_photo`
--

CREATE TABLE `ngn_static_item_photo` (
  `photo_id` int(11) NOT NULL AUTO_INCREMENT,
  `item_id` int(11) DEFAULT NULL,
  `photo_order` int(11) NOT NULL,
  `photo_gallery` int(11) NOT NULL DEFAULT 1,
  `photo_photo` varchar(100) DEFAULT NULL,
  `photo_path` varchar(200) NOT NULL,
  `photo_owner` int(11) NOT NULL,
  `photo_date` datetime NOT NULL,
  `photo_source` varchar(255) NOT NULL,
  PRIMARY KEY (`photo_id`),
  KEY `item_id` (`item_id`),
  KEY `photo_date` (`photo_date`),
  KEY `photo_owner` (`photo_owner`),
  KEY `photo_source` (`photo_source`)
) ENGINE=InnoDB DEFAULT CHARSET=utf8;

--
-- Dumping data for table `ngn_static_item_photo`
--


--
-- Table structure for table `ngn_static_item_photo_gallery`
--

CREATE TABLE `ngn_static_item_photo_gallery` (
  `photo_id` int(11) NOT NULL,
  `item_id` int(11) NOT NULL,
  `photo_gallery` int(11) NOT NULL,
  `photo_order` int(11) NOT NULL,
  PRIMARY KEY (`item_id`,`photo_id`)
) ENGINE=InnoDB DEFAULT CHARSET=utf8;

--
-- Dumping data for table `ngn_static_item_photo_gallery`
--


--
-- Table structure for table `ngn_static_item_photo_gallery_language`
--

CREATE TABLE `ngn_static_item_photo_gallery_language` (
  `photo_id` int(11) NOT NULL,
  `item_id` int(11) NOT NULL,
  `language_id` int(11) NOT NULL,
  `editdate` datetime NOT NULL,
  `enable` int(11) NOT NULL,
  PRIMARY KEY (`photo_id`,`item_id`,`language_id`),
  KEY `editdate` (`editdate`)
) ENGINE=InnoDB DEFAULT CHARSET=utf8;

--
-- Dumping data for table `ngn_static_item_photo_gallery_language`
--


--
-- Table structure for table `ngn_static_item_photo_language`
--

CREATE TABLE `ngn_static_item_photo_language` (
  `photo_id` int(11) NOT NULL,
  `language_id` int(11) NOT NULL DEFAULT 0,
  `editdate` datetime NOT NULL,
  `enable` int(11) NOT NULL,
  `approved` int(1) NOT NULL DEFAULT 0,
  `language_name` varchar(200) DEFAULT NULL,
  `language_description` text DEFAULT NULL,
  `language_meta` text DEFAULT NULL,
  `language_keywords` varchar(100) DEFAULT NULL,
  `language_url` varchar(100) DEFAULT NULL,
  `language_photo` varchar(100) NOT NULL DEFAULT '',
  PRIMARY KEY (`photo_id`,`language_id`),
  KEY `language_id` (`language_id`),
  KEY `editdate` (`editdate`)
) ENGINE=InnoDB DEFAULT CHARSET=utf8;

--
-- Dumping data for table `ngn_static_item_photo_language`
--


--
-- Table structure for table `ngn_static_item_variations`
--

CREATE TABLE `ngn_static_item_variations` (
  `variations_id` int(11) NOT NULL AUTO_INCREMENT,
  `item_id` int(11) NOT NULL,
  `variation_order` int(11) NOT NULL,
  `enable` tinyint(1) NOT NULL,
  PRIMARY KEY (`variations_id`),
  KEY `item_id` (`item_id`),
  KEY `enable` (`enable`),
  CONSTRAINT `ngn_static_item_variations_ibfk_1` FOREIGN KEY (`item_id`) REFERENCES `ngn_static_item` (`item_id`) ON DELETE CASCADE ON UPDATE CASCADE
) ENGINE=InnoDB DEFAULT CHARSET=utf8;

--
-- Dumping data for table `ngn_static_item_variations`
--


--
-- Table structure for table `ngn_static_item_variations_language`
--

CREATE TABLE `ngn_static_item_variations_language` (
  `variation_id` int(11) NOT NULL,
  `language_id` int(11) NOT NULL DEFAULT 0,
  `editdate` datetime NOT NULL,
  `enable` int(11) NOT NULL,
  `approved` int(1) NOT NULL DEFAULT 0,
  `language_name` varchar(200) DEFAULT NULL,
  `language_description` text DEFAULT NULL,
  `language_meta` text DEFAULT NULL,
  `language_keywords` varchar(100) DEFAULT NULL,
  `language_url` varchar(100) DEFAULT NULL,
  `language_photo` varchar(100) NOT NULL DEFAULT '',
  PRIMARY KEY (`variation_id`,`language_id`),
  KEY `language_id` (`language_id`),
  KEY `editdate` (`editdate`)
) ENGINE=InnoDB DEFAULT CHARSET=utf8;

--
-- Dumping data for table `ngn_static_item_variations_language`
--


--
-- Table structure for table `ngn_static_language`
--

CREATE TABLE `ngn_static_language` (
  `news_id` int(11) NOT NULL,
  `language_id` int(11) NOT NULL DEFAULT 0,
  `editdate` datetime NOT NULL,
  `enable` int(11) NOT NULL,
  `approved` int(1) NOT NULL DEFAULT 0,
  `language_name` varchar(200) DEFAULT NULL,
  `language_description` text DEFAULT NULL,
  `language_meta` text DEFAULT NULL,
  `language_keywords` varchar(100) DEFAULT NULL,
  `language_url` varchar(100) DEFAULT NULL,
  `photo1` int(11) NOT NULL,
  `photo2` int(11) NOT NULL,
  `language_photo1` varchar(200) NOT NULL,
  `language_photo2` varchar(200) NOT NULL,
  `language_html` text NOT NULL,
  PRIMARY KEY (`news_id`,`language_id`),
  KEY `language_id` (`language_id`),
  KEY `editdate` (`editdate`),
  KEY `photo1` (`photo1`),
  KEY `photo2` (`photo2`),
  FULLTEXT KEY `language_html` (`language_html`)
) ENGINE=InnoDB DEFAULT CHARSET=utf8;

--
-- Dumping data for table `ngn_static_language`
--

INSERT INTO `ngn_static_language` VALUES (1,1,'2023-03-13 13:23:39',1,1,'Vintage tours','','','','vintage-tours',0,0,'','',''),(1,2,'2023-03-13 13:23:35',1,1,'Vintage tours','','','','vintage-tours',0,0,'','',''),(2,1,'2022-03-10 09:17:41',1,1,'Produkt 1','','','','produkt-1',0,0,'','',''),(2,2,'2022-03-10 09:17:41',1,1,'Produkt 1','','','','produkt-1',0,0,'','',''),(3,1,'2022-03-10 09:22:33',1,1,'Produkt 2','','','','produkt-2',0,0,'','',''),(3,2,'2022-03-10 09:22:33',1,1,'Produkt 2','','','','produkt-2',0,0,'','',''),(4,1,'2022-03-16 15:08:25',1,1,'Olive oil','&lt;p&gt;We make our customers &#039; products valuable in the eyes of customers. To do this, we analyze and study people&lt;/p&gt;','','','olive-oil',0,0,'','',''),(4,2,'2022-03-16 15:08:25',1,1,'Olive oil','&lt;p&gt;We make our customers &#039; products valuable in the eyes of customers. To do this, we analyze and study people&lt;/p&gt;','','','olive-oil',0,0,'','',''),(5,1,'2022-03-16 15:08:27',1,1,'Glamping','&lt;p&gt;We make our customers &#039; products valuable in the eyes of customers. To do this, we analyze and study people&lt;/p&gt;','','','glamping',0,0,'','',''),(5,2,'2022-03-16 15:08:27',1,1,'Glamping','&lt;p&gt;We make our customers &#039; products valuable in the eyes of customers. To do this, we analyze and study people&lt;/p&gt;','','','glamping',0,0,'','',''),(6,1,'2022-04-07 10:00:24',1,1,'Olive wood','&lt;p&gt;We make our customers &#039; products valuable in the eyes of customers. To do this, we analyze and study people&lt;/p&gt;','','','olive-wood',0,0,'','',''),(6,2,'2022-04-07 10:00:24',1,1,'Olive wood','&lt;p&gt;We make our customers &#039; products valuable in the eyes of customers. To do this, we analyze and study people&lt;/p&gt;','','','olive-wood',0,0,'','',''),(7,1,'2022-10-28 13:00:09',1,1,'Header photo','','','','header-photo',0,0,'','',''),(7,2,'2022-03-17 10:00:37',1,1,'Header photo','','','','header-photo',0,0,'','',''),(8,1,'2022-03-22 10:10:49',1,1,'Testna novica','','','','testna-novica',0,0,'','',''),(8,2,'2022-03-22 10:10:49',1,1,'Testna novica','','','','testna-novica',0,0,'','',''),(9,1,'2022-03-25 14:45:48',1,1,'Produkt','','','','produkt',0,0,'','',''),(9,2,'2022-03-25 14:45:48',1,1,'Produkt','','','','produkt',0,0,'','',''),(10,1,'2022-09-06 14:34:51',1,1,'Novica 1','','','','novica-1',0,0,'','',''),(10,2,'2022-04-15 15:20:15',1,1,'Novica 1','','','','novica-1',0,0,'','',''),(11,1,'2022-09-06 14:32:37',1,1,'Novica 2','','','','novica-2',0,0,'','',''),(11,2,'2022-04-15 15:20:39',1,1,'Novica 2','','','','novica-2',0,0,'','',''),(12,1,'2022-06-23 15:13:35',1,1,'Vintage tour','','','','12-vintage-tour',0,0,'','',''),(12,2,'2022-06-23 15:13:35',1,1,'Vintage tour','','','','12-vintage-tour',0,0,'','',''),(13,1,'2022-06-24 14:16:43',1,1,'Events','','','','events',0,0,'','',''),(13,2,'2022-06-24 14:16:43',1,1,'Events','','','','events',0,0,'','',''),(14,1,'2022-07-04 16:30:54',1,1,'Olive mill','','','','olive-mill',0,0,'','',''),(14,2,'2022-07-04 16:30:54',1,1,'Olive mill','','','','olive-mill',0,0,'','',''),(15,1,'2022-06-24 13:27:36',1,1,'Vintage gourmet tour','','','','vintage-gourmet-tour',0,0,'','',''),(15,2,'2022-06-24 13:27:36',1,1,'Vintage gourmet tour','','','','vintage-gourmet-tour',0,0,'','',''),(16,1,'2022-07-05 10:47:26',1,1,'Wine and gin','','','','wine-and-gin',0,0,'','',''),(16,2,'2022-07-05 10:47:26',1,1,'Wine and gin','','','','wine-and-gin',0,0,'','',''),(17,1,'2022-08-25 08:14:43',1,1,'Food truck','','','','food-truck',0,0,'','',''),(17,2,'2022-08-25 08:22:01',1,1,'Food truck','','','','food-truck',0,0,'','',''),(18,1,'2022-07-04 15:45:27',1,1,'Test','','','','test',0,0,'','',''),(18,2,'2022-07-04 15:45:27',1,1,'Test','','','','test',0,0,'','',''),(19,1,'2022-07-08 09:30:09',1,1,'Press','','','','press',0,0,'','',''),(19,2,'2022-07-08 09:30:09',1,1,'Press','','','','press',0,0,'','',''),(20,1,'2022-07-08 10:30:06',1,1,'Bioclimatic pergola','','','','bioclimatic-pergola',0,0,'','',''),(20,2,'2022-07-08 10:30:06',1,1,'Bioclimatic pergola','','','','bioclimatic-pergola',0,0,'','',''),(21,1,'2022-07-08 10:38:00',1,1,'Bioclimatic pergola','','','','21-bioclimatic-pergola',0,0,'','',''),(21,2,'2022-07-08 10:38:00',1,1,'Bioclimatic pergola','','','','21-bioclimatic-pergola',0,0,'','',''),(22,1,'2022-07-08 10:48:55',1,1,'Glamping','','','','22-glamping',0,0,'','',''),(22,2,'2022-07-08 10:48:55',1,1,'Glamping','','','','22-glamping',0,0,'','',''),(23,1,'2022-07-08 11:00:53',1,1,'Coming soon','','','','coming-soon',0,0,'','',''),(23,2,'2022-07-08 11:00:53',1,1,'Coming soon','','','','coming-soon',0,0,'','',''),(24,1,'2022-09-30 10:26:56',1,1,'O nas','','','','o-nas',0,0,'','',''),(24,2,'2022-09-30 10:27:04',1,1,'About us','','','','about-us',0,0,'','',''),(25,1,'2023-05-18 22:57:53',1,1,'o nas','','','','25-o-nas',0,0,'','',''),(25,2,'2022-09-30 10:30:54',1,1,'about us','','','','25-about-us',0,0,'','',''),(26,1,'2022-09-30 11:26:53',1,1,'kontakt','','','','kontakt',0,0,'','',''),(26,2,'2022-09-30 10:31:35',1,1,'contact us','','','','contact-us',0,0,'','',''),(27,1,'2022-09-30 10:45:15',1,1,'Splo&scaron;ni pogoji','','','','splosni-pogoji',0,0,'','',''),(27,2,'2022-09-30 10:38:51',1,1,'General terms and conditions','','','','general-terms-and-conditions',0,0,'','',''),(28,1,'2022-10-11 10:35:00',1,1,'Varstvo osebnih podatkov','','','','varstvo-osebnih-podatkov',0,0,'','',''),(28,2,'2022-09-30 10:41:32',1,1,'Privacy policy','','','','privacy-policy',0,0,'','',''),(29,1,'2022-09-30 11:46:00',1,1,'Lokacija','&lt;p style=&quot;margin: 0;&quot;&gt;&lt;strong&gt;Lisjak olive oil&lt;/strong&gt;&lt;br /&gt;&Scaron;alara 28b&lt;br /&gt;6000 Koper&lt;br /&gt;Slovenia&lt;/p&gt;','','','lokacija',0,0,'','',''),(29,2,'2022-09-30 11:44:53',1,1,'Lokacija','&lt;p&gt;&lt;strong&gt;Lisjak olive oil&lt;/strong&gt;&lt;br /&gt;&Scaron;alara 28b&lt;br /&gt;6000 Koper&lt;br /&gt;Slovenia&lt;/p&gt;','','','lokacija',0,0,'','',''),(30,1,'2022-11-07 14:45:28',0,1,'No waste mill','','','','no-waste-mill',0,0,'','',''),(30,2,'2022-11-07 14:46:02',1,1,'No waste mill','','','','no-waste-mill',0,0,'','',''),(31,1,'2023-02-22 08:27:57',0,1,'Hand picked','','','','hand-picked',0,0,'','',''),(31,2,'2022-11-07 14:44:34',1,1,'Hand picked','','','','hand-picked',0,0,'','',''),(32,1,'2023-02-21 13:42:08',0,1,'Terroir territory','','','','terroir-territory',0,0,'','',''),(32,2,'2022-11-07 14:39:44',1,1,'Terroir territory','','','','terroir-territory',0,0,'','',''),(33,1,'2022-11-07 14:40:14',0,1,'Newest technology','','','','newest-technology',0,0,'','',''),(33,2,'2023-02-23 10:54:11',1,1,'Newest technology','','','','newest-technology',0,0,'','',''),(34,1,'2023-02-22 08:27:20',1,1,'Family tradition designer','','','','family-tradition-designer',0,0,'','',''),(34,2,'2023-01-06 09:38:11',1,1,'Family tradition designer','','','','family-tradition-designer',0,0,'','',''),(35,1,'2023-02-21 10:38:42',0,1,'Hight tech storage','','','','hight-tech-storage',0,0,'','',''),(35,2,'2022-11-07 14:45:16',1,1,'Hight tech storage','','','','hight-tech-storage',0,0,'','',''),(36,1,'2023-01-16 08:59:14',0,0,'','','','','',0,0,'','',''),(36,2,'2023-03-13 13:34:24',1,1,'VINTAGE TOUR','&lt;p style=&quot;text-align: center;&quot;&gt;&lt;span&gt;A nostalgic journey in legendary classic cars through Istria&rsquo;s olive groves.&lt;/span&gt;&lt;/p&gt;\r\n&lt;h3 data-uw-styling-context=&quot;true&quot; style=&quot;text-align: center;&quot;&gt;Learn about the story of olive oil&lt;/h3&gt;\r\n&lt;p data-uw-styling-context=&quot;true&quot; style=&quot;text-align: center;&quot;&gt;Taste world-class olive oils and special Istrian dishes in a fun way. Your guides will be the members of the&lt;/p&gt;\r\n&lt;p data-uw-styling-context=&quot;true&quot; style=&quot;text-align: center;&quot;&gt;Lisjak family, the largest producer of olive oil in Slovenia.&lt;/p&gt;\r\n&lt;h3 data-uw-styling-context=&quot;true&quot; style=&quot;text-align: center;&quot;&gt;Enjoy olive oil and traditional Istrian dishes&lt;/h3&gt;\r\n&lt;p data-uw-styling-context=&quot;true&quot; style=&quot;text-align: center;&quot;&gt;As you visit the largest family oil extraction plant in Slovenia, mix your own favourite combination of olive oil and, while&lt;/p&gt;\r\n&lt;p data-uw-styling-context=&quot;true&quot; style=&quot;text-align: center;&quot;&gt;tasting traditional Istrian dishes, learn about the wide range of applications of olives in cosmetics and industry.&lt;/p&gt;\r\n&lt;p data-uw-styling-context=&quot;true&quot; style=&quot;text-align: center;&quot;&gt;On this tour you will recognise high-quality olive oil &ndash; and much more.&lt;/p&gt;\r\n&lt;p data-uw-styling-context=&quot;true&quot; style=&quot;text-align: center;&quot;&gt;This is a story of olive oil, which you can listen to in old olive groves, in the middle of a high-tech laboratory,&lt;/p&gt;\r\n&lt;p data-uw-styling-context=&quot;true&quot; style=&quot;text-align: center;&quot;&gt;and on the edge of a coastal cliff at Strunjan Nature Reserve.&lt;/p&gt;\r\n&lt;h3 data-uw-styling-context=&quot;true&quot; style=&quot;text-align: left;&quot;&gt;Course of the experience&lt;/h3&gt;\r\n&lt;ul data-uw-styling-context=&quot;true&quot;&gt;\r\n&lt;li data-uw-styling-context=&quot;true&quot; style=&quot;text-align: left;&quot;&gt;Meeting at a designated location and a ride in classic old-timer cars through Portorož and along the coastal road, past vineyards, through olive groves, and all the way to the Belvedere vantage point above the fishing town of Izola.&lt;/li&gt;\r\n&lt;li data-uw-styling-context=&quot;true&quot; style=&quot;text-align: left;&quot;&gt;A walk through old olive groves, learning about various olive varieties, tasting Istrian prosciutto ham and home-made sparkling wine at an imposing vantage point on the highest flysch cliff on the Adriatic coast.&lt;/li&gt;\r\n&lt;li data-uw-styling-context=&quot;true&quot; style=&quot;text-align: left;&quot;&gt;Arrival at the olive mill, a welcome including welcome drink-MEZZALANA-house sparkling.&lt;/li&gt;\r\n&lt;li data-uw-styling-context=&quot;true&quot; style=&quot;text-align: left;&quot;&gt;A tour of the oil mill, testing olive cosmetic products made of olive pits and a guided tasting of eight varieties of home-made oil.&lt;/li&gt;\r\n&lt;li data-uw-styling-context=&quot;true&quot; style=&quot;text-align: left;&quot;&gt;Lunch-by request (1) typical istrian cold cuts, 2) Bobiči-istrian soup, 3) pasta with truffles, 4) icecream with olive oil)&lt;/li&gt;\r\n&lt;li data-uw-styling-context=&quot;true&quot;&gt;\r\n&lt;p style=&quot;text-align: left;&quot;&gt;Return in classic old-timer cars.&lt;/p&gt;\r\n&lt;/li&gt;\r\n&lt;/ul&gt;\r\n&lt;p&gt;&lt;/p&gt;','','','vintage-tour',0,0,'','',''),(37,1,'2023-06-06 14:13:17',1,1,'test','','','','37-test',0,0,'','',''),(37,2,'2023-06-06 14:13:14',0,1,'test','','','','37-test',0,0,'','','');

--
-- Table structure for table `ngn_static_links`
--

CREATE TABLE `ngn_static_links` (
  `news_id` int(11) NOT NULL,
  `link_id` int(11) NOT NULL,
  `news_position` int(11) NOT NULL DEFAULT 0,
  `link_position` int(11) NOT NULL,
  `link_date` int(11) NOT NULL,
  PRIMARY KEY (`news_id`,`link_id`),
  KEY `link_position` (`link_position`),
  KEY `link_id` (`link_id`),
  KEY `news_position` (`news_position`)
) ENGINE=InnoDB DEFAULT CHARSET=utf8;

--
-- Dumping data for table `ngn_static_links`
--

INSERT INTO `ngn_static_links` VALUES (26,29,0,0,1664529715);

--
-- Table structure for table `ngn_static_media`
--

CREATE TABLE `ngn_static_media` (
  `gallery_id` int(11) NOT NULL AUTO_INCREMENT,
  `module` varchar(50) NOT NULL,
  `id` int(11) NOT NULL,
  `template` int(11) NOT NULL,
  PRIMARY KEY (`gallery_id`)
) ENGINE=InnoDB DEFAULT CHARSET=utf8;

--
-- Dumping data for table `ngn_static_media`
--


--
-- Table structure for table `ngn_static_media_gallery`
--

CREATE TABLE `ngn_static_media_gallery` (
  `gallery_id` int(11) NOT NULL,
  `photo_id` int(11) NOT NULL,
  `position` int(11) NOT NULL,
  PRIMARY KEY (`gallery_id`,`photo_id`),
  KEY `position` (`position`)
) ENGINE=InnoDB DEFAULT CHARSET=utf8;

--
-- Dumping data for table `ngn_static_media_gallery`
--


--
-- Table structure for table `ngn_static_pages`
--

CREATE TABLE `ngn_static_pages` (
  `news_id` int(11) NOT NULL,
  `link_id` int(11) NOT NULL,
  `language_id` int(11) NOT NULL,
  `news_position` int(11) NOT NULL DEFAULT 0,
  `link_position` int(11) NOT NULL,
  `link_date` int(11) NOT NULL,
  PRIMARY KEY (`news_id`,`link_id`,`language_id`),
  KEY `link_position` (`link_position`),
  KEY `link_id` (`link_id`),
  KEY `news_position` (`news_position`)
) ENGINE=InnoDB DEFAULT CHARSET=utf8;

--
-- Dumping data for table `ngn_static_pages`
--

INSERT INTO `ngn_static_pages` VALUES (1,207,1,0,0,1678710219),(1,208,2,0,0,1678710216),(10,77,1,0,0,1662467691),(10,78,1,0,1,1662467691),(12,29,1,0,0,1655990016),(13,34,1,0,4,1656073004),(13,44,1,0,0,1656073004),(13,45,1,0,1,1656073004),(13,46,1,0,2,1656073004),(13,47,1,0,3,1656073004),(14,31,1,0,4,1656945055),(14,33,1,0,3,1656945055),(14,42,1,0,0,1656945055),(14,43,1,0,1,1656945055),(14,48,1,0,2,1656945055),(14,54,1,0,5,1657194805),(15,35,1,0,1,1656070057),(15,49,1,0,0,1656070057),(16,37,1,0,1,1657010846),(16,50,1,0,0,1657010846),(17,38,1,0,0,1661408083),(17,38,2,0,0,1661408522),(17,39,1,0,1,1661408083),(17,39,2,0,1,1661408522),(17,55,1,0,2,1661408083),(17,55,2,0,2,1661408522),(21,56,1,0,0,1657269481),(21,57,1,0,1,1657269481),(21,58,1,0,2,1657269481),(22,62,1,0,0,1657270136),(22,63,1,0,1,1657270136),(28,93,1,0,0,1665477301),(30,110,2,0,0,1667828763),(31,111,2,0,0,1667828674),(32,112,2,0,0,1667828385),(33,119,1,0,0,1667828415),(33,124,2,0,0,1677146052),(33,125,2,0,1,1677146052),(34,123,2,0,0,1672994292),(35,122,2,0,0,1667828717),(35,213,1,0,1,1679314360),(37,267,1,0,0,1686053598),(37,269,1,0,1,1686053598);

--
-- Table structure for table `ngn_static_photo`
--

CREATE TABLE `ngn_static_photo` (
  `photo_id` int(11) NOT NULL AUTO_INCREMENT,
  `news_id` int(11) DEFAULT NULL,
  `photo_order` int(11) NOT NULL,
  `photo_gallery` int(11) NOT NULL DEFAULT 1,
  `photo_photo` varchar(100) DEFAULT NULL,
  `photo_path` varchar(200) NOT NULL,
  `photo_owner` int(11) NOT NULL,
  `photo_date` datetime NOT NULL,
  `photo_source` varchar(255) NOT NULL,
  PRIMARY KEY (`photo_id`),
  KEY `news_id` (`news_id`),
  KEY `photo_date` (`photo_date`),
  KEY `photo_owner` (`photo_owner`),
  KEY `photo_source` (`photo_source`)
) ENGINE=InnoDB AUTO_INCREMENT=253 DEFAULT CHARSET=utf8;

--
-- Dumping data for table `ngn_static_photo`
--

INSERT INTO `ngn_static_photo` VALUES (1,NULL,0,1,'mat_8255-small','/data/albums/static_photo/mat_8255-small.jpg',718,'2022-03-11 14:07:42',''),(2,NULL,0,1,'mat_8234','/data/albums/static_photo/mat_8234.jpg',718,'2022-03-11 14:11:38',''),(3,NULL,0,1,'img-glamping','/data/albums/static_photo/img-glamping.jpg',718,'2022-03-11 14:39:10',''),(4,NULL,0,1,'img-glamping-2','/data/albums/static_photo/img-glamping-2.jpg',718,'2022-03-11 14:39:26',''),(5,NULL,0,1,'img-olive-wood','/data/albums/static_photo/img-olive-wood.jpg',718,'2022-03-11 14:39:35',''),(6,NULL,0,1,'img-team-building','/data/albums/static_photo/img-team-building.jpg',718,'2022-03-11 14:39:50',''),(7,NULL,0,1,'img-vintage-adventure','/data/albums/static_photo/img-vintage-adventure.jpg',718,'2022-03-11 14:39:59',''),(8,NULL,0,1,'ser-1','/data/albums/static_photo/ser-1.jpg',718,'2022-03-11 14:41:06',''),(9,NULL,0,1,'ser-2','/data/albums/static_photo/ser-2.jpg',718,'2022-03-11 14:41:10',''),(10,NULL,0,1,'ser-3','/data/albums/static_photo/ser-3.jpg',718,'2022-03-11 14:41:13',''),(11,NULL,0,1,'wwd-glamping','/data/albums/static_photo/wwd-glamping.jpg',718,'2022-03-11 14:41:27',''),(12,NULL,0,1,'wwd-olje','/data/albums/static_photo/wwd-olje.jpg',718,'2022-03-11 14:41:35',''),(13,NULL,0,1,'mat_8294-small','/data/albums/static_photomat_8294-small.jpg',718,'2022-03-15 10:45:07',''),(14,NULL,0,1,'mat_8294-small-2','/data/albums/static_photomat_8294-small-2.jpg',718,'2022-03-15 11:28:44',''),(15,NULL,0,1,'img-slider','/data/albums/static_photoimg-slider.jpg',718,'2022-03-15 11:31:24',''),(16,NULL,0,1,'ser-2-2','/data/albums/static_photoser-2-2.jpg',718,'2022-03-15 11:32:15',''),(17,NULL,0,1,'img-6','/data/albums/static_photoimg-6.jpg',718,'2022-03-16 11:56:33',''),(18,NULL,0,1,'dji_0049','/data/albums/static_photo/dji_0049.jpg',718,'2022-03-17 09:51:50',''),(19,NULL,0,1,'screenshot-2022-03-24-at-15-08-06-podstran','/data/albums/static_photoscreenshot-2022-03-24-at-15-08-06-podstran.png',718,'2022-03-24 15:09:34',''),(20,NULL,0,1,'screenshot-2022-03-24-at-15-07-53-podstran','/data/albums/static_photoscreenshot-2022-03-24-at-15-07-53-podstran.png',718,'2022-03-24 15:09:38',''),(21,NULL,0,1,'screenshot-2022-03-24-at-15-07-32-podstran','/data/albums/static_photoscreenshot-2022-03-24-at-15-07-32-podstran.png',718,'2022-03-24 15:09:43',''),(22,NULL,0,1,'screenshot-2022-03-24-at-15-06-14-podstran','/data/albums/static_photoscreenshot-2022-03-24-at-15-06-14-podstran.png',718,'2022-03-24 15:09:50',''),(23,NULL,0,1,'screenshot-2022-03-24-at-15-05-51-podstran','/data/albums/static_photoscreenshot-2022-03-24-at-15-05-51-podstran.png',718,'2022-03-24 15:10:00',''),(24,NULL,0,1,'screenshot-2022-03-24-at-15-05-29-podstran','/data/albums/static_photoscreenshot-2022-03-24-at-15-05-29-podstran.png',718,'2022-03-24 15:10:16',''),(25,NULL,0,1,'screenshot-2022-03-24-at-15-05-22-podstran','/data/albums/static_photoscreenshot-2022-03-24-at-15-05-22-podstran.png',718,'2022-03-24 15:10:20',''),(26,NULL,0,1,'screenshot-2022-03-24-at-15-04-56-podstran','/data/albums/static_photoscreenshot-2022-03-24-at-15-04-56-podstran.png',718,'2022-03-24 15:10:22',''),(27,NULL,0,1,'screenshot-2022-03-24-at-15-04-48-podstran','/data/albums/static_photoscreenshot-2022-03-24-at-15-04-48-podstran.png',718,'2022-03-24 15:10:23',''),(28,NULL,0,1,'screenshot-2022-03-24-at-15-04-44-podstran','/data/albums/static_photoscreenshot-2022-03-24-at-15-04-44-podstran.png',718,'2022-03-24 15:10:24',''),(29,NULL,0,1,'screenshot-2022-03-24-at-15-04-41-podstran','/data/albums/static_photoscreenshot-2022-03-24-at-15-04-41-podstran.png',718,'2022-03-24 15:10:26',''),(30,NULL,0,1,'screenshot-2022-03-24-at-15-04-38-podstran','/data/albums/static_photoscreenshot-2022-03-24-at-15-04-38-podstran.png',718,'2022-03-24 15:10:27',''),(31,NULL,0,1,'screenshot-2022-03-24-at-15-04-33-podstran','/data/albums/static_photoscreenshot-2022-03-24-at-15-04-33-podstran.png',718,'2022-03-24 15:10:28',''),(32,NULL,0,1,'screenshot-2022-03-24-at-15-17-12-podstran','/data/albums/static_photoscreenshot-2022-03-24-at-15-17-12-podstran.png',718,'2022-03-24 15:17:34',''),(33,NULL,0,1,'screenshot-2022-03-24-at-15-17-01-podstran','/data/albums/static_photoscreenshot-2022-03-24-at-15-17-01-podstran.png',718,'2022-03-24 15:17:42',''),(34,NULL,0,1,'screenshot-2022-03-24-at-15-16-26-podstran','/data/albums/static_photoscreenshot-2022-03-24-at-15-16-26-podstran.png',718,'2022-03-24 15:17:49',''),(35,NULL,0,1,'screenshot-2022-03-28-at-09-13-07-podstran','/data/albums/static_photoscreenshot-2022-03-28-at-09-13-07-podstran.png',718,'2022-03-28 09:14:39',''),(36,NULL,0,1,'screenshot-2022-03-28-at-09-35-29-podstran','/data/albums/static_photoscreenshot-2022-03-28-at-09-35-29-podstran.png',718,'2022-03-28 09:36:26',''),(37,NULL,0,1,'screenshot-2022-03-28-at-09-36-43-podstran','/data/albums/static_photoscreenshot-2022-03-28-at-09-36-43-podstran.png',718,'2022-03-28 09:37:04',''),(38,NULL,0,1,'screenshot-2022-04-08-at-10-56-07-istrska-belica','/data/albums/static_photoscreenshot-2022-04-08-at-10-56-07-istrska-belica.png',718,'2022-04-08 11:27:16',''),(39,NULL,0,1,'003876_oljcnik-lisjak-in-oldtimerji_foto-jaka-ivancic_27092018','/data/albums/static_photo003876_oljcnik-lisjak-in-oldtimerji_foto-jaka-ivancic_27092018.jpg',719,'2022-06-23 15:03:32',''),(40,NULL,0,1,'004114_oljcnik-lisjak-in-oldtimerji_foto-jaka-ivancic_27092018-pomanjsana','/data/albums/static_photo004114_oljcnik-lisjak-in-oldtimerji_foto-jaka-ivancic_27092018-pomanjsana.jpg',719,'2022-06-23 15:03:41',''),(41,NULL,0,1,'004286_oljcnik-lisjak-in-oldtimerji_foto-jaka-ivancic_27092018','/data/albums/static_photo004286_oljcnik-lisjak-in-oldtimerji_foto-jaka-ivancic_27092018.jpg',719,'2022-06-23 15:03:50',''),(42,NULL,0,1,'004535_oljcnik-lisjak-in-oldtimerji_foto-jaka-ivancic_27092018','/data/albums/static_photo004535_oljcnik-lisjak-in-oldtimerji_foto-jaka-ivancic_27092018.jpg',719,'2022-06-23 15:03:59',''),(43,NULL,0,1,'buticne-zgodbe-lisjak-hero-mitja-kobal_12','/data/albums/static_photobuticne-zgodbe-lisjak-hero-mitja-kobal_12.jpg',719,'2022-06-23 15:04:08',''),(44,NULL,0,1,'buticne-zgodbe-lisjak-hero1-mitja-kobal_13','/data/albums/static_photobuticne-zgodbe-lisjak-hero1-mitja-kobal_13.jpg',719,'2022-06-23 15:04:16',''),(45,NULL,0,1,'20201008171753-sto_lisjak-1421-mitja_kobal-edit','/data/albums/static_photo20201008171753-sto_lisjak-1421-mitja_kobal-edit.jpg',719,'2022-06-23 15:10:30',''),(46,NULL,0,1,'buticne-zgodbe-lisjak-mitja-kobal_6','/data/albums/static_photobuticne-zgodbe-lisjak-mitja-kobal_6.jpg',719,'2022-06-23 15:10:37',''),(47,NULL,0,1,'buticne-zgodbe-lisjak-mitja-kobal_7','/data/albums/static_photobuticne-zgodbe-lisjak-mitja-kobal_7.jpg',719,'2022-06-23 15:10:50',''),(48,NULL,0,1,'buticne-zgodbe-lisjak-mitja-kobal_5','/data/albums/static_photo/buticne-zgodbe-lisjak-mitja-kobal_5.jpg',719,'2022-06-23 15:15:11',''),(49,NULL,0,1,'56253723-3cca-4a91-be34-52f9a4d7b75d','/data/albums/static_photo56253723-3cca-4a91-be34-52f9a4d7b75d.jpg',719,'2022-06-23 15:20:51',''),(50,NULL,0,1,'img_0026','/data/albums/static_photoimg_0026.jpg',719,'2022-06-23 15:20:59',''),(51,NULL,0,1,'img_0033','/data/albums/static_photoimg_0033.jpg',719,'2022-06-23 15:21:02',''),(52,NULL,0,1,'img_0040','/data/albums/static_photoimg_0040.jpg',719,'2022-06-23 15:21:07',''),(53,NULL,0,1,'img_4047','/data/albums/static_photoimg_4047.jpg',719,'2022-06-23 15:21:13',''),(54,NULL,0,1,'img_4048','/data/albums/static_photoimg_4048.jpg',719,'2022-06-23 15:21:17',''),(55,NULL,0,1,'img_4049','/data/albums/static_photoimg_4049.jpg',719,'2022-06-23 15:21:23',''),(56,NULL,0,1,'d21f8481-e1a5-4852-b620-92bf14d0b04d','/data/albums/static_photod21f8481-e1a5-4852-b620-92bf14d0b04d.jpg',719,'2022-06-23 15:23:03',''),(57,NULL,0,1,'img_5352','/data/albums/static_photoimg_5352.jpg',719,'2022-06-23 15:23:13',''),(58,NULL,0,1,'img_5354','/data/albums/static_photoimg_5354.jpg',719,'2022-06-23 15:23:22',''),(59,NULL,0,1,'img_5369','/data/albums/static_photoimg_5369.jpg',719,'2022-06-23 15:25:46',''),(60,NULL,0,1,'img_5370','/data/albums/static_photoimg_5370.jpg',719,'2022-06-23 15:25:57',''),(61,NULL,0,1,'img_5372','/data/albums/static_photoimg_5372.jpg',719,'2022-06-23 15:26:09',''),(62,NULL,0,1,'img_0086','/data/albums/static_photoimg_0086.jpg',719,'2022-06-23 15:30:15',''),(63,NULL,0,1,'img_5356','/data/albums/static_photoimg_5356.jpg',719,'2022-06-23 15:30:24',''),(64,NULL,0,1,'img_5358','/data/albums/static_photoimg_5358.jpg',719,'2022-06-23 15:30:32',''),(65,NULL,0,1,'896853f8-7f8d-44ab-8937-89da325639a7','/data/albums/static_photo896853f8-7f8d-44ab-8937-89da325639a7.jpg',719,'2022-06-23 15:34:00',''),(66,NULL,0,1,'ba6ee826-c539-4697-bdc4-b4263028025e','/data/albums/static_photoba6ee826-c539-4697-bdc4-b4263028025e.jpg',719,'2022-06-23 15:34:11',''),(67,NULL,0,1,'d972fed8-4d7f-449f-a89f-8de28167736a','/data/albums/static_photod972fed8-4d7f-449f-a89f-8de28167736a.jpg',719,'2022-06-23 15:34:21',''),(68,NULL,0,1,'_at_6152','/data/albums/static_photo_at_6152.jpg',719,'2022-06-23 15:44:04',''),(69,NULL,0,1,'_at_6212','/data/albums/static_photo_at_6212.jpg',719,'2022-06-23 15:44:12',''),(70,NULL,0,1,'_at_6354','/data/albums/static_photo_at_6354.jpg',719,'2022-06-23 15:44:19',''),(71,NULL,0,1,'_at_6523','/data/albums/static_photo_at_6523.jpg',719,'2022-06-23 15:44:26',''),(72,NULL,0,1,'004535_oljcnik-lisjak-in-oldtimerji_foto-jaka-ivancic_27092018-2','/data/albums/static_photo/004535_oljcnik-lisjak-in-oldtimerji_foto-jaka-ivancic_27092018-2.jpg',719,'2022-06-24 08:39:45',''),(73,NULL,0,1,'index-no-waste','/data/albums/static_photo/index-no-waste.jpg',719,'2022-06-24 10:33:04',''),(74,NULL,0,1,'buticne-zgodbe-lisjak-mitja-kobal_10','/data/albums/static_photobuticne-zgodbe-lisjak-mitja-kobal_10.jpg',719,'2022-06-24 11:33:16',''),(75,NULL,0,1,'buticne-zgodbe-lisjak-mitja-kobal_11','/data/albums/static_photobuticne-zgodbe-lisjak-mitja-kobal_11.jpg',719,'2022-06-24 11:34:09',''),(76,NULL,0,1,'buticne-zgodbe-lisjak-mitja-kobal_4','/data/albums/static_photobuticne-zgodbe-lisjak-mitja-kobal_4.jpg',719,'2022-06-24 11:35:25',''),(77,NULL,0,1,'matejlisjak','/data/albums/static_photomatejlisjak.jpg',719,'2022-06-24 13:16:05',''),(78,NULL,0,1,'personal_coldcutslisjak','/data/albums/static_photopersonal_coldcutslisjak.jpg',719,'2022-06-24 13:26:32',''),(79,NULL,0,1,'screenshot-2022-07-05-at-10-48-06-wine-and-gin','/data/albums/static_photoscreenshot-2022-07-05-at-10-48-06-wine-and-gin.png',718,'2022-07-05 10:49:07',''),(80,NULL,0,1,'img_2193','/data/albums/static_photoimg_2193.png',719,'2022-07-08 10:27:20',''),(81,NULL,0,1,'img_2217','/data/albums/static_photoimg_2217.jpg',719,'2022-07-08 10:27:27',''),(82,NULL,0,1,'img_2218','/data/albums/static_photoimg_2218.jpg',719,'2022-07-08 10:27:30',''),(83,NULL,0,1,'img_2222','/data/albums/static_photoimg_2222.jpg',719,'2022-07-08 10:27:34',''),(84,NULL,0,1,'img_2223','/data/albums/static_photoimg_2223.jpg',719,'2022-07-08 10:27:37',''),(85,NULL,0,1,'img_2228','/data/albums/static_photoimg_2228.jpg',719,'2022-07-08 10:27:41',''),(86,NULL,0,1,'6447d315-0472-4b3f-9082-9d0440e8552e','/data/albums/static_photo6447d315-0472-4b3f-9082-9d0440e8552e.jpg',719,'2022-07-08 10:47:21',''),(87,NULL,0,1,'img_2596','/data/albums/static_photoimg_2596.jpg',719,'2022-07-08 10:47:49',''),(88,NULL,0,1,'img_3034','/data/albums/static_photoimg_3034.jpg',719,'2022-07-08 10:47:55',''),(89,NULL,0,1,'img_4506','/data/albums/static_photoimg_4506.jpg',719,'2022-07-08 10:48:02',''),(90,NULL,0,1,'img_5547','/data/albums/static_photoimg_5547.jpg',719,'2022-07-08 10:48:17',''),(91,NULL,0,1,'image0','/data/albums/static_photoimage0.jpg',719,'2022-07-08 10:48:26',''),(92,NULL,0,1,'img_1811','/data/albums/static_photoimg_1811.jpg',719,'2022-07-08 10:48:39',''),(93,NULL,0,1,'img_2595','/data/albums/static_photoimg_2595.jpg',719,'2022-07-08 10:48:47',''),(94,NULL,0,1,'path5034','/data/albums/static_photopath5034.png',718,'2022-08-19 15:49:13',''),(95,NULL,0,1,'g4752','/data/albums/static_photog4752.png',718,'2022-08-19 15:49:15',''),(96,NULL,0,1,'g4772','/data/albums/static_photog4772.png',718,'2022-08-19 15:49:18',''),(97,NULL,0,1,'g5016','/data/albums/static_photog5016.png',718,'2022-08-19 15:49:24',''),(98,NULL,0,1,'path5084','/data/albums/static_photopath5084.png',718,'2022-08-19 15:49:26',''),(99,NULL,0,1,'use4786','/data/albums/static_photouse4786.png',718,'2022-08-19 15:49:29',''),(100,NULL,0,1,'use4992','/data/albums/static_photouse4992.png',718,'2022-08-19 15:49:35',''),(101,NULL,0,1,'g5894','/data/albums/static_photog5894.png',718,'2022-08-19 15:49:41',''),(102,NULL,0,1,'g5894-2','/data/albums/static_photog5894-2.png',718,'2022-08-19 15:51:03',''),(103,NULL,0,1,'path5034-2','/data/albums/static_photopath5034-2.png',718,'2022-08-19 15:52:37',''),(104,NULL,0,1,'g4752-2','/data/albums/static_photog4752-2.png',718,'2022-08-19 15:52:41',''),(105,NULL,0,1,'g4772-2','/data/albums/static_photog4772-2.png',718,'2022-08-19 15:52:44',''),(106,NULL,0,1,'g5016-2','/data/albums/static_photog5016-2.png',718,'2022-08-19 15:52:50',''),(107,NULL,0,1,'path5084-2','/data/albums/static_photopath5084-2.png',718,'2022-08-19 15:52:53',''),(108,NULL,0,1,'use4786-2','/data/albums/static_photouse4786-2.png',718,'2022-08-19 15:52:56',''),(109,NULL,0,1,'use4992-2','/data/albums/static_photouse4992-2.png',718,'2022-08-19 15:53:01',''),(110,NULL,0,1,'screenshot-2022-08-25-at-08-23-00-food-truck','/data/albums/static_photoscreenshot-2022-08-25-at-08-23-00-food-truck.png',718,'2022-08-25 08:23:23',''),(111,NULL,0,1,'asset-23x-100','/data/albums/static_photoasset-23x-100.jpg',718,'2022-09-20 14:33:48',''),(112,NULL,0,1,'asset-33x-100','/data/albums/static_photoasset-33x-100.jpg',718,'2022-09-20 14:35:56',''),(113,NULL,0,1,'asset-43x-100','/data/albums/static_photoasset-43x-100.jpg',718,'2022-09-20 14:35:58',''),(114,NULL,0,1,'asset-53x-100','/data/albums/static_photoasset-53x-100.jpg',718,'2022-09-20 14:36:01',''),(115,NULL,0,1,'asset-63x-100','/data/albums/static_photoasset-63x-100.jpg',718,'2022-09-20 14:36:03',''),(116,NULL,0,1,'asset-73x-100','/data/albums/static_photoasset-73x-100.jpg',718,'2022-09-20 14:36:05',''),(117,NULL,0,1,'asset-83x-100','/data/albums/static_photoasset-83x-100.jpg',718,'2022-09-20 14:36:07',''),(118,NULL,0,1,'asset-93x-100','/data/albums/static_photoasset-93x-100.jpg',718,'2022-09-20 14:36:10',''),(119,NULL,0,1,'asset-103x','/data/albums/static_photoasset-103x.png',718,'2022-09-20 14:41:13',''),(120,NULL,0,1,'asset-23x','/data/albums/static_photoasset-23x.png',718,'2022-09-20 14:47:58',''),(121,NULL,0,1,'slide-12x-100','/data/albums/static_photo/slide-12x-100.jpg',718,'2022-09-22 14:26:15',''),(122,NULL,0,1,'slide-22x-100','/data/albums/static_photo/slide-22x-100.jpg',718,'2022-09-22 14:31:19',''),(123,NULL,0,1,'slide-32x-100','/data/albums/static_photo/slide-32x-100.jpg',718,'2022-09-22 15:53:10',''),(124,NULL,0,1,'slide-42x-100','/data/albums/static_photo/slide-42x-100.jpg',718,'2022-09-22 15:53:22',''),(125,NULL,0,1,'slide-52x-100','/data/albums/static_photo/slide-52x-100.jpg',718,'2022-09-22 15:53:29',''),(126,NULL,0,1,'slide-62x-100','/data/albums/static_photo/slide-62x-100.jpg',718,'2022-09-22 15:53:40',''),(127,NULL,0,1,'slide-72x-100','/data/albums/static_photo/slide-72x-100.jpg',718,'2022-09-22 15:53:51',''),(128,NULL,0,1,'slide-82x-100','/data/albums/static_photo/slide-82x-100.jpg',718,'2022-09-22 15:54:01',''),(129,NULL,0,1,'slide-92x-100','/data/albums/static_photo/slide-92x-100.jpg',718,'2022-09-22 15:54:12',''),(130,NULL,0,1,'slide-82x-100-2','/data/albums/static_photo/slide-82x-100-2.jpg',718,'2022-09-22 15:59:53',''),(131,NULL,0,1,'asset-12x-100','/data/albums/static_photo/asset-12x-100.jpg',718,'2022-09-23 11:49:17',''),(132,NULL,0,1,'slide-12x-100-2','/data/albums/static_photo/slide-12x-100-2.jpg',718,'2022-09-23 11:49:31',''),(133,NULL,0,1,'slide-22x-100-2','/data/albums/static_photo/slide-22x-100-2.jpg',718,'2022-09-23 11:49:42',''),(134,NULL,0,1,'slide-32x-100-2','/data/albums/static_photo/slide-32x-100-2.jpg',718,'2022-09-23 11:49:51',''),(135,NULL,0,1,'slide-42x-100-2','/data/albums/static_photo/slide-42x-100-2.jpg',718,'2022-09-23 11:50:00',''),(136,NULL,0,1,'slide-52x-100-2','/data/albums/static_photo/slide-52x-100-2.jpg',718,'2022-09-23 11:50:09',''),(137,NULL,0,1,'slide-62x-100-2','/data/albums/static_photo/slide-62x-100-2.jpg',718,'2022-09-23 11:50:20',''),(138,NULL,0,1,'slide-82x-100-3','/data/albums/static_photo/slide-82x-100-3.jpg',718,'2022-09-23 11:50:33',''),(139,NULL,0,1,'slide-92x-100-2','/data/albums/static_photo/slide-92x-100-2.jpg',718,'2022-09-23 11:50:43',''),(140,NULL,0,1,'kempinski-04','/data/albums/static_photokempinski-04.jpg',719,'2022-09-27 10:08:16',''),(141,NULL,0,1,'spletna_foto-01','/data/albums/static_photospletna_foto-01.jpg',718,'2022-09-27 10:09:53',''),(142,NULL,0,1,'naslovna-032','/data/albums/static_photo/naslovna-032.jpg',719,'2022-09-28 09:31:52',''),(143,NULL,0,1,'marker','/data/albums/static_photo/marker.png',718,'2022-09-30 11:28:54',''),(144,NULL,0,1,'asset-22x','/data/albums/static_photoasset-22x.png',718,'2022-10-06 15:06:03',''),(145,NULL,0,1,'asset-32x','/data/albums/static_photoasset-32x.png',718,'2022-10-06 15:06:08',''),(146,NULL,0,1,'banner-olive-cosmetics','/data/albums/static_photo/banner-olive-cosmetics.png',719,'2022-10-13 11:56:43',''),(147,NULL,0,1,'asset-2','/data/albums/static_photo/asset-2.png',719,'2022-10-13 12:05:32',''),(148,NULL,0,1,'dej-mi-sirino','/data/albums/static_photo/dej-mi-sirino.png',719,'2022-10-13 14:21:38',''),(149,NULL,0,1,'artboard-22','/data/albums/static_photoartboard-22.png',719,'2022-10-20 08:42:19',''),(150,NULL,0,1,'artboard-15','/data/albums/static_photoartboard-15.png',719,'2022-10-20 08:49:59',''),(151,NULL,0,1,'artboard-15-copy','/data/albums/static_photoartboard-15-copy.png',719,'2022-10-20 08:52:01',''),(152,NULL,0,1,'artboard-15-copy-4','/data/albums/static_photoartboard-15-copy-4.png',719,'2022-10-20 08:59:47',''),(153,NULL,0,1,'koscice-01','/data/albums/static_photokoscice-01.jpg',719,'2022-10-25 08:01:16',''),(154,NULL,0,1,'koscice-01-1800','/data/albums/static_photokoscice-01-1800.jpg',719,'2022-10-25 08:07:11',''),(155,NULL,0,1,'nowaste-01','/data/albums/static_photonowaste-01.png',719,'2022-10-25 11:56:41',''),(156,NULL,0,1,'artboard-15-copy-2','/data/albums/static_photoartboard-15-copy-2.png',719,'2022-10-27 15:32:17',''),(157,NULL,0,1,'podstranipdf-03','/data/albums/static_photopodstranipdf-03.jpg',719,'2022-10-27 15:33:32',''),(158,NULL,0,1,'podstranipdf-05','/data/albums/static_photopodstranipdf-05.jpg',719,'2022-10-27 15:33:46',''),(159,NULL,0,1,'podstranipdf-03-2','/data/albums/static_photopodstranipdf-03-2.jpg',719,'2022-10-27 15:54:26',''),(160,NULL,0,1,'podstranipdf-04','/data/albums/static_photopodstranipdf-04.jpg',719,'2022-10-27 15:57:19',''),(161,NULL,0,1,'podstranipdf-06','/data/albums/static_photopodstranipdf-06.jpg',719,'2022-10-27 15:58:19',''),(162,NULL,0,1,'podstranipdf-07','/data/albums/static_photopodstranipdf-07.jpg',719,'2022-10-27 15:59:22',''),(163,NULL,0,1,'podstranipdf-08','/data/albums/static_photopodstranipdf-08.jpg',719,'2022-10-27 16:00:55',''),(164,NULL,0,1,'podstranipdf-10','/data/albums/static_photopodstranipdf-10.jpg',719,'2022-10-27 16:01:44',''),(165,NULL,0,1,'podstranipdf-11','/data/albums/static_photopodstranipdf-11.jpg',719,'2022-10-28 08:18:11',''),(166,NULL,0,1,'1naslovna_podstranipdf-12','/data/albums/static_photo1naslovna_podstranipdf-12.jpg',718,'2022-11-04 14:35:16',''),(167,NULL,0,1,'naslovna_podstranipdf-13','/data/albums/static_photonaslovna_podstranipdf-13.jpg',719,'2022-11-07 14:39:11',''),(168,NULL,0,1,'naslovna_podstranipdf-14','/data/albums/static_photonaslovna_podstranipdf-14.jpg',719,'2022-11-07 14:40:25',''),(169,NULL,0,1,'naslovna_podstranipdf-15','/data/albums/static_photonaslovna_podstranipdf-15.jpg',719,'2022-11-07 14:41:02',''),(170,NULL,0,1,'naslovna_podstranipdf-16','/data/albums/static_photonaslovna_podstranipdf-16.jpg',719,'2022-11-07 14:41:26',''),(171,NULL,0,1,'naslovna_podstranipdf-17','/data/albums/static_photonaslovna_podstranipdf-17.jpg',719,'2022-11-07 14:44:11',''),(172,NULL,0,1,'naslovna_podstranipdf-18','/data/albums/static_photonaslovna_podstranipdf-18.jpg',719,'2022-11-07 14:44:52',''),(173,NULL,0,1,'naslovna_podstranipdf-19','/data/albums/static_photonaslovna_podstranipdf-19.jpg',719,'2022-11-07 14:45:40',''),(174,NULL,0,1,'ceb3bead-dbe3-48f5-b710-3bc25fa18122','/data/albums/static_photo/ceb3bead-dbe3-48f5-b710-3bc25fa18122.jpg',945,'2023-01-06 11:08:52',''),(175,NULL,0,1,'2-02','/data/albums/static_photo2-02.jpg',719,'2023-01-06 15:47:40',''),(176,NULL,0,1,'fb4e0857-5f29-4297-ab69-20b21b5ba6af','/data/albums/static_photo/fb4e0857-5f29-4297-ab69-20b21b5ba6af.jpg',897,'2023-01-07 12:38:03',''),(177,NULL,0,1,'08c65b59-29ac-49c6-8123-393630bfab6b','/data/albums/static_photo/08c65b59-29ac-49c6-8123-393630bfab6b.jpg',897,'2023-01-07 16:55:57',''),(178,NULL,0,1,'pergola_fotka-01','/data/albums/static_photopergola_fotka-01.jpg',719,'2023-01-09 10:51:39',''),(179,NULL,0,1,'004114_oljcnik-lisjak-in-oldtimerji_foto-jaka-ivancic_27092018','/data/albums/static_photo004114_oljcnik-lisjak-in-oldtimerji_foto-jaka-ivancic_27092018.jpg',719,'2023-01-09 10:54:06',''),(180,NULL,0,1,'kombi','/data/albums/static_photokombi.jpg',719,'2023-01-09 10:54:54',''),(181,NULL,0,1,'kombi3','/data/albums/static_photokombi3.jpg',719,'2023-01-09 10:55:26',''),(182,NULL,0,1,'oljcnik-lisjak-in-oldtimerji_foto-jaka-ivancic','/data/albums/static_photooljcnik-lisjak-in-oldtimerji_foto-jaka-ivancic.jpg',719,'2023-01-09 10:55:49',''),(183,NULL,0,1,'20201008171945-sto_lisjak-1431-mitja_kobal-edit','/data/albums/static_photo20201008171945-sto_lisjak-1431-mitja_kobal-edit.jpg',719,'2023-01-09 10:58:47',''),(184,NULL,0,1,'buticne-zgodbe-lisjak-mitja-kobal_10-2','/data/albums/static_photobuticne-zgodbe-lisjak-mitja-kobal_10-2.jpg',719,'2023-01-09 10:59:15',''),(185,NULL,0,1,'buticne-zgodbe-lisjak-mitja-kobal_11-2','/data/albums/static_photobuticne-zgodbe-lisjak-mitja-kobal_11-2.jpg',719,'2023-01-09 10:59:35',''),(186,NULL,0,1,'buticne-zgodbe-lisjak-mitja-kobal_3','/data/albums/static_photobuticne-zgodbe-lisjak-mitja-kobal_3.jpg',719,'2023-01-11 13:55:22',''),(187,NULL,0,1,'naslovka_olje-01','/data/albums/static_photo/naslovka_olje-01.jpg',945,'2023-01-13 17:15:26',''),(188,NULL,0,1,'naslovka-01','/data/albums/static_photo/naslovka-01.jpg',945,'2023-01-13 17:25:09',''),(189,NULL,0,1,'naslovkaa-01','/data/albums/static_photo/naslovkaa-01.jpg',945,'2023-01-13 17:30:12',''),(190,NULL,0,1,'naslovk-01','/data/albums/static_photo/naslovk-01.jpg',945,'2023-01-13 17:32:53',''),(191,NULL,0,1,'img_0026-01','/data/albums/static_photo/img_0026-01.jpg',945,'2023-01-13 17:34:30',''),(192,NULL,0,1,'img_0027-01','/data/albums/static_photo/img_0027-01.jpg',945,'2023-01-13 17:37:35',''),(193,NULL,0,1,'img7-01','/data/albums/static_photo/img7-01.jpg',945,'2023-01-13 17:42:14',''),(194,NULL,0,1,'img_77-01','/data/albums/static_photo/img_77-01.jpg',945,'2023-01-13 17:43:14',''),(195,NULL,0,1,'7777-02','/data/albums/static_photo/7777-02.jpg',945,'2023-01-13 17:47:54',''),(196,NULL,0,1,'7777-02-2','/data/albums/static_photo/7777-02-2.jpg',945,'2023-01-13 17:49:21',''),(197,NULL,0,1,'img_7777777-01','/data/albums/static_photo/img_7777777-01.jpg',945,'2023-01-13 17:53:20',''),(198,NULL,0,1,'img_77-01-2','/data/albums/static_photo/img_77-01-2.jpg',945,'2023-01-13 17:58:29',''),(199,NULL,0,1,'button-01','/data/albums/static_photo/button-01.png',945,'2023-01-14 11:50:32',''),(200,NULL,0,1,'distillery-01','/data/albums/static_photodistillery-01.jpg',719,'2023-01-16 08:11:36',''),(201,NULL,0,1,'1_orangesrecepti-01','/data/albums/static_photo1_orangesrecepti-01.png',945,'2023-01-25 11:05:58',''),(202,NULL,0,1,'f8cf0282-04b4-47a8-b91a-80b8466341e4','/data/albums/static_photof8cf0282-04b4-47a8-b91a-80b8466341e4.jpg',719,'2023-01-26 11:49:44',''),(203,NULL,0,1,'img_6020','/data/albums/static_photoimg_6020.jpg',719,'2023-01-26 11:49:50',''),(204,NULL,0,1,'gorenje-hisense-sept-2022-photo_ziga_intihar-783','/data/albums/static_photogorenje-hisense-sept-2022-photo_ziga_intihar-783.jpg',719,'2023-01-26 12:01:55',''),(205,NULL,0,1,'gorenje-hisense-sept-2022-photo_ziga_intihar-784','/data/albums/static_photogorenje-hisense-sept-2022-photo_ziga_intihar-784.jpg',719,'2023-01-26 12:02:00',''),(206,NULL,0,1,'gorenje-hisense-sept-2022-photo_ziga_intihar-785','/data/albums/static_photogorenje-hisense-sept-2022-photo_ziga_intihar-785.jpg',719,'2023-01-26 12:02:05',''),(207,NULL,0,1,'gorenje-hisense-sept-2022-photo_ziga_intihar-786','/data/albums/static_photogorenje-hisense-sept-2022-photo_ziga_intihar-786.jpg',719,'2023-01-26 12:02:10',''),(208,NULL,0,1,'gorenje-hisense-sept-2022-photo_ziga_intihar-787','/data/albums/static_photogorenje-hisense-sept-2022-photo_ziga_intihar-787.jpg',719,'2023-01-26 12:02:15',''),(209,NULL,0,1,'gorenje-hisense-sept-2022-photo_ziga_intihar-832','/data/albums/static_photogorenje-hisense-sept-2022-photo_ziga_intihar-832.jpg',719,'2023-01-26 12:02:20',''),(210,NULL,0,1,'gorenje-hisense-sept-2022-photo_ziga_intihar-833','/data/albums/static_photogorenje-hisense-sept-2022-photo_ziga_intihar-833.jpg',719,'2023-01-26 12:02:24',''),(211,NULL,0,1,'gorenje-hisense-sept-2022-photo_ziga_intihar-836','/data/albums/static_photogorenje-hisense-sept-2022-photo_ziga_intihar-836.jpg',719,'2023-01-26 12:02:28',''),(212,NULL,0,1,'gorenje-hisense-sept-2022-photo_ziga_intihar-837','/data/albums/static_photogorenje-hisense-sept-2022-photo_ziga_intihar-837.jpg',719,'2023-01-26 12:02:33',''),(213,NULL,0,1,'gorenje-hisense-sept-2022-photo_ziga_intihar-871','/data/albums/static_photogorenje-hisense-sept-2022-photo_ziga_intihar-871.jpg',719,'2023-01-26 12:02:37',''),(214,NULL,0,1,'gorenje-hisense-sept-2022-photo_ziga_intihar-873','/data/albums/static_photogorenje-hisense-sept-2022-photo_ziga_intihar-873.jpg',719,'2023-01-26 12:02:42',''),(215,NULL,0,1,'cream-01','/data/albums/static_photocream-01.jpg',945,'2023-02-24 10:11:57',''),(216,NULL,0,1,'depositphotos_366108342_xl','/data/albums/static_photodepositphotos_366108342_xl.jpg',719,'2023-02-24 11:03:40',''),(217,NULL,0,1,'cream-01-2','/data/albums/static_photocream-01-2.jpg',945,'2023-02-24 11:24:54',''),(218,NULL,0,1,'shop-01','/data/albums/static_photoshop-01.jpg',945,'2023-03-10 13:16:08',''),(219,NULL,0,1,'krema-01','/data/albums/static_photokrema-01.jpg',945,'2023-03-10 13:27:58',''),(220,NULL,0,1,'screenshot-2023-03-13-at-10-58-47-foodtruck','/data/albums/static_photoscreenshot-2023-03-13-at-10-58-47-foodtruck.png',718,'2023-03-13 11:00:15',''),(221,NULL,0,1,'screenshot-2023-03-13-at-103738','/data/albums/static_photoscreenshot-2023-03-13-at-103738.png',719,'2023-03-13 11:23:22',''),(222,NULL,0,1,'screenshot-2023-03-13-at-103803','/data/albums/static_photoscreenshot-2023-03-13-at-103803.png',719,'2023-03-13 11:23:27',''),(223,NULL,0,1,'screenshot-2023-03-13-at-103811','/data/albums/static_photoscreenshot-2023-03-13-at-103811.png',719,'2023-03-13 11:39:23',''),(224,NULL,0,1,'screenshot-2023-03-13-at-103823','/data/albums/static_photoscreenshot-2023-03-13-at-103823.png',719,'2023-03-13 11:39:27',''),(225,NULL,0,1,'screenshot-2023-03-13-at-103841','/data/albums/static_photoscreenshot-2023-03-13-at-103841.png',719,'2023-03-13 11:41:23',''),(226,NULL,0,1,'screenshot-2023-03-13-at-103904','/data/albums/static_photoscreenshot-2023-03-13-at-103904.png',719,'2023-03-13 11:42:51',''),(227,NULL,0,1,'screenshot-2023-03-13-at-103912','/data/albums/static_photoscreenshot-2023-03-13-at-103912.png',719,'2023-03-13 11:42:56',''),(228,NULL,0,1,'screenshot-2023-03-13-at-103919','/data/albums/static_photoscreenshot-2023-03-13-at-103919.png',719,'2023-03-13 11:43:47',''),(229,NULL,0,1,'screenshot-2023-03-13-at-103928','/data/albums/static_photoscreenshot-2023-03-13-at-103928.png',719,'2023-03-13 11:44:28',''),(230,NULL,0,1,'screenshot-2023-03-13-at-13-33-00-vintage-tours','/data/albums/static_photoscreenshot-2023-03-13-at-13-33-00-vintage-tours.png',718,'2023-03-13 13:33:36',''),(231,NULL,0,1,'screenshot-2023-03-13-at-13-34-44-orange','/data/albums/static_photoscreenshot-2023-03-13-at-13-34-44-orange.png',718,'2023-03-13 13:35:01',''),(232,NULL,0,1,'5005087-water-vitamin-mask-neck-and-decolte1','/data/albums/static_photo5005087-water-vitamin-mask-neck-and-decolte1.jpg',719,'2023-03-20 13:12:50',''),(233,NULL,0,1,'screenshot-2023-03-20-at-134215','/data/albums/static_photoscreenshot-2023-03-20-at-134215.png',1292,'2023-03-20 13:43:32',''),(234,NULL,0,1,'screenshot-2023-03-20-at-134613','/data/albums/static_photoscreenshot-2023-03-20-at-134613.png',1292,'2023-03-20 13:47:03',''),(235,NULL,0,1,'screenshot-2023-03-20-at-134826','/data/albums/static_photoscreenshot-2023-03-20-at-134826.png',1292,'2023-03-20 13:48:53',''),(236,NULL,0,1,'cream-01-3','/data/albums/static_photocream-01-3.jpg',1292,'2023-04-18 13:18:50',''),(237,NULL,0,1,'spletna-01','/data/albums/static_photo/spletna-01.jpg',719,'2023-05-03 14:42:00',''),(238,NULL,0,1,'spletna-01-2','/data/albums/static_photo/spletna-01-2.jpg',719,'2023-05-03 14:48:30',''),(239,NULL,0,1,'222-01','/data/albums/static_photo/222-01.jpg',719,'2023-05-03 15:11:28',''),(240,NULL,0,1,'screenshot-2023-03-13-at-103811-2','/data/albums/static_photoscreenshot-2023-03-13-at-103811-2.png',719,'2023-06-01 16:08:21',''),(241,NULL,0,1,'screenshot-2023-03-13-at-103823-2','/data/albums/static_photoscreenshot-2023-03-13-at-103823-2.png',719,'2023-06-01 16:08:26',''),(242,NULL,0,1,'screenshot-2023-03-13-at-103841-2','/data/albums/static_photoscreenshot-2023-03-13-at-103841-2.png',719,'2023-06-01 16:09:44',''),(243,NULL,0,1,'screenshot-2023-03-13-at-103904-2','/data/albums/static_photoscreenshot-2023-03-13-at-103904-2.png',719,'2023-06-01 16:10:29',''),(244,NULL,0,1,'screenshot-2023-03-13-at-103912-2','/data/albums/static_photoscreenshot-2023-03-13-at-103912-2.png',719,'2023-06-01 16:10:35',''),(245,NULL,0,1,'screenshot-2023-03-13-at-103919-2','/data/albums/static_photoscreenshot-2023-03-13-at-103919-2.png',719,'2023-06-01 16:11:10',''),(246,NULL,0,1,'screenshot-2023-03-13-at-103928-2','/data/albums/static_photoscreenshot-2023-03-13-at-103928-2.png',719,'2023-06-01 16:11:53',''),(247,NULL,0,1,'kozmetika-01','/data/albums/static_photokozmetika-01.jpg',719,'2023-06-02 09:56:37',''),(248,NULL,0,1,'recepti-12-1314-13','/data/albums/static_photorecepti-12-1314-13.jpg',719,'2023-06-06 13:24:33',''),(249,NULL,0,1,'recepti-12-1314-12','/data/albums/static_photorecepti-12-1314-12.jpg',719,'2023-06-06 13:26:10',''),(250,NULL,0,1,'recepti-12-1314-14','/data/albums/static_photorecepti-12-1314-14.jpg',719,'2023-06-06 13:27:46',''),(251,NULL,0,1,'2o1l-15','/data/albums/static_photo2o1l-15.jpg',719,'2023-06-07 14:21:59',''),(252,NULL,0,1,'olivers_spletna-01','/data/albums/static_photo/olivers_spletna-01.jpg',719,'2023-06-13 11:13:05','');

--
-- Table structure for table `ngn_static_photo_gallery`
--

CREATE TABLE `ngn_static_photo_gallery` (
  `photo_id` int(11) NOT NULL,
  `news_id` int(11) NOT NULL,
  `photo_gallery` int(11) NOT NULL,
  `photo_order` int(11) NOT NULL,
  PRIMARY KEY (`news_id`,`photo_id`)
) ENGINE=InnoDB DEFAULT CHARSET=utf8;

--
-- Dumping data for table `ngn_static_photo_gallery`
--

INSERT INTO `ngn_static_photo_gallery` VALUES (1,21,1,1),(2,21,1,2),(3,21,1,3),(5,21,1,4),(49,31,1,4),(50,31,1,5),(51,31,1,6),(52,31,1,7),(53,31,1,8),(54,31,1,9),(55,31,1,10),(68,31,1,11),(69,31,1,12),(70,31,1,13),(71,31,1,14),(56,34,1,1),(57,34,1,2),(58,34,1,3),(39,35,1,4),(40,35,1,5),(41,35,1,6),(42,35,1,7),(43,35,1,8),(44,35,1,9),(59,35,1,1),(60,35,1,2),(61,35,1,3),(62,37,1,1),(63,37,1,2),(64,37,1,3),(65,39,1,1),(66,39,1,2),(67,39,1,3),(59,40,1,1),(60,40,1,2),(61,40,1,3),(80,57,1,1),(81,57,1,2),(82,57,1,3),(83,57,1,4),(84,57,1,5),(85,57,1,6),(87,63,1,1),(88,63,1,2),(89,63,1,3),(90,63,1,4),(91,63,1,5),(92,63,1,6),(93,63,1,7),(148,114,1,1),(149,114,1,2),(150,114,1,3),(151,114,1,4),(152,114,1,5),(202,154,1,1),(203,154,1,2),(204,156,1,1),(205,156,1,2),(206,156,1,3),(207,156,1,4),(208,156,1,5),(209,156,1,6),(210,156,1,7),(211,156,1,8),(212,156,1,9),(213,156,1,10),(214,156,1,11),(215,173,1,1),(217,178,1,1),(219,186,1,1),(221,193,1,1),(222,193,1,2),(221,195,1,1),(222,195,1,2),(223,197,1,1),(224,197,1,2),(225,199,1,1),(226,201,1,1),(227,201,1,2),(228,204,1,1),(229,206,1,1),(233,218,1,1),(234,220,1,1),(235,221,1,1),(240,241,1,1),(241,241,1,2),(242,243,1,1),(243,245,1,1),(244,245,1,2),(245,247,1,1),(246,249,1,1),(248,254,1,1),(248,256,1,1),(249,258,1,1),(249,260,1,1),(250,261,1,1),(250,263,1,1),(235,265,1,1),(251,277,1,1),(251,279,1,1);

--
-- Table structure for table `ngn_static_photo_gallery_language`
--

CREATE TABLE `ngn_static_photo_gallery_language` (
  `photo_id` int(11) NOT NULL,
  `news_id` int(11) NOT NULL,
  `language_id` int(11) NOT NULL,
  `editdate` datetime NOT NULL,
  `enable` int(11) NOT NULL,
  PRIMARY KEY (`photo_id`,`news_id`,`language_id`),
  KEY `editdate` (`editdate`)
) ENGINE=InnoDB DEFAULT CHARSET=utf8;

--
-- Dumping data for table `ngn_static_photo_gallery_language`
--

INSERT INTO `ngn_static_photo_gallery_language` VALUES (1,21,1,'0000-00-00 00:00:00',1),(1,21,2,'0000-00-00 00:00:00',1),(2,21,1,'0000-00-00 00:00:00',1),(2,21,2,'0000-00-00 00:00:00',1),(3,21,1,'0000-00-00 00:00:00',1),(3,21,2,'0000-00-00 00:00:00',1),(5,21,1,'0000-00-00 00:00:00',1),(5,21,2,'0000-00-00 00:00:00',1),(39,35,1,'0000-00-00 00:00:00',1),(39,35,2,'0000-00-00 00:00:00',1),(40,35,1,'0000-00-00 00:00:00',1),(40,35,2,'0000-00-00 00:00:00',1),(41,35,1,'0000-00-00 00:00:00',1),(41,35,2,'0000-00-00 00:00:00',1),(42,35,1,'0000-00-00 00:00:00',1),(42,35,2,'0000-00-00 00:00:00',1),(43,35,1,'0000-00-00 00:00:00',1),(43,35,2,'0000-00-00 00:00:00',1),(44,35,1,'0000-00-00 00:00:00',1),(44,35,2,'0000-00-00 00:00:00',1),(49,31,1,'0000-00-00 00:00:00',1),(49,31,2,'0000-00-00 00:00:00',1),(50,31,1,'0000-00-00 00:00:00',1),(50,31,2,'0000-00-00 00:00:00',1),(51,31,1,'0000-00-00 00:00:00',1),(51,31,2,'0000-00-00 00:00:00',1),(52,31,1,'0000-00-00 00:00:00',1),(52,31,2,'0000-00-00 00:00:00',1),(53,31,1,'0000-00-00 00:00:00',1),(53,31,2,'0000-00-00 00:00:00',1),(54,31,1,'0000-00-00 00:00:00',1),(54,31,2,'0000-00-00 00:00:00',1),(55,31,1,'0000-00-00 00:00:00',1),(55,31,2,'0000-00-00 00:00:00',1),(56,34,1,'0000-00-00 00:00:00',1),(56,34,2,'0000-00-00 00:00:00',1),(57,34,1,'0000-00-00 00:00:00',1),(57,34,2,'0000-00-00 00:00:00',1),(58,34,1,'0000-00-00 00:00:00',1),(58,34,2,'0000-00-00 00:00:00',1),(59,35,1,'0000-00-00 00:00:00',1),(59,35,2,'0000-00-00 00:00:00',1),(59,40,1,'0000-00-00 00:00:00',1),(59,40,2,'0000-00-00 00:00:00',1),(60,35,1,'0000-00-00 00:00:00',1),(60,35,2,'0000-00-00 00:00:00',1),(60,40,1,'0000-00-00 00:00:00',1),(60,40,2,'0000-00-00 00:00:00',1),(61,35,1,'0000-00-00 00:00:00',1),(61,35,2,'0000-00-00 00:00:00',1),(61,40,1,'0000-00-00 00:00:00',1),(61,40,2,'0000-00-00 00:00:00',1),(62,37,1,'0000-00-00 00:00:00',1),(62,37,2,'0000-00-00 00:00:00',1),(63,37,1,'0000-00-00 00:00:00',1),(63,37,2,'0000-00-00 00:00:00',1),(64,37,1,'0000-00-00 00:00:00',1),(64,37,2,'0000-00-00 00:00:00',1),(65,39,1,'0000-00-00 00:00:00',1),(65,39,2,'0000-00-00 00:00:00',1),(66,39,1,'0000-00-00 00:00:00',1),(66,39,2,'0000-00-00 00:00:00',1),(67,39,1,'0000-00-00 00:00:00',1),(67,39,2,'0000-00-00 00:00:00',1),(68,31,1,'0000-00-00 00:00:00',1),(68,31,2,'0000-00-00 00:00:00',1),(69,31,1,'0000-00-00 00:00:00',1),(69,31,2,'0000-00-00 00:00:00',1),(70,31,1,'0000-00-00 00:00:00',1),(70,31,2,'0000-00-00 00:00:00',1),(71,31,1,'0000-00-00 00:00:00',1),(71,31,2,'0000-00-00 00:00:00',1),(80,57,1,'0000-00-00 00:00:00',1),(80,57,2,'0000-00-00 00:00:00',1),(81,57,1,'0000-00-00 00:00:00',1),(81,57,2,'0000-00-00 00:00:00',1),(82,57,1,'0000-00-00 00:00:00',1),(82,57,2,'0000-00-00 00:00:00',1),(83,57,1,'0000-00-00 00:00:00',1),(83,57,2,'0000-00-00 00:00:00',1),(84,57,1,'0000-00-00 00:00:00',1),(84,57,2,'0000-00-00 00:00:00',1),(85,57,1,'0000-00-00 00:00:00',1),(85,57,2,'0000-00-00 00:00:00',1),(87,63,1,'0000-00-00 00:00:00',1),(87,63,2,'0000-00-00 00:00:00',1),(88,63,1,'0000-00-00 00:00:00',1),(88,63,2,'0000-00-00 00:00:00',1),(89,63,1,'0000-00-00 00:00:00',1),(89,63,2,'0000-00-00 00:00:00',1),(90,63,1,'0000-00-00 00:00:00',1),(90,63,2,'0000-00-00 00:00:00',1),(91,63,1,'0000-00-00 00:00:00',1),(91,63,2,'0000-00-00 00:00:00',1),(92,63,1,'0000-00-00 00:00:00',1),(92,63,2,'0000-00-00 00:00:00',1),(93,63,1,'0000-00-00 00:00:00',1),(93,63,2,'0000-00-00 00:00:00',1),(148,114,1,'0000-00-00 00:00:00',1),(148,114,2,'0000-00-00 00:00:00',1),(149,114,1,'0000-00-00 00:00:00',1),(149,114,2,'0000-00-00 00:00:00',1),(150,114,1,'0000-00-00 00:00:00',1),(150,114,2,'0000-00-00 00:00:00',1),(151,114,1,'0000-00-00 00:00:00',1),(151,114,2,'0000-00-00 00:00:00',1),(152,114,1,'0000-00-00 00:00:00',1),(152,114,2,'0000-00-00 00:00:00',1),(202,154,1,'0000-00-00 00:00:00',1),(202,154,2,'0000-00-00 00:00:00',1),(203,154,1,'0000-00-00 00:00:00',1),(203,154,2,'0000-00-00 00:00:00',1),(204,156,1,'0000-00-00 00:00:00',1),(204,156,2,'0000-00-00 00:00:00',1),(205,156,1,'0000-00-00 00:00:00',1),(205,156,2,'0000-00-00 00:00:00',1),(206,156,1,'0000-00-00 00:00:00',1),(206,156,2,'0000-00-00 00:00:00',1),(207,156,1,'0000-00-00 00:00:00',1),(207,156,2,'0000-00-00 00:00:00',1),(208,156,1,'0000-00-00 00:00:00',1),(208,156,2,'0000-00-00 00:00:00',1),(209,156,1,'0000-00-00 00:00:00',1),(209,156,2,'0000-00-00 00:00:00',1),(210,156,1,'0000-00-00 00:00:00',1),(210,156,2,'0000-00-00 00:00:00',1),(211,156,1,'0000-00-00 00:00:00',1),(211,156,2,'0000-00-00 00:00:00',1),(212,156,1,'0000-00-00 00:00:00',1),(212,156,2,'0000-00-00 00:00:00',1),(213,156,1,'0000-00-00 00:00:00',1),(213,156,2,'0000-00-00 00:00:00',1),(214,156,1,'0000-00-00 00:00:00',1),(214,156,2,'0000-00-00 00:00:00',1),(215,173,1,'0000-00-00 00:00:00',1),(215,173,2,'0000-00-00 00:00:00',1),(217,178,1,'0000-00-00 00:00:00',1),(217,178,2,'0000-00-00 00:00:00',1),(219,186,1,'0000-00-00 00:00:00',1),(219,186,2,'0000-00-00 00:00:00',1),(221,193,1,'0000-00-00 00:00:00',1),(221,193,2,'0000-00-00 00:00:00',1),(221,195,1,'0000-00-00 00:00:00',1),(221,195,2,'0000-00-00 00:00:00',1),(222,193,1,'0000-00-00 00:00:00',1),(222,193,2,'0000-00-00 00:00:00',1),(222,195,1,'0000-00-00 00:00:00',1),(222,195,2,'0000-00-00 00:00:00',1),(223,197,1,'0000-00-00 00:00:00',1),(223,197,2,'0000-00-00 00:00:00',1),(224,197,1,'0000-00-00 00:00:00',1),(224,197,2,'0000-00-00 00:00:00',1),(225,199,1,'0000-00-00 00:00:00',1),(225,199,2,'0000-00-00 00:00:00',1),(226,201,1,'0000-00-00 00:00:00',1),(226,201,2,'0000-00-00 00:00:00',1),(227,201,1,'0000-00-00 00:00:00',1),(227,201,2,'0000-00-00 00:00:00',1),(228,204,1,'0000-00-00 00:00:00',1),(228,204,2,'0000-00-00 00:00:00',1),(229,206,1,'0000-00-00 00:00:00',1),(229,206,2,'0000-00-00 00:00:00',1),(233,218,1,'0000-00-00 00:00:00',1),(233,218,2,'0000-00-00 00:00:00',1),(234,220,1,'0000-00-00 00:00:00',1),(234,220,2,'0000-00-00 00:00:00',1),(235,221,1,'0000-00-00 00:00:00',1),(235,221,2,'0000-00-00 00:00:00',1),(235,265,1,'0000-00-00 00:00:00',1),(235,265,2,'0000-00-00 00:00:00',1),(240,241,1,'0000-00-00 00:00:00',1),(240,241,2,'0000-00-00 00:00:00',1),(241,241,1,'0000-00-00 00:00:00',1),(241,241,2,'0000-00-00 00:00:00',1),(242,243,1,'0000-00-00 00:00:00',1),(242,243,2,'0000-00-00 00:00:00',1),(243,245,1,'0000-00-00 00:00:00',1),(243,245,2,'0000-00-00 00:00:00',1),(244,245,1,'0000-00-00 00:00:00',1),(244,245,2,'0000-00-00 00:00:00',1),(245,247,1,'0000-00-00 00:00:00',1),(245,247,2,'0000-00-00 00:00:00',1),(246,249,1,'0000-00-00 00:00:00',1),(246,249,2,'0000-00-00 00:00:00',1),(248,254,1,'0000-00-00 00:00:00',1),(248,254,2,'0000-00-00 00:00:00',1),(248,256,1,'0000-00-00 00:00:00',1),(248,256,2,'0000-00-00 00:00:00',1),(249,258,1,'0000-00-00 00:00:00',1),(249,258,2,'0000-00-00 00:00:00',1),(249,260,1,'0000-00-00 00:00:00',1),(249,260,2,'0000-00-00 00:00:00',1),(250,261,1,'0000-00-00 00:00:00',1),(250,261,2,'0000-00-00 00:00:00',1),(250,263,1,'0000-00-00 00:00:00',1),(250,263,2,'0000-00-00 00:00:00',1),(251,277,1,'0000-00-00 00:00:00',1),(251,277,2,'0000-00-00 00:00:00',1),(251,279,1,'0000-00-00 00:00:00',1),(251,279,2,'0000-00-00 00:00:00',1);

--
-- Table structure for table `ngn_static_photo_language`
--

CREATE TABLE `ngn_static_photo_language` (
  `photo_id` int(11) NOT NULL,
  `language_id` int(11) NOT NULL DEFAULT 0,
  `editdate` datetime NOT NULL,
  `enable` int(11) NOT NULL,
  `approved` int(1) NOT NULL DEFAULT 0,
  `language_name` varchar(200) DEFAULT NULL,
  `language_description` text DEFAULT NULL,
  `language_meta` text DEFAULT NULL,
  `language_keywords` varchar(100) DEFAULT NULL,
  `language_url` varchar(100) DEFAULT NULL,
  `language_photo` varchar(100) NOT NULL DEFAULT '',
  PRIMARY KEY (`photo_id`,`language_id`),
  KEY `language_id` (`language_id`),
  KEY `editdate` (`editdate`),
  CONSTRAINT `ngn_static_photo_language_id1` FOREIGN KEY (`photo_id`) REFERENCES `ngn_static_photo` (`photo_id`) ON DELETE NO ACTION ON UPDATE NO ACTION
) ENGINE=InnoDB DEFAULT CHARSET=utf8;

--
-- Dumping data for table `ngn_static_photo_language`
--

INSERT INTO `ngn_static_photo_language` VALUES (1,1,'2022-07-08 10:38:01',1,0,'','','','','',''),(1,2,'2022-07-08 10:38:01',1,0,'','','','','',''),(2,1,'2022-07-08 10:38:01',1,0,'','','','','',''),(2,2,'2022-07-08 10:38:01',1,0,'','','','','',''),(3,1,'2022-07-08 10:38:01',1,0,'','','','','',''),(3,2,'2022-07-08 10:38:01',1,0,'','','','','',''),(4,1,'0000-00-00 00:00:00',1,0,'','','','','',''),(4,2,'0000-00-00 00:00:00',1,0,'','','','','',''),(5,1,'2022-07-08 10:38:01',1,0,'','','','','',''),(5,2,'2022-07-08 10:38:01',1,0,'','','','','',''),(6,1,'0000-00-00 00:00:00',1,0,'','','','','',''),(6,2,'0000-00-00 00:00:00',1,0,'','','','','',''),(7,1,'0000-00-00 00:00:00',1,0,'','','','','',''),(7,2,'0000-00-00 00:00:00',1,0,'','','','','',''),(8,1,'0000-00-00 00:00:00',1,0,'','','','','',''),(8,2,'0000-00-00 00:00:00',1,0,'','','','','',''),(9,1,'0000-00-00 00:00:00',1,0,'','','','','',''),(9,2,'0000-00-00 00:00:00',1,0,'','','','','',''),(10,1,'0000-00-00 00:00:00',1,0,'','','','','',''),(10,2,'0000-00-00 00:00:00',1,0,'','','','','',''),(11,1,'0000-00-00 00:00:00',1,0,'','','','','',''),(11,2,'0000-00-00 00:00:00',1,0,'','','','','',''),(12,1,'0000-00-00 00:00:00',1,0,'','','','','',''),(12,2,'0000-00-00 00:00:00',1,0,'','','','','',''),(13,1,'0000-00-00 00:00:00',1,0,'','','','','',''),(13,2,'0000-00-00 00:00:00',1,0,'','','','','',''),(14,1,'0000-00-00 00:00:00',1,0,'','','','','',''),(14,2,'0000-00-00 00:00:00',1,0,'','','','','',''),(15,1,'0000-00-00 00:00:00',1,0,'','','','','',''),(15,2,'0000-00-00 00:00:00',1,0,'','','','','',''),(16,1,'0000-00-00 00:00:00',1,0,'','','','','',''),(16,2,'0000-00-00 00:00:00',1,0,'','','','','',''),(17,1,'0000-00-00 00:00:00',1,0,'','','','','',''),(17,2,'0000-00-00 00:00:00',1,0,'','','','','',''),(18,1,'0000-00-00 00:00:00',1,0,'','','','','',''),(18,2,'0000-00-00 00:00:00',1,0,'','','','','',''),(19,1,'0000-00-00 00:00:00',1,0,'','','','','',''),(19,2,'0000-00-00 00:00:00',1,0,'','','','','',''),(20,1,'0000-00-00 00:00:00',1,0,'','','','','',''),(20,2,'0000-00-00 00:00:00',1,0,'','','','','',''),(21,1,'0000-00-00 00:00:00',1,0,'','','','','',''),(21,2,'0000-00-00 00:00:00',1,0,'','','','','',''),(22,1,'0000-00-00 00:00:00',1,0,'','','','','',''),(22,2,'0000-00-00 00:00:00',1,0,'','','','','',''),(23,1,'0000-00-00 00:00:00',1,0,'','','','','',''),(23,2,'0000-00-00 00:00:00',1,0,'','','','','',''),(24,1,'0000-00-00 00:00:00',1,0,'','','','','',''),(24,2,'0000-00-00 00:00:00',1,0,'','','','','',''),(25,1,'0000-00-00 00:00:00',1,0,'','','','','',''),(25,2,'0000-00-00 00:00:00',1,0,'','','','','',''),(26,1,'0000-00-00 00:00:00',1,0,'','','','','',''),(26,2,'0000-00-00 00:00:00',1,0,'','','','','',''),(27,1,'0000-00-00 00:00:00',1,0,'','','','','',''),(27,2,'0000-00-00 00:00:00',1,0,'','','','','',''),(28,1,'0000-00-00 00:00:00',1,0,'','','','','',''),(28,2,'0000-00-00 00:00:00',1,0,'','','','','',''),(29,1,'0000-00-00 00:00:00',1,0,'','','','','',''),(29,2,'0000-00-00 00:00:00',1,0,'','','','','',''),(30,1,'0000-00-00 00:00:00',1,0,'','','','','',''),(30,2,'0000-00-00 00:00:00',1,0,'','','','','',''),(31,1,'0000-00-00 00:00:00',1,0,'','','','','',''),(31,2,'0000-00-00 00:00:00',1,0,'','','','','',''),(32,1,'0000-00-00 00:00:00',1,0,'','','','','',''),(32,2,'0000-00-00 00:00:00',1,0,'','','','','',''),(33,1,'0000-00-00 00:00:00',1,0,'','','','','',''),(33,2,'0000-00-00 00:00:00',1,0,'','','','','',''),(34,1,'0000-00-00 00:00:00',1,0,'','','','','',''),(34,2,'0000-00-00 00:00:00',1,0,'','','','','',''),(35,1,'0000-00-00 00:00:00',1,0,'','','','','',''),(35,2,'0000-00-00 00:00:00',1,0,'','','','','',''),(36,1,'0000-00-00 00:00:00',1,0,'','','','','',''),(36,2,'0000-00-00 00:00:00',1,0,'','','','','',''),(37,1,'0000-00-00 00:00:00',1,0,'','','','','',''),(37,2,'0000-00-00 00:00:00',1,0,'','','','','',''),(38,1,'0000-00-00 00:00:00',1,0,'','','','','',''),(38,2,'0000-00-00 00:00:00',1,0,'','','','','',''),(39,1,'2022-07-14 13:12:25',1,0,'','','','','',''),(39,2,'2022-09-30 10:41:32',1,0,'','','','','',''),(40,1,'2022-07-14 13:12:25',1,0,'','','','','',''),(40,2,'2022-09-30 10:41:32',1,0,'','','','','',''),(41,1,'2022-07-14 13:12:25',1,0,'','','','','',''),(41,2,'2022-09-30 10:41:32',1,0,'','','','','',''),(42,1,'2022-07-14 13:12:25',1,0,'','','','','',''),(42,2,'2022-09-30 10:41:32',1,0,'','','','','',''),(43,1,'2022-07-14 13:12:25',1,0,'','','','','',''),(43,2,'2022-09-30 10:41:32',1,0,'','','','','',''),(44,1,'2022-07-14 13:12:25',1,0,'','','','','',''),(44,2,'2022-09-30 10:41:32',1,0,'','','','','',''),(45,1,'0000-00-00 00:00:00',1,0,'','','','','',''),(45,2,'0000-00-00 00:00:00',1,0,'','','','','',''),(46,1,'0000-00-00 00:00:00',1,0,'','','','','',''),(46,2,'0000-00-00 00:00:00',1,0,'','','','','',''),(47,1,'0000-00-00 00:00:00',1,0,'','','','','',''),(47,2,'0000-00-00 00:00:00',1,0,'','','','','',''),(48,1,'0000-00-00 00:00:00',1,0,'','','','','',''),(48,2,'0000-00-00 00:00:00',1,0,'','','','','',''),(49,1,'2022-10-20 10:23:36',1,0,'','','','','',''),(49,2,'2022-10-20 08:50:37',1,0,'','','','','',''),(50,1,'2022-10-20 10:23:36',1,0,'','','','','',''),(50,2,'2022-10-20 08:50:37',1,0,'','','','','',''),(51,1,'2022-10-20 10:23:36',1,0,'','','','','',''),(51,2,'2022-10-20 08:50:37',1,0,'','','','','',''),(52,1,'2022-10-20 10:23:36',1,0,'','','','','',''),(52,2,'2022-10-20 08:50:37',1,0,'','','','','',''),(53,1,'2022-10-20 10:23:36',1,0,'','','','','',''),(53,2,'2022-10-20 08:50:37',1,0,'','','','','',''),(54,1,'2022-10-20 10:23:36',1,0,'','','','','',''),(54,2,'2022-10-20 08:50:37',1,0,'','','','','',''),(55,1,'2022-10-20 10:23:36',1,0,'','','','','',''),(55,2,'2022-10-20 08:50:37',1,0,'','','','','',''),(56,1,'0000-00-00 00:00:00',1,0,'','','','','',''),(56,2,'0000-00-00 00:00:00',1,0,'','','','','',''),(57,1,'0000-00-00 00:00:00',1,0,'','','','','',''),(57,2,'0000-00-00 00:00:00',1,0,'','','','','',''),(58,1,'0000-00-00 00:00:00',1,0,'','','','','',''),(58,2,'0000-00-00 00:00:00',1,0,'','','','','',''),(59,1,'2022-07-14 13:12:25',1,0,'','','','','',''),(59,2,'2022-07-14 13:12:25',1,0,'','','','','',''),(60,1,'2022-07-14 13:12:25',1,0,'','','','','',''),(60,2,'2022-07-14 13:12:25',1,0,'','','','','',''),(61,1,'2022-07-14 13:12:25',1,0,'','','','','',''),(61,2,'2022-07-14 13:12:25',1,0,'','','','','',''),(62,1,'2022-07-04 16:36:56',1,0,'','','','','',''),(62,2,'2022-07-04 16:36:56',1,0,'','','','','',''),(63,1,'2022-07-04 16:36:56',1,0,'','','','','',''),(63,2,'2022-07-04 16:36:56',1,0,'','','','','',''),(64,1,'2022-07-04 16:36:56',1,0,'','','','','',''),(64,2,'2022-07-04 16:36:56',1,0,'','','','','',''),(65,1,'0000-00-00 00:00:00',1,0,'','','','','',''),(65,2,'0000-00-00 00:00:00',1,0,'','','','','',''),(66,1,'0000-00-00 00:00:00',1,0,'','','','','',''),(66,2,'0000-00-00 00:00:00',1,0,'','','','','',''),(67,1,'0000-00-00 00:00:00',1,0,'','','','','',''),(67,2,'0000-00-00 00:00:00',1,0,'','','','','',''),(68,1,'2022-10-20 10:23:36',1,0,'','','','','',''),(68,2,'2022-10-20 08:50:37',1,0,'','','','','',''),(69,1,'2022-10-20 10:23:36',1,0,'','','','','',''),(69,2,'2022-10-20 08:50:37',1,0,'','','','','',''),(70,1,'2022-10-20 10:23:36',1,0,'','','','','',''),(70,2,'2022-10-20 08:50:37',1,0,'','','','','',''),(71,1,'2022-10-20 10:23:36',1,0,'','','','','',''),(71,2,'2022-10-20 08:50:37',1,0,'','','','','',''),(72,1,'0000-00-00 00:00:00',1,0,'','','','','',''),(72,2,'0000-00-00 00:00:00',1,0,'','','','','',''),(73,1,'0000-00-00 00:00:00',1,0,'','','','','',''),(73,2,'0000-00-00 00:00:00',1,0,'','','','','',''),(74,1,'0000-00-00 00:00:00',1,0,'','','','','',''),(74,2,'0000-00-00 00:00:00',1,0,'','','','','',''),(75,1,'0000-00-00 00:00:00',1,0,'','','','','',''),(75,2,'0000-00-00 00:00:00',1,0,'','','','','',''),(76,1,'0000-00-00 00:00:00',1,0,'','','','','',''),(76,2,'0000-00-00 00:00:00',1,0,'','','','','',''),(77,1,'0000-00-00 00:00:00',1,0,'','','','','',''),(77,2,'0000-00-00 00:00:00',1,0,'','','','','',''),(78,1,'0000-00-00 00:00:00',1,0,'','','','','',''),(78,2,'0000-00-00 00:00:00',1,0,'','','','','',''),(79,1,'0000-00-00 00:00:00',1,0,'','','','','',''),(79,2,'0000-00-00 00:00:00',1,0,'','','','','',''),(80,1,'0000-00-00 00:00:00',1,0,'','','','','',''),(80,2,'0000-00-00 00:00:00',1,0,'','','','','',''),(81,1,'0000-00-00 00:00:00',1,0,'','','','','',''),(81,2,'0000-00-00 00:00:00',1,0,'','','','','',''),(82,1,'0000-00-00 00:00:00',1,0,'','','','','',''),(82,2,'0000-00-00 00:00:00',1,0,'','','','','',''),(83,1,'0000-00-00 00:00:00',1,0,'','','','','',''),(83,2,'0000-00-00 00:00:00',1,0,'','','','','',''),(84,1,'0000-00-00 00:00:00',1,0,'','','','','',''),(84,2,'0000-00-00 00:00:00',1,0,'','','','','',''),(85,1,'0000-00-00 00:00:00',1,0,'','','','','',''),(85,2,'0000-00-00 00:00:00',1,0,'','','','','',''),(86,1,'0000-00-00 00:00:00',1,0,'','','','','',''),(86,2,'0000-00-00 00:00:00',1,0,'','','','','',''),(87,1,'0000-00-00 00:00:00',1,0,'','','','','',''),(87,2,'0000-00-00 00:00:00',1,0,'','','','','',''),(88,1,'0000-00-00 00:00:00',1,0,'','','','','',''),(88,2,'0000-00-00 00:00:00',1,0,'','','','','',''),(89,1,'0000-00-00 00:00:00',1,0,'','','','','',''),(89,2,'0000-00-00 00:00:00',1,0,'','','','','',''),(90,1,'0000-00-00 00:00:00',1,0,'','','','','',''),(90,2,'0000-00-00 00:00:00',1,0,'','','','','',''),(91,1,'0000-00-00 00:00:00',1,0,'','','','','',''),(91,2,'0000-00-00 00:00:00',1,0,'','','','','',''),(92,1,'0000-00-00 00:00:00',1,0,'','','','','',''),(92,2,'0000-00-00 00:00:00',1,0,'','','','','',''),(93,1,'0000-00-00 00:00:00',1,0,'','','','','',''),(93,2,'0000-00-00 00:00:00',1,0,'','','','','',''),(94,1,'0000-00-00 00:00:00',1,0,'','','','','',''),(94,2,'0000-00-00 00:00:00',1,0,'','','','','',''),(95,1,'0000-00-00 00:00:00',1,0,'','','','','',''),(95,2,'0000-00-00 00:00:00',1,0,'','','','','',''),(96,1,'0000-00-00 00:00:00',1,0,'','','','','',''),(96,2,'0000-00-00 00:00:00',1,0,'','','','','',''),(97,1,'0000-00-00 00:00:00',1,0,'','','','','',''),(97,2,'0000-00-00 00:00:00',1,0,'','','','','',''),(98,1,'0000-00-00 00:00:00',1,0,'','','','','',''),(98,2,'0000-00-00 00:00:00',1,0,'','','','','',''),(99,1,'0000-00-00 00:00:00',1,0,'','','','','',''),(99,2,'0000-00-00 00:00:00',1,0,'','','','','',''),(100,1,'0000-00-00 00:00:00',1,0,'','','','','',''),(100,2,'0000-00-00 00:00:00',1,0,'','','','','',''),(101,1,'0000-00-00 00:00:00',1,0,'','','','','',''),(101,2,'0000-00-00 00:00:00',1,0,'','','','','',''),(102,1,'0000-00-00 00:00:00',1,0,'','','','','',''),(102,2,'0000-00-00 00:00:00',1,0,'','','','','',''),(103,1,'0000-00-00 00:00:00',1,0,'','','','','',''),(103,2,'0000-00-00 00:00:00',1,0,'','','','','',''),(104,1,'0000-00-00 00:00:00',1,0,'','','','','',''),(104,2,'0000-00-00 00:00:00',1,0,'','','','','',''),(105,1,'0000-00-00 00:00:00',1,0,'','','','','',''),(105,2,'0000-00-00 00:00:00',1,0,'','','','','',''),(106,1,'0000-00-00 00:00:00',1,0,'','','','','',''),(106,2,'0000-00-00 00:00:00',1,0,'','','','','',''),(107,1,'0000-00-00 00:00:00',1,0,'','','','','',''),(107,2,'0000-00-00 00:00:00',1,0,'','','','','',''),(108,1,'0000-00-00 00:00:00',1,0,'','','','','',''),(108,2,'0000-00-00 00:00:00',1,0,'','','','','',''),(109,1,'0000-00-00 00:00:00',1,0,'','','','','',''),(109,2,'0000-00-00 00:00:00',1,0,'','','','','',''),(110,1,'0000-00-00 00:00:00',1,0,'','','','','',''),(110,2,'0000-00-00 00:00:00',1,0,'','','','','',''),(111,1,'0000-00-00 00:00:00',1,0,'','','','','',''),(111,2,'0000-00-00 00:00:00',1,0,'','','','','',''),(112,1,'0000-00-00 00:00:00',1,0,'','','','','',''),(112,2,'0000-00-00 00:00:00',1,0,'','','','','',''),(113,1,'0000-00-00 00:00:00',1,0,'','','','','',''),(113,2,'0000-00-00 00:00:00',1,0,'','','','','',''),(114,1,'0000-00-00 00:00:00',1,0,'','','','','',''),(114,2,'0000-00-00 00:00:00',1,0,'','','','','',''),(115,1,'0000-00-00 00:00:00',1,0,'','','','','',''),(115,2,'0000-00-00 00:00:00',1,0,'','','','','',''),(116,1,'0000-00-00 00:00:00',1,0,'','','','','',''),(116,2,'0000-00-00 00:00:00',1,0,'','','','','',''),(117,1,'0000-00-00 00:00:00',1,0,'','','','','',''),(117,2,'0000-00-00 00:00:00',1,0,'','','','','',''),(118,1,'0000-00-00 00:00:00',1,0,'','','','','',''),(118,2,'0000-00-00 00:00:00',1,0,'','','','','',''),(119,1,'0000-00-00 00:00:00',1,0,'','','','','',''),(119,2,'0000-00-00 00:00:00',1,0,'','','','','',''),(120,1,'0000-00-00 00:00:00',1,0,'','','','','',''),(120,2,'0000-00-00 00:00:00',1,0,'','','','','',''),(121,1,'0000-00-00 00:00:00',1,0,'','','','','',''),(121,2,'0000-00-00 00:00:00',1,0,'','','','','',''),(122,1,'0000-00-00 00:00:00',1,0,'','','','','',''),(122,2,'0000-00-00 00:00:00',1,0,'','','','','',''),(123,1,'0000-00-00 00:00:00',1,0,'','','','','',''),(123,2,'0000-00-00 00:00:00',1,0,'','','','','',''),(124,1,'0000-00-00 00:00:00',1,0,'','','','','',''),(124,2,'0000-00-00 00:00:00',1,0,'','','','','',''),(125,1,'0000-00-00 00:00:00',1,0,'','','','','',''),(125,2,'0000-00-00 00:00:00',1,0,'','','','','',''),(126,1,'0000-00-00 00:00:00',1,0,'','','','','',''),(126,2,'0000-00-00 00:00:00',1,0,'','','','','',''),(127,1,'0000-00-00 00:00:00',1,0,'','','','','',''),(127,2,'0000-00-00 00:00:00',1,0,'','','','','',''),(128,1,'0000-00-00 00:00:00',1,0,'','','','','',''),(128,2,'0000-00-00 00:00:00',1,0,'','','','','',''),(129,1,'0000-00-00 00:00:00',1,0,'','','','','',''),(129,2,'0000-00-00 00:00:00',1,0,'','','','','',''),(130,1,'0000-00-00 00:00:00',1,0,'','','','','',''),(130,2,'0000-00-00 00:00:00',1,0,'','','','','',''),(131,1,'0000-00-00 00:00:00',1,0,'','','','','',''),(131,2,'0000-00-00 00:00:00',1,0,'','','','','',''),(132,1,'0000-00-00 00:00:00',1,0,'','','','','',''),(132,2,'0000-00-00 00:00:00',1,0,'','','','','',''),(133,1,'0000-00-00 00:00:00',1,0,'','','','','',''),(133,2,'0000-00-00 00:00:00',1,0,'','','','','',''),(134,1,'0000-00-00 00:00:00',1,0,'','','','','',''),(134,2,'0000-00-00 00:00:00',1,0,'','','','','',''),(135,1,'0000-00-00 00:00:00',1,0,'','','','','',''),(135,2,'0000-00-00 00:00:00',1,0,'','','','','',''),(136,1,'0000-00-00 00:00:00',1,0,'','','','','',''),(136,2,'0000-00-00 00:00:00',1,0,'','','','','',''),(137,1,'0000-00-00 00:00:00',1,0,'','','','','',''),(137,2,'0000-00-00 00:00:00',1,0,'','','','','',''),(138,1,'0000-00-00 00:00:00',1,0,'','','','','',''),(138,2,'0000-00-00 00:00:00',1,0,'','','','','',''),(139,1,'0000-00-00 00:00:00',1,0,'','','','','',''),(139,2,'0000-00-00 00:00:00',1,0,'','','','','',''),(140,1,'0000-00-00 00:00:00',1,0,'','','','','',''),(140,2,'0000-00-00 00:00:00',1,0,'','','','','',''),(141,1,'0000-00-00 00:00:00',1,0,'','','','','',''),(141,2,'0000-00-00 00:00:00',1,0,'','','','','',''),(142,1,'0000-00-00 00:00:00',1,0,'','','','','',''),(142,2,'0000-00-00 00:00:00',1,0,'','','','','',''),(143,1,'0000-00-00 00:00:00',1,0,'','','','','',''),(143,2,'0000-00-00 00:00:00',1,0,'','','','','',''),(144,1,'0000-00-00 00:00:00',1,0,'','','','','',''),(144,2,'0000-00-00 00:00:00',1,0,'','','','','',''),(145,1,'0000-00-00 00:00:00',1,0,'','','','','',''),(145,2,'0000-00-00 00:00:00',1,0,'','','','','',''),(146,1,'0000-00-00 00:00:00',1,0,'','','','','',''),(146,2,'0000-00-00 00:00:00',1,0,'','','','','',''),(147,1,'0000-00-00 00:00:00',1,0,'','','','','',''),(147,2,'0000-00-00 00:00:00',1,0,'','','','','',''),(148,1,'0000-00-00 00:00:00',1,0,'','','','','',''),(148,2,'0000-00-00 00:00:00',1,0,'','','','','',''),(149,1,'0000-00-00 00:00:00',1,0,'','','','','',''),(149,2,'0000-00-00 00:00:00',1,0,'','','','','',''),(150,1,'0000-00-00 00:00:00',1,0,'','','','','',''),(150,2,'0000-00-00 00:00:00',1,0,'','','','','',''),(151,1,'0000-00-00 00:00:00',1,0,'','','','','',''),(151,2,'0000-00-00 00:00:00',1,0,'','','','','',''),(152,1,'0000-00-00 00:00:00',1,0,'','','','','',''),(152,2,'0000-00-00 00:00:00',1,0,'','','','','',''),(153,1,'0000-00-00 00:00:00',1,0,'','','','','',''),(153,2,'0000-00-00 00:00:00',1,0,'','','','','',''),(154,1,'0000-00-00 00:00:00',1,0,'','','','','',''),(154,2,'0000-00-00 00:00:00',1,0,'','','','','',''),(155,1,'0000-00-00 00:00:00',1,0,'','','','','',''),(155,2,'0000-00-00 00:00:00',1,0,'','','','','',''),(156,1,'0000-00-00 00:00:00',1,0,'','','','','',''),(156,2,'0000-00-00 00:00:00',1,0,'','','','','',''),(157,1,'0000-00-00 00:00:00',1,0,'','','','','',''),(157,2,'0000-00-00 00:00:00',1,0,'','','','','',''),(158,1,'0000-00-00 00:00:00',1,0,'','','','','',''),(158,2,'0000-00-00 00:00:00',1,0,'','','','','',''),(159,1,'0000-00-00 00:00:00',1,0,'','','','','',''),(159,2,'0000-00-00 00:00:00',1,0,'','','','','',''),(160,1,'0000-00-00 00:00:00',1,0,'','','','','',''),(160,2,'0000-00-00 00:00:00',1,0,'','','','','',''),(161,1,'0000-00-00 00:00:00',1,0,'','','','','',''),(161,2,'0000-00-00 00:00:00',1,0,'','','','','',''),(162,1,'0000-00-00 00:00:00',1,0,'','','','','',''),(162,2,'0000-00-00 00:00:00',1,0,'','','','','',''),(163,1,'0000-00-00 00:00:00',1,0,'','','','','',''),(163,2,'0000-00-00 00:00:00',1,0,'','','','','',''),(164,1,'0000-00-00 00:00:00',1,0,'','','','','',''),(164,2,'0000-00-00 00:00:00',1,0,'','','','','',''),(165,1,'0000-00-00 00:00:00',1,0,'','','','','',''),(165,2,'0000-00-00 00:00:00',1,0,'','','','','',''),(166,1,'0000-00-00 00:00:00',1,0,'','','','','',''),(166,2,'0000-00-00 00:00:00',1,0,'','','','','',''),(167,1,'0000-00-00 00:00:00',1,0,'','','','','',''),(167,2,'0000-00-00 00:00:00',1,0,'','','','','',''),(168,1,'0000-00-00 00:00:00',1,0,'','','','','',''),(168,2,'0000-00-00 00:00:00',1,0,'','','','','',''),(169,1,'0000-00-00 00:00:00',1,0,'','','','','',''),(169,2,'0000-00-00 00:00:00',1,0,'','','','','',''),(170,1,'0000-00-00 00:00:00',1,0,'','','','','',''),(170,2,'0000-00-00 00:00:00',1,0,'','','','','',''),(171,1,'0000-00-00 00:00:00',1,0,'','','','','',''),(171,2,'0000-00-00 00:00:00',1,0,'','','','','',''),(172,1,'0000-00-00 00:00:00',1,0,'','','','','',''),(172,2,'0000-00-00 00:00:00',1,0,'','','','','',''),(173,1,'0000-00-00 00:00:00',1,0,'','','','','',''),(173,2,'0000-00-00 00:00:00',1,0,'','','','','',''),(174,1,'0000-00-00 00:00:00',1,0,'','','','','',''),(174,2,'0000-00-00 00:00:00',1,0,'','','','','',''),(175,1,'2023-01-13 12:30:41',1,1,'','','','','175-',''),(175,2,'2023-01-13 12:30:41',1,1,'','','','','175-',''),(176,1,'0000-00-00 00:00:00',1,0,'','','','','',''),(176,2,'0000-00-00 00:00:00',1,0,'','','','','',''),(177,1,'0000-00-00 00:00:00',1,0,'','','','','',''),(177,2,'0000-00-00 00:00:00',1,0,'','','','','',''),(178,1,'0000-00-00 00:00:00',1,0,'','','','','',''),(178,2,'0000-00-00 00:00:00',1,0,'','','','','',''),(179,1,'0000-00-00 00:00:00',1,0,'','','','','',''),(179,2,'0000-00-00 00:00:00',1,0,'','','','','',''),(180,1,'0000-00-00 00:00:00',1,0,'','','','','',''),(180,2,'0000-00-00 00:00:00',1,0,'','','','','',''),(181,1,'0000-00-00 00:00:00',1,0,'','','','','',''),(181,2,'0000-00-00 00:00:00',1,0,'','','','','',''),(182,1,'0000-00-00 00:00:00',1,0,'','','','','',''),(182,2,'0000-00-00 00:00:00',1,0,'','','','','',''),(183,1,'0000-00-00 00:00:00',1,0,'','','','','',''),(183,2,'0000-00-00 00:00:00',1,0,'','','','','',''),(184,1,'0000-00-00 00:00:00',1,0,'','','','','',''),(184,2,'0000-00-00 00:00:00',1,0,'','','','','',''),(185,1,'0000-00-00 00:00:00',1,0,'','','','','',''),(185,2,'0000-00-00 00:00:00',1,0,'','','','','',''),(186,1,'0000-00-00 00:00:00',1,0,'','','','','',''),(186,2,'0000-00-00 00:00:00',1,0,'','','','','',''),(187,1,'0000-00-00 00:00:00',1,0,'','','','','',''),(187,2,'0000-00-00 00:00:00',1,0,'','','','','',''),(188,1,'0000-00-00 00:00:00',1,0,'','','','','',''),(188,2,'0000-00-00 00:00:00',1,0,'','','','','',''),(189,1,'0000-00-00 00:00:00',1,0,'','','','','',''),(189,2,'0000-00-00 00:00:00',1,0,'','','','','',''),(190,1,'0000-00-00 00:00:00',1,0,'','','','','',''),(190,2,'0000-00-00 00:00:00',1,0,'','','','','',''),(191,1,'0000-00-00 00:00:00',1,0,'','','','','',''),(191,2,'0000-00-00 00:00:00',1,0,'','','','','',''),(192,1,'0000-00-00 00:00:00',1,0,'','','','','',''),(192,2,'0000-00-00 00:00:00',1,0,'','','','','',''),(193,1,'0000-00-00 00:00:00',1,0,'','','','','',''),(193,2,'0000-00-00 00:00:00',1,0,'','','','','',''),(194,1,'0000-00-00 00:00:00',1,0,'','','','','',''),(194,2,'0000-00-00 00:00:00',1,0,'','','','','',''),(195,1,'0000-00-00 00:00:00',1,0,'','','','','',''),(195,2,'0000-00-00 00:00:00',1,0,'','','','','',''),(196,1,'0000-00-00 00:00:00',1,0,'','','','','',''),(196,2,'0000-00-00 00:00:00',1,0,'','','','','',''),(197,1,'0000-00-00 00:00:00',1,0,'','','','','',''),(197,2,'0000-00-00 00:00:00',1,0,'','','','','',''),(198,1,'0000-00-00 00:00:00',1,0,'','','','','',''),(198,2,'0000-00-00 00:00:00',1,0,'','','','','',''),(199,1,'0000-00-00 00:00:00',1,0,'','','','','',''),(199,2,'0000-00-00 00:00:00',1,0,'','','','','',''),(200,1,'0000-00-00 00:00:00',1,0,'','','','','',''),(200,2,'0000-00-00 00:00:00',1,0,'','','','','',''),(201,1,'0000-00-00 00:00:00',1,0,'','','','','',''),(201,2,'0000-00-00 00:00:00',1,0,'','','','','',''),(202,1,'0000-00-00 00:00:00',1,0,'','','','','',''),(202,2,'2023-03-13 10:53:53',1,0,'','','','','',''),(203,1,'0000-00-00 00:00:00',1,0,'','','','','',''),(203,2,'2023-03-13 10:53:53',1,0,'','','','','',''),(204,1,'0000-00-00 00:00:00',1,0,'','','','','',''),(204,2,'2023-01-26 12:02:48',1,0,'','','','','',''),(205,1,'0000-00-00 00:00:00',1,0,'','','','','',''),(205,2,'2023-01-26 12:02:48',1,0,'','','','','',''),(206,1,'0000-00-00 00:00:00',1,0,'','','','','',''),(206,2,'2023-01-26 12:02:48',1,0,'','','','','',''),(207,1,'0000-00-00 00:00:00',1,0,'','','','','',''),(207,2,'2023-01-26 12:02:48',1,0,'','','','','',''),(208,1,'0000-00-00 00:00:00',1,0,'','','','','',''),(208,2,'2023-01-26 12:02:48',1,0,'','','','','',''),(209,1,'0000-00-00 00:00:00',1,0,'','','','','',''),(209,2,'2023-01-26 12:02:48',1,0,'','','','','',''),(210,1,'0000-00-00 00:00:00',1,0,'','','','','',''),(210,2,'2023-01-26 12:02:48',1,0,'','','','','',''),(211,1,'0000-00-00 00:00:00',1,0,'','','','','',''),(211,2,'2023-01-26 12:02:48',1,0,'','','','','',''),(212,1,'0000-00-00 00:00:00',1,0,'','','','','',''),(212,2,'2023-01-26 12:02:48',1,0,'','','','','',''),(213,1,'0000-00-00 00:00:00',1,0,'','','','','',''),(213,2,'2023-01-26 12:02:48',1,0,'','','','','',''),(214,1,'0000-00-00 00:00:00',1,0,'','','','','',''),(214,2,'2023-01-26 12:02:48',1,0,'','','','','',''),(215,1,'0000-00-00 00:00:00',1,0,'','','','','',''),(215,2,'0000-00-00 00:00:00',1,0,'','','','','',''),(216,1,'0000-00-00 00:00:00',1,0,'','','','','',''),(216,2,'0000-00-00 00:00:00',1,0,'','','','','',''),(217,1,'0000-00-00 00:00:00',1,0,'','','','','',''),(217,2,'0000-00-00 00:00:00',1,0,'','','','','',''),(218,1,'0000-00-00 00:00:00',1,0,'','','','','',''),(218,2,'0000-00-00 00:00:00',1,0,'','','','','',''),(219,1,'0000-00-00 00:00:00',1,0,'','','','','',''),(219,2,'0000-00-00 00:00:00',1,0,'','','','','',''),(220,1,'0000-00-00 00:00:00',1,0,'','','','','',''),(220,2,'0000-00-00 00:00:00',1,0,'','','','','',''),(221,1,'0000-00-00 00:00:00',1,0,'','','','','',''),(221,2,'2023-03-13 11:35:44',1,0,'','','','','',''),(222,1,'0000-00-00 00:00:00',1,0,'','','','','',''),(222,2,'2023-03-13 11:35:44',1,0,'','','','','',''),(223,1,'0000-00-00 00:00:00',1,0,'','','','','',''),(223,2,'0000-00-00 00:00:00',1,0,'','','','','',''),(224,1,'0000-00-00 00:00:00',1,0,'','','','','',''),(224,2,'0000-00-00 00:00:00',1,0,'','','','','',''),(225,1,'0000-00-00 00:00:00',1,0,'','','','','',''),(225,2,'0000-00-00 00:00:00',1,0,'','','','','',''),(226,1,'0000-00-00 00:00:00',1,0,'','','','','',''),(226,2,'0000-00-00 00:00:00',1,0,'','','','','',''),(227,1,'0000-00-00 00:00:00',1,0,'','','','','',''),(227,2,'0000-00-00 00:00:00',1,0,'','','','','',''),(228,1,'0000-00-00 00:00:00',1,0,'','','','','',''),(228,2,'0000-00-00 00:00:00',1,0,'','','','','',''),(229,1,'0000-00-00 00:00:00',1,0,'','','','','',''),(229,2,'0000-00-00 00:00:00',1,0,'','','','','',''),(230,1,'0000-00-00 00:00:00',1,0,'','','','','',''),(230,2,'0000-00-00 00:00:00',1,0,'','','','','',''),(231,1,'0000-00-00 00:00:00',1,0,'','','','','',''),(231,2,'0000-00-00 00:00:00',1,0,'','','','','',''),(232,1,'0000-00-00 00:00:00',1,0,'','','','','',''),(232,2,'0000-00-00 00:00:00',1,0,'','','','','',''),(233,1,'0000-00-00 00:00:00',1,0,'','','','','',''),(233,2,'0000-00-00 00:00:00',1,0,'','','','','',''),(234,1,'0000-00-00 00:00:00',1,0,'','','','','',''),(234,2,'0000-00-00 00:00:00',1,0,'','','','','',''),(235,1,'0000-00-00 00:00:00',1,0,'','','','','',''),(235,2,'0000-00-00 00:00:00',1,0,'','','','','',''),(236,1,'0000-00-00 00:00:00',1,0,'','','','','',''),(236,2,'0000-00-00 00:00:00',1,0,'','','','','',''),(237,1,'0000-00-00 00:00:00',1,0,'','','','','',''),(237,2,'0000-00-00 00:00:00',1,0,'','','','','',''),(238,1,'0000-00-00 00:00:00',1,0,'','','','','',''),(238,2,'0000-00-00 00:00:00',1,0,'','','','','',''),(239,1,'0000-00-00 00:00:00',1,0,'','','','','',''),(239,2,'0000-00-00 00:00:00',1,0,'','','','','',''),(240,1,'0000-00-00 00:00:00',1,0,'','','','','',''),(240,2,'0000-00-00 00:00:00',1,0,'','','','','',''),(241,1,'0000-00-00 00:00:00',1,0,'','','','','',''),(241,2,'0000-00-00 00:00:00',1,0,'','','','','',''),(242,1,'0000-00-00 00:00:00',1,0,'','','','','',''),(242,2,'0000-00-00 00:00:00',1,0,'','','','','',''),(243,1,'0000-00-00 00:00:00',1,0,'','','','','',''),(243,2,'0000-00-00 00:00:00',1,0,'','','','','',''),(244,1,'0000-00-00 00:00:00',1,0,'','','','','',''),(244,2,'0000-00-00 00:00:00',1,0,'','','','','',''),(245,1,'0000-00-00 00:00:00',1,0,'','','','','',''),(245,2,'0000-00-00 00:00:00',1,0,'','','','','',''),(246,1,'0000-00-00 00:00:00',1,0,'','','','','',''),(246,2,'0000-00-00 00:00:00',1,0,'','','','','',''),(247,1,'0000-00-00 00:00:00',1,0,'','','','','',''),(247,2,'0000-00-00 00:00:00',1,0,'','','','','',''),(248,1,'0000-00-00 00:00:00',1,0,'','','','','',''),(248,2,'0000-00-00 00:00:00',1,0,'','','','','',''),(249,1,'0000-00-00 00:00:00',1,0,'','','','','',''),(249,2,'0000-00-00 00:00:00',1,0,'','','','','',''),(250,1,'0000-00-00 00:00:00',1,0,'','','','','',''),(250,2,'0000-00-00 00:00:00',1,0,'','','','','',''),(251,1,'0000-00-00 00:00:00',1,0,'','','','','',''),(251,2,'0000-00-00 00:00:00',1,0,'','','','','',''),(252,1,'0000-00-00 00:00:00',1,0,'','','','','',''),(252,2,'0000-00-00 00:00:00',1,0,'','','','','','');

--
-- Table structure for table `ngn_static_photo_sizes`
--

CREATE TABLE `ngn_static_photo_sizes` (
  `photo_id` int(11) NOT NULL,
  `size_id` int(11) NOT NULL,
  `photo_width` int(11) NOT NULL,
  `photo_height` int(11) NOT NULL,
  `photo_photo` varchar(100) NOT NULL,
  `photo_path` varchar(200) NOT NULL,
  PRIMARY KEY (`photo_id`,`size_id`)
) ENGINE=InnoDB DEFAULT CHARSET=utf8;

--
-- Dumping data for table `ngn_static_photo_sizes`
--

INSERT INTO `ngn_static_photo_sizes` VALUES (1,0,320,200,'0-mat_8255-small','/data/albums/static_photo/0-mat_8255-small.jpg'),(1,1,1920,680,'1-mat_8255-small','/data/albums/index_slider/1-mat_8255-small.webp'),(1,2,430,545,'2-mat_8255-small','/data/albums/index_slider_mobile/2-mat_8255-small.webp'),(1,3,545,355,'3-mat_8255-small','/data/albums/index_services/3-mat_8255-small.webp'),(1,4,392,255,'4-mat_8255-small','/data/albums/index_services_mobile/4-mat_8255-small.webp'),(1,5,713,476,'5-mat_8255-small','/data/albums/index_photo_text_horizontal/5-mat_8255-small.webp'),(1,6,392,261,'6-mat_8255-small','/data/albums/index_photo_text_horizontal_mobile/6-mat_8255-small.webp'),(1,7,615,615,'7-mat_8255-small','/data/albums/index_photo_text_square/7-mat_8255-small.webp'),(1,8,392,380,'8-mat_8255-small','/data/albums/index_photo_text_square_mobile/8-mat_8255-small.webp'),(1,9,410,615,'9-mat_8255-small','/data/albums/index_photo_text_vertical/9-mat_8255-small.webp'),(1,10,392,588,'10-mat_8255-small','/data/albums/index_photo_text_vertical_mobile/10-mat_8255-small.webp'),(1,11,1282,855,'11-mat_8255-small','/data/albums/designer_photo/11-mat_8255-small.webp'),(1,12,392,261,'12-mat_8255-small','/data/albums/designer_photo_mobile/12-mat_8255-small.webp'),(1,13,623,291,'13-mat_8255-small','/data/albums/designer_text_photo/13-mat_8255-small.webp'),(1,14,392,183,'14-mat_8255-small','/data/albums/designer_text_photo_mobile/14-mat_8255-small.webp'),(1,15,862,400,'15-mat_8255-small','/data/albums/designer_text_photo_2/15-mat_8255-small.webp'),(1,16,392,200,'16-mat_8255-small','/data/albums/designer_text_photo_2_mobile/16-mat_8255-small.webp'),(1,17,459,612,'17-mat_8255-small','/data/albums/designer_text_photo_links/17-mat_8255-small.webp'),(1,18,250,300,'18-mat_8255-small','/data/albums/designer_text_photo_links_mobile/18-mat_8255-small.webp'),(1,19,1100,750,'19-mat_8255-small','/data/albums/designer_text_photo_big/19-mat_8255-small.webp'),(1,20,416,284,'20-mat_8255-small','/data/albums/designer_text_photo_big_mobile/20-mat_8255-small.webp'),(1,21,493,510,'21-mat_8255-small','/data/albums/designer_linked_news/21-mat_8255-small.webp'),(1,22,772,514,'22-mat_8255-small','/data/albums/designer_text_photo_3/22-mat_8255-small.webp'),(1,23,254,169,'23-mat_8255-small','/data/albums/designer_text_photo_3_mobile/23-mat_8255-small.webp'),(1,24,1920,680,'24-mat_8255-small','/data/albums/header_photo/24-mat_8255-small.webp'),(1,25,1920,1280,'25-mat_8255-small','/data/albums/preview/25-mat_8255-small.webp'),(1,26,40,40,'26-mat_8255-small','/data/albums/map_marker/26-mat_8255-small.jpg'),(1,27,1000,666,'27-mat_8255-small','/data/albums/popup/27-mat_8255-small.webp'),(1,30,545,355,'30-mat_8255-small','/data/albums/blog_grid/30-mat_8255-small.webp'),(2,0,320,200,'0-mat_8234','/data/albums/static_photo/0-mat_8234.jpg'),(2,1,1920,600,'1-mat_8234','/data/albums/index_slider/1-mat_8234.webp'),(2,2,430,545,'2-mat_8234','/data/albums/index_slider_mobile/2-mat_8234.webp'),(2,3,545,355,'3-mat_8234','/data/albums/index_services/3-mat_8234.webp'),(2,4,392,255,'4-mat_8234','/data/albums/index_services_mobile/4-mat_8234.webp'),(2,5,713,476,'5-mat_8234','/data/albums/index_photo_text_horizontal/5-mat_8234.webp'),(2,6,392,261,'6-mat_8234','/data/albums/index_photo_text_horizontal_mobile/6-mat_8234.webp'),(2,7,615,615,'7-mat_8234','/data/albums/index_photo_text_square/7-mat_8234.webp'),(2,8,392,380,'8-mat_8234','/data/albums/index_photo_text_square_mobile/8-mat_8234.webp'),(2,9,410,615,'9-mat_8234','/data/albums/index_photo_text_vertical/9-mat_8234.webp'),(2,10,392,588,'10-mat_8234','/data/albums/index_photo_text_vertical_mobile/10-mat_8234.webp'),(2,11,1282,600,'11-mat_8234','/data/albums/designer_photo/11-mat_8234.webp'),(2,12,392,200,'12-mat_8234','/data/albums/designer_photo_mobile/12-mat_8234.webp'),(2,13,623,291,'13-mat_8234','/data/albums/designer_text_photo/13-mat_8234.webp'),(2,14,392,183,'14-mat_8234','/data/albums/designer_text_photo_mobile/14-mat_8234.webp'),(2,15,862,400,'15-mat_8234','/data/albums/designer_text_photo_2/15-mat_8234.webp'),(2,16,392,200,'16-mat_8234','/data/albums/designer_text_photo_2_mobile/16-mat_8234.webp'),(2,17,459,612,'17-mat_8234','/data/albums/text_photo_links/17-mat_8234.webp'),(2,18,250,300,'18-mat_8234','/data/albums/text_photo_links_mobile/18-mat_8234.webp'),(2,19,1100,733,'19-mat_8234','/data/albums/designer_text_photo_big/19-mat_8234.webp'),(2,20,416,277,'20-mat_8234','/data/albums/designer_text_photo_big_mobile/20-mat_8234.webp'),(2,21,493,510,'21-mat_8234','/data/albums/designer_linked_news/21-mat_8234.webp'),(2,22,772,514,'22-mat_8234','/data/albums/designer_text_photo_3/22-mat_8234.webp'),(2,23,254,236,'23-mat_8234','/data/albums/designer_text_photo_3_mobile/23-mat_8234.webp'),(2,24,1920,680,'24-mat_8234','/data/albums/header_photo/24-mat_8234.webp'),(2,25,2500,1667,'25-mat_8234','/data/albums/preview/25-mat_8234.webp'),(2,26,40,40,'26-mat_8234','/data/albums/map_marker/26-mat_8234.jpg'),(2,27,1000,666,'27-mat_8234','/data/albums/popup/27-mat_8234.webp'),(2,30,545,355,'30-mat_8234','/data/albums/blog_grid/30-mat_8234.webp'),(3,0,320,200,'0-img-glamping','/data/albums/static_photo0-img-glamping.jpg'),(3,1,1920,680,'1-img-glamping','/data/albums/index_slider/1-img-glamping.webp'),(3,2,430,545,'2-img-glamping','/data/albums/index_slider_mobile/2-img-glamping.webp'),(3,3,545,355,'3-img-glamping','/data/albums/index_services/3-img-glamping.webp'),(3,4,392,255,'4-img-glamping','/data/albums/index_services_mobile/4-img-glamping.webp'),(3,5,713,476,'5-img-glamping','/data/albums/index_photo_text_horizontal/5-img-glamping.webp'),(3,6,392,261,'6-img-glamping','/data/albums/index_photo_text_horizontal_mobile/6-img-glamping.webp'),(3,7,615,615,'7-img-glamping','/data/albums/index_photo_text_square/7-img-glamping.webp'),(3,8,392,380,'8-img-glamping','/data/albums/index_photo_text_square_mobile/8-img-glamping.webp'),(3,9,410,615,'9-img-glamping','/data/albums/index_photo_text_vertical/9-img-glamping.webp'),(3,10,392,588,'10-img-glamping','/data/albums/index_photo_text_vertical_mobile/10-img-glamping.webp'),(3,11,1282,600,'11-img-glamping','/data/albums/designer_photo/11-img-glamping.webp'),(3,12,392,200,'12-img-glamping','/data/albums/designer_photo_mobile/12-img-glamping.webp'),(3,13,623,291,'13-img-glamping','/data/albums/designer_text_photo/13-img-glamping.webp'),(3,14,392,183,'14-img-glamping','/data/albums/designer_text_photo_mobile/14-img-glamping.webp'),(3,15,862,400,'15-img-glamping','/data/albums/designer_text_photo_2/15-img-glamping.webp'),(3,16,392,200,'16-img-glamping','/data/albums/designer_text_photo_2_mobile/16-img-glamping.webp'),(3,17,459,612,'17-img-glamping','/data/albums/designer_text_photo_links/17-img-glamping.webp'),(3,18,250,300,'18-img-glamping','/data/albums/designer_text_photo_links_mobile/18-img-glamping.webp'),(3,19,1100,750,'19-img-glamping','/data/albums/designer_text_photo_big/19-img-glamping.webp'),(3,20,416,284,'20-img-glamping','/data/albums/designer_text_photo_big_mobile/20-img-glamping.webp'),(3,21,493,510,'21-img-glamping','/data/albums/designer_linked_news/21-img-glamping.webp'),(3,22,772,514,'22-img-glamping','/data/albums/designer_text_photo_3/22-img-glamping.webp'),(3,23,254,236,'23-img-glamping','/data/albums/designer_text_photo_3_mobile/23-img-glamping.webp'),(3,24,1920,680,'24-img-glamping','/data/albums/header_photo/24-img-glamping.webp'),(3,25,2500,1667,'25-img-glamping','/data/albums/preview/25-img-glamping.webp'),(3,26,40,40,'26-img-glamping','/data/albums/map_marker/26-img-glamping.jpg'),(3,27,1000,666,'27-img-glamping','/data/albums/popup/27-img-glamping.webp'),(3,30,545,355,'30-img-glamping','/data/albums/blog_grid/30-img-glamping.webp'),(4,0,320,200,'0-img-glamping-2','/data/albums/static_photo/0-img-glamping-2.jpg'),(4,1,1920,680,'1-img-glamping-2','/data/albums/index_slider/1-img-glamping-2.webp'),(4,2,430,545,'2-img-glamping-2','/data/albums/index_slider_mobile/2-img-glamping-2.webp'),(4,3,545,355,'3-img-glamping-2','/data/albums/index_services/3-img-glamping-2.webp'),(4,4,392,255,'4-img-glamping-2','/data/albums/index_services_mobile/4-img-glamping-2.webp'),(4,5,713,476,'5-img-glamping-2','/data/albums/index_photo_text_horizontal/5-img-glamping-2.webp'),(4,6,392,261,'6-img-glamping-2','/data/albums/index_photo_text/6-img-glamping-2.webp'),(4,7,615,615,'7-img-glamping-2','/data/albums/index_photo_text_square/7-img-glamping-2.webp'),(4,8,392,380,'8-img-glamping-2','/data/albums/index_photo_text_square_mobile/8-img-glamping-2.webp'),(4,9,410,615,'9-img-glamping-2','/data/albums/index_photo_text_vertical/9-img-glamping-2.webp'),(4,10,392,588,'10-img-glamping-2','/data/albums/index_photo_text_vertical_mobile/10-img-glamping-2.webp'),(4,11,1282,600,'11-img-glamping-2','/data/albums/designer_photo/11-img-glamping-2.webp'),(4,12,392,200,'12-img-glamping-2','/data/albums/designer_photo_mobile/12-img-glamping-2.webp'),(4,13,623,416,'13-img-glamping-2','/data/albums/designer_text_photo/13-img-glamping-2.webp'),(4,14,392,261,'14-img-glamping-2','/data/albums/designer_text_photo_mobile/14-img-glamping-2.webp'),(4,21,493,510,'21-img-glamping-2','/data/albums/designer_linked_news/21-img-glamping-2.webp'),(4,24,1920,680,'24-img-glamping-2','/data/albums/header_photo/24-img-glamping-2.webp'),(4,25,2500,1669,'25-img-glamping-2','/data/albums/preview/25-img-glamping-2.webp'),(4,26,40,40,'26-img-glamping-2','/data/albums/map_marker/26-img-glamping-2.jpg'),(4,30,545,355,'30-img-glamping-2','/data/albums/blog_grid/30-img-glamping-2.webp'),(5,0,320,200,'0-img-olive-wood','/data/albums/static_photo/0-img-olive-wood.jpg'),(5,1,1920,680,'1-img-olive-wood','/data/albums/index_slider/1-img-olive-wood.webp'),(5,2,430,545,'2-img-olive-wood','/data/albums/index_slider_mobile/2-img-olive-wood.webp'),(5,3,545,355,'3-img-olive-wood','/data/albums/index_services/3-img-olive-wood.webp'),(5,4,392,255,'4-img-olive-wood','/data/albums/index_services_mobile/4-img-olive-wood.webp'),(5,5,713,476,'5-img-olive-wood','/data/albums/index_photo_text_horizontal/5-img-olive-wood.webp'),(5,6,392,261,'6-img-olive-wood','/data/albums/index_photo_text_horizontal_mobile/6-img-olive-wood.webp'),(5,7,615,615,'7-img-olive-wood','/data/albums/index_photo_text_square/7-img-olive-wood.webp'),(5,8,392,380,'8-img-olive-wood','/data/albums/index_photo_text_square_mobile/8-img-olive-wood.webp'),(5,9,410,615,'9-img-olive-wood','/data/albums/index_photo_text_vertical/9-img-olive-wood.webp'),(5,10,392,588,'10-img-olive-wood','/data/albums/index_photo_text_vertical_mobile/10-img-olive-wood.webp'),(5,11,1282,600,'11-img-olive-wood','/data/albums/designer_photo/11-img-olive-wood.webp'),(5,12,392,200,'12-img-olive-wood','/data/albums/designer_photo_mobile/12-img-olive-wood.webp'),(5,13,623,291,'13-img-olive-wood','/data/albums/designer_text_photo/13-img-olive-wood.webp'),(5,14,392,183,'14-img-olive-wood','/data/albums/designer_text_photo_mobile/14-img-olive-wood.webp'),(5,15,862,400,'15-img-olive-wood','/data/albums/designer_text_photo_2/15-img-olive-wood.webp'),(5,16,392,200,'16-img-olive-wood','/data/albums/designer_text_photo_2_mobile/16-img-olive-wood.webp'),(5,17,459,612,'17-img-olive-wood','/data/albums/designer_text_photo_links/17-img-olive-wood.webp'),(5,18,250,300,'18-img-olive-wood','/data/albums/designer_text_photo_links_mobile/18-img-olive-wood.webp'),(5,19,1100,750,'19-img-olive-wood','/data/albums/designer_text_photo_big/19-img-olive-wood.webp'),(5,20,416,284,'20-img-olive-wood','/data/albums/designer_text_photo_big_mobile/20-img-olive-wood.webp'),(5,21,493,510,'21-img-olive-wood','/data/albums/designer_linked_news/21-img-olive-wood.webp'),(5,22,772,514,'22-img-olive-wood','/data/albums/designer_text_photo_3/22-img-olive-wood.webp'),(5,23,254,236,'23-img-olive-wood','/data/albums/designer_text_photo_3_mobile/23-img-olive-wood.webp'),(5,24,1920,680,'24-img-olive-wood','/data/albums/header_photo/24-img-olive-wood.webp'),(5,25,1200,779,'25-img-olive-wood','/data/albums/preview/25-img-olive-wood.webp'),(5,26,40,40,'26-img-olive-wood','/data/albums/map_marker/26-img-olive-wood.jpg'),(5,27,1000,649,'27-img-olive-wood','/data/albums/popup/27-img-olive-wood.webp'),(5,30,545,355,'30-img-olive-wood','/data/albums/blog_grid/30-img-olive-wood.webp'),(6,0,320,200,'0-img-team-building','/data/albums/static_photo/0-img-team-building.jpg'),(6,1,1920,680,'1-img-team-building','/data/albums/index_slider/1-img-team-building.webp'),(6,2,430,545,'2-img-team-building','/data/albums/index_slider_mobile/2-img-team-building.webp'),(6,3,545,355,'3-img-team-building','/data/albums/index_services/3-img-team-building.webp'),(6,4,392,255,'4-img-team-building','/data/albums/index_services_mobile/4-img-team-building.webp'),(6,5,713,476,'5-img-team-building','/data/albums/index_photo_text_horizontal/5-img-team-building.webp'),(6,6,392,261,'6-img-team-building','/data/albums/index_photo_text_horizontal_mobile/6-img-team-building.webp'),(6,7,615,615,'7-img-team-building','/data/albums/index_photo_text_square/7-img-team-building.webp'),(6,8,392,380,'8-img-team-building','/data/albums/index_photo_text_square_mobile/8-img-team-building.webp'),(6,9,410,615,'9-img-team-building','/data/albums/index_photo_text_vertical/9-img-team-building.webp'),(6,10,392,588,'10-img-team-building','/data/albums/index_photo_text_vertical_mobile/10-img-team-building.webp'),(6,21,493,510,'21-img-team-building','/data/albums/designer_linked_news/21-img-team-building.webp'),(6,24,1920,680,'24-img-team-building','/data/albums/header_photo/24-img-team-building.webp'),(6,25,1667,2500,'25-img-team-building','/data/albums/preview/25-img-team-building.webp'),(6,26,40,40,'26-img-team-building','/data/albums/map_marker/26-img-team-building.jpg'),(6,30,545,355,'30-img-team-building','/data/albums/blog_grid/30-img-team-building.webp'),(7,0,320,200,'0-img-vintage-adventure','/data/albums/static_photo/0-img-vintage-adventure.jpg'),(7,1,1920,680,'1-img-vintage-adventure','/data/albums/index_slider/1-img-vintage-adventure.webp'),(7,2,430,545,'2-img-vintage-adventure','/data/albums/index_slider_mobile/2-img-vintage-adventure.webp'),(7,3,545,355,'3-img-vintage-adventure','/data/albums/index_services/3-img-vintage-adventure.webp'),(7,4,392,255,'4-img-vintage-adventure','/data/albums/index_services_mobile/4-img-vintage-adventure.webp'),(7,5,713,476,'5-img-vintage-adventure','/data/albums/index_photo_text_horizontal/5-img-vintage-adventure.webp'),(7,6,392,261,'6-img-vintage-adventure','/data/albums/index_photo_text_horizontal_mobile/6-img-vintage-adventure.webp'),(7,7,615,615,'7-img-vintage-adventure','/data/albums/index_photo_text_square/7-img-vintage-adventure.webp'),(7,8,392,380,'8-img-vintage-adventure','/data/albums/index_photo_text_square_mobile/8-img-vintage-adventure.webp'),(7,9,410,615,'9-img-vintage-adventure','/data/albums/index_photo_text_vertical/9-img-vintage-adventure.webp'),(7,10,392,588,'10-img-vintage-adventure','/data/albums/index_photo_text_vertical_mobile/10-img-vintage-adventure.webp'),(7,25,1080,1080,'25-img-vintage-adventure','/data/albums/preview/25-img-vintage-adventure.webp'),(8,0,320,200,'0-ser-1','/data/albums/static_photo/0-ser-1.jpg'),(8,1,1920,680,'1-ser-1','/data/albums/index_slider/1-ser-1.webp'),(8,2,430,545,'2-ser-1','/data/albums/index_slider_mobile/2-ser-1.webp'),(8,25,1306,1250,'25-ser-1','/data/albums/preview/25-ser-1.webp'),(9,0,320,200,'0-ser-2','/data/albums/static_photo/0-ser-2.jpg'),(9,1,1920,680,'1-ser-2','/data/albums/index_slider/1-ser-2.webp'),(9,2,430,545,'2-ser-2','/data/albums/index_slider_mobile/2-ser-2.webp'),(9,25,800,766,'25-ser-2','/data/albums/preview/25-ser-2.webp'),(10,0,320,200,'0-ser-3','/data/albums/static_photo/0-ser-3.jpg'),(10,1,1920,680,'1-ser-3','/data/albums/index_slider/1-ser-3.webp'),(10,2,430,545,'2-ser-3','/data/albums/index_slider_mobile/2-ser-3.webp'),(10,25,800,765,'25-ser-3','/data/albums/preview/25-ser-3.webp'),(11,0,320,200,'0-wwd-glamping','/data/albums/static_photo/0-wwd-glamping.jpg'),(11,1,1920,680,'1-wwd-glamping','/data/albums/index_slider/1-wwd-glamping.webp'),(11,2,430,545,'2-wwd-glamping','/data/albums/index_slider_mobile/2-wwd-glamping.webp'),(11,3,545,355,'3-wwd-glamping','/data/albums/index_services/3-wwd-glamping.webp'),(11,4,392,255,'4-wwd-glamping','/data/albums/index_services_mobile/4-wwd-glamping.webp'),(11,5,713,476,'5-wwd-glamping','/data/albums/index_photo_text_horizontal/5-wwd-glamping.webp'),(11,6,392,261,'6-wwd-glamping','/data/albums/index_photo_text_horizontal_mobile/6-wwd-glamping.webp'),(11,7,615,615,'7-wwd-glamping','/data/albums/index_photo_text_square/7-wwd-glamping.webp'),(11,8,392,380,'8-wwd-glamping','/data/albums/index_photo_text_square_mobile/8-wwd-glamping.webp'),(11,9,410,615,'9-wwd-glamping','/data/albums/index_photo_text_vertical/9-wwd-glamping.webp'),(11,10,392,588,'10-wwd-glamping','/data/albums/index_photo_text_vertical_mobile/10-wwd-glamping.webp'),(11,21,493,510,'21-wwd-glamping','/data/albums/designer_linked_news/21-wwd-glamping.webp'),(11,25,2500,1624,'25-wwd-glamping','/data/albums/preview/25-wwd-glamping.webp'),(12,0,320,200,'0-wwd-olje','/data/albums/static_photo/0-wwd-olje.jpg'),(12,1,1920,680,'1-wwd-olje','/data/albums/index_slider/1-wwd-olje.webp'),(12,2,430,545,'2-wwd-olje','/data/albums/index_slider_mobile/2-wwd-olje.webp'),(12,3,545,355,'3-wwd-olje','/data/albums/index_services/3-wwd-olje.webp'),(12,4,392,255,'4-wwd-olje','/data/albums/index_services_mobile/4-wwd-olje.webp'),(12,5,713,476,'5-wwd-olje','/data/albums/index_photo_text_horizontal/5-wwd-olje.webp'),(12,6,392,261,'6-wwd-olje','/data/albums/index_photo_text_horizontal_mobile/6-wwd-olje.webp'),(12,7,615,615,'7-wwd-olje','/data/albums/index_photo_text_square/7-wwd-olje.webp'),(12,8,392,380,'8-wwd-olje','/data/albums/index_photo_text_square_mobile/8-wwd-olje.webp'),(12,9,410,615,'9-wwd-olje','/data/albums/index_photo_text_vertical/9-wwd-olje.webp'),(12,10,392,588,'10-wwd-olje','/data/albums/index_photo_text_vertical_mobile/10-wwd-olje.webp'),(12,21,493,510,'21-wwd-olje','/data/albums/designer_linked_news/21-wwd-olje.webp'),(12,24,1920,680,'24-wwd-olje','/data/albums/header_photo/24-wwd-olje.webp'),(12,25,1617,1050,'25-wwd-olje','/data/albums/preview/25-wwd-olje.webp'),(12,26,40,40,'26-wwd-olje','/data/albums/map_marker/26-wwd-olje.png'),(12,30,545,355,'30-wwd-olje','/data/albums/blog_grid/30-wwd-olje.webp'),(12,32,1920,885,'32-wwd-olje','/data/albums/index_banner/32-wwd-olje.webp'),(12,33,550,85,'33-wwd-olje','/data/albums/index_banner_mobile/33-wwd-olje.webp'),(12,34,580,650,'34-wwd-olje','/data/albums/header_photo_mobile/34-wwd-olje.webp'),(13,0,320,200,'0-mat_8294-small','/data/albums/static_photo0-mat_8294-small.jpg'),(13,11,320,200,'0-mat_8294-small','/data/albums/static_photo0-mat_8294-small.jpg'),(13,12,320,200,'0-mat_8294-small','/data/albums/static_photo0-mat_8294-small.jpg'),(13,15,862,1119,'15-mat_8294-small','/data/albums/designer_text_photo_2/15-mat_8294-small.webp'),(13,25,843,1119,'25-mat_8294-small','/data/albums/preview/25-mat_8294-small.webp'),(14,0,320,200,'0-mat_8294-small-2','/data/albums/static_photo0-mat_8294-small-2.jpg'),(14,11,320,200,'0-mat_8294-small-2','/data/albums/static_photo0-mat_8294-small-2.jpg'),(14,12,320,200,'0-mat_8294-small-2','/data/albums/static_photo0-mat_8294-small-2.jpg'),(14,13,320,200,'0-mat_8294-small-2','/data/albums/static_photo0-mat_8294-small-2.jpg'),(14,14,320,200,'0-mat_8294-small-2','/data/albums/static_photo0-mat_8294-small-2.jpg'),(14,15,862,1145,'15-mat_8294-small-2','/data/albums/designer_text_photo_2/15-mat_8294-small-2.webp'),(14,16,392,520,'16-mat_8294-small-2','/data/albums/designer_text_photo_2_mobile/16-mat_8294-small-2.webp'),(14,25,900,1195,'25-mat_8294-small-2','/data/albums/preview/25-mat_8294-small-2.webp'),(15,0,320,200,'0-img-slider','/data/albums/static_photo0-img-slider.jpg'),(15,1,1920,680,'1-img-slider','/data/albums/index_slider/1-img-slider.webp'),(15,2,430,545,'2-img-slider','/data/albums/index_slider_mobile/2-img-slider.webp'),(15,3,545,355,'3-img-slider','/data/albums/index_services/3-img-slider.webp'),(15,4,392,255,'4-img-slider','/data/albums/index_services_mobile/4-img-slider.webp'),(15,5,713,476,'5-img-slider','/data/albums/index_photo_text_horizontal/5-img-slider.webp'),(15,6,392,261,'6-img-slider','/data/albums/index_photo_text_horizontal_mobile/6-img-slider.webp'),(15,7,615,615,'7-img-slider','/data/albums/index_photo_text_square/7-img-slider.webp'),(15,8,392,380,'8-img-slider','/data/albums/index_photo_text_square_mobile/8-img-slider.webp'),(15,9,410,615,'9-img-slider','/data/albums/index_photo_text_vertical/9-img-slider.webp'),(15,10,392,588,'10-img-slider','/data/albums/index_photo_text_vertical_mobile/10-img-slider.webp'),(15,11,1282,731,'11-img-slider','/data/albums/designer_photo/11-img-slider.webp'),(15,12,320,200,'0-img-slider','/data/albums/static_photo0-img-slider.jpg'),(15,13,320,200,'0-img-slider','/data/albums/static_photo0-img-slider.jpg'),(15,14,320,200,'0-img-slider','/data/albums/static_photo0-img-slider.jpg'),(15,15,320,200,'0-img-slider','/data/albums/static_photo0-img-slider.jpg'),(15,16,320,200,'0-img-slider','/data/albums/static_photo0-img-slider.jpg'),(15,21,493,510,'21-img-slider','/data/albums/designer_linked_news/21-img-slider.webp'),(15,24,1920,680,'24-img-slider','/data/albums/header_photo/24-img-slider.webp'),(15,25,1500,994,'25-img-slider','/data/albums/preview/25-img-slider.webp'),(15,26,40,40,'26-img-slider','/data/albums/map_marker/26-img-slider.jpg'),(15,30,545,355,'30-img-slider','/data/albums/blog_grid/30-img-slider.webp'),(16,0,320,200,'0-ser-2-2','/data/albums/static_photo0-ser-2-2.jpg'),(16,11,320,200,'0-ser-2-2','/data/albums/static_photo0-ser-2-2.jpg'),(16,12,320,200,'0-ser-2-2','/data/albums/static_photo0-ser-2-2.jpg'),(16,13,320,200,'0-ser-2-2','/data/albums/static_photo0-ser-2-2.jpg'),(16,14,320,200,'0-ser-2-2','/data/albums/static_photo0-ser-2-2.jpg'),(16,15,320,200,'0-ser-2-2','/data/albums/static_photo0-ser-2-2.jpg'),(16,16,320,200,'0-ser-2-2','/data/albums/static_photo0-ser-2-2.jpg'),(16,25,800,766,'25-ser-2-2','/data/albums/preview/25-ser-2-2.webp'),(17,0,320,200,'0-img-6','/data/albums/static_photo0-img-6.jpg'),(17,11,320,200,'0-img-6','/data/albums/static_photo0-img-6.jpg'),(17,12,320,200,'0-img-6','/data/albums/static_photo0-img-6.jpg'),(17,13,320,200,'0-img-6','/data/albums/static_photo0-img-6.jpg'),(17,14,320,200,'0-img-6','/data/albums/static_photo0-img-6.jpg'),(17,15,320,200,'0-img-6','/data/albums/static_photo0-img-6.jpg'),(17,16,320,200,'0-img-6','/data/albums/static_photo0-img-6.jpg'),(17,17,459,612,'17-img-6','/data/albums/designer_text_photo_links/17-img-6.webp'),(17,18,250,300,'18-img-6','/data/albums/designer_text_photo_links_mobile/18-img-6.webp'),(17,25,800,1067,'25-img-6','/data/albums/preview/25-img-6.webp'),(18,0,320,200,'0-dji_0049','/data/albums/static_photo/0-dji_0049.jpg'),(18,1,1920,680,'1-dji_0049','/data/albums/index_slider/1-dji_0049.webp'),(18,2,430,545,'2-dji_0049','/data/albums/index_slider_mobile/2-dji_0049.webp'),(18,3,545,355,'3-dji_0049','/data/albums/index_services/3-dji_0049.webp'),(18,4,392,255,'4-dji_0049','/data/albums/index_services_mobile/4-dji_0049.webp'),(18,5,713,476,'5-dji_0049','/data/albums/index_photo_text_horizontal/5-dji_0049.webp'),(18,6,392,261,'6-dji_0049','/data/albums/index_photo_text_horizontal_mobile/6-dji_0049.webp'),(18,7,615,615,'7-dji_0049','/data/albums/index_photo_text_square/7-dji_0049.webp'),(18,8,392,380,'8-dji_0049','/data/albums/index_photo_text_square_mobile/8-dji_0049.webp'),(18,9,410,615,'9-dji_0049','/data/albums/index_photo_text_vertical/9-dji_0049.webp'),(18,10,392,588,'10-dji_0049','/data/albums/index_photo_text_vertical_mobile/10-dji_0049.webp'),(18,21,493,510,'21-dji_0049','/data/albums/designer_linked_news/21-dji_0049.webp'),(18,24,1920,680,'24-dji_0049','/data/albums/header_photo/24-dji_0049.webp'),(18,25,2500,1404,'25-dji_0049','/data/albums/preview/25-dji_0049.webp'),(18,26,40,40,'26-dji_0049','/data/albums/map_marker/26-dji_0049.jpg'),(18,30,545,355,'30-dji_0049','/data/albums/blog_grid/30-dji_0049.webp'),(19,0,320,200,'0-screenshot-2022-03-24-at-15-08-06-podstran','/data/albums/static_photo0-screenshot-2022-03-24-at-15-08-06-podstran.jpg'),(19,3,545,355,'3-screenshot-2022-03-24-at-15-08-06-podstran','/data/albums/index_services/3-screenshot-2022-03-24-at-15-08-06-podstran.webp'),(19,4,392,255,'4-screenshot-2022-03-24-at-15-08-06-podstran','/data/albums/index_services_mobile/4-screenshot-2022-03-24-at-15-08-06-podstran.webp'),(19,11,320,200,'0-screenshot-2022-03-24-at-15-08-06-podstran','/data/albums/static_photo0-screenshot-2022-03-24-at-15-08-06-podstran.jpg'),(19,12,320,200,'0-screenshot-2022-03-24-at-15-08-06-podstran','/data/albums/static_photo0-screenshot-2022-03-24-at-15-08-06-podstran.jpg'),(19,13,320,200,'0-screenshot-2022-03-24-at-15-08-06-podstran','/data/albums/static_photo0-screenshot-2022-03-24-at-15-08-06-podstran.jpg'),(19,14,320,200,'0-screenshot-2022-03-24-at-15-08-06-podstran','/data/albums/static_photo0-screenshot-2022-03-24-at-15-08-06-podstran.jpg'),(19,15,320,200,'0-screenshot-2022-03-24-at-15-08-06-podstran','/data/albums/static_photo0-screenshot-2022-03-24-at-15-08-06-podstran.jpg'),(19,16,320,200,'0-screenshot-2022-03-24-at-15-08-06-podstran','/data/albums/static_photo0-screenshot-2022-03-24-at-15-08-06-podstran.jpg'),(19,17,459,612,'17-screenshot-2022-03-24-at-15-08-06-podstran','/data/albums/designer_text_photo_links/17-screenshot-2022-03-24-at-15-08-06-podstran.webp'),(19,18,250,300,'18-screenshot-2022-03-24-at-15-08-06-podstran','/data/albums/designer_text_photo_links_mobile/18-screenshot-2022-03-24-at-15-08-06-podstran.webp'),(19,19,250,300,'18-screenshot-2022-03-24-at-15-08-06-podstran','/data/albums/designer_text_photo_links_mobile/18-screenshot-2022-03-24-at-15-08-06-podstran.webp'),(19,20,250,300,'18-screenshot-2022-03-24-at-15-08-06-podstran','/data/albums/designer_text_photo_links_mobile/18-screenshot-2022-03-24-at-15-08-06-podstran.webp'),(19,21,493,510,'21-screenshot-2022-03-24-at-15-08-06-podstran','/data/albums/designer_linked_news/21-screenshot-2022-03-24-at-15-08-06-podstran.webp'),(19,22,493,510,'21-screenshot-2022-03-24-at-15-08-06-podstran','/data/albums/designer_linked_news/21-screenshot-2022-03-24-at-15-08-06-podstran.webp'),(19,23,493,510,'21-screenshot-2022-03-24-at-15-08-06-podstran','/data/albums/designer_linked_news/21-screenshot-2022-03-24-at-15-08-06-podstran.webp'),(19,25,1500,190,'25-screenshot-2022-03-24-at-15-08-06-podstran','/data/albums/preview/25-screenshot-2022-03-24-at-15-08-06-podstran.webp'),(19,27,1500,190,'27-screenshot-2022-03-24-at-15-08-06-podstran','/data/albums/popup/27-screenshot-2022-03-24-at-15-08-06-podstran.webp'),(20,0,320,200,'0-screenshot-2022-03-24-at-15-07-53-podstran','/data/albums/static_photo0-screenshot-2022-03-24-at-15-07-53-podstran.jpg'),(20,3,545,355,'3-screenshot-2022-03-24-at-15-07-53-podstran','/data/albums/index_services/3-screenshot-2022-03-24-at-15-07-53-podstran.webp'),(20,4,392,255,'4-screenshot-2022-03-24-at-15-07-53-podstran','/data/albums/index_services_mobile/4-screenshot-2022-03-24-at-15-07-53-podstran.webp'),(20,11,320,200,'0-screenshot-2022-03-24-at-15-07-53-podstran','/data/albums/static_photo0-screenshot-2022-03-24-at-15-07-53-podstran.jpg'),(20,12,320,200,'0-screenshot-2022-03-24-at-15-07-53-podstran','/data/albums/static_photo0-screenshot-2022-03-24-at-15-07-53-podstran.jpg'),(20,13,320,200,'0-screenshot-2022-03-24-at-15-07-53-podstran','/data/albums/static_photo0-screenshot-2022-03-24-at-15-07-53-podstran.jpg'),(20,14,320,200,'0-screenshot-2022-03-24-at-15-07-53-podstran','/data/albums/static_photo0-screenshot-2022-03-24-at-15-07-53-podstran.jpg'),(20,15,320,200,'0-screenshot-2022-03-24-at-15-07-53-podstran','/data/albums/static_photo0-screenshot-2022-03-24-at-15-07-53-podstran.jpg'),(20,16,320,200,'0-screenshot-2022-03-24-at-15-07-53-podstran','/data/albums/static_photo0-screenshot-2022-03-24-at-15-07-53-podstran.jpg'),(20,17,459,612,'17-screenshot-2022-03-24-at-15-07-53-podstran','/data/albums/designer_text_photo_links/17-screenshot-2022-03-24-at-15-07-53-podstran.webp'),(20,18,250,300,'18-screenshot-2022-03-24-at-15-07-53-podstran','/data/albums/designer_text_photo_links_mobile/18-screenshot-2022-03-24-at-15-07-53-podstran.webp'),(20,19,250,300,'18-screenshot-2022-03-24-at-15-07-53-podstran','/data/albums/designer_text_photo_links_mobile/18-screenshot-2022-03-24-at-15-07-53-podstran.webp'),(20,20,250,300,'18-screenshot-2022-03-24-at-15-07-53-podstran','/data/albums/designer_text_photo_links_mobile/18-screenshot-2022-03-24-at-15-07-53-podstran.webp'),(20,21,493,510,'21-screenshot-2022-03-24-at-15-07-53-podstran','/data/albums/designer_linked_news/21-screenshot-2022-03-24-at-15-07-53-podstran.webp'),(20,22,493,510,'21-screenshot-2022-03-24-at-15-07-53-podstran','/data/albums/designer_linked_news/21-screenshot-2022-03-24-at-15-07-53-podstran.webp'),(20,23,493,510,'21-screenshot-2022-03-24-at-15-07-53-podstran','/data/albums/designer_linked_news/21-screenshot-2022-03-24-at-15-07-53-podstran.webp'),(20,25,1500,498,'25-screenshot-2022-03-24-at-15-07-53-podstran','/data/albums/preview/25-screenshot-2022-03-24-at-15-07-53-podstran.webp'),(20,27,1500,498,'27-screenshot-2022-03-24-at-15-07-53-podstran','/data/albums/popup/27-screenshot-2022-03-24-at-15-07-53-podstran.webp'),(21,0,320,200,'0-screenshot-2022-03-24-at-15-07-32-podstran','/data/albums/static_photo0-screenshot-2022-03-24-at-15-07-32-podstran.jpg'),(21,11,320,200,'0-screenshot-2022-03-24-at-15-07-32-podstran','/data/albums/static_photo0-screenshot-2022-03-24-at-15-07-32-podstran.jpg'),(21,12,320,200,'0-screenshot-2022-03-24-at-15-07-32-podstran','/data/albums/static_photo0-screenshot-2022-03-24-at-15-07-32-podstran.jpg'),(21,13,320,200,'0-screenshot-2022-03-24-at-15-07-32-podstran','/data/albums/static_photo0-screenshot-2022-03-24-at-15-07-32-podstran.jpg'),(21,14,320,200,'0-screenshot-2022-03-24-at-15-07-32-podstran','/data/albums/static_photo0-screenshot-2022-03-24-at-15-07-32-podstran.jpg'),(21,15,320,200,'0-screenshot-2022-03-24-at-15-07-32-podstran','/data/albums/static_photo0-screenshot-2022-03-24-at-15-07-32-podstran.jpg'),(21,16,320,200,'0-screenshot-2022-03-24-at-15-07-32-podstran','/data/albums/static_photo0-screenshot-2022-03-24-at-15-07-32-podstran.jpg'),(21,17,459,612,'17-screenshot-2022-03-24-at-15-07-32-podstran','/data/albums/designer_text_photo_links/17-screenshot-2022-03-24-at-15-07-32-podstran.webp'),(21,18,250,300,'18-screenshot-2022-03-24-at-15-07-32-podstran','/data/albums/designer_text_photo_links_mobile/18-screenshot-2022-03-24-at-15-07-32-podstran.webp'),(21,19,250,300,'18-screenshot-2022-03-24-at-15-07-32-podstran','/data/albums/designer_text_photo_links_mobile/18-screenshot-2022-03-24-at-15-07-32-podstran.webp'),(21,20,250,300,'18-screenshot-2022-03-24-at-15-07-32-podstran','/data/albums/designer_text_photo_links_mobile/18-screenshot-2022-03-24-at-15-07-32-podstran.webp'),(21,21,493,510,'21-screenshot-2022-03-24-at-15-07-32-podstran','/data/albums/designer_linked_news/21-screenshot-2022-03-24-at-15-07-32-podstran.webp'),(21,22,493,510,'21-screenshot-2022-03-24-at-15-07-32-podstran','/data/albums/designer_linked_news/21-screenshot-2022-03-24-at-15-07-32-podstran.webp'),(21,23,493,510,'21-screenshot-2022-03-24-at-15-07-32-podstran','/data/albums/designer_linked_news/21-screenshot-2022-03-24-at-15-07-32-podstran.webp'),(21,25,1500,435,'25-screenshot-2022-03-24-at-15-07-32-podstran','/data/albums/preview/25-screenshot-2022-03-24-at-15-07-32-podstran.webp'),(22,0,320,200,'0-screenshot-2022-03-24-at-15-06-14-podstran','/data/albums/static_photo0-screenshot-2022-03-24-at-15-06-14-podstran.jpg'),(22,3,545,355,'3-screenshot-2022-03-24-at-15-06-14-podstran','/data/albums/index_services/3-screenshot-2022-03-24-at-15-06-14-podstran.webp'),(22,4,392,255,'4-screenshot-2022-03-24-at-15-06-14-podstran','/data/albums/index_services_mobile/4-screenshot-2022-03-24-at-15-06-14-podstran.webp'),(22,11,320,200,'0-screenshot-2022-03-24-at-15-06-14-podstran','/data/albums/static_photo0-screenshot-2022-03-24-at-15-06-14-podstran.jpg'),(22,12,320,200,'0-screenshot-2022-03-24-at-15-06-14-podstran','/data/albums/static_photo0-screenshot-2022-03-24-at-15-06-14-podstran.jpg'),(22,13,320,200,'0-screenshot-2022-03-24-at-15-06-14-podstran','/data/albums/static_photo0-screenshot-2022-03-24-at-15-06-14-podstran.jpg'),(22,14,320,200,'0-screenshot-2022-03-24-at-15-06-14-podstran','/data/albums/static_photo0-screenshot-2022-03-24-at-15-06-14-podstran.jpg'),(22,15,320,200,'0-screenshot-2022-03-24-at-15-06-14-podstran','/data/albums/static_photo0-screenshot-2022-03-24-at-15-06-14-podstran.jpg'),(22,16,320,200,'0-screenshot-2022-03-24-at-15-06-14-podstran','/data/albums/static_photo0-screenshot-2022-03-24-at-15-06-14-podstran.jpg'),(22,17,459,612,'17-screenshot-2022-03-24-at-15-06-14-podstran','/data/albums/designer_text_photo_links/17-screenshot-2022-03-24-at-15-06-14-podstran.webp'),(22,18,250,300,'18-screenshot-2022-03-24-at-15-06-14-podstran','/data/albums/designer_text_photo_links_mobile/18-screenshot-2022-03-24-at-15-06-14-podstran.webp'),(22,19,250,300,'18-screenshot-2022-03-24-at-15-06-14-podstran','/data/albums/designer_text_photo_links_mobile/18-screenshot-2022-03-24-at-15-06-14-podstran.webp'),(22,20,250,300,'18-screenshot-2022-03-24-at-15-06-14-podstran','/data/albums/designer_text_photo_links_mobile/18-screenshot-2022-03-24-at-15-06-14-podstran.webp'),(22,21,493,510,'21-screenshot-2022-03-24-at-15-06-14-podstran','/data/albums/designer_linked_news/21-screenshot-2022-03-24-at-15-06-14-podstran.webp'),(22,22,493,510,'21-screenshot-2022-03-24-at-15-06-14-podstran','/data/albums/designer_linked_news/21-screenshot-2022-03-24-at-15-06-14-podstran.webp'),(22,23,493,510,'21-screenshot-2022-03-24-at-15-06-14-podstran','/data/albums/designer_linked_news/21-screenshot-2022-03-24-at-15-06-14-podstran.webp'),(22,25,1500,685,'25-screenshot-2022-03-24-at-15-06-14-podstran','/data/albums/preview/25-screenshot-2022-03-24-at-15-06-14-podstran.webp'),(22,27,1500,685,'27-screenshot-2022-03-24-at-15-06-14-podstran','/data/albums/popup/27-screenshot-2022-03-24-at-15-06-14-podstran.webp'),(23,0,320,200,'0-screenshot-2022-03-24-at-15-05-51-podstran','/data/albums/static_photo0-screenshot-2022-03-24-at-15-05-51-podstran.jpg'),(23,3,545,355,'3-screenshot-2022-03-24-at-15-05-51-podstran','/data/albums/index_services/3-screenshot-2022-03-24-at-15-05-51-podstran.webp'),(23,4,392,255,'4-screenshot-2022-03-24-at-15-05-51-podstran','/data/albums/index_services_mobile/4-screenshot-2022-03-24-at-15-05-51-podstran.webp'),(23,11,320,200,'0-screenshot-2022-03-24-at-15-05-51-podstran','/data/albums/static_photo0-screenshot-2022-03-24-at-15-05-51-podstran.jpg'),(23,12,320,200,'0-screenshot-2022-03-24-at-15-05-51-podstran','/data/albums/static_photo0-screenshot-2022-03-24-at-15-05-51-podstran.jpg'),(23,13,320,200,'0-screenshot-2022-03-24-at-15-05-51-podstran','/data/albums/static_photo0-screenshot-2022-03-24-at-15-05-51-podstran.jpg'),(23,14,320,200,'0-screenshot-2022-03-24-at-15-05-51-podstran','/data/albums/static_photo0-screenshot-2022-03-24-at-15-05-51-podstran.jpg'),(23,15,320,200,'0-screenshot-2022-03-24-at-15-05-51-podstran','/data/albums/static_photo0-screenshot-2022-03-24-at-15-05-51-podstran.jpg'),(23,16,320,200,'0-screenshot-2022-03-24-at-15-05-51-podstran','/data/albums/static_photo0-screenshot-2022-03-24-at-15-05-51-podstran.jpg'),(23,17,459,612,'17-screenshot-2022-03-24-at-15-05-51-podstran','/data/albums/designer_text_photo_links/17-screenshot-2022-03-24-at-15-05-51-podstran.webp'),(23,18,250,300,'18-screenshot-2022-03-24-at-15-05-51-podstran','/data/albums/designer_text_photo_links_mobile/18-screenshot-2022-03-24-at-15-05-51-podstran.webp'),(23,19,250,300,'18-screenshot-2022-03-24-at-15-05-51-podstran','/data/albums/designer_text_photo_links_mobile/18-screenshot-2022-03-24-at-15-05-51-podstran.webp'),(23,20,250,300,'18-screenshot-2022-03-24-at-15-05-51-podstran','/data/albums/designer_text_photo_links_mobile/18-screenshot-2022-03-24-at-15-05-51-podstran.webp'),(23,21,493,510,'21-screenshot-2022-03-24-at-15-05-51-podstran','/data/albums/designer_linked_news/21-screenshot-2022-03-24-at-15-05-51-podstran.webp'),(23,22,493,510,'21-screenshot-2022-03-24-at-15-05-51-podstran','/data/albums/designer_linked_news/21-screenshot-2022-03-24-at-15-05-51-podstran.webp'),(23,23,493,510,'21-screenshot-2022-03-24-at-15-05-51-podstran','/data/albums/designer_linked_news/21-screenshot-2022-03-24-at-15-05-51-podstran.webp'),(23,25,1500,971,'25-screenshot-2022-03-24-at-15-05-51-podstran','/data/albums/preview/25-screenshot-2022-03-24-at-15-05-51-podstran.webp'),(23,27,1500,971,'27-screenshot-2022-03-24-at-15-05-51-podstran','/data/albums/popup/27-screenshot-2022-03-24-at-15-05-51-podstran.webp'),(24,0,320,200,'0-screenshot-2022-03-24-at-15-05-29-podstran','/data/albums/static_photo0-screenshot-2022-03-24-at-15-05-29-podstran.jpg'),(24,3,545,355,'3-screenshot-2022-03-24-at-15-05-29-podstran','/data/albums/index_services/3-screenshot-2022-03-24-at-15-05-29-podstran.webp'),(24,4,392,255,'4-screenshot-2022-03-24-at-15-05-29-podstran','/data/albums/index_services_mobile/4-screenshot-2022-03-24-at-15-05-29-podstran.webp'),(24,11,320,200,'0-screenshot-2022-03-24-at-15-05-29-podstran','/data/albums/static_photo0-screenshot-2022-03-24-at-15-05-29-podstran.jpg'),(24,12,320,200,'0-screenshot-2022-03-24-at-15-05-29-podstran','/data/albums/static_photo0-screenshot-2022-03-24-at-15-05-29-podstran.jpg'),(24,13,320,200,'0-screenshot-2022-03-24-at-15-05-29-podstran','/data/albums/static_photo0-screenshot-2022-03-24-at-15-05-29-podstran.jpg'),(24,14,320,200,'0-screenshot-2022-03-24-at-15-05-29-podstran','/data/albums/static_photo0-screenshot-2022-03-24-at-15-05-29-podstran.jpg'),(24,15,320,200,'0-screenshot-2022-03-24-at-15-05-29-podstran','/data/albums/static_photo0-screenshot-2022-03-24-at-15-05-29-podstran.jpg'),(24,16,320,200,'0-screenshot-2022-03-24-at-15-05-29-podstran','/data/albums/static_photo0-screenshot-2022-03-24-at-15-05-29-podstran.jpg'),(24,17,459,612,'17-screenshot-2022-03-24-at-15-05-29-podstran','/data/albums/designer_text_photo_links/17-screenshot-2022-03-24-at-15-05-29-podstran.webp'),(24,18,250,300,'18-screenshot-2022-03-24-at-15-05-29-podstran','/data/albums/designer_text_photo_links_mobile/18-screenshot-2022-03-24-at-15-05-29-podstran.webp'),(24,19,250,300,'18-screenshot-2022-03-24-at-15-05-29-podstran','/data/albums/designer_text_photo_links_mobile/18-screenshot-2022-03-24-at-15-05-29-podstran.webp'),(24,20,250,300,'18-screenshot-2022-03-24-at-15-05-29-podstran','/data/albums/designer_text_photo_links_mobile/18-screenshot-2022-03-24-at-15-05-29-podstran.webp'),(24,21,493,510,'21-screenshot-2022-03-24-at-15-05-29-podstran','/data/albums/designer_linked_news/21-screenshot-2022-03-24-at-15-05-29-podstran.webp'),(24,22,493,510,'21-screenshot-2022-03-24-at-15-05-29-podstran','/data/albums/designer_linked_news/21-screenshot-2022-03-24-at-15-05-29-podstran.webp'),(24,23,493,510,'21-screenshot-2022-03-24-at-15-05-29-podstran','/data/albums/designer_linked_news/21-screenshot-2022-03-24-at-15-05-29-podstran.webp'),(24,25,1306,319,'25-screenshot-2022-03-24-at-15-05-29-podstran','/data/albums/preview/25-screenshot-2022-03-24-at-15-05-29-podstran.webp'),(24,27,1306,319,'27-screenshot-2022-03-24-at-15-05-29-podstran','/data/albums/popup/27-screenshot-2022-03-24-at-15-05-29-podstran.webp'),(25,0,320,200,'0-screenshot-2022-03-24-at-15-05-22-podstran','/data/albums/static_photo0-screenshot-2022-03-24-at-15-05-22-podstran.jpg'),(25,3,545,355,'3-screenshot-2022-03-24-at-15-05-22-podstran','/data/albums/index_services/3-screenshot-2022-03-24-at-15-05-22-podstran.webp'),(25,4,392,255,'4-screenshot-2022-03-24-at-15-05-22-podstran','/data/albums/index_services_mobile/4-screenshot-2022-03-24-at-15-05-22-podstran.webp'),(25,11,320,200,'0-screenshot-2022-03-24-at-15-05-22-podstran','/data/albums/static_photo0-screenshot-2022-03-24-at-15-05-22-podstran.jpg'),(25,12,320,200,'0-screenshot-2022-03-24-at-15-05-22-podstran','/data/albums/static_photo0-screenshot-2022-03-24-at-15-05-22-podstran.jpg'),(25,13,320,200,'0-screenshot-2022-03-24-at-15-05-22-podstran','/data/albums/static_photo0-screenshot-2022-03-24-at-15-05-22-podstran.jpg'),(25,14,320,200,'0-screenshot-2022-03-24-at-15-05-22-podstran','/data/albums/static_photo0-screenshot-2022-03-24-at-15-05-22-podstran.jpg'),(25,15,320,200,'0-screenshot-2022-03-24-at-15-05-22-podstran','/data/albums/static_photo0-screenshot-2022-03-24-at-15-05-22-podstran.jpg'),(25,16,320,200,'0-screenshot-2022-03-24-at-15-05-22-podstran','/data/albums/static_photo0-screenshot-2022-03-24-at-15-05-22-podstran.jpg'),(25,17,459,612,'17-screenshot-2022-03-24-at-15-05-22-podstran','/data/albums/designer_text_photo_links/17-screenshot-2022-03-24-at-15-05-22-podstran.webp'),(25,18,250,300,'18-screenshot-2022-03-24-at-15-05-22-podstran','/data/albums/designer_text_photo_links_mobile/18-screenshot-2022-03-24-at-15-05-22-podstran.webp'),(25,19,250,300,'18-screenshot-2022-03-24-at-15-05-22-podstran','/data/albums/designer_text_photo_links_mobile/18-screenshot-2022-03-24-at-15-05-22-podstran.webp'),(25,20,250,300,'18-screenshot-2022-03-24-at-15-05-22-podstran','/data/albums/designer_text_photo_links_mobile/18-screenshot-2022-03-24-at-15-05-22-podstran.webp'),(25,21,493,510,'21-screenshot-2022-03-24-at-15-05-22-podstran','/data/albums/designer_linked_news/21-screenshot-2022-03-24-at-15-05-22-podstran.webp'),(25,22,493,510,'21-screenshot-2022-03-24-at-15-05-22-podstran','/data/albums/designer_linked_news/21-screenshot-2022-03-24-at-15-05-22-podstran.webp'),(25,23,493,510,'21-screenshot-2022-03-24-at-15-05-22-podstran','/data/albums/designer_linked_news/21-screenshot-2022-03-24-at-15-05-22-podstran.webp'),(25,25,502,334,'25-screenshot-2022-03-24-at-15-05-22-podstran','/data/albums/preview/25-screenshot-2022-03-24-at-15-05-22-podstran.webp'),(25,27,502,334,'27-screenshot-2022-03-24-at-15-05-22-podstran','/data/albums/popup/27-screenshot-2022-03-24-at-15-05-22-podstran.webp'),(25,33,550,150,'33-screenshot-2022-03-24-at-15-05-22-podstran','/data/albums/index_banner_mobile/33-screenshot-2022-03-24-at-15-05-22-podstran.webp'),(26,0,320,200,'0-screenshot-2022-03-24-at-15-04-56-podstran','/data/albums/static_photo0-screenshot-2022-03-24-at-15-04-56-podstran.jpg'),(26,11,320,200,'0-screenshot-2022-03-24-at-15-04-56-podstran','/data/albums/static_photo0-screenshot-2022-03-24-at-15-04-56-podstran.jpg'),(26,12,320,200,'0-screenshot-2022-03-24-at-15-04-56-podstran','/data/albums/static_photo0-screenshot-2022-03-24-at-15-04-56-podstran.jpg'),(26,13,320,200,'0-screenshot-2022-03-24-at-15-04-56-podstran','/data/albums/static_photo0-screenshot-2022-03-24-at-15-04-56-podstran.jpg'),(26,14,320,200,'0-screenshot-2022-03-24-at-15-04-56-podstran','/data/albums/static_photo0-screenshot-2022-03-24-at-15-04-56-podstran.jpg'),(26,15,320,200,'0-screenshot-2022-03-24-at-15-04-56-podstran','/data/albums/static_photo0-screenshot-2022-03-24-at-15-04-56-podstran.jpg'),(26,16,320,200,'0-screenshot-2022-03-24-at-15-04-56-podstran','/data/albums/static_photo0-screenshot-2022-03-24-at-15-04-56-podstran.jpg'),(26,17,459,612,'17-screenshot-2022-03-24-at-15-04-56-podstran','/data/albums/designer_text_photo_links/17-screenshot-2022-03-24-at-15-04-56-podstran.webp'),(26,18,250,300,'18-screenshot-2022-03-24-at-15-04-56-podstran','/data/albums/designer_text_photo_links_mobile/18-screenshot-2022-03-24-at-15-04-56-podstran.webp'),(26,19,250,300,'18-screenshot-2022-03-24-at-15-04-56-podstran','/data/albums/designer_text_photo_links_mobile/18-screenshot-2022-03-24-at-15-04-56-podstran.webp'),(26,20,250,300,'18-screenshot-2022-03-24-at-15-04-56-podstran','/data/albums/designer_text_photo_links_mobile/18-screenshot-2022-03-24-at-15-04-56-podstran.webp'),(26,21,493,510,'21-screenshot-2022-03-24-at-15-04-56-podstran','/data/albums/designer_linked_news/21-screenshot-2022-03-24-at-15-04-56-podstran.webp'),(26,22,493,510,'21-screenshot-2022-03-24-at-15-04-56-podstran','/data/albums/designer_linked_news/21-screenshot-2022-03-24-at-15-04-56-podstran.webp'),(26,23,493,510,'21-screenshot-2022-03-24-at-15-04-56-podstran','/data/albums/designer_linked_news/21-screenshot-2022-03-24-at-15-04-56-podstran.webp'),(26,25,749,208,'25-screenshot-2022-03-24-at-15-04-56-podstran','/data/albums/preview/25-screenshot-2022-03-24-at-15-04-56-podstran.webp'),(27,0,320,200,'0-screenshot-2022-03-24-at-15-04-48-podstran','/data/albums/static_photo0-screenshot-2022-03-24-at-15-04-48-podstran.jpg'),(27,3,545,355,'3-screenshot-2022-03-24-at-15-04-48-podstran','/data/albums/index_services/3-screenshot-2022-03-24-at-15-04-48-podstran.webp'),(27,4,392,255,'4-screenshot-2022-03-24-at-15-04-48-podstran','/data/albums/index_services_mobile/4-screenshot-2022-03-24-at-15-04-48-podstran.webp'),(27,11,320,200,'0-screenshot-2022-03-24-at-15-04-48-podstran','/data/albums/static_photo0-screenshot-2022-03-24-at-15-04-48-podstran.jpg'),(27,12,320,200,'0-screenshot-2022-03-24-at-15-04-48-podstran','/data/albums/static_photo0-screenshot-2022-03-24-at-15-04-48-podstran.jpg'),(27,13,320,200,'0-screenshot-2022-03-24-at-15-04-48-podstran','/data/albums/static_photo0-screenshot-2022-03-24-at-15-04-48-podstran.jpg'),(27,14,320,200,'0-screenshot-2022-03-24-at-15-04-48-podstran','/data/albums/static_photo0-screenshot-2022-03-24-at-15-04-48-podstran.jpg'),(27,15,320,200,'0-screenshot-2022-03-24-at-15-04-48-podstran','/data/albums/static_photo0-screenshot-2022-03-24-at-15-04-48-podstran.jpg'),(27,16,320,200,'0-screenshot-2022-03-24-at-15-04-48-podstran','/data/albums/static_photo0-screenshot-2022-03-24-at-15-04-48-podstran.jpg'),(27,17,459,612,'17-screenshot-2022-03-24-at-15-04-48-podstran','/data/albums/designer_text_photo_links/17-screenshot-2022-03-24-at-15-04-48-podstran.webp'),(27,18,250,300,'18-screenshot-2022-03-24-at-15-04-48-podstran','/data/albums/designer_text_photo_links_mobile/18-screenshot-2022-03-24-at-15-04-48-podstran.webp'),(27,19,250,300,'18-screenshot-2022-03-24-at-15-04-48-podstran','/data/albums/designer_text_photo_links_mobile/18-screenshot-2022-03-24-at-15-04-48-podstran.webp'),(27,20,250,300,'18-screenshot-2022-03-24-at-15-04-48-podstran','/data/albums/designer_text_photo_links_mobile/18-screenshot-2022-03-24-at-15-04-48-podstran.webp'),(27,21,493,510,'21-screenshot-2022-03-24-at-15-04-48-podstran','/data/albums/designer_linked_news/21-screenshot-2022-03-24-at-15-04-48-podstran.webp'),(27,22,493,510,'21-screenshot-2022-03-24-at-15-04-48-podstran','/data/albums/designer_linked_news/21-screenshot-2022-03-24-at-15-04-48-podstran.webp'),(27,23,493,510,'21-screenshot-2022-03-24-at-15-04-48-podstran','/data/albums/designer_linked_news/21-screenshot-2022-03-24-at-15-04-48-podstran.webp'),(27,25,754,207,'25-screenshot-2022-03-24-at-15-04-48-podstran','/data/albums/preview/25-screenshot-2022-03-24-at-15-04-48-podstran.webp'),(27,27,754,207,'27-screenshot-2022-03-24-at-15-04-48-podstran','/data/albums/popup/27-screenshot-2022-03-24-at-15-04-48-podstran.webp'),(28,0,320,200,'0-screenshot-2022-03-24-at-15-04-44-podstran','/data/albums/static_photo0-screenshot-2022-03-24-at-15-04-44-podstran.jpg'),(28,3,545,355,'3-screenshot-2022-03-24-at-15-04-44-podstran','/data/albums/index_services/3-screenshot-2022-03-24-at-15-04-44-podstran.webp'),(28,4,392,255,'4-screenshot-2022-03-24-at-15-04-44-podstran','/data/albums/index_services_mobile/4-screenshot-2022-03-24-at-15-04-44-podstran.webp'),(28,11,320,200,'0-screenshot-2022-03-24-at-15-04-44-podstran','/data/albums/static_photo0-screenshot-2022-03-24-at-15-04-44-podstran.jpg'),(28,12,320,200,'0-screenshot-2022-03-24-at-15-04-44-podstran','/data/albums/static_photo0-screenshot-2022-03-24-at-15-04-44-podstran.jpg'),(28,13,320,200,'0-screenshot-2022-03-24-at-15-04-44-podstran','/data/albums/static_photo0-screenshot-2022-03-24-at-15-04-44-podstran.jpg'),(28,14,320,200,'0-screenshot-2022-03-24-at-15-04-44-podstran','/data/albums/static_photo0-screenshot-2022-03-24-at-15-04-44-podstran.jpg'),(28,15,320,200,'0-screenshot-2022-03-24-at-15-04-44-podstran','/data/albums/static_photo0-screenshot-2022-03-24-at-15-04-44-podstran.jpg'),(28,16,320,200,'0-screenshot-2022-03-24-at-15-04-44-podstran','/data/albums/static_photo0-screenshot-2022-03-24-at-15-04-44-podstran.jpg'),(28,17,459,612,'17-screenshot-2022-03-24-at-15-04-44-podstran','/data/albums/designer_text_photo_links/17-screenshot-2022-03-24-at-15-04-44-podstran.webp'),(28,18,250,300,'18-screenshot-2022-03-24-at-15-04-44-podstran','/data/albums/designer_text_photo_links_mobile/18-screenshot-2022-03-24-at-15-04-44-podstran.webp'),(28,19,250,300,'18-screenshot-2022-03-24-at-15-04-44-podstran','/data/albums/designer_text_photo_links_mobile/18-screenshot-2022-03-24-at-15-04-44-podstran.webp'),(28,20,250,300,'18-screenshot-2022-03-24-at-15-04-44-podstran','/data/albums/designer_text_photo_links_mobile/18-screenshot-2022-03-24-at-15-04-44-podstran.webp'),(28,21,493,510,'21-screenshot-2022-03-24-at-15-04-44-podstran','/data/albums/designer_linked_news/21-screenshot-2022-03-24-at-15-04-44-podstran.webp'),(28,22,493,510,'21-screenshot-2022-03-24-at-15-04-44-podstran','/data/albums/designer_linked_news/21-screenshot-2022-03-24-at-15-04-44-podstran.webp'),(28,23,493,510,'21-screenshot-2022-03-24-at-15-04-44-podstran','/data/albums/designer_linked_news/21-screenshot-2022-03-24-at-15-04-44-podstran.webp'),(28,25,722,57,'25-screenshot-2022-03-24-at-15-04-44-podstran','/data/albums/preview/25-screenshot-2022-03-24-at-15-04-44-podstran.webp'),(28,27,722,57,'27-screenshot-2022-03-24-at-15-04-44-podstran','/data/albums/popup/27-screenshot-2022-03-24-at-15-04-44-podstran.webp'),(29,0,320,200,'0-screenshot-2022-03-24-at-15-04-41-podstran','/data/albums/static_photo0-screenshot-2022-03-24-at-15-04-41-podstran.jpg'),(29,3,545,355,'3-screenshot-2022-03-24-at-15-04-41-podstran','/data/albums/index_services/3-screenshot-2022-03-24-at-15-04-41-podstran.webp'),(29,4,392,255,'4-screenshot-2022-03-24-at-15-04-41-podstran','/data/albums/index_services_mobile/4-screenshot-2022-03-24-at-15-04-41-podstran.webp'),(29,11,320,200,'0-screenshot-2022-03-24-at-15-04-41-podstran','/data/albums/static_photo0-screenshot-2022-03-24-at-15-04-41-podstran.jpg'),(29,12,320,200,'0-screenshot-2022-03-24-at-15-04-41-podstran','/data/albums/static_photo0-screenshot-2022-03-24-at-15-04-41-podstran.jpg'),(29,13,320,200,'0-screenshot-2022-03-24-at-15-04-41-podstran','/data/albums/static_photo0-screenshot-2022-03-24-at-15-04-41-podstran.jpg'),(29,14,320,200,'0-screenshot-2022-03-24-at-15-04-41-podstran','/data/albums/static_photo0-screenshot-2022-03-24-at-15-04-41-podstran.jpg'),(29,15,320,200,'0-screenshot-2022-03-24-at-15-04-41-podstran','/data/albums/static_photo0-screenshot-2022-03-24-at-15-04-41-podstran.jpg'),(29,16,320,200,'0-screenshot-2022-03-24-at-15-04-41-podstran','/data/albums/static_photo0-screenshot-2022-03-24-at-15-04-41-podstran.jpg'),(29,17,459,612,'17-screenshot-2022-03-24-at-15-04-41-podstran','/data/albums/designer_text_photo_links/17-screenshot-2022-03-24-at-15-04-41-podstran.webp'),(29,18,250,300,'18-screenshot-2022-03-24-at-15-04-41-podstran','/data/albums/designer_text_photo_links_mobile/18-screenshot-2022-03-24-at-15-04-41-podstran.webp'),(29,19,250,300,'18-screenshot-2022-03-24-at-15-04-41-podstran','/data/albums/designer_text_photo_links_mobile/18-screenshot-2022-03-24-at-15-04-41-podstran.webp'),(29,20,250,300,'18-screenshot-2022-03-24-at-15-04-41-podstran','/data/albums/designer_text_photo_links_mobile/18-screenshot-2022-03-24-at-15-04-41-podstran.webp'),(29,21,493,510,'21-screenshot-2022-03-24-at-15-04-41-podstran','/data/albums/designer_linked_news/21-screenshot-2022-03-24-at-15-04-41-podstran.webp'),(29,22,493,510,'21-screenshot-2022-03-24-at-15-04-41-podstran','/data/albums/designer_linked_news/21-screenshot-2022-03-24-at-15-04-41-podstran.webp'),(29,23,493,510,'21-screenshot-2022-03-24-at-15-04-41-podstran','/data/albums/designer_linked_news/21-screenshot-2022-03-24-at-15-04-41-podstran.webp'),(29,25,722,41,'25-screenshot-2022-03-24-at-15-04-41-podstran','/data/albums/preview/25-screenshot-2022-03-24-at-15-04-41-podstran.webp'),(29,27,722,41,'27-screenshot-2022-03-24-at-15-04-41-podstran','/data/albums/popup/27-screenshot-2022-03-24-at-15-04-41-podstran.webp'),(30,0,320,200,'0-screenshot-2022-03-24-at-15-04-38-podstran','/data/albums/static_photo0-screenshot-2022-03-24-at-15-04-38-podstran.jpg'),(30,3,545,355,'3-screenshot-2022-03-24-at-15-04-38-podstran','/data/albums/index_services/3-screenshot-2022-03-24-at-15-04-38-podstran.webp'),(30,4,392,255,'4-screenshot-2022-03-24-at-15-04-38-podstran','/data/albums/index_services_mobile/4-screenshot-2022-03-24-at-15-04-38-podstran.webp'),(30,11,320,200,'0-screenshot-2022-03-24-at-15-04-38-podstran','/data/albums/static_photo0-screenshot-2022-03-24-at-15-04-38-podstran.jpg'),(30,12,320,200,'0-screenshot-2022-03-24-at-15-04-38-podstran','/data/albums/static_photo0-screenshot-2022-03-24-at-15-04-38-podstran.jpg'),(30,13,320,200,'0-screenshot-2022-03-24-at-15-04-38-podstran','/data/albums/static_photo0-screenshot-2022-03-24-at-15-04-38-podstran.jpg'),(30,14,320,200,'0-screenshot-2022-03-24-at-15-04-38-podstran','/data/albums/static_photo0-screenshot-2022-03-24-at-15-04-38-podstran.jpg'),(30,15,320,200,'0-screenshot-2022-03-24-at-15-04-38-podstran','/data/albums/static_photo0-screenshot-2022-03-24-at-15-04-38-podstran.jpg'),(30,16,320,200,'0-screenshot-2022-03-24-at-15-04-38-podstran','/data/albums/static_photo0-screenshot-2022-03-24-at-15-04-38-podstran.jpg'),(30,17,459,612,'17-screenshot-2022-03-24-at-15-04-38-podstran','/data/albums/designer_text_photo_links/17-screenshot-2022-03-24-at-15-04-38-podstran.webp'),(30,18,250,300,'18-screenshot-2022-03-24-at-15-04-38-podstran','/data/albums/designer_text_photo_links_mobile/18-screenshot-2022-03-24-at-15-04-38-podstran.webp'),(30,19,250,300,'18-screenshot-2022-03-24-at-15-04-38-podstran','/data/albums/designer_text_photo_links_mobile/18-screenshot-2022-03-24-at-15-04-38-podstran.webp'),(30,20,250,300,'18-screenshot-2022-03-24-at-15-04-38-podstran','/data/albums/designer_text_photo_links_mobile/18-screenshot-2022-03-24-at-15-04-38-podstran.webp'),(30,21,493,510,'21-screenshot-2022-03-24-at-15-04-38-podstran','/data/albums/designer_linked_news/21-screenshot-2022-03-24-at-15-04-38-podstran.webp'),(30,22,493,510,'21-screenshot-2022-03-24-at-15-04-38-podstran','/data/albums/designer_linked_news/21-screenshot-2022-03-24-at-15-04-38-podstran.webp'),(30,23,493,510,'21-screenshot-2022-03-24-at-15-04-38-podstran','/data/albums/designer_linked_news/21-screenshot-2022-03-24-at-15-04-38-podstran.webp'),(30,25,722,52,'25-screenshot-2022-03-24-at-15-04-38-podstran','/data/albums/preview/25-screenshot-2022-03-24-at-15-04-38-podstran.webp'),(30,27,722,52,'27-screenshot-2022-03-24-at-15-04-38-podstran','/data/albums/popup/27-screenshot-2022-03-24-at-15-04-38-podstran.webp'),(31,0,320,200,'0-screenshot-2022-03-24-at-15-04-33-podstran','/data/albums/static_photo0-screenshot-2022-03-24-at-15-04-33-podstran.jpg'),(31,3,545,355,'3-screenshot-2022-03-24-at-15-04-33-podstran','/data/albums/index_services/3-screenshot-2022-03-24-at-15-04-33-podstran.webp'),(31,4,392,255,'4-screenshot-2022-03-24-at-15-04-33-podstran','/data/albums/index_services_mobile/4-screenshot-2022-03-24-at-15-04-33-podstran.webp'),(31,11,320,200,'0-screenshot-2022-03-24-at-15-04-33-podstran','/data/albums/static_photo0-screenshot-2022-03-24-at-15-04-33-podstran.jpg'),(31,12,320,200,'0-screenshot-2022-03-24-at-15-04-33-podstran','/data/albums/static_photo0-screenshot-2022-03-24-at-15-04-33-podstran.jpg'),(31,13,320,200,'0-screenshot-2022-03-24-at-15-04-33-podstran','/data/albums/static_photo0-screenshot-2022-03-24-at-15-04-33-podstran.jpg'),(31,14,320,200,'0-screenshot-2022-03-24-at-15-04-33-podstran','/data/albums/static_photo0-screenshot-2022-03-24-at-15-04-33-podstran.jpg'),(31,15,320,200,'0-screenshot-2022-03-24-at-15-04-33-podstran','/data/albums/static_photo0-screenshot-2022-03-24-at-15-04-33-podstran.jpg'),(31,16,320,200,'0-screenshot-2022-03-24-at-15-04-33-podstran','/data/albums/static_photo0-screenshot-2022-03-24-at-15-04-33-podstran.jpg'),(31,17,459,612,'17-screenshot-2022-03-24-at-15-04-33-podstran','/data/albums/designer_text_photo_links/17-screenshot-2022-03-24-at-15-04-33-podstran.webp'),(31,18,250,300,'18-screenshot-2022-03-24-at-15-04-33-podstran','/data/albums/designer_text_photo_links_mobile/18-screenshot-2022-03-24-at-15-04-33-podstran.webp'),(31,19,250,300,'18-screenshot-2022-03-24-at-15-04-33-podstran','/data/albums/designer_text_photo_links_mobile/18-screenshot-2022-03-24-at-15-04-33-podstran.webp'),(31,20,250,300,'18-screenshot-2022-03-24-at-15-04-33-podstran','/data/albums/designer_text_photo_links_mobile/18-screenshot-2022-03-24-at-15-04-33-podstran.webp'),(31,21,493,510,'21-screenshot-2022-03-24-at-15-04-33-podstran','/data/albums/designer_linked_news/21-screenshot-2022-03-24-at-15-04-33-podstran.webp'),(31,22,493,510,'21-screenshot-2022-03-24-at-15-04-33-podstran','/data/albums/designer_linked_news/21-screenshot-2022-03-24-at-15-04-33-podstran.webp'),(31,23,493,510,'21-screenshot-2022-03-24-at-15-04-33-podstran','/data/albums/designer_linked_news/21-screenshot-2022-03-24-at-15-04-33-podstran.webp'),(31,25,722,58,'25-screenshot-2022-03-24-at-15-04-33-podstran','/data/albums/preview/25-screenshot-2022-03-24-at-15-04-33-podstran.webp'),(31,27,722,58,'27-screenshot-2022-03-24-at-15-04-33-podstran','/data/albums/popup/27-screenshot-2022-03-24-at-15-04-33-podstran.webp'),(32,0,320,200,'0-screenshot-2022-03-24-at-15-17-12-podstran','/data/albums/static_photo0-screenshot-2022-03-24-at-15-17-12-podstran.jpg'),(32,11,320,200,'0-screenshot-2022-03-24-at-15-17-12-podstran','/data/albums/static_photo0-screenshot-2022-03-24-at-15-17-12-podstran.jpg'),(32,12,320,200,'0-screenshot-2022-03-24-at-15-17-12-podstran','/data/albums/static_photo0-screenshot-2022-03-24-at-15-17-12-podstran.jpg'),(32,13,320,200,'0-screenshot-2022-03-24-at-15-17-12-podstran','/data/albums/static_photo0-screenshot-2022-03-24-at-15-17-12-podstran.jpg'),(32,14,320,200,'0-screenshot-2022-03-24-at-15-17-12-podstran','/data/albums/static_photo0-screenshot-2022-03-24-at-15-17-12-podstran.jpg'),(32,15,320,200,'0-screenshot-2022-03-24-at-15-17-12-podstran','/data/albums/static_photo0-screenshot-2022-03-24-at-15-17-12-podstran.jpg'),(32,16,320,200,'0-screenshot-2022-03-24-at-15-17-12-podstran','/data/albums/static_photo0-screenshot-2022-03-24-at-15-17-12-podstran.jpg'),(32,17,459,612,'17-screenshot-2022-03-24-at-15-17-12-podstran','/data/albums/designer_text_photo_links/17-screenshot-2022-03-24-at-15-17-12-podstran.webp'),(32,18,250,300,'18-screenshot-2022-03-24-at-15-17-12-podstran','/data/albums/designer_text_photo_links_mobile/18-screenshot-2022-03-24-at-15-17-12-podstran.webp'),(32,19,250,300,'18-screenshot-2022-03-24-at-15-17-12-podstran','/data/albums/designer_text_photo_links_mobile/18-screenshot-2022-03-24-at-15-17-12-podstran.webp'),(32,20,250,300,'18-screenshot-2022-03-24-at-15-17-12-podstran','/data/albums/designer_text_photo_links_mobile/18-screenshot-2022-03-24-at-15-17-12-podstran.webp'),(32,21,493,510,'21-screenshot-2022-03-24-at-15-17-12-podstran','/data/albums/designer_linked_news/21-screenshot-2022-03-24-at-15-17-12-podstran.webp'),(32,22,493,510,'21-screenshot-2022-03-24-at-15-17-12-podstran','/data/albums/designer_linked_news/21-screenshot-2022-03-24-at-15-17-12-podstran.webp'),(32,23,493,510,'21-screenshot-2022-03-24-at-15-17-12-podstran','/data/albums/designer_linked_news/21-screenshot-2022-03-24-at-15-17-12-podstran.webp'),(32,25,722,31,'25-screenshot-2022-03-24-at-15-17-12-podstran','/data/albums/preview/25-screenshot-2022-03-24-at-15-17-12-podstran.webp'),(32,27,722,31,'27-screenshot-2022-03-24-at-15-17-12-podstran','/data/albums/popup/27-screenshot-2022-03-24-at-15-17-12-podstran.webp'),(33,0,320,200,'0-screenshot-2022-03-24-at-15-17-01-podstran','/data/albums/static_photo0-screenshot-2022-03-24-at-15-17-01-podstran.jpg'),(33,11,320,200,'0-screenshot-2022-03-24-at-15-17-01-podstran','/data/albums/static_photo0-screenshot-2022-03-24-at-15-17-01-podstran.jpg'),(33,12,320,200,'0-screenshot-2022-03-24-at-15-17-01-podstran','/data/albums/static_photo0-screenshot-2022-03-24-at-15-17-01-podstran.jpg'),(33,13,320,200,'0-screenshot-2022-03-24-at-15-17-01-podstran','/data/albums/static_photo0-screenshot-2022-03-24-at-15-17-01-podstran.jpg'),(33,14,320,200,'0-screenshot-2022-03-24-at-15-17-01-podstran','/data/albums/static_photo0-screenshot-2022-03-24-at-15-17-01-podstran.jpg'),(33,15,320,200,'0-screenshot-2022-03-24-at-15-17-01-podstran','/data/albums/static_photo0-screenshot-2022-03-24-at-15-17-01-podstran.jpg'),(33,16,320,200,'0-screenshot-2022-03-24-at-15-17-01-podstran','/data/albums/static_photo0-screenshot-2022-03-24-at-15-17-01-podstran.jpg'),(33,17,459,612,'17-screenshot-2022-03-24-at-15-17-01-podstran','/data/albums/designer_text_photo_links/17-screenshot-2022-03-24-at-15-17-01-podstran.webp'),(33,18,250,300,'18-screenshot-2022-03-24-at-15-17-01-podstran','/data/albums/designer_text_photo_links_mobile/18-screenshot-2022-03-24-at-15-17-01-podstran.webp'),(33,19,250,300,'18-screenshot-2022-03-24-at-15-17-01-podstran','/data/albums/designer_text_photo_links_mobile/18-screenshot-2022-03-24-at-15-17-01-podstran.webp'),(33,20,250,300,'18-screenshot-2022-03-24-at-15-17-01-podstran','/data/albums/designer_text_photo_links_mobile/18-screenshot-2022-03-24-at-15-17-01-podstran.webp'),(33,21,493,510,'21-screenshot-2022-03-24-at-15-17-01-podstran','/data/albums/designer_linked_news/21-screenshot-2022-03-24-at-15-17-01-podstran.webp'),(33,22,493,510,'21-screenshot-2022-03-24-at-15-17-01-podstran','/data/albums/designer_linked_news/21-screenshot-2022-03-24-at-15-17-01-podstran.webp'),(33,23,493,510,'21-screenshot-2022-03-24-at-15-17-01-podstran','/data/albums/designer_linked_news/21-screenshot-2022-03-24-at-15-17-01-podstran.webp'),(33,25,722,62,'25-screenshot-2022-03-24-at-15-17-01-podstran','/data/albums/preview/25-screenshot-2022-03-24-at-15-17-01-podstran.webp'),(33,27,722,62,'27-screenshot-2022-03-24-at-15-17-01-podstran','/data/albums/popup/27-screenshot-2022-03-24-at-15-17-01-podstran.webp'),(34,0,320,200,'0-screenshot-2022-03-24-at-15-16-26-podstran','/data/albums/static_photo0-screenshot-2022-03-24-at-15-16-26-podstran.jpg'),(34,11,320,200,'0-screenshot-2022-03-24-at-15-16-26-podstran','/data/albums/static_photo0-screenshot-2022-03-24-at-15-16-26-podstran.jpg'),(34,12,320,200,'0-screenshot-2022-03-24-at-15-16-26-podstran','/data/albums/static_photo0-screenshot-2022-03-24-at-15-16-26-podstran.jpg'),(34,13,320,200,'0-screenshot-2022-03-24-at-15-16-26-podstran','/data/albums/static_photo0-screenshot-2022-03-24-at-15-16-26-podstran.jpg'),(34,14,320,200,'0-screenshot-2022-03-24-at-15-16-26-podstran','/data/albums/static_photo0-screenshot-2022-03-24-at-15-16-26-podstran.jpg'),(34,15,320,200,'0-screenshot-2022-03-24-at-15-16-26-podstran','/data/albums/static_photo0-screenshot-2022-03-24-at-15-16-26-podstran.jpg'),(34,16,320,200,'0-screenshot-2022-03-24-at-15-16-26-podstran','/data/albums/static_photo0-screenshot-2022-03-24-at-15-16-26-podstran.jpg'),(34,17,459,612,'17-screenshot-2022-03-24-at-15-16-26-podstran','/data/albums/designer_text_photo_links/17-screenshot-2022-03-24-at-15-16-26-podstran.webp'),(34,18,250,300,'18-screenshot-2022-03-24-at-15-16-26-podstran','/data/albums/designer_text_photo_links_mobile/18-screenshot-2022-03-24-at-15-16-26-podstran.webp'),(34,19,250,300,'18-screenshot-2022-03-24-at-15-16-26-podstran','/data/albums/designer_text_photo_links_mobile/18-screenshot-2022-03-24-at-15-16-26-podstran.webp'),(34,20,250,300,'18-screenshot-2022-03-24-at-15-16-26-podstran','/data/albums/designer_text_photo_links_mobile/18-screenshot-2022-03-24-at-15-16-26-podstran.webp'),(34,21,493,510,'21-screenshot-2022-03-24-at-15-16-26-podstran','/data/albums/designer_linked_news/21-screenshot-2022-03-24-at-15-16-26-podstran.webp'),(34,22,493,510,'21-screenshot-2022-03-24-at-15-16-26-podstran','/data/albums/designer_linked_news/21-screenshot-2022-03-24-at-15-16-26-podstran.webp'),(34,23,493,510,'21-screenshot-2022-03-24-at-15-16-26-podstran','/data/albums/designer_linked_news/21-screenshot-2022-03-24-at-15-16-26-podstran.webp'),(34,25,722,104,'25-screenshot-2022-03-24-at-15-16-26-podstran','/data/albums/preview/25-screenshot-2022-03-24-at-15-16-26-podstran.webp'),(34,27,722,104,'27-screenshot-2022-03-24-at-15-16-26-podstran','/data/albums/popup/27-screenshot-2022-03-24-at-15-16-26-podstran.webp'),(35,0,320,200,'0-screenshot-2022-03-28-at-09-13-07-podstran','/data/albums/static_photo0-screenshot-2022-03-28-at-09-13-07-podstran.jpg'),(35,3,545,355,'3-screenshot-2022-03-28-at-09-13-07-podstran','/data/albums/index_services/3-screenshot-2022-03-28-at-09-13-07-podstran.webp'),(35,4,392,255,'4-screenshot-2022-03-28-at-09-13-07-podstran','/data/albums/index_services_mobile/4-screenshot-2022-03-28-at-09-13-07-podstran.webp'),(35,11,320,200,'0-screenshot-2022-03-28-at-09-13-07-podstran','/data/albums/static_photo0-screenshot-2022-03-28-at-09-13-07-podstran.jpg'),(35,12,320,200,'0-screenshot-2022-03-28-at-09-13-07-podstran','/data/albums/static_photo0-screenshot-2022-03-28-at-09-13-07-podstran.jpg'),(35,13,320,200,'0-screenshot-2022-03-28-at-09-13-07-podstran','/data/albums/static_photo0-screenshot-2022-03-28-at-09-13-07-podstran.jpg'),(35,14,320,200,'0-screenshot-2022-03-28-at-09-13-07-podstran','/data/albums/static_photo0-screenshot-2022-03-28-at-09-13-07-podstran.jpg'),(35,15,320,200,'0-screenshot-2022-03-28-at-09-13-07-podstran','/data/albums/static_photo0-screenshot-2022-03-28-at-09-13-07-podstran.jpg'),(35,16,320,200,'0-screenshot-2022-03-28-at-09-13-07-podstran','/data/albums/static_photo0-screenshot-2022-03-28-at-09-13-07-podstran.jpg'),(35,17,459,612,'17-screenshot-2022-03-28-at-09-13-07-podstran','/data/albums/designer_text_photo_links/17-screenshot-2022-03-28-at-09-13-07-podstran.webp'),(35,18,250,300,'18-screenshot-2022-03-28-at-09-13-07-podstran','/data/albums/designer_text_photo_links_mobile/18-screenshot-2022-03-28-at-09-13-07-podstran.webp'),(35,19,250,300,'18-screenshot-2022-03-28-at-09-13-07-podstran','/data/albums/designer_text_photo_links_mobile/18-screenshot-2022-03-28-at-09-13-07-podstran.webp'),(35,20,250,300,'18-screenshot-2022-03-28-at-09-13-07-podstran','/data/albums/designer_text_photo_links_mobile/18-screenshot-2022-03-28-at-09-13-07-podstran.webp'),(35,21,493,510,'21-screenshot-2022-03-28-at-09-13-07-podstran','/data/albums/designer_linked_news/21-screenshot-2022-03-28-at-09-13-07-podstran.webp'),(35,22,493,510,'21-screenshot-2022-03-28-at-09-13-07-podstran','/data/albums/designer_linked_news/21-screenshot-2022-03-28-at-09-13-07-podstran.webp'),(35,23,493,510,'21-screenshot-2022-03-28-at-09-13-07-podstran','/data/albums/designer_linked_news/21-screenshot-2022-03-28-at-09-13-07-podstran.webp'),(35,25,1500,719,'25-screenshot-2022-03-28-at-09-13-07-podstran','/data/albums/preview/25-screenshot-2022-03-28-at-09-13-07-podstran.webp'),(35,27,1500,719,'27-screenshot-2022-03-28-at-09-13-07-podstran','/data/albums/popup/27-screenshot-2022-03-28-at-09-13-07-podstran.webp'),(36,0,320,200,'0-screenshot-2022-03-28-at-09-35-29-podstran','/data/albums/static_photo0-screenshot-2022-03-28-at-09-35-29-podstran.jpg'),(36,3,545,355,'3-screenshot-2022-03-28-at-09-35-29-podstran','/data/albums/index_services/3-screenshot-2022-03-28-at-09-35-29-podstran.webp'),(36,4,392,255,'4-screenshot-2022-03-28-at-09-35-29-podstran','/data/albums/index_services_mobile/4-screenshot-2022-03-28-at-09-35-29-podstran.webp'),(36,11,320,200,'0-screenshot-2022-03-28-at-09-35-29-podstran','/data/albums/static_photo0-screenshot-2022-03-28-at-09-35-29-podstran.jpg'),(36,12,320,200,'0-screenshot-2022-03-28-at-09-35-29-podstran','/data/albums/static_photo0-screenshot-2022-03-28-at-09-35-29-podstran.jpg'),(36,13,320,200,'0-screenshot-2022-03-28-at-09-35-29-podstran','/data/albums/static_photo0-screenshot-2022-03-28-at-09-35-29-podstran.jpg'),(36,14,320,200,'0-screenshot-2022-03-28-at-09-35-29-podstran','/data/albums/static_photo0-screenshot-2022-03-28-at-09-35-29-podstran.jpg'),(36,15,320,200,'0-screenshot-2022-03-28-at-09-35-29-podstran','/data/albums/static_photo0-screenshot-2022-03-28-at-09-35-29-podstran.jpg'),(36,16,320,200,'0-screenshot-2022-03-28-at-09-35-29-podstran','/data/albums/static_photo0-screenshot-2022-03-28-at-09-35-29-podstran.jpg'),(36,17,459,612,'17-screenshot-2022-03-28-at-09-35-29-podstran','/data/albums/designer_text_photo_links/17-screenshot-2022-03-28-at-09-35-29-podstran.webp'),(36,18,250,300,'18-screenshot-2022-03-28-at-09-35-29-podstran','/data/albums/designer_text_photo_links_mobile/18-screenshot-2022-03-28-at-09-35-29-podstran.webp'),(36,19,250,300,'18-screenshot-2022-03-28-at-09-35-29-podstran','/data/albums/designer_text_photo_links_mobile/18-screenshot-2022-03-28-at-09-35-29-podstran.webp'),(36,20,250,300,'18-screenshot-2022-03-28-at-09-35-29-podstran','/data/albums/designer_text_photo_links_mobile/18-screenshot-2022-03-28-at-09-35-29-podstran.webp'),(36,21,493,510,'21-screenshot-2022-03-28-at-09-35-29-podstran','/data/albums/designer_linked_news/21-screenshot-2022-03-28-at-09-35-29-podstran.webp'),(36,22,493,510,'21-screenshot-2022-03-28-at-09-35-29-podstran','/data/albums/designer_linked_news/21-screenshot-2022-03-28-at-09-35-29-podstran.webp'),(36,23,493,510,'21-screenshot-2022-03-28-at-09-35-29-podstran','/data/albums/designer_linked_news/21-screenshot-2022-03-28-at-09-35-29-podstran.webp'),(36,25,1500,414,'25-screenshot-2022-03-28-at-09-35-29-podstran','/data/albums/preview/25-screenshot-2022-03-28-at-09-35-29-podstran.webp'),(36,27,1500,414,'27-screenshot-2022-03-28-at-09-35-29-podstran','/data/albums/popup/27-screenshot-2022-03-28-at-09-35-29-podstran.webp'),(37,0,320,200,'0-screenshot-2022-03-28-at-09-36-43-podstran','/data/albums/static_photo0-screenshot-2022-03-28-at-09-36-43-podstran.jpg'),(37,3,545,355,'3-screenshot-2022-03-28-at-09-36-43-podstran','/data/albums/index_services/3-screenshot-2022-03-28-at-09-36-43-podstran.webp'),(37,4,392,255,'4-screenshot-2022-03-28-at-09-36-43-podstran','/data/albums/index_services_mobile/4-screenshot-2022-03-28-at-09-36-43-podstran.webp'),(37,11,320,200,'0-screenshot-2022-03-28-at-09-36-43-podstran','/data/albums/static_photo0-screenshot-2022-03-28-at-09-36-43-podstran.jpg'),(37,12,320,200,'0-screenshot-2022-03-28-at-09-36-43-podstran','/data/albums/static_photo0-screenshot-2022-03-28-at-09-36-43-podstran.jpg'),(37,13,320,200,'0-screenshot-2022-03-28-at-09-36-43-podstran','/data/albums/static_photo0-screenshot-2022-03-28-at-09-36-43-podstran.jpg'),(37,14,320,200,'0-screenshot-2022-03-28-at-09-36-43-podstran','/data/albums/static_photo0-screenshot-2022-03-28-at-09-36-43-podstran.jpg'),(37,15,320,200,'0-screenshot-2022-03-28-at-09-36-43-podstran','/data/albums/static_photo0-screenshot-2022-03-28-at-09-36-43-podstran.jpg'),(37,16,320,200,'0-screenshot-2022-03-28-at-09-36-43-podstran','/data/albums/static_photo0-screenshot-2022-03-28-at-09-36-43-podstran.jpg'),(37,17,459,612,'17-screenshot-2022-03-28-at-09-36-43-podstran','/data/albums/designer_text_photo_links/17-screenshot-2022-03-28-at-09-36-43-podstran.webp'),(37,18,250,300,'18-screenshot-2022-03-28-at-09-36-43-podstran','/data/albums/designer_text_photo_links_mobile/18-screenshot-2022-03-28-at-09-36-43-podstran.webp'),(37,19,250,300,'18-screenshot-2022-03-28-at-09-36-43-podstran','/data/albums/designer_text_photo_links_mobile/18-screenshot-2022-03-28-at-09-36-43-podstran.webp'),(37,20,250,300,'18-screenshot-2022-03-28-at-09-36-43-podstran','/data/albums/designer_text_photo_links_mobile/18-screenshot-2022-03-28-at-09-36-43-podstran.webp'),(37,21,493,510,'21-screenshot-2022-03-28-at-09-36-43-podstran','/data/albums/designer_linked_news/21-screenshot-2022-03-28-at-09-36-43-podstran.webp'),(37,22,493,510,'21-screenshot-2022-03-28-at-09-36-43-podstran','/data/albums/designer_linked_news/21-screenshot-2022-03-28-at-09-36-43-podstran.webp'),(37,23,493,510,'21-screenshot-2022-03-28-at-09-36-43-podstran','/data/albums/designer_linked_news/21-screenshot-2022-03-28-at-09-36-43-podstran.webp'),(37,25,1500,430,'25-screenshot-2022-03-28-at-09-36-43-podstran','/data/albums/preview/25-screenshot-2022-03-28-at-09-36-43-podstran.webp'),(37,27,1500,430,'27-screenshot-2022-03-28-at-09-36-43-podstran','/data/albums/popup/27-screenshot-2022-03-28-at-09-36-43-podstran.webp'),(38,0,320,200,'0-screenshot-2022-04-08-at-10-56-07-istrska-belica','/data/albums/static_photo0-screenshot-2022-04-08-at-10-56-07-istrska-belica.jpg'),(38,3,545,355,'3-screenshot-2022-04-08-at-10-56-07-istrska-belica','/data/albums/index_services/3-screenshot-2022-04-08-at-10-56-07-istrska-belica.webp'),(38,4,392,255,'4-screenshot-2022-04-08-at-10-56-07-istrska-belica','/data/albums/index_services_mobile/4-screenshot-2022-04-08-at-10-56-07-istrska-belica.webp'),(38,11,320,200,'0-screenshot-2022-04-08-at-10-56-07-istrska-belica','/data/albums/static_photo0-screenshot-2022-04-08-at-10-56-07-istrska-belica.jpg'),(38,12,320,200,'0-screenshot-2022-04-08-at-10-56-07-istrska-belica','/data/albums/static_photo0-screenshot-2022-04-08-at-10-56-07-istrska-belica.jpg'),(38,13,320,200,'0-screenshot-2022-04-08-at-10-56-07-istrska-belica','/data/albums/static_photo0-screenshot-2022-04-08-at-10-56-07-istrska-belica.jpg'),(38,14,320,200,'0-screenshot-2022-04-08-at-10-56-07-istrska-belica','/data/albums/static_photo0-screenshot-2022-04-08-at-10-56-07-istrska-belica.jpg'),(38,15,320,200,'0-screenshot-2022-04-08-at-10-56-07-istrska-belica','/data/albums/static_photo0-screenshot-2022-04-08-at-10-56-07-istrska-belica.jpg'),(38,16,320,200,'0-screenshot-2022-04-08-at-10-56-07-istrska-belica','/data/albums/static_photo0-screenshot-2022-04-08-at-10-56-07-istrska-belica.jpg'),(38,17,459,612,'17-screenshot-2022-04-08-at-10-56-07-istrska-belica','/data/albums/designer_text_photo_links/17-screenshot-2022-04-08-at-10-56-07-istrska-belica.webp'),(38,18,250,300,'18-screenshot-2022-04-08-at-10-56-07-istrska-belica','/data/albums/designer_text_photo_links_mobile/18-screenshot-2022-04-08-at-10-56-07-istrska-belica.webp'),(38,19,250,300,'18-screenshot-2022-04-08-at-10-56-07-istrska-belica','/data/albums/designer_text_photo_links_mobile/18-screenshot-2022-04-08-at-10-56-07-istrska-belica.webp'),(38,20,250,300,'18-screenshot-2022-04-08-at-10-56-07-istrska-belica','/data/albums/designer_text_photo_links_mobile/18-screenshot-2022-04-08-at-10-56-07-istrska-belica.webp'),(38,21,493,510,'21-screenshot-2022-04-08-at-10-56-07-istrska-belica','/data/albums/designer_linked_news/21-screenshot-2022-04-08-at-10-56-07-istrska-belica.webp'),(38,22,493,510,'21-screenshot-2022-04-08-at-10-56-07-istrska-belica','/data/albums/designer_linked_news/21-screenshot-2022-04-08-at-10-56-07-istrska-belica.webp'),(38,23,493,510,'21-screenshot-2022-04-08-at-10-56-07-istrska-belica','/data/albums/designer_linked_news/21-screenshot-2022-04-08-at-10-56-07-istrska-belica.webp'),(38,25,1084,551,'25-screenshot-2022-04-08-at-10-56-07-istrska-belica','/data/albums/preview/25-screenshot-2022-04-08-at-10-56-07-istrska-belica.webp'),(38,27,1084,551,'27-screenshot-2022-04-08-at-10-56-07-istrska-belica','/data/albums/popup/27-screenshot-2022-04-08-at-10-56-07-istrska-belica.webp'),(39,0,320,200,'0-003876_oljcnik-lisjak-in-oldtimerji_foto-jaka-ivancic_27092018','/data/albums/static_photo0-003876_oljcnik-lisjak-in-oldtimerji_foto-jaka-ivancic_27092018.jpg'),(39,1,1920,680,'1-003876_oljcnik-lisjak-in-oldtimerji_foto-jaka-ivancic_27092018','/data/albums/index_slider/1-003876_oljcnik-lisjak-in-oldtimerji_foto-jaka-ivancic_27092018.webp'),(39,2,430,545,'2-003876_oljcnik-lisjak-in-oldtimerji_foto-jaka-ivancic_27092018','/data/albums/index_slider_mobile/2-003876_oljcnik-lisjak-in-oldtimerji_foto-jaka-ivancic_27092018.webp'),(39,3,545,355,'3-003876_oljcnik-lisjak-in-oldtimerji_foto-jaka-ivancic_27092018','/data/albums/index_services/3-003876_oljcnik-lisjak-in-oldtimerji_foto-jaka-ivancic_27092018.webp'),(39,4,392,255,'4-003876_oljcnik-lisjak-in-oldtimerji_foto-jaka-ivancic_27092018','/data/albums/index_services_mobile/4-003876_oljcnik-lisjak-in-oldtimerji_foto-jaka-ivancic_27092018.webp'),(39,5,713,476,'5-003876_oljcnik-lisjak-in-oldtimerji_foto-jaka-ivancic_27092018','/data/albums/index_photo_text_horizontal/5-003876_oljcnik-lisjak-in-oldtimerji_foto-jaka-ivancic_27092018.webp'),(39,6,392,261,'6-003876_oljcnik-lisjak-in-oldtimerji_foto-jaka-ivancic_27092018','/data/albums/index_photo_text_horizontal_mobile/6-003876_oljcnik-lisjak-in-oldtimerji_foto-jaka-ivancic_27092018.webp'),(39,7,615,615,'7-003876_oljcnik-lisjak-in-oldtimerji_foto-jaka-ivancic_27092018','/data/albums/index_photo_text_square/7-003876_oljcnik-lisjak-in-oldtimerji_foto-jaka-ivancic_27092018.webp'),(39,8,392,380,'8-003876_oljcnik-lisjak-in-oldtimerji_foto-jaka-ivancic_27092018','/data/albums/index_photo_text_square_mobile/8-003876_oljcnik-lisjak-in-oldtimerji_foto-jaka-ivancic_27092018.webp'),(39,9,410,615,'9-003876_oljcnik-lisjak-in-oldtimerji_foto-jaka-ivancic_27092018','/data/albums/index_photo_text_vertical/9-003876_oljcnik-lisjak-in-oldtimerji_foto-jaka-ivancic_27092018.webp'),(39,10,392,588,'10-003876_oljcnik-lisjak-in-oldtimerji_foto-jaka-ivancic_27092018','/data/albums/index_photo_text_vertical_mobile/10-003876_oljcnik-lisjak-in-oldtimerji_foto-jaka-ivancic_27092018.webp'),(39,11,320,200,'0-003876_oljcnik-lisjak-in-oldtimerji_foto-jaka-ivancic_27092018','/data/albums/static_photo0-003876_oljcnik-lisjak-in-oldtimerji_foto-jaka-ivancic_27092018.jpg'),(39,12,320,200,'0-003876_oljcnik-lisjak-in-oldtimerji_foto-jaka-ivancic_27092018','/data/albums/static_photo0-003876_oljcnik-lisjak-in-oldtimerji_foto-jaka-ivancic_27092018.jpg'),(39,13,320,200,'0-003876_oljcnik-lisjak-in-oldtimerji_foto-jaka-ivancic_27092018','/data/albums/static_photo0-003876_oljcnik-lisjak-in-oldtimerji_foto-jaka-ivancic_27092018.jpg'),(39,14,320,200,'0-003876_oljcnik-lisjak-in-oldtimerji_foto-jaka-ivancic_27092018','/data/albums/static_photo0-003876_oljcnik-lisjak-in-oldtimerji_foto-jaka-ivancic_27092018.jpg'),(39,15,320,200,'0-003876_oljcnik-lisjak-in-oldtimerji_foto-jaka-ivancic_27092018','/data/albums/static_photo0-003876_oljcnik-lisjak-in-oldtimerji_foto-jaka-ivancic_27092018.jpg'),(39,16,320,200,'0-003876_oljcnik-lisjak-in-oldtimerji_foto-jaka-ivancic_27092018','/data/albums/static_photo0-003876_oljcnik-lisjak-in-oldtimerji_foto-jaka-ivancic_27092018.jpg'),(39,17,459,612,'17-003876_oljcnik-lisjak-in-oldtimerji_foto-jaka-ivancic_27092018','/data/albums/designer_text_photo_links/17-003876_oljcnik-lisjak-in-oldtimerji_foto-jaka-ivancic_27092018.webp'),(39,18,250,300,'18-003876_oljcnik-lisjak-in-oldtimerji_foto-jaka-ivancic_27092018','/data/albums/designer_text_photo_links_mobile/18-003876_oljcnik-lisjak-in-oldtimerji_foto-jaka-ivancic_27092018.webp'),(39,19,250,300,'18-003876_oljcnik-lisjak-in-oldtimerji_foto-jaka-ivancic_27092018','/data/albums/designer_text_photo_links_mobile/18-003876_oljcnik-lisjak-in-oldtimerji_foto-jaka-ivancic_27092018.webp'),(39,20,250,300,'18-003876_oljcnik-lisjak-in-oldtimerji_foto-jaka-ivancic_27092018','/data/albums/designer_text_photo_links_mobile/18-003876_oljcnik-lisjak-in-oldtimerji_foto-jaka-ivancic_27092018.webp'),(39,21,493,510,'21-003876_oljcnik-lisjak-in-oldtimerji_foto-jaka-ivancic_27092018','/data/albums/designer_linked_news/21-003876_oljcnik-lisjak-in-oldtimerji_foto-jaka-ivancic_27092018.webp'),(39,22,493,510,'21-003876_oljcnik-lisjak-in-oldtimerji_foto-jaka-ivancic_27092018','/data/albums/designer_linked_news/21-003876_oljcnik-lisjak-in-oldtimerji_foto-jaka-ivancic_27092018.webp'),(39,23,493,510,'21-003876_oljcnik-lisjak-in-oldtimerji_foto-jaka-ivancic_27092018','/data/albums/designer_linked_news/21-003876_oljcnik-lisjak-in-oldtimerji_foto-jaka-ivancic_27092018.webp'),(39,24,1920,680,'24-003876_oljcnik-lisjak-in-oldtimerji_foto-jaka-ivancic_27092018','/data/albums/header_photo/24-003876_oljcnik-lisjak-in-oldtimerji_foto-jaka-ivancic_27092018.webp'),(39,25,1500,1000,'25-003876_oljcnik-lisjak-in-oldtimerji_foto-jaka-ivancic_27092018','/data/albums/preview/25-003876_oljcnik-lisjak-in-oldtimerji_foto-jaka-ivancic_27092018.webp'),(39,26,40,40,'26-003876_oljcnik-lisjak-in-oldtimerji_foto-jaka-ivancic_27092018','/data/albums/map_marker/26-003876_oljcnik-lisjak-in-oldtimerji_foto-jaka-ivancic_27092018.jpg'),(39,27,1500,1000,'27-003876_oljcnik-lisjak-in-oldtimerji_foto-jaka-ivancic_27092018','/data/albums/popup/27-003876_oljcnik-lisjak-in-oldtimerji_foto-jaka-ivancic_27092018.webp'),(39,30,545,355,'30-003876_oljcnik-lisjak-in-oldtimerji_foto-jaka-ivancic_27092018','/data/albums/blog_grid/30-003876_oljcnik-lisjak-in-oldtimerji_foto-jaka-ivancic_27092018.webp'),(39,32,1920,300,'32-003876_oljcnik-lisjak-in-oldtimerji_foto-jaka-ivancic_27092018','/data/albums/index_banner/32-003876_oljcnik-lisjak-in-oldtimerji_foto-jaka-ivancic_27092018.webp'),(39,33,550,160,'33-003876_oljcnik-lisjak-in-oldtimerji_foto-jaka-ivancic_27092018','/data/albums/index_banner_mobile/33-003876_oljcnik-lisjak-in-oldtimerji_foto-jaka-ivancic_27092018.webp'),(39,34,580,650,'34-003876_oljcnik-lisjak-in-oldtimerji_foto-jaka-ivancic_27092018','/data/albums/header_photo_mobile/34-003876_oljcnik-lisjak-in-oldtimerji_foto-jaka-ivancic_27092018.webp'),(40,0,320,200,'0-004114_oljcnik-lisjak-in-oldtimerji_foto-jaka-ivancic_27092018-pomanjsana','/data/albums/static_photo0-004114_oljcnik-lisjak-in-oldtimerji_foto-jaka-ivancic_27092018-pomanjsana.jpg'),(40,1,1920,680,'1-004114_oljcnik-lisjak-in-oldtimerji_foto-jaka-ivancic_27092018-pomanjsana','/data/albums/index_slider/1-004114_oljcnik-lisjak-in-oldtimerji_foto-jaka-ivancic_27092018-pomanjsana.webp'),(40,2,430,545,'2-004114_oljcnik-lisjak-in-oldtimerji_foto-jaka-ivancic_27092018-pomanjsana','/data/albums/index_slider_mobile/2-004114_oljcnik-lisjak-in-oldtimerji_foto-jaka-ivancic_27092018-pomanjsana.webp'),(40,3,545,355,'3-004114_oljcnik-lisjak-in-oldtimerji_foto-jaka-ivancic_27092018-pomanjsana','/data/albums/index_services/3-004114_oljcnik-lisjak-in-oldtimerji_foto-jaka-ivancic_27092018-pomanjsana.webp'),(40,4,392,255,'4-004114_oljcnik-lisjak-in-oldtimerji_foto-jaka-ivancic_27092018-pomanjsana','/data/albums/index_services_mobile/4-004114_oljcnik-lisjak-in-oldtimerji_foto-jaka-ivancic_27092018-pomanjsana.webp'),(40,5,713,476,'5-004114_oljcnik-lisjak-in-oldtimerji_foto-jaka-ivancic_27092018-pomanjsana','/data/albums/index_photo_text_horizontal/5-004114_oljcnik-lisjak-in-oldtimerji_foto-jaka-ivancic_27092018-pomanjsana.webp'),(40,6,392,261,'6-004114_oljcnik-lisjak-in-oldtimerji_foto-jaka-ivancic_27092018-pomanjsana','/data/albums/index_photo_text_horizontal_mobile/6-004114_oljcnik-lisjak-in-oldtimerji_foto-jaka-ivancic_27092018-pomanjsana.webp'),(40,7,615,615,'7-004114_oljcnik-lisjak-in-oldtimerji_foto-jaka-ivancic_27092018-pomanjsana','/data/albums/index_photo_text_square/7-004114_oljcnik-lisjak-in-oldtimerji_foto-jaka-ivancic_27092018-pomanjsana.webp'),(40,8,392,380,'8-004114_oljcnik-lisjak-in-oldtimerji_foto-jaka-ivancic_27092018-pomanjsana','/data/albums/index_photo_text_square_mobile/8-004114_oljcnik-lisjak-in-oldtimerji_foto-jaka-ivancic_27092018-pomanjsana.webp'),(40,9,410,615,'9-004114_oljcnik-lisjak-in-oldtimerji_foto-jaka-ivancic_27092018-pomanjsana','/data/albums/index_photo_text_vertical/9-004114_oljcnik-lisjak-in-oldtimerji_foto-jaka-ivancic_27092018-pomanjsana.webp'),(40,10,392,588,'10-004114_oljcnik-lisjak-in-oldtimerji_foto-jaka-ivancic_27092018-pomanjsana','/data/albums/index_photo_text_vertical_mobile/10-004114_oljcnik-lisjak-in-oldtimerji_foto-jaka-ivancic_27092018-pomanjsana.webp'),(40,11,320,200,'0-004114_oljcnik-lisjak-in-oldtimerji_foto-jaka-ivancic_27092018-pomanjsana','/data/albums/static_photo0-004114_oljcnik-lisjak-in-oldtimerji_foto-jaka-ivancic_27092018-pomanjsana.jpg'),(40,12,320,200,'0-004114_oljcnik-lisjak-in-oldtimerji_foto-jaka-ivancic_27092018-pomanjsana','/data/albums/static_photo0-004114_oljcnik-lisjak-in-oldtimerji_foto-jaka-ivancic_27092018-pomanjsana.jpg'),(40,13,320,200,'0-004114_oljcnik-lisjak-in-oldtimerji_foto-jaka-ivancic_27092018-pomanjsana','/data/albums/static_photo0-004114_oljcnik-lisjak-in-oldtimerji_foto-jaka-ivancic_27092018-pomanjsana.jpg'),(40,14,320,200,'0-004114_oljcnik-lisjak-in-oldtimerji_foto-jaka-ivancic_27092018-pomanjsana','/data/albums/static_photo0-004114_oljcnik-lisjak-in-oldtimerji_foto-jaka-ivancic_27092018-pomanjsana.jpg'),(40,15,320,200,'0-004114_oljcnik-lisjak-in-oldtimerji_foto-jaka-ivancic_27092018-pomanjsana','/data/albums/static_photo0-004114_oljcnik-lisjak-in-oldtimerji_foto-jaka-ivancic_27092018-pomanjsana.jpg'),(40,16,320,200,'0-004114_oljcnik-lisjak-in-oldtimerji_foto-jaka-ivancic_27092018-pomanjsana','/data/albums/static_photo0-004114_oljcnik-lisjak-in-oldtimerji_foto-jaka-ivancic_27092018-pomanjsana.jpg'),(40,17,459,612,'17-004114_oljcnik-lisjak-in-oldtimerji_foto-jaka-ivancic_27092018-pomanjsana','/data/albums/designer_text_photo_links/17-004114_oljcnik-lisjak-in-oldtimerji_foto-jaka-ivancic_27092018-pomanjsana.webp'),(40,18,250,300,'18-004114_oljcnik-lisjak-in-oldtimerji_foto-jaka-ivancic_27092018-pomanjsana','/data/albums/designer_text_photo_links_mobile/18-004114_oljcnik-lisjak-in-oldtimerji_foto-jaka-ivancic_27092018-pomanjsana.webp'),(40,19,250,300,'18-004114_oljcnik-lisjak-in-oldtimerji_foto-jaka-ivancic_27092018-pomanjsana','/data/albums/designer_text_photo_links_mobile/18-004114_oljcnik-lisjak-in-oldtimerji_foto-jaka-ivancic_27092018-pomanjsana.webp'),(40,20,250,300,'18-004114_oljcnik-lisjak-in-oldtimerji_foto-jaka-ivancic_27092018-pomanjsana','/data/albums/designer_text_photo_links_mobile/18-004114_oljcnik-lisjak-in-oldtimerji_foto-jaka-ivancic_27092018-pomanjsana.webp'),(40,21,493,510,'21-004114_oljcnik-lisjak-in-oldtimerji_foto-jaka-ivancic_27092018-pomanjsana','/data/albums/designer_linked_news/21-004114_oljcnik-lisjak-in-oldtimerji_foto-jaka-ivancic_27092018-pomanjsana.webp'),(40,22,493,510,'21-004114_oljcnik-lisjak-in-oldtimerji_foto-jaka-ivancic_27092018-pomanjsana','/data/albums/designer_linked_news/21-004114_oljcnik-lisjak-in-oldtimerji_foto-jaka-ivancic_27092018-pomanjsana.webp'),(40,23,493,510,'21-004114_oljcnik-lisjak-in-oldtimerji_foto-jaka-ivancic_27092018-pomanjsana','/data/albums/designer_linked_news/21-004114_oljcnik-lisjak-in-oldtimerji_foto-jaka-ivancic_27092018-pomanjsana.webp'),(40,24,1920,680,'24-004114_oljcnik-lisjak-in-oldtimerji_foto-jaka-ivancic_27092018-pomanjsana','/data/albums/header_photo/24-004114_oljcnik-lisjak-in-oldtimerji_foto-jaka-ivancic_27092018-pomanjsana.webp'),(40,25,1500,1000,'25-004114_oljcnik-lisjak-in-oldtimerji_foto-jaka-ivancic_27092018-pomanjsana','/data/albums/preview/25-004114_oljcnik-lisjak-in-oldtimerji_foto-jaka-ivancic_27092018-pomanjsana.webp'),(40,26,40,40,'26-004114_oljcnik-lisjak-in-oldtimerji_foto-jaka-ivancic_27092018-pomanjsana','/data/albums/map_marker/26-004114_oljcnik-lisjak-in-oldtimerji_foto-jaka-ivancic_27092018-pomanjsana.jpg'),(40,27,1500,1000,'27-004114_oljcnik-lisjak-in-oldtimerji_foto-jaka-ivancic_27092018-pomanjsana','/data/albums/popup/27-004114_oljcnik-lisjak-in-oldtimerji_foto-jaka-ivancic_27092018-pomanjsana.webp'),(40,30,545,355,'30-004114_oljcnik-lisjak-in-oldtimerji_foto-jaka-ivancic_27092018-pomanjsana','/data/albums/blog_grid/30-004114_oljcnik-lisjak-in-oldtimerji_foto-jaka-ivancic_27092018-pomanjsana.webp'),(40,32,1920,300,'32-004114_oljcnik-lisjak-in-oldtimerji_foto-jaka-ivancic_27092018-pomanjsana','/data/albums/index_banner/32-004114_oljcnik-lisjak-in-oldtimerji_foto-jaka-ivancic_27092018-pomanjsana.webp'),(40,33,550,160,'33-004114_oljcnik-lisjak-in-oldtimerji_foto-jaka-ivancic_27092018-pomanjsana','/data/albums/index_banner_mobile/33-004114_oljcnik-lisjak-in-oldtimerji_foto-jaka-ivancic_27092018-pomanjsana.webp'),(40,34,580,650,'34-004114_oljcnik-lisjak-in-oldtimerji_foto-jaka-ivancic_27092018-pomanjsana','/data/albums/header_photo_mobile/34-004114_oljcnik-lisjak-in-oldtimerji_foto-jaka-ivancic_27092018-pomanjsana.webp'),(41,0,320,200,'0-004286_oljcnik-lisjak-in-oldtimerji_foto-jaka-ivancic_27092018','/data/albums/static_photo0-004286_oljcnik-lisjak-in-oldtimerji_foto-jaka-ivancic_27092018.jpg'),(41,1,1920,680,'1-004286_oljcnik-lisjak-in-oldtimerji_foto-jaka-ivancic_27092018','/data/albums/index_slider/1-004286_oljcnik-lisjak-in-oldtimerji_foto-jaka-ivancic_27092018.webp'),(41,2,430,545,'2-004286_oljcnik-lisjak-in-oldtimerji_foto-jaka-ivancic_27092018','/data/albums/index_slider_mobile/2-004286_oljcnik-lisjak-in-oldtimerji_foto-jaka-ivancic_27092018.webp'),(41,3,545,355,'3-004286_oljcnik-lisjak-in-oldtimerji_foto-jaka-ivancic_27092018','/data/albums/index_services/3-004286_oljcnik-lisjak-in-oldtimerji_foto-jaka-ivancic_27092018.webp'),(41,4,392,255,'4-004286_oljcnik-lisjak-in-oldtimerji_foto-jaka-ivancic_27092018','/data/albums/index_services_mobile/4-004286_oljcnik-lisjak-in-oldtimerji_foto-jaka-ivancic_27092018.webp'),(41,5,713,476,'5-004286_oljcnik-lisjak-in-oldtimerji_foto-jaka-ivancic_27092018','/data/albums/index_photo_text_horizontal/5-004286_oljcnik-lisjak-in-oldtimerji_foto-jaka-ivancic_27092018.webp'),(41,6,392,261,'6-004286_oljcnik-lisjak-in-oldtimerji_foto-jaka-ivancic_27092018','/data/albums/index_photo_text_horizontal_mobile/6-004286_oljcnik-lisjak-in-oldtimerji_foto-jaka-ivancic_27092018.webp'),(41,7,615,615,'7-004286_oljcnik-lisjak-in-oldtimerji_foto-jaka-ivancic_27092018','/data/albums/index_photo_text_square/7-004286_oljcnik-lisjak-in-oldtimerji_foto-jaka-ivancic_27092018.webp'),(41,8,392,380,'8-004286_oljcnik-lisjak-in-oldtimerji_foto-jaka-ivancic_27092018','/data/albums/index_photo_text_square_mobile/8-004286_oljcnik-lisjak-in-oldtimerji_foto-jaka-ivancic_27092018.webp'),(41,9,410,615,'9-004286_oljcnik-lisjak-in-oldtimerji_foto-jaka-ivancic_27092018','/data/albums/index_photo_text_vertical/9-004286_oljcnik-lisjak-in-oldtimerji_foto-jaka-ivancic_27092018.webp'),(41,10,392,588,'10-004286_oljcnik-lisjak-in-oldtimerji_foto-jaka-ivancic_27092018','/data/albums/index_photo_text_vertical_mobile/10-004286_oljcnik-lisjak-in-oldtimerji_foto-jaka-ivancic_27092018.webp'),(41,11,320,200,'0-004286_oljcnik-lisjak-in-oldtimerji_foto-jaka-ivancic_27092018','/data/albums/static_photo0-004286_oljcnik-lisjak-in-oldtimerji_foto-jaka-ivancic_27092018.jpg'),(41,12,320,200,'0-004286_oljcnik-lisjak-in-oldtimerji_foto-jaka-ivancic_27092018','/data/albums/static_photo0-004286_oljcnik-lisjak-in-oldtimerji_foto-jaka-ivancic_27092018.jpg'),(41,13,320,200,'0-004286_oljcnik-lisjak-in-oldtimerji_foto-jaka-ivancic_27092018','/data/albums/static_photo0-004286_oljcnik-lisjak-in-oldtimerji_foto-jaka-ivancic_27092018.jpg'),(41,14,320,200,'0-004286_oljcnik-lisjak-in-oldtimerji_foto-jaka-ivancic_27092018','/data/albums/static_photo0-004286_oljcnik-lisjak-in-oldtimerji_foto-jaka-ivancic_27092018.jpg'),(41,15,320,200,'0-004286_oljcnik-lisjak-in-oldtimerji_foto-jaka-ivancic_27092018','/data/albums/static_photo0-004286_oljcnik-lisjak-in-oldtimerji_foto-jaka-ivancic_27092018.jpg'),(41,16,320,200,'0-004286_oljcnik-lisjak-in-oldtimerji_foto-jaka-ivancic_27092018','/data/albums/static_photo0-004286_oljcnik-lisjak-in-oldtimerji_foto-jaka-ivancic_27092018.jpg'),(41,17,459,612,'17-004286_oljcnik-lisjak-in-oldtimerji_foto-jaka-ivancic_27092018','/data/albums/designer_text_photo_links/17-004286_oljcnik-lisjak-in-oldtimerji_foto-jaka-ivancic_27092018.webp'),(41,18,250,300,'18-004286_oljcnik-lisjak-in-oldtimerji_foto-jaka-ivancic_27092018','/data/albums/designer_text_photo_links_mobile/18-004286_oljcnik-lisjak-in-oldtimerji_foto-jaka-ivancic_27092018.webp'),(41,19,250,300,'18-004286_oljcnik-lisjak-in-oldtimerji_foto-jaka-ivancic_27092018','/data/albums/designer_text_photo_links_mobile/18-004286_oljcnik-lisjak-in-oldtimerji_foto-jaka-ivancic_27092018.webp'),(41,20,250,300,'18-004286_oljcnik-lisjak-in-oldtimerji_foto-jaka-ivancic_27092018','/data/albums/designer_text_photo_links_mobile/18-004286_oljcnik-lisjak-in-oldtimerji_foto-jaka-ivancic_27092018.webp'),(41,21,493,510,'21-004286_oljcnik-lisjak-in-oldtimerji_foto-jaka-ivancic_27092018','/data/albums/designer_linked_news/21-004286_oljcnik-lisjak-in-oldtimerji_foto-jaka-ivancic_27092018.webp'),(41,22,493,510,'21-004286_oljcnik-lisjak-in-oldtimerji_foto-jaka-ivancic_27092018','/data/albums/designer_linked_news/21-004286_oljcnik-lisjak-in-oldtimerji_foto-jaka-ivancic_27092018.webp'),(41,23,493,510,'21-004286_oljcnik-lisjak-in-oldtimerji_foto-jaka-ivancic_27092018','/data/albums/designer_linked_news/21-004286_oljcnik-lisjak-in-oldtimerji_foto-jaka-ivancic_27092018.webp'),(41,24,1920,680,'24-004286_oljcnik-lisjak-in-oldtimerji_foto-jaka-ivancic_27092018','/data/albums/header_photo/24-004286_oljcnik-lisjak-in-oldtimerji_foto-jaka-ivancic_27092018.webp'),(41,25,1500,1000,'25-004286_oljcnik-lisjak-in-oldtimerji_foto-jaka-ivancic_27092018','/data/albums/preview/25-004286_oljcnik-lisjak-in-oldtimerji_foto-jaka-ivancic_27092018.webp'),(41,26,40,40,'26-004286_oljcnik-lisjak-in-oldtimerji_foto-jaka-ivancic_27092018','/data/albums/map_marker/26-004286_oljcnik-lisjak-in-oldtimerji_foto-jaka-ivancic_27092018.jpg'),(41,27,1500,1000,'27-004286_oljcnik-lisjak-in-oldtimerji_foto-jaka-ivancic_27092018','/data/albums/popup/27-004286_oljcnik-lisjak-in-oldtimerji_foto-jaka-ivancic_27092018.webp'),(41,30,545,355,'30-004286_oljcnik-lisjak-in-oldtimerji_foto-jaka-ivancic_27092018','/data/albums/blog_grid/30-004286_oljcnik-lisjak-in-oldtimerji_foto-jaka-ivancic_27092018.webp'),(41,32,1920,300,'32-004286_oljcnik-lisjak-in-oldtimerji_foto-jaka-ivancic_27092018','/data/albums/index_banner/32-004286_oljcnik-lisjak-in-oldtimerji_foto-jaka-ivancic_27092018.webp'),(41,33,550,160,'33-004286_oljcnik-lisjak-in-oldtimerji_foto-jaka-ivancic_27092018','/data/albums/index_banner_mobile/33-004286_oljcnik-lisjak-in-oldtimerji_foto-jaka-ivancic_27092018.webp'),(41,34,580,650,'34-004286_oljcnik-lisjak-in-oldtimerji_foto-jaka-ivancic_27092018','/data/albums/header_photo_mobile/34-004286_oljcnik-lisjak-in-oldtimerji_foto-jaka-ivancic_27092018.webp'),(42,0,320,200,'0-004535_oljcnik-lisjak-in-oldtimerji_foto-jaka-ivancic_27092018','/data/albums/static_photo0-004535_oljcnik-lisjak-in-oldtimerji_foto-jaka-ivancic_27092018.jpg'),(42,1,1920,680,'1-004535_oljcnik-lisjak-in-oldtimerji_foto-jaka-ivancic_27092018','/data/albums/index_slider/1-004535_oljcnik-lisjak-in-oldtimerji_foto-jaka-ivancic_27092018.webp'),(42,2,430,545,'2-004535_oljcnik-lisjak-in-oldtimerji_foto-jaka-ivancic_27092018','/data/albums/index_slider_mobile/2-004535_oljcnik-lisjak-in-oldtimerji_foto-jaka-ivancic_27092018.webp'),(42,3,545,355,'3-004535_oljcnik-lisjak-in-oldtimerji_foto-jaka-ivancic_27092018','/data/albums/index_services/3-004535_oljcnik-lisjak-in-oldtimerji_foto-jaka-ivancic_27092018.webp'),(42,4,392,255,'4-004535_oljcnik-lisjak-in-oldtimerji_foto-jaka-ivancic_27092018','/data/albums/index_services_mobile/4-004535_oljcnik-lisjak-in-oldtimerji_foto-jaka-ivancic_27092018.webp'),(42,5,713,476,'5-004535_oljcnik-lisjak-in-oldtimerji_foto-jaka-ivancic_27092018','/data/albums/index_photo_text_horizontal/5-004535_oljcnik-lisjak-in-oldtimerji_foto-jaka-ivancic_27092018.webp'),(42,6,392,261,'6-004535_oljcnik-lisjak-in-oldtimerji_foto-jaka-ivancic_27092018','/data/albums/index_photo_text_horizontal_mobile/6-004535_oljcnik-lisjak-in-oldtimerji_foto-jaka-ivancic_27092018.webp'),(42,7,615,615,'7-004535_oljcnik-lisjak-in-oldtimerji_foto-jaka-ivancic_27092018','/data/albums/index_photo_text_square/7-004535_oljcnik-lisjak-in-oldtimerji_foto-jaka-ivancic_27092018.webp'),(42,8,392,380,'8-004535_oljcnik-lisjak-in-oldtimerji_foto-jaka-ivancic_27092018','/data/albums/index_photo_text_square_mobile/8-004535_oljcnik-lisjak-in-oldtimerji_foto-jaka-ivancic_27092018.webp'),(42,9,410,615,'9-004535_oljcnik-lisjak-in-oldtimerji_foto-jaka-ivancic_27092018','/data/albums/index_photo_text_vertical/9-004535_oljcnik-lisjak-in-oldtimerji_foto-jaka-ivancic_27092018.webp'),(42,10,392,588,'10-004535_oljcnik-lisjak-in-oldtimerji_foto-jaka-ivancic_27092018','/data/albums/index_photo_text_vertical_mobile/10-004535_oljcnik-lisjak-in-oldtimerji_foto-jaka-ivancic_27092018.webp'),(42,11,320,200,'0-004535_oljcnik-lisjak-in-oldtimerji_foto-jaka-ivancic_27092018','/data/albums/static_photo0-004535_oljcnik-lisjak-in-oldtimerji_foto-jaka-ivancic_27092018.jpg'),(42,12,320,200,'0-004535_oljcnik-lisjak-in-oldtimerji_foto-jaka-ivancic_27092018','/data/albums/static_photo0-004535_oljcnik-lisjak-in-oldtimerji_foto-jaka-ivancic_27092018.jpg'),(42,13,320,200,'0-004535_oljcnik-lisjak-in-oldtimerji_foto-jaka-ivancic_27092018','/data/albums/static_photo0-004535_oljcnik-lisjak-in-oldtimerji_foto-jaka-ivancic_27092018.jpg'),(42,14,320,200,'0-004535_oljcnik-lisjak-in-oldtimerji_foto-jaka-ivancic_27092018','/data/albums/static_photo0-004535_oljcnik-lisjak-in-oldtimerji_foto-jaka-ivancic_27092018.jpg'),(42,15,320,200,'0-004535_oljcnik-lisjak-in-oldtimerji_foto-jaka-ivancic_27092018','/data/albums/static_photo0-004535_oljcnik-lisjak-in-oldtimerji_foto-jaka-ivancic_27092018.jpg'),(42,16,320,200,'0-004535_oljcnik-lisjak-in-oldtimerji_foto-jaka-ivancic_27092018','/data/albums/static_photo0-004535_oljcnik-lisjak-in-oldtimerji_foto-jaka-ivancic_27092018.jpg'),(42,17,459,612,'17-004535_oljcnik-lisjak-in-oldtimerji_foto-jaka-ivancic_27092018','/data/albums/designer_text_photo_links/17-004535_oljcnik-lisjak-in-oldtimerji_foto-jaka-ivancic_27092018.webp'),(42,18,250,300,'18-004535_oljcnik-lisjak-in-oldtimerji_foto-jaka-ivancic_27092018','/data/albums/designer_text_photo_links_mobile/18-004535_oljcnik-lisjak-in-oldtimerji_foto-jaka-ivancic_27092018.webp'),(42,19,250,300,'18-004535_oljcnik-lisjak-in-oldtimerji_foto-jaka-ivancic_27092018','/data/albums/designer_text_photo_links_mobile/18-004535_oljcnik-lisjak-in-oldtimerji_foto-jaka-ivancic_27092018.webp'),(42,20,250,300,'18-004535_oljcnik-lisjak-in-oldtimerji_foto-jaka-ivancic_27092018','/data/albums/designer_text_photo_links_mobile/18-004535_oljcnik-lisjak-in-oldtimerji_foto-jaka-ivancic_27092018.webp'),(42,21,493,510,'21-004535_oljcnik-lisjak-in-oldtimerji_foto-jaka-ivancic_27092018','/data/albums/designer_linked_news/21-004535_oljcnik-lisjak-in-oldtimerji_foto-jaka-ivancic_27092018.webp'),(42,22,493,510,'21-004535_oljcnik-lisjak-in-oldtimerji_foto-jaka-ivancic_27092018','/data/albums/designer_linked_news/21-004535_oljcnik-lisjak-in-oldtimerji_foto-jaka-ivancic_27092018.webp'),(42,23,493,510,'21-004535_oljcnik-lisjak-in-oldtimerji_foto-jaka-ivancic_27092018','/data/albums/designer_linked_news/21-004535_oljcnik-lisjak-in-oldtimerji_foto-jaka-ivancic_27092018.webp'),(42,24,1920,680,'24-004535_oljcnik-lisjak-in-oldtimerji_foto-jaka-ivancic_27092018','/data/albums/header_photo/24-004535_oljcnik-lisjak-in-oldtimerji_foto-jaka-ivancic_27092018.webp'),(42,25,1500,1000,'25-004535_oljcnik-lisjak-in-oldtimerji_foto-jaka-ivancic_27092018','/data/albums/preview/25-004535_oljcnik-lisjak-in-oldtimerji_foto-jaka-ivancic_27092018.webp'),(42,26,40,40,'26-004535_oljcnik-lisjak-in-oldtimerji_foto-jaka-ivancic_27092018','/data/albums/map_marker/26-004535_oljcnik-lisjak-in-oldtimerji_foto-jaka-ivancic_27092018.jpg'),(42,27,1500,1000,'27-004535_oljcnik-lisjak-in-oldtimerji_foto-jaka-ivancic_27092018','/data/albums/popup/27-004535_oljcnik-lisjak-in-oldtimerji_foto-jaka-ivancic_27092018.webp'),(42,30,545,355,'30-004535_oljcnik-lisjak-in-oldtimerji_foto-jaka-ivancic_27092018','/data/albums/blog_grid/30-004535_oljcnik-lisjak-in-oldtimerji_foto-jaka-ivancic_27092018.webp'),(42,32,1920,300,'32-004535_oljcnik-lisjak-in-oldtimerji_foto-jaka-ivancic_27092018','/data/albums/index_banner/32-004535_oljcnik-lisjak-in-oldtimerji_foto-jaka-ivancic_27092018.webp'),(42,33,550,160,'33-004535_oljcnik-lisjak-in-oldtimerji_foto-jaka-ivancic_27092018','/data/albums/index_banner_mobile/33-004535_oljcnik-lisjak-in-oldtimerji_foto-jaka-ivancic_27092018.webp'),(42,34,580,650,'34-004535_oljcnik-lisjak-in-oldtimerji_foto-jaka-ivancic_27092018','/data/albums/header_photo_mobile/34-004535_oljcnik-lisjak-in-oldtimerji_foto-jaka-ivancic_27092018.webp'),(43,0,320,200,'0-buticne-zgodbe-lisjak-hero-mitja-kobal_12','/data/albums/static_photo0-buticne-zgodbe-lisjak-hero-mitja-kobal_12.jpg'),(43,1,1920,680,'1-buticne-zgodbe-lisjak-hero-mitja-kobal_12','/data/albums/index_slider/1-buticne-zgodbe-lisjak-hero-mitja-kobal_12.webp'),(43,2,430,545,'2-buticne-zgodbe-lisjak-hero-mitja-kobal_12','/data/albums/index_slider_mobile/2-buticne-zgodbe-lisjak-hero-mitja-kobal_12.webp'),(43,3,545,355,'3-buticne-zgodbe-lisjak-hero-mitja-kobal_12','/data/albums/index_services/3-buticne-zgodbe-lisjak-hero-mitja-kobal_12.webp'),(43,4,392,255,'4-buticne-zgodbe-lisjak-hero-mitja-kobal_12','/data/albums/index_services_mobile/4-buticne-zgodbe-lisjak-hero-mitja-kobal_12.webp'),(43,5,713,476,'5-buticne-zgodbe-lisjak-hero-mitja-kobal_12','/data/albums/index_photo_text_horizontal/5-buticne-zgodbe-lisjak-hero-mitja-kobal_12.webp'),(43,6,392,261,'6-buticne-zgodbe-lisjak-hero-mitja-kobal_12','/data/albums/index_photo_text_horizontal_mobile/6-buticne-zgodbe-lisjak-hero-mitja-kobal_12.webp'),(43,7,615,615,'7-buticne-zgodbe-lisjak-hero-mitja-kobal_12','/data/albums/index_photo_text_square/7-buticne-zgodbe-lisjak-hero-mitja-kobal_12.webp'),(43,8,392,380,'8-buticne-zgodbe-lisjak-hero-mitja-kobal_12','/data/albums/index_photo_text_square_mobile/8-buticne-zgodbe-lisjak-hero-mitja-kobal_12.webp'),(43,9,410,615,'9-buticne-zgodbe-lisjak-hero-mitja-kobal_12','/data/albums/index_photo_text_vertical/9-buticne-zgodbe-lisjak-hero-mitja-kobal_12.webp'),(43,10,392,588,'10-buticne-zgodbe-lisjak-hero-mitja-kobal_12','/data/albums/index_photo_text_vertical_mobile/10-buticne-zgodbe-lisjak-hero-mitja-kobal_12.webp'),(43,11,320,200,'0-buticne-zgodbe-lisjak-hero-mitja-kobal_12','/data/albums/static_photo0-buticne-zgodbe-lisjak-hero-mitja-kobal_12.jpg'),(43,12,320,200,'0-buticne-zgodbe-lisjak-hero-mitja-kobal_12','/data/albums/static_photo0-buticne-zgodbe-lisjak-hero-mitja-kobal_12.jpg'),(43,13,320,200,'0-buticne-zgodbe-lisjak-hero-mitja-kobal_12','/data/albums/static_photo0-buticne-zgodbe-lisjak-hero-mitja-kobal_12.jpg'),(43,14,320,200,'0-buticne-zgodbe-lisjak-hero-mitja-kobal_12','/data/albums/static_photo0-buticne-zgodbe-lisjak-hero-mitja-kobal_12.jpg'),(43,15,320,200,'0-buticne-zgodbe-lisjak-hero-mitja-kobal_12','/data/albums/static_photo0-buticne-zgodbe-lisjak-hero-mitja-kobal_12.jpg'),(43,16,320,200,'0-buticne-zgodbe-lisjak-hero-mitja-kobal_12','/data/albums/static_photo0-buticne-zgodbe-lisjak-hero-mitja-kobal_12.jpg'),(43,17,459,612,'17-buticne-zgodbe-lisjak-hero-mitja-kobal_12','/data/albums/designer_text_photo_links/17-buticne-zgodbe-lisjak-hero-mitja-kobal_12.webp'),(43,18,250,300,'18-buticne-zgodbe-lisjak-hero-mitja-kobal_12','/data/albums/designer_text_photo_links_mobile/18-buticne-zgodbe-lisjak-hero-mitja-kobal_12.webp'),(43,19,250,300,'18-buticne-zgodbe-lisjak-hero-mitja-kobal_12','/data/albums/designer_text_photo_links_mobile/18-buticne-zgodbe-lisjak-hero-mitja-kobal_12.webp'),(43,20,250,300,'18-buticne-zgodbe-lisjak-hero-mitja-kobal_12','/data/albums/designer_text_photo_links_mobile/18-buticne-zgodbe-lisjak-hero-mitja-kobal_12.webp'),(43,21,493,510,'21-buticne-zgodbe-lisjak-hero-mitja-kobal_12','/data/albums/designer_linked_news/21-buticne-zgodbe-lisjak-hero-mitja-kobal_12.webp'),(43,22,493,510,'21-buticne-zgodbe-lisjak-hero-mitja-kobal_12','/data/albums/designer_linked_news/21-buticne-zgodbe-lisjak-hero-mitja-kobal_12.webp'),(43,23,493,510,'21-buticne-zgodbe-lisjak-hero-mitja-kobal_12','/data/albums/designer_linked_news/21-buticne-zgodbe-lisjak-hero-mitja-kobal_12.webp'),(43,24,1920,680,'24-buticne-zgodbe-lisjak-hero-mitja-kobal_12','/data/albums/header_photo/24-buticne-zgodbe-lisjak-hero-mitja-kobal_12.webp'),(43,25,1500,1125,'25-buticne-zgodbe-lisjak-hero-mitja-kobal_12','/data/albums/preview/25-buticne-zgodbe-lisjak-hero-mitja-kobal_12.webp'),(43,26,40,40,'26-buticne-zgodbe-lisjak-hero-mitja-kobal_12','/data/albums/map_marker/26-buticne-zgodbe-lisjak-hero-mitja-kobal_12.jpg'),(43,27,1500,1125,'27-buticne-zgodbe-lisjak-hero-mitja-kobal_12','/data/albums/popup/27-buticne-zgodbe-lisjak-hero-mitja-kobal_12.webp'),(43,30,545,355,'30-buticne-zgodbe-lisjak-hero-mitja-kobal_12','/data/albums/blog_grid/30-buticne-zgodbe-lisjak-hero-mitja-kobal_12.webp'),(43,32,1920,300,'32-buticne-zgodbe-lisjak-hero-mitja-kobal_12','/data/albums/index_banner/32-buticne-zgodbe-lisjak-hero-mitja-kobal_12.webp'),(43,33,550,160,'33-buticne-zgodbe-lisjak-hero-mitja-kobal_12','/data/albums/index_banner_mobile/33-buticne-zgodbe-lisjak-hero-mitja-kobal_12.webp'),(43,34,580,650,'34-buticne-zgodbe-lisjak-hero-mitja-kobal_12','/data/albums/header_photo_mobile/34-buticne-zgodbe-lisjak-hero-mitja-kobal_12.webp'),(44,0,320,200,'0-buticne-zgodbe-lisjak-hero1-mitja-kobal_13','/data/albums/static_photo0-buticne-zgodbe-lisjak-hero1-mitja-kobal_13.jpg'),(44,1,1920,680,'1-buticne-zgodbe-lisjak-hero1-mitja-kobal_13','/data/albums/index_slider/1-buticne-zgodbe-lisjak-hero1-mitja-kobal_13.webp'),(44,2,430,545,'2-buticne-zgodbe-lisjak-hero1-mitja-kobal_13','/data/albums/index_slider_mobile/2-buticne-zgodbe-lisjak-hero1-mitja-kobal_13.webp'),(44,3,545,355,'3-buticne-zgodbe-lisjak-hero1-mitja-kobal_13','/data/albums/index_services/3-buticne-zgodbe-lisjak-hero1-mitja-kobal_13.webp'),(44,4,392,255,'4-buticne-zgodbe-lisjak-hero1-mitja-kobal_13','/data/albums/index_services_mobile/4-buticne-zgodbe-lisjak-hero1-mitja-kobal_13.webp'),(44,5,713,476,'5-buticne-zgodbe-lisjak-hero1-mitja-kobal_13','/data/albums/index_photo_text_horizontal/5-buticne-zgodbe-lisjak-hero1-mitja-kobal_13.webp'),(44,6,392,261,'6-buticne-zgodbe-lisjak-hero1-mitja-kobal_13','/data/albums/index_photo_text_horizontal_mobile/6-buticne-zgodbe-lisjak-hero1-mitja-kobal_13.webp'),(44,7,615,615,'7-buticne-zgodbe-lisjak-hero1-mitja-kobal_13','/data/albums/index_photo_text_square/7-buticne-zgodbe-lisjak-hero1-mitja-kobal_13.webp'),(44,8,392,380,'8-buticne-zgodbe-lisjak-hero1-mitja-kobal_13','/data/albums/index_photo_text_square_mobile/8-buticne-zgodbe-lisjak-hero1-mitja-kobal_13.webp'),(44,9,410,615,'9-buticne-zgodbe-lisjak-hero1-mitja-kobal_13','/data/albums/index_photo_text_vertical/9-buticne-zgodbe-lisjak-hero1-mitja-kobal_13.webp'),(44,10,392,588,'10-buticne-zgodbe-lisjak-hero1-mitja-kobal_13','/data/albums/index_photo_text_vertical_mobile/10-buticne-zgodbe-lisjak-hero1-mitja-kobal_13.webp'),(44,11,320,200,'0-buticne-zgodbe-lisjak-hero1-mitja-kobal_13','/data/albums/static_photo0-buticne-zgodbe-lisjak-hero1-mitja-kobal_13.jpg'),(44,12,320,200,'0-buticne-zgodbe-lisjak-hero1-mitja-kobal_13','/data/albums/static_photo0-buticne-zgodbe-lisjak-hero1-mitja-kobal_13.jpg'),(44,13,320,200,'0-buticne-zgodbe-lisjak-hero1-mitja-kobal_13','/data/albums/static_photo0-buticne-zgodbe-lisjak-hero1-mitja-kobal_13.jpg'),(44,14,320,200,'0-buticne-zgodbe-lisjak-hero1-mitja-kobal_13','/data/albums/static_photo0-buticne-zgodbe-lisjak-hero1-mitja-kobal_13.jpg'),(44,15,320,200,'0-buticne-zgodbe-lisjak-hero1-mitja-kobal_13','/data/albums/static_photo0-buticne-zgodbe-lisjak-hero1-mitja-kobal_13.jpg'),(44,16,320,200,'0-buticne-zgodbe-lisjak-hero1-mitja-kobal_13','/data/albums/static_photo0-buticne-zgodbe-lisjak-hero1-mitja-kobal_13.jpg'),(44,17,459,612,'17-buticne-zgodbe-lisjak-hero1-mitja-kobal_13','/data/albums/designer_text_photo_links/17-buticne-zgodbe-lisjak-hero1-mitja-kobal_13.webp'),(44,18,250,300,'18-buticne-zgodbe-lisjak-hero1-mitja-kobal_13','/data/albums/designer_text_photo_links_mobile/18-buticne-zgodbe-lisjak-hero1-mitja-kobal_13.webp'),(44,19,250,300,'18-buticne-zgodbe-lisjak-hero1-mitja-kobal_13','/data/albums/designer_text_photo_links_mobile/18-buticne-zgodbe-lisjak-hero1-mitja-kobal_13.webp'),(44,20,250,300,'18-buticne-zgodbe-lisjak-hero1-mitja-kobal_13','/data/albums/designer_text_photo_links_mobile/18-buticne-zgodbe-lisjak-hero1-mitja-kobal_13.webp'),(44,21,493,510,'21-buticne-zgodbe-lisjak-hero1-mitja-kobal_13','/data/albums/designer_linked_news/21-buticne-zgodbe-lisjak-hero1-mitja-kobal_13.webp'),(44,22,493,510,'21-buticne-zgodbe-lisjak-hero1-mitja-kobal_13','/data/albums/designer_linked_news/21-buticne-zgodbe-lisjak-hero1-mitja-kobal_13.webp'),(44,23,493,510,'21-buticne-zgodbe-lisjak-hero1-mitja-kobal_13','/data/albums/designer_linked_news/21-buticne-zgodbe-lisjak-hero1-mitja-kobal_13.webp'),(44,24,1920,680,'24-buticne-zgodbe-lisjak-hero1-mitja-kobal_13','/data/albums/header_photo/24-buticne-zgodbe-lisjak-hero1-mitja-kobal_13.webp'),(44,25,1500,1027,'25-buticne-zgodbe-lisjak-hero1-mitja-kobal_13','/data/albums/preview/25-buticne-zgodbe-lisjak-hero1-mitja-kobal_13.webp'),(44,26,40,40,'26-buticne-zgodbe-lisjak-hero1-mitja-kobal_13','/data/albums/map_marker/26-buticne-zgodbe-lisjak-hero1-mitja-kobal_13.jpg'),(44,27,1500,1027,'27-buticne-zgodbe-lisjak-hero1-mitja-kobal_13','/data/albums/popup/27-buticne-zgodbe-lisjak-hero1-mitja-kobal_13.webp'),(44,30,545,355,'30-buticne-zgodbe-lisjak-hero1-mitja-kobal_13','/data/albums/blog_grid/30-buticne-zgodbe-lisjak-hero1-mitja-kobal_13.webp'),(44,32,1920,300,'32-buticne-zgodbe-lisjak-hero1-mitja-kobal_13','/data/albums/index_banner/32-buticne-zgodbe-lisjak-hero1-mitja-kobal_13.webp'),(44,33,550,160,'33-buticne-zgodbe-lisjak-hero1-mitja-kobal_13','/data/albums/index_banner_mobile/33-buticne-zgodbe-lisjak-hero1-mitja-kobal_13.webp'),(44,34,580,650,'34-buticne-zgodbe-lisjak-hero1-mitja-kobal_13','/data/albums/header_photo_mobile/34-buticne-zgodbe-lisjak-hero1-mitja-kobal_13.webp'),(45,0,320,200,'0-20201008171753-sto_lisjak-1421-mitja_kobal-edit','/data/albums/static_photo0-20201008171753-sto_lisjak-1421-mitja_kobal-edit.jpg'),(45,3,545,355,'3-20201008171753-sto_lisjak-1421-mitja_kobal-edit','/data/albums/index_services/3-20201008171753-sto_lisjak-1421-mitja_kobal-edit.webp'),(45,4,392,255,'4-20201008171753-sto_lisjak-1421-mitja_kobal-edit','/data/albums/index_services_mobile/4-20201008171753-sto_lisjak-1421-mitja_kobal-edit.webp'),(45,11,320,200,'0-20201008171753-sto_lisjak-1421-mitja_kobal-edit','/data/albums/static_photo0-20201008171753-sto_lisjak-1421-mitja_kobal-edit.jpg'),(45,12,320,200,'0-20201008171753-sto_lisjak-1421-mitja_kobal-edit','/data/albums/static_photo0-20201008171753-sto_lisjak-1421-mitja_kobal-edit.jpg'),(45,13,320,200,'0-20201008171753-sto_lisjak-1421-mitja_kobal-edit','/data/albums/static_photo0-20201008171753-sto_lisjak-1421-mitja_kobal-edit.jpg'),(45,14,320,200,'0-20201008171753-sto_lisjak-1421-mitja_kobal-edit','/data/albums/static_photo0-20201008171753-sto_lisjak-1421-mitja_kobal-edit.jpg'),(45,15,320,200,'0-20201008171753-sto_lisjak-1421-mitja_kobal-edit','/data/albums/static_photo0-20201008171753-sto_lisjak-1421-mitja_kobal-edit.jpg'),(45,16,320,200,'0-20201008171753-sto_lisjak-1421-mitja_kobal-edit','/data/albums/static_photo0-20201008171753-sto_lisjak-1421-mitja_kobal-edit.jpg'),(45,17,459,612,'17-20201008171753-sto_lisjak-1421-mitja_kobal-edit','/data/albums/designer_text_photo_links/17-20201008171753-sto_lisjak-1421-mitja_kobal-edit.webp'),(45,18,250,300,'18-20201008171753-sto_lisjak-1421-mitja_kobal-edit','/data/albums/designer_text_photo_links_mobile/18-20201008171753-sto_lisjak-1421-mitja_kobal-edit.webp'),(45,19,250,300,'18-20201008171753-sto_lisjak-1421-mitja_kobal-edit','/data/albums/designer_text_photo_links_mobile/18-20201008171753-sto_lisjak-1421-mitja_kobal-edit.webp'),(45,20,250,300,'18-20201008171753-sto_lisjak-1421-mitja_kobal-edit','/data/albums/designer_text_photo_links_mobile/18-20201008171753-sto_lisjak-1421-mitja_kobal-edit.webp'),(45,21,493,510,'21-20201008171753-sto_lisjak-1421-mitja_kobal-edit','/data/albums/designer_linked_news/21-20201008171753-sto_lisjak-1421-mitja_kobal-edit.webp'),(45,22,493,510,'21-20201008171753-sto_lisjak-1421-mitja_kobal-edit','/data/albums/designer_linked_news/21-20201008171753-sto_lisjak-1421-mitja_kobal-edit.webp'),(45,23,493,510,'21-20201008171753-sto_lisjak-1421-mitja_kobal-edit','/data/albums/designer_linked_news/21-20201008171753-sto_lisjak-1421-mitja_kobal-edit.webp'),(45,25,1500,1125,'25-20201008171753-sto_lisjak-1421-mitja_kobal-edit','/data/albums/preview/25-20201008171753-sto_lisjak-1421-mitja_kobal-edit.webp'),(45,27,1500,1125,'27-20201008171753-sto_lisjak-1421-mitja_kobal-edit','/data/albums/popup/27-20201008171753-sto_lisjak-1421-mitja_kobal-edit.webp'),(46,0,320,200,'0-buticne-zgodbe-lisjak-mitja-kobal_6','/data/albums/static_photo0-buticne-zgodbe-lisjak-mitja-kobal_6.jpg'),(46,3,545,355,'3-buticne-zgodbe-lisjak-mitja-kobal_6','/data/albums/index_services/3-buticne-zgodbe-lisjak-mitja-kobal_6.webp'),(46,4,392,255,'4-buticne-zgodbe-lisjak-mitja-kobal_6','/data/albums/index_services_mobile/4-buticne-zgodbe-lisjak-mitja-kobal_6.webp'),(46,11,320,200,'0-buticne-zgodbe-lisjak-mitja-kobal_6','/data/albums/static_photo0-buticne-zgodbe-lisjak-mitja-kobal_6.jpg'),(46,12,320,200,'0-buticne-zgodbe-lisjak-mitja-kobal_6','/data/albums/static_photo0-buticne-zgodbe-lisjak-mitja-kobal_6.jpg'),(46,13,320,200,'0-buticne-zgodbe-lisjak-mitja-kobal_6','/data/albums/static_photo0-buticne-zgodbe-lisjak-mitja-kobal_6.jpg'),(46,14,320,200,'0-buticne-zgodbe-lisjak-mitja-kobal_6','/data/albums/static_photo0-buticne-zgodbe-lisjak-mitja-kobal_6.jpg'),(46,15,320,200,'0-buticne-zgodbe-lisjak-mitja-kobal_6','/data/albums/static_photo0-buticne-zgodbe-lisjak-mitja-kobal_6.jpg'),(46,16,320,200,'0-buticne-zgodbe-lisjak-mitja-kobal_6','/data/albums/static_photo0-buticne-zgodbe-lisjak-mitja-kobal_6.jpg'),(46,17,459,612,'17-buticne-zgodbe-lisjak-mitja-kobal_6','/data/albums/designer_text_photo_links/17-buticne-zgodbe-lisjak-mitja-kobal_6.webp'),(46,18,250,300,'18-buticne-zgodbe-lisjak-mitja-kobal_6','/data/albums/designer_text_photo_links_mobile/18-buticne-zgodbe-lisjak-mitja-kobal_6.webp'),(46,19,1100,750,'19-buticne-zgodbe-lisjak-mitja-kobal_6','/data/albums/designer_text_photo_big/19-buticne-zgodbe-lisjak-mitja-kobal_6.webp'),(46,20,250,300,'18-buticne-zgodbe-lisjak-mitja-kobal_6','/data/albums/designer_text_photo_links_mobile/18-buticne-zgodbe-lisjak-mitja-kobal_6.webp'),(46,21,493,510,'21-buticne-zgodbe-lisjak-mitja-kobal_6','/data/albums/designer_linked_news/21-buticne-zgodbe-lisjak-mitja-kobal_6.webp'),(46,22,493,510,'21-buticne-zgodbe-lisjak-mitja-kobal_6','/data/albums/designer_linked_news/21-buticne-zgodbe-lisjak-mitja-kobal_6.webp'),(46,23,493,510,'21-buticne-zgodbe-lisjak-mitja-kobal_6','/data/albums/designer_linked_news/21-buticne-zgodbe-lisjak-mitja-kobal_6.webp'),(46,25,1500,1000,'25-buticne-zgodbe-lisjak-mitja-kobal_6','/data/albums/preview/25-buticne-zgodbe-lisjak-mitja-kobal_6.webp'),(46,27,1500,1000,'27-buticne-zgodbe-lisjak-mitja-kobal_6','/data/albums/popup/27-buticne-zgodbe-lisjak-mitja-kobal_6.webp'),(47,0,320,200,'0-buticne-zgodbe-lisjak-mitja-kobal_7','/data/albums/static_photo0-buticne-zgodbe-lisjak-mitja-kobal_7.jpg'),(47,3,545,355,'3-buticne-zgodbe-lisjak-mitja-kobal_7','/data/albums/index_services/3-buticne-zgodbe-lisjak-mitja-kobal_7.webp'),(47,4,392,255,'4-buticne-zgodbe-lisjak-mitja-kobal_7','/data/albums/index_services_mobile/4-buticne-zgodbe-lisjak-mitja-kobal_7.webp'),(47,11,320,200,'0-buticne-zgodbe-lisjak-mitja-kobal_7','/data/albums/static_photo0-buticne-zgodbe-lisjak-mitja-kobal_7.jpg'),(47,12,320,200,'0-buticne-zgodbe-lisjak-mitja-kobal_7','/data/albums/static_photo0-buticne-zgodbe-lisjak-mitja-kobal_7.jpg'),(47,13,320,200,'0-buticne-zgodbe-lisjak-mitja-kobal_7','/data/albums/static_photo0-buticne-zgodbe-lisjak-mitja-kobal_7.jpg'),(47,14,320,200,'0-buticne-zgodbe-lisjak-mitja-kobal_7','/data/albums/static_photo0-buticne-zgodbe-lisjak-mitja-kobal_7.jpg'),(47,15,320,200,'0-buticne-zgodbe-lisjak-mitja-kobal_7','/data/albums/static_photo0-buticne-zgodbe-lisjak-mitja-kobal_7.jpg'),(47,16,320,200,'0-buticne-zgodbe-lisjak-mitja-kobal_7','/data/albums/static_photo0-buticne-zgodbe-lisjak-mitja-kobal_7.jpg'),(47,17,459,612,'17-buticne-zgodbe-lisjak-mitja-kobal_7','/data/albums/designer_text_photo_links/17-buticne-zgodbe-lisjak-mitja-kobal_7.webp'),(47,18,250,300,'18-buticne-zgodbe-lisjak-mitja-kobal_7','/data/albums/designer_text_photo_links_mobile/18-buticne-zgodbe-lisjak-mitja-kobal_7.webp'),(47,19,1100,750,'19-buticne-zgodbe-lisjak-mitja-kobal_7','/data/albums/designer_text_photo_big/19-buticne-zgodbe-lisjak-mitja-kobal_7.webp'),(47,20,250,300,'18-buticne-zgodbe-lisjak-mitja-kobal_7','/data/albums/designer_text_photo_links_mobile/18-buticne-zgodbe-lisjak-mitja-kobal_7.webp'),(47,21,493,510,'21-buticne-zgodbe-lisjak-mitja-kobal_7','/data/albums/designer_linked_news/21-buticne-zgodbe-lisjak-mitja-kobal_7.webp'),(47,22,493,510,'21-buticne-zgodbe-lisjak-mitja-kobal_7','/data/albums/designer_linked_news/21-buticne-zgodbe-lisjak-mitja-kobal_7.webp'),(47,23,493,510,'21-buticne-zgodbe-lisjak-mitja-kobal_7','/data/albums/designer_linked_news/21-buticne-zgodbe-lisjak-mitja-kobal_7.webp'),(47,25,1500,1125,'25-buticne-zgodbe-lisjak-mitja-kobal_7','/data/albums/preview/25-buticne-zgodbe-lisjak-mitja-kobal_7.webp'),(47,27,1500,1125,'27-buticne-zgodbe-lisjak-mitja-kobal_7','/data/albums/popup/27-buticne-zgodbe-lisjak-mitja-kobal_7.webp'),(48,0,320,200,'0-buticne-zgodbe-lisjak-mitja-kobal_5','/data/albums/static_photo/0-buticne-zgodbe-lisjak-mitja-kobal_5.jpg'),(48,1,1920,680,'1-buticne-zgodbe-lisjak-mitja-kobal_5','/data/albums/index_slider/1-buticne-zgodbe-lisjak-mitja-kobal_5.webp'),(48,2,430,545,'2-buticne-zgodbe-lisjak-mitja-kobal_5','/data/albums/index_slider_mobile/2-buticne-zgodbe-lisjak-mitja-kobal_5.webp'),(48,3,545,355,'3-buticne-zgodbe-lisjak-mitja-kobal_5','/data/albums/index_services/3-buticne-zgodbe-lisjak-mitja-kobal_5.webp'),(48,4,392,255,'4-buticne-zgodbe-lisjak-mitja-kobal_5','/data/albums/index_services_mobile/4-buticne-zgodbe-lisjak-mitja-kobal_5.webp'),(48,5,713,476,'5-buticne-zgodbe-lisjak-mitja-kobal_5','/data/albums/index_photo_text_horizontal/5-buticne-zgodbe-lisjak-mitja-kobal_5.webp'),(48,6,392,261,'6-buticne-zgodbe-lisjak-mitja-kobal_5','/data/albums/index_photo_text_horizontal_mobile/6-buticne-zgodbe-lisjak-mitja-kobal_5.webp'),(48,7,615,615,'7-buticne-zgodbe-lisjak-mitja-kobal_5','/data/albums/index_photo_text_square/7-buticne-zgodbe-lisjak-mitja-kobal_5.webp'),(48,8,392,380,'8-buticne-zgodbe-lisjak-mitja-kobal_5','/data/albums/index_photo_text_square_mobile/8-buticne-zgodbe-lisjak-mitja-kobal_5.webp'),(48,9,410,615,'9-buticne-zgodbe-lisjak-mitja-kobal_5','/data/albums/index_photo_text_vertical/9-buticne-zgodbe-lisjak-mitja-kobal_5.webp'),(48,10,392,588,'10-buticne-zgodbe-lisjak-mitja-kobal_5','/data/albums/index_photo_text_vertical_mobile/10-buticne-zgodbe-lisjak-mitja-kobal_5.webp'),(48,21,493,510,'21-buticne-zgodbe-lisjak-mitja-kobal_5','/data/albums/designer_linked_news/21-buticne-zgodbe-lisjak-mitja-kobal_5.webp'),(48,24,1920,680,'24-buticne-zgodbe-lisjak-mitja-kobal_5','/data/albums/header_photo/24-buticne-zgodbe-lisjak-mitja-kobal_5.webp'),(48,26,40,40,'26-buticne-zgodbe-lisjak-mitja-kobal_5','/data/albums/map_marker/26-buticne-zgodbe-lisjak-mitja-kobal_5.jpg'),(48,27,1920,1440,'27-buticne-zgodbe-lisjak-mitja-kobal_5','/data/albums/popup/27-buticne-zgodbe-lisjak-mitja-kobal_5.webp'),(48,30,545,355,'30-buticne-zgodbe-lisjak-mitja-kobal_5','/data/albums/blog_grid/30-buticne-zgodbe-lisjak-mitja-kobal_5.webp'),(49,0,320,200,'0-56253723-3cca-4a91-be34-52f9a4d7b75d','/data/albums/static_photo0-56253723-3cca-4a91-be34-52f9a4d7b75d.jpg'),(49,1,1920,680,'1-56253723-3cca-4a91-be34-52f9a4d7b75d','/data/albums/index_slider/1-56253723-3cca-4a91-be34-52f9a4d7b75d.webp'),(49,2,430,545,'2-56253723-3cca-4a91-be34-52f9a4d7b75d','/data/albums/index_slider_mobile/2-56253723-3cca-4a91-be34-52f9a4d7b75d.webp'),(49,3,545,355,'3-56253723-3cca-4a91-be34-52f9a4d7b75d','/data/albums/index_services/3-56253723-3cca-4a91-be34-52f9a4d7b75d.webp'),(49,4,392,255,'4-56253723-3cca-4a91-be34-52f9a4d7b75d','/data/albums/index_services_mobile/4-56253723-3cca-4a91-be34-52f9a4d7b75d.webp'),(49,5,713,476,'5-56253723-3cca-4a91-be34-52f9a4d7b75d','/data/albums/index_photo_text_horizontal/5-56253723-3cca-4a91-be34-52f9a4d7b75d.webp'),(49,6,392,261,'6-56253723-3cca-4a91-be34-52f9a4d7b75d','/data/albums/index_photo_text_horizontal_mobile/6-56253723-3cca-4a91-be34-52f9a4d7b75d.webp'),(49,7,615,615,'7-56253723-3cca-4a91-be34-52f9a4d7b75d','/data/albums/index_photo_text_square/7-56253723-3cca-4a91-be34-52f9a4d7b75d.webp'),(49,8,392,380,'8-56253723-3cca-4a91-be34-52f9a4d7b75d','/data/albums/index_photo_text_square_mobile/8-56253723-3cca-4a91-be34-52f9a4d7b75d.webp'),(49,9,410,615,'9-56253723-3cca-4a91-be34-52f9a4d7b75d','/data/albums/index_photo_text_vertical/9-56253723-3cca-4a91-be34-52f9a4d7b75d.webp'),(49,10,392,588,'10-56253723-3cca-4a91-be34-52f9a4d7b75d','/data/albums/index_photo_text_vertical_mobile/10-56253723-3cca-4a91-be34-52f9a4d7b75d.webp'),(49,11,320,200,'0-56253723-3cca-4a91-be34-52f9a4d7b75d','/data/albums/static_photo0-56253723-3cca-4a91-be34-52f9a4d7b75d.jpg'),(49,12,320,200,'0-56253723-3cca-4a91-be34-52f9a4d7b75d','/data/albums/static_photo0-56253723-3cca-4a91-be34-52f9a4d7b75d.jpg'),(49,13,320,200,'0-56253723-3cca-4a91-be34-52f9a4d7b75d','/data/albums/static_photo0-56253723-3cca-4a91-be34-52f9a4d7b75d.jpg'),(49,14,320,200,'0-56253723-3cca-4a91-be34-52f9a4d7b75d','/data/albums/static_photo0-56253723-3cca-4a91-be34-52f9a4d7b75d.jpg'),(49,15,320,200,'0-56253723-3cca-4a91-be34-52f9a4d7b75d','/data/albums/static_photo0-56253723-3cca-4a91-be34-52f9a4d7b75d.jpg'),(49,16,320,200,'0-56253723-3cca-4a91-be34-52f9a4d7b75d','/data/albums/static_photo0-56253723-3cca-4a91-be34-52f9a4d7b75d.jpg'),(49,17,459,612,'17-56253723-3cca-4a91-be34-52f9a4d7b75d','/data/albums/designer_text_photo_links/17-56253723-3cca-4a91-be34-52f9a4d7b75d.webp'),(49,18,250,300,'18-56253723-3cca-4a91-be34-52f9a4d7b75d','/data/albums/designer_text_photo_links_mobile/18-56253723-3cca-4a91-be34-52f9a4d7b75d.webp'),(49,19,250,300,'18-56253723-3cca-4a91-be34-52f9a4d7b75d','/data/albums/designer_text_photo_links_mobile/18-56253723-3cca-4a91-be34-52f9a4d7b75d.webp'),(49,20,250,300,'18-56253723-3cca-4a91-be34-52f9a4d7b75d','/data/albums/designer_text_photo_links_mobile/18-56253723-3cca-4a91-be34-52f9a4d7b75d.webp'),(49,21,493,510,'21-56253723-3cca-4a91-be34-52f9a4d7b75d','/data/albums/designer_linked_news/21-56253723-3cca-4a91-be34-52f9a4d7b75d.webp'),(49,22,493,510,'21-56253723-3cca-4a91-be34-52f9a4d7b75d','/data/albums/designer_linked_news/21-56253723-3cca-4a91-be34-52f9a4d7b75d.webp'),(49,23,493,510,'21-56253723-3cca-4a91-be34-52f9a4d7b75d','/data/albums/designer_linked_news/21-56253723-3cca-4a91-be34-52f9a4d7b75d.webp'),(49,24,1920,680,'24-56253723-3cca-4a91-be34-52f9a4d7b75d','/data/albums/header_photo/24-56253723-3cca-4a91-be34-52f9a4d7b75d.webp'),(49,25,1125,1500,'25-56253723-3cca-4a91-be34-52f9a4d7b75d','/data/albums/preview/25-56253723-3cca-4a91-be34-52f9a4d7b75d.webp'),(49,26,40,40,'26-56253723-3cca-4a91-be34-52f9a4d7b75d','/data/albums/map_marker/26-56253723-3cca-4a91-be34-52f9a4d7b75d.png'),(49,27,1125,1500,'27-56253723-3cca-4a91-be34-52f9a4d7b75d','/data/albums/popup/27-56253723-3cca-4a91-be34-52f9a4d7b75d.webp'),(49,30,545,355,'30-56253723-3cca-4a91-be34-52f9a4d7b75d','/data/albums/blog_grid/30-56253723-3cca-4a91-be34-52f9a4d7b75d.webp'),(49,32,1920,300,'32-56253723-3cca-4a91-be34-52f9a4d7b75d','/data/albums/index_banner/32-56253723-3cca-4a91-be34-52f9a4d7b75d.webp'),(49,33,550,160,'33-56253723-3cca-4a91-be34-52f9a4d7b75d','/data/albums/index_banner_mobile/33-56253723-3cca-4a91-be34-52f9a4d7b75d.webp'),(49,34,580,650,'34-56253723-3cca-4a91-be34-52f9a4d7b75d','/data/albums/header_photo_mobile/34-56253723-3cca-4a91-be34-52f9a4d7b75d.webp'),(50,0,320,200,'0-img_0026','/data/albums/static_photo0-img_0026.jpg'),(50,1,1920,680,'1-img_0026','/data/albums/index_slider/1-img_0026.webp'),(50,2,430,545,'2-img_0026','/data/albums/index_slider_mobile/2-img_0026.webp'),(50,3,545,355,'3-img_0026','/data/albums/index_services/3-img_0026.webp'),(50,4,392,255,'4-img_0026','/data/albums/index_services_mobile/4-img_0026.webp'),(50,5,713,476,'5-img_0026','/data/albums/index_photo_text_horizontal/5-img_0026.webp'),(50,6,392,261,'6-img_0026','/data/albums/index_photo_text_horizontal_mobile/6-img_0026.webp'),(50,7,615,615,'7-img_0026','/data/albums/index_photo_text_square/7-img_0026.webp'),(50,8,392,380,'8-img_0026','/data/albums/index_photo_text_square_mobile/8-img_0026.webp'),(50,9,410,615,'9-img_0026','/data/albums/index_photo_text_vertical/9-img_0026.webp'),(50,10,392,588,'10-img_0026','/data/albums/index_photo_text_vertical_mobile/10-img_0026.webp'),(50,11,320,200,'0-img_0026','/data/albums/static_photo0-img_0026.jpg'),(50,12,320,200,'0-img_0026','/data/albums/static_photo0-img_0026.jpg'),(50,13,320,200,'0-img_0026','/data/albums/static_photo0-img_0026.jpg'),(50,14,320,200,'0-img_0026','/data/albums/static_photo0-img_0026.jpg'),(50,15,320,200,'0-img_0026','/data/albums/static_photo0-img_0026.jpg'),(50,16,320,200,'0-img_0026','/data/albums/static_photo0-img_0026.jpg'),(50,17,459,612,'17-img_0026','/data/albums/designer_text_photo_links/17-img_0026.webp'),(50,18,250,300,'18-img_0026','/data/albums/designer_text_photo_links_mobile/18-img_0026.webp'),(50,19,250,300,'18-img_0026','/data/albums/designer_text_photo_links_mobile/18-img_0026.webp'),(50,20,250,300,'18-img_0026','/data/albums/designer_text_photo_links_mobile/18-img_0026.webp'),(50,21,493,510,'21-img_0026','/data/albums/designer_linked_news/21-img_0026.webp'),(50,22,493,510,'21-img_0026','/data/albums/designer_linked_news/21-img_0026.webp'),(50,23,493,510,'21-img_0026','/data/albums/designer_linked_news/21-img_0026.webp'),(50,24,1920,680,'24-img_0026','/data/albums/header_photo/24-img_0026.webp'),(50,25,960,960,'25-img_0026','/data/albums/preview/25-img_0026.webp'),(50,26,40,40,'26-img_0026','/data/albums/map_marker/26-img_0026.jpg'),(50,27,960,960,'27-img_0026','/data/albums/popup/27-img_0026.webp'),(50,30,545,355,'30-img_0026','/data/albums/blog_grid/30-img_0026.webp'),(50,32,1920,923,'32-img_0026','/data/albums/index_banner/32-img_0026.webp'),(50,33,550,160,'33-img_0026','/data/albums/index_banner_mobile/33-img_0026.webp'),(50,34,580,650,'34-img_0026','/data/albums/header_photo_mobile/34-img_0026.webp'),(51,0,320,200,'0-img_0033','/data/albums/static_photo0-img_0033.jpg'),(51,1,1920,680,'1-img_0033','/data/albums/index_slider/1-img_0033.webp'),(51,2,430,545,'2-img_0033','/data/albums/index_slider_mobile/2-img_0033.webp'),(51,3,545,355,'3-img_0033','/data/albums/index_services/3-img_0033.webp'),(51,4,392,255,'4-img_0033','/data/albums/index_services_mobile/4-img_0033.webp'),(51,5,713,476,'5-img_0033','/data/albums/index_photo_text_horizontal/5-img_0033.webp'),(51,6,392,261,'6-img_0033','/data/albums/index_photo_text_horizontal_mobile/6-img_0033.webp'),(51,7,615,615,'7-img_0033','/data/albums/index_photo_text_square/7-img_0033.webp'),(51,8,392,380,'8-img_0033','/data/albums/index_photo_text_square_mobile/8-img_0033.webp'),(51,9,410,615,'9-img_0033','/data/albums/index_photo_text_vertical/9-img_0033.webp'),(51,10,392,588,'10-img_0033','/data/albums/index_photo_text_vertical_mobile/10-img_0033.webp'),(51,11,320,200,'0-img_0033','/data/albums/static_photo0-img_0033.jpg'),(51,12,320,200,'0-img_0033','/data/albums/static_photo0-img_0033.jpg'),(51,13,320,200,'0-img_0033','/data/albums/static_photo0-img_0033.jpg'),(51,14,320,200,'0-img_0033','/data/albums/static_photo0-img_0033.jpg'),(51,15,320,200,'0-img_0033','/data/albums/static_photo0-img_0033.jpg'),(51,16,320,200,'0-img_0033','/data/albums/static_photo0-img_0033.jpg'),(51,17,459,612,'17-img_0033','/data/albums/designer_text_photo_links/17-img_0033.webp'),(51,18,250,300,'18-img_0033','/data/albums/designer_text_photo_links_mobile/18-img_0033.webp'),(51,19,250,300,'18-img_0033','/data/albums/designer_text_photo_links_mobile/18-img_0033.webp'),(51,20,250,300,'18-img_0033','/data/albums/designer_text_photo_links_mobile/18-img_0033.webp'),(51,21,493,510,'21-img_0033','/data/albums/designer_linked_news/21-img_0033.webp'),(51,22,493,510,'21-img_0033','/data/albums/designer_linked_news/21-img_0033.webp'),(51,23,493,510,'21-img_0033','/data/albums/designer_linked_news/21-img_0033.webp'),(51,24,1920,680,'24-img_0033','/data/albums/header_photo/24-img_0033.webp'),(51,25,960,540,'25-img_0033','/data/albums/preview/25-img_0033.webp'),(51,26,40,40,'26-img_0033','/data/albums/map_marker/26-img_0033.png'),(51,27,960,540,'27-img_0033','/data/albums/popup/27-img_0033.webp'),(51,30,545,355,'30-img_0033','/data/albums/blog_grid/30-img_0033.webp'),(51,32,1920,300,'32-img_0033','/data/albums/index_banner/32-img_0033.webp'),(51,33,550,160,'33-img_0033','/data/albums/index_banner_mobile/33-img_0033.webp'),(51,34,580,650,'34-img_0033','/data/albums/header_photo_mobile/34-img_0033.webp'),(52,0,320,200,'0-img_0040','/data/albums/static_photo0-img_0040.jpg'),(52,1,1920,680,'1-img_0040','/data/albums/index_slider/1-img_0040.webp'),(52,2,430,545,'2-img_0040','/data/albums/index_slider_mobile/2-img_0040.webp'),(52,3,545,355,'3-img_0040','/data/albums/index_services/3-img_0040.webp'),(52,4,392,255,'4-img_0040','/data/albums/index_services_mobile/4-img_0040.webp'),(52,5,713,476,'5-img_0040','/data/albums/index_photo_text_horizontal/5-img_0040.webp'),(52,6,392,261,'6-img_0040','/data/albums/index_photo_text_horizontal_mobile/6-img_0040.webp'),(52,7,615,615,'7-img_0040','/data/albums/index_photo_text_square/7-img_0040.webp'),(52,8,392,380,'8-img_0040','/data/albums/index_photo_text_square_mobile/8-img_0040.webp'),(52,9,410,615,'9-img_0040','/data/albums/index_photo_text_vertical/9-img_0040.webp'),(52,10,392,588,'10-img_0040','/data/albums/index_photo_text_vertical_mobile/10-img_0040.webp'),(52,11,320,200,'0-img_0040','/data/albums/static_photo0-img_0040.jpg'),(52,12,320,200,'0-img_0040','/data/albums/static_photo0-img_0040.jpg'),(52,13,320,200,'0-img_0040','/data/albums/static_photo0-img_0040.jpg'),(52,14,320,200,'0-img_0040','/data/albums/static_photo0-img_0040.jpg'),(52,15,320,200,'0-img_0040','/data/albums/static_photo0-img_0040.jpg'),(52,16,320,200,'0-img_0040','/data/albums/static_photo0-img_0040.jpg'),(52,17,459,612,'17-img_0040','/data/albums/designer_text_photo_links/17-img_0040.webp'),(52,18,250,300,'18-img_0040','/data/albums/designer_text_photo_links_mobile/18-img_0040.webp'),(52,19,250,300,'18-img_0040','/data/albums/designer_text_photo_links_mobile/18-img_0040.webp'),(52,20,250,300,'18-img_0040','/data/albums/designer_text_photo_links_mobile/18-img_0040.webp'),(52,21,493,510,'21-img_0040','/data/albums/designer_linked_news/21-img_0040.webp'),(52,22,493,510,'21-img_0040','/data/albums/designer_linked_news/21-img_0040.webp'),(52,23,493,510,'21-img_0040','/data/albums/designer_linked_news/21-img_0040.webp'),(52,24,1920,680,'24-img_0040','/data/albums/header_photo/24-img_0040.webp'),(52,25,1125,1500,'25-img_0040','/data/albums/preview/25-img_0040.webp'),(52,26,40,40,'26-img_0040','/data/albums/map_marker/26-img_0040.png'),(52,27,1125,1500,'27-img_0040','/data/albums/popup/27-img_0040.webp'),(52,30,545,355,'30-img_0040','/data/albums/blog_grid/30-img_0040.webp'),(52,32,1920,300,'32-img_0040','/data/albums/index_banner/32-img_0040.webp'),(52,33,550,160,'33-img_0040','/data/albums/index_banner_mobile/33-img_0040.webp'),(52,34,580,650,'34-img_0040','/data/albums/header_photo_mobile/34-img_0040.webp'),(53,0,320,200,'0-img_4047','/data/albums/static_photo0-img_4047.jpg'),(53,1,1920,680,'1-img_4047','/data/albums/index_slider/1-img_4047.webp'),(53,2,430,545,'2-img_4047','/data/albums/index_slider_mobile/2-img_4047.webp'),(53,3,545,355,'3-img_4047','/data/albums/index_services/3-img_4047.webp'),(53,4,392,255,'4-img_4047','/data/albums/index_services_mobile/4-img_4047.webp'),(53,5,713,476,'5-img_4047','/data/albums/index_photo_text_horizontal/5-img_4047.webp'),(53,6,392,261,'6-img_4047','/data/albums/index_photo_text_horizontal_mobile/6-img_4047.webp'),(53,7,615,615,'7-img_4047','/data/albums/index_photo_text_square/7-img_4047.webp'),(53,8,392,380,'8-img_4047','/data/albums/index_photo_text_square_mobile/8-img_4047.webp'),(53,9,410,615,'9-img_4047','/data/albums/index_photo_text_vertical/9-img_4047.webp'),(53,10,392,588,'10-img_4047','/data/albums/index_photo_text_vertical_mobile/10-img_4047.webp'),(53,11,320,200,'0-img_4047','/data/albums/static_photo0-img_4047.jpg'),(53,12,320,200,'0-img_4047','/data/albums/static_photo0-img_4047.jpg'),(53,13,320,200,'0-img_4047','/data/albums/static_photo0-img_4047.jpg'),(53,14,320,200,'0-img_4047','/data/albums/static_photo0-img_4047.jpg'),(53,15,320,200,'0-img_4047','/data/albums/static_photo0-img_4047.jpg'),(53,16,320,200,'0-img_4047','/data/albums/static_photo0-img_4047.jpg'),(53,17,459,612,'17-img_4047','/data/albums/designer_text_photo_links/17-img_4047.webp'),(53,18,250,300,'18-img_4047','/data/albums/designer_text_photo_links_mobile/18-img_4047.webp'),(53,19,250,300,'18-img_4047','/data/albums/designer_text_photo_links_mobile/18-img_4047.webp'),(53,20,250,300,'18-img_4047','/data/albums/designer_text_photo_links_mobile/18-img_4047.webp'),(53,21,493,510,'21-img_4047','/data/albums/designer_linked_news/21-img_4047.webp'),(53,22,493,510,'21-img_4047','/data/albums/designer_linked_news/21-img_4047.webp'),(53,23,493,510,'21-img_4047','/data/albums/designer_linked_news/21-img_4047.webp'),(53,24,1920,680,'24-img_4047','/data/albums/header_photo/24-img_4047.webp'),(53,25,936,960,'25-img_4047','/data/albums/preview/25-img_4047.webp'),(53,26,40,40,'26-img_4047','/data/albums/map_marker/26-img_4047.png'),(53,27,936,960,'27-img_4047','/data/albums/popup/27-img_4047.webp'),(53,30,545,355,'30-img_4047','/data/albums/blog_grid/30-img_4047.webp'),(53,32,1920,300,'32-img_4047','/data/albums/index_banner/32-img_4047.webp'),(53,33,550,160,'33-img_4047','/data/albums/index_banner_mobile/33-img_4047.webp'),(53,34,580,650,'34-img_4047','/data/albums/header_photo_mobile/34-img_4047.webp'),(54,0,320,200,'0-img_4048','/data/albums/static_photo0-img_4048.jpg'),(54,1,1920,680,'1-img_4048','/data/albums/index_slider/1-img_4048.webp'),(54,2,430,545,'2-img_4048','/data/albums/index_slider_mobile/2-img_4048.webp'),(54,3,545,355,'3-img_4048','/data/albums/index_services/3-img_4048.webp'),(54,4,392,255,'4-img_4048','/data/albums/index_services_mobile/4-img_4048.webp'),(54,5,713,476,'5-img_4048','/data/albums/index_photo_text_horizontal/5-img_4048.webp'),(54,6,392,261,'6-img_4048','/data/albums/index_photo_text_horizontal_mobile/6-img_4048.webp'),(54,7,615,615,'7-img_4048','/data/albums/index_photo_text_square/7-img_4048.webp'),(54,8,392,380,'8-img_4048','/data/albums/index_photo_text_square_mobile/8-img_4048.webp'),(54,9,410,615,'9-img_4048','/data/albums/index_photo_text_vertical/9-img_4048.webp'),(54,10,392,588,'10-img_4048','/data/albums/index_photo_text_vertical_mobile/10-img_4048.webp'),(54,11,320,200,'0-img_4048','/data/albums/static_photo0-img_4048.jpg'),(54,12,320,200,'0-img_4048','/data/albums/static_photo0-img_4048.jpg'),(54,13,320,200,'0-img_4048','/data/albums/static_photo0-img_4048.jpg'),(54,14,320,200,'0-img_4048','/data/albums/static_photo0-img_4048.jpg'),(54,15,320,200,'0-img_4048','/data/albums/static_photo0-img_4048.jpg'),(54,16,320,200,'0-img_4048','/data/albums/static_photo0-img_4048.jpg'),(54,17,459,612,'17-img_4048','/data/albums/designer_text_photo_links/17-img_4048.webp'),(54,18,250,300,'18-img_4048','/data/albums/designer_text_photo_links_mobile/18-img_4048.webp'),(54,19,250,300,'18-img_4048','/data/albums/designer_text_photo_links_mobile/18-img_4048.webp'),(54,20,250,300,'18-img_4048','/data/albums/designer_text_photo_links_mobile/18-img_4048.webp'),(54,21,493,510,'21-img_4048','/data/albums/designer_linked_news/21-img_4048.webp'),(54,22,493,510,'21-img_4048','/data/albums/designer_linked_news/21-img_4048.webp'),(54,23,493,510,'21-img_4048','/data/albums/designer_linked_news/21-img_4048.webp'),(54,24,1920,680,'24-img_4048','/data/albums/header_photo/24-img_4048.webp'),(54,25,768,960,'25-img_4048','/data/albums/preview/25-img_4048.webp'),(54,26,40,40,'26-img_4048','/data/albums/map_marker/26-img_4048.png'),(54,27,768,960,'27-img_4048','/data/albums/popup/27-img_4048.webp'),(54,30,545,355,'30-img_4048','/data/albums/blog_grid/30-img_4048.webp'),(54,32,1920,300,'32-img_4048','/data/albums/index_banner/32-img_4048.webp'),(54,33,550,160,'33-img_4048','/data/albums/index_banner_mobile/33-img_4048.webp'),(54,34,580,650,'34-img_4048','/data/albums/header_photo_mobile/34-img_4048.webp'),(55,0,320,200,'0-img_4049','/data/albums/static_photo0-img_4049.jpg'),(55,1,1920,680,'1-img_4049','/data/albums/index_slider/1-img_4049.webp'),(55,2,430,545,'2-img_4049','/data/albums/index_slider_mobile/2-img_4049.webp'),(55,3,545,355,'3-img_4049','/data/albums/index_services/3-img_4049.webp'),(55,4,392,255,'4-img_4049','/data/albums/index_services_mobile/4-img_4049.webp'),(55,5,713,476,'5-img_4049','/data/albums/index_photo_text_horizontal/5-img_4049.webp'),(55,6,392,261,'6-img_4049','/data/albums/index_photo_text_horizontal_mobile/6-img_4049.webp'),(55,7,615,615,'7-img_4049','/data/albums/index_photo_text_square/7-img_4049.webp'),(55,8,392,380,'8-img_4049','/data/albums/index_photo_text_square_mobile/8-img_4049.webp'),(55,9,410,615,'9-img_4049','/data/albums/index_photo_text_vertical/9-img_4049.webp'),(55,10,392,588,'10-img_4049','/data/albums/index_photo_text_vertical_mobile/10-img_4049.webp'),(55,11,320,200,'0-img_4049','/data/albums/static_photo0-img_4049.jpg'),(55,12,320,200,'0-img_4049','/data/albums/static_photo0-img_4049.jpg'),(55,13,320,200,'0-img_4049','/data/albums/static_photo0-img_4049.jpg'),(55,14,320,200,'0-img_4049','/data/albums/static_photo0-img_4049.jpg'),(55,15,320,200,'0-img_4049','/data/albums/static_photo0-img_4049.jpg'),(55,16,320,200,'0-img_4049','/data/albums/static_photo0-img_4049.jpg'),(55,17,459,612,'17-img_4049','/data/albums/designer_text_photo_links/17-img_4049.webp'),(55,18,250,300,'18-img_4049','/data/albums/designer_text_photo_links_mobile/18-img_4049.webp'),(55,19,250,300,'18-img_4049','/data/albums/designer_text_photo_links_mobile/18-img_4049.webp'),(55,20,250,300,'18-img_4049','/data/albums/designer_text_photo_links_mobile/18-img_4049.webp'),(55,21,493,510,'21-img_4049','/data/albums/designer_linked_news/21-img_4049.webp'),(55,22,493,510,'21-img_4049','/data/albums/designer_linked_news/21-img_4049.webp'),(55,23,493,510,'21-img_4049','/data/albums/designer_linked_news/21-img_4049.webp'),(55,24,1920,680,'24-img_4049','/data/albums/header_photo/24-img_4049.webp'),(55,25,960,720,'25-img_4049','/data/albums/preview/25-img_4049.webp'),(55,26,40,40,'26-img_4049','/data/albums/map_marker/26-img_4049.png'),(55,27,960,720,'27-img_4049','/data/albums/popup/27-img_4049.webp'),(55,30,545,355,'30-img_4049','/data/albums/blog_grid/30-img_4049.webp'),(55,32,1920,300,'32-img_4049','/data/albums/index_banner/32-img_4049.webp'),(55,33,550,160,'33-img_4049','/data/albums/index_banner_mobile/33-img_4049.webp'),(55,34,580,650,'34-img_4049','/data/albums/header_photo_mobile/34-img_4049.webp'),(56,0,320,200,'0-d21f8481-e1a5-4852-b620-92bf14d0b04d','/data/albums/static_photo0-d21f8481-e1a5-4852-b620-92bf14d0b04d.jpg'),(56,1,1920,680,'1-d21f8481-e1a5-4852-b620-92bf14d0b04d','/data/albums/index_slider/1-d21f8481-e1a5-4852-b620-92bf14d0b04d.webp'),(56,2,430,545,'2-d21f8481-e1a5-4852-b620-92bf14d0b04d','/data/albums/index_slider_mobile/2-d21f8481-e1a5-4852-b620-92bf14d0b04d.webp'),(56,3,545,355,'3-d21f8481-e1a5-4852-b620-92bf14d0b04d','/data/albums/index_services/3-d21f8481-e1a5-4852-b620-92bf14d0b04d.webp'),(56,4,392,255,'4-d21f8481-e1a5-4852-b620-92bf14d0b04d','/data/albums/index_services_mobile/4-d21f8481-e1a5-4852-b620-92bf14d0b04d.webp'),(56,5,713,476,'5-d21f8481-e1a5-4852-b620-92bf14d0b04d','/data/albums/index_photo_text_horizontal/5-d21f8481-e1a5-4852-b620-92bf14d0b04d.webp'),(56,6,392,261,'6-d21f8481-e1a5-4852-b620-92bf14d0b04d','/data/albums/index_photo_text_horizontal_mobile/6-d21f8481-e1a5-4852-b620-92bf14d0b04d.webp'),(56,7,615,615,'7-d21f8481-e1a5-4852-b620-92bf14d0b04d','/data/albums/index_photo_text_square/7-d21f8481-e1a5-4852-b620-92bf14d0b04d.webp'),(56,8,392,380,'8-d21f8481-e1a5-4852-b620-92bf14d0b04d','/data/albums/index_photo_text_square_mobile/8-d21f8481-e1a5-4852-b620-92bf14d0b04d.webp'),(56,9,410,615,'9-d21f8481-e1a5-4852-b620-92bf14d0b04d','/data/albums/index_photo_text_vertical/9-d21f8481-e1a5-4852-b620-92bf14d0b04d.webp'),(56,10,392,588,'10-d21f8481-e1a5-4852-b620-92bf14d0b04d','/data/albums/index_photo_text_vertical_mobile/10-d21f8481-e1a5-4852-b620-92bf14d0b04d.webp'),(56,11,320,200,'0-d21f8481-e1a5-4852-b620-92bf14d0b04d','/data/albums/static_photo0-d21f8481-e1a5-4852-b620-92bf14d0b04d.jpg'),(56,12,320,200,'0-d21f8481-e1a5-4852-b620-92bf14d0b04d','/data/albums/static_photo0-d21f8481-e1a5-4852-b620-92bf14d0b04d.jpg'),(56,13,320,200,'0-d21f8481-e1a5-4852-b620-92bf14d0b04d','/data/albums/static_photo0-d21f8481-e1a5-4852-b620-92bf14d0b04d.jpg'),(56,14,320,200,'0-d21f8481-e1a5-4852-b620-92bf14d0b04d','/data/albums/static_photo0-d21f8481-e1a5-4852-b620-92bf14d0b04d.jpg'),(56,15,320,200,'0-d21f8481-e1a5-4852-b620-92bf14d0b04d','/data/albums/static_photo0-d21f8481-e1a5-4852-b620-92bf14d0b04d.jpg'),(56,16,320,200,'0-d21f8481-e1a5-4852-b620-92bf14d0b04d','/data/albums/static_photo0-d21f8481-e1a5-4852-b620-92bf14d0b04d.jpg'),(56,17,459,612,'17-d21f8481-e1a5-4852-b620-92bf14d0b04d','/data/albums/designer_text_photo_links/17-d21f8481-e1a5-4852-b620-92bf14d0b04d.webp'),(56,18,250,300,'18-d21f8481-e1a5-4852-b620-92bf14d0b04d','/data/albums/designer_text_photo_links_mobile/18-d21f8481-e1a5-4852-b620-92bf14d0b04d.webp'),(56,19,250,300,'18-d21f8481-e1a5-4852-b620-92bf14d0b04d','/data/albums/designer_text_photo_links_mobile/18-d21f8481-e1a5-4852-b620-92bf14d0b04d.webp'),(56,20,250,300,'18-d21f8481-e1a5-4852-b620-92bf14d0b04d','/data/albums/designer_text_photo_links_mobile/18-d21f8481-e1a5-4852-b620-92bf14d0b04d.webp'),(56,21,493,510,'21-d21f8481-e1a5-4852-b620-92bf14d0b04d','/data/albums/designer_linked_news/21-d21f8481-e1a5-4852-b620-92bf14d0b04d.webp'),(56,22,493,510,'21-d21f8481-e1a5-4852-b620-92bf14d0b04d','/data/albums/designer_linked_news/21-d21f8481-e1a5-4852-b620-92bf14d0b04d.webp'),(56,23,493,510,'21-d21f8481-e1a5-4852-b620-92bf14d0b04d','/data/albums/designer_linked_news/21-d21f8481-e1a5-4852-b620-92bf14d0b04d.webp'),(56,24,1920,680,'24-d21f8481-e1a5-4852-b620-92bf14d0b04d','/data/albums/header_photo/24-d21f8481-e1a5-4852-b620-92bf14d0b04d.webp'),(56,25,1125,1500,'25-d21f8481-e1a5-4852-b620-92bf14d0b04d','/data/albums/preview/25-d21f8481-e1a5-4852-b620-92bf14d0b04d.webp'),(56,26,40,40,'26-d21f8481-e1a5-4852-b620-92bf14d0b04d','/data/albums/map_marker/26-d21f8481-e1a5-4852-b620-92bf14d0b04d.png'),(56,27,1125,1500,'27-d21f8481-e1a5-4852-b620-92bf14d0b04d','/data/albums/popup/27-d21f8481-e1a5-4852-b620-92bf14d0b04d.webp'),(56,30,545,355,'30-d21f8481-e1a5-4852-b620-92bf14d0b04d','/data/albums/blog_grid/30-d21f8481-e1a5-4852-b620-92bf14d0b04d.webp'),(56,32,1920,300,'32-d21f8481-e1a5-4852-b620-92bf14d0b04d','/data/albums/index_banner/32-d21f8481-e1a5-4852-b620-92bf14d0b04d.webp'),(56,33,550,85,'33-d21f8481-e1a5-4852-b620-92bf14d0b04d','/data/albums/index_banner_mobile/33-d21f8481-e1a5-4852-b620-92bf14d0b04d.webp'),(56,34,580,650,'34-d21f8481-e1a5-4852-b620-92bf14d0b04d','/data/albums/header_photo_mobile/34-d21f8481-e1a5-4852-b620-92bf14d0b04d.webp'),(57,0,320,200,'0-img_5352','/data/albums/static_photo0-img_5352.jpg'),(57,1,1920,680,'1-img_5352','/data/albums/index_slider/1-img_5352.webp'),(57,2,430,545,'2-img_5352','/data/albums/index_slider_mobile/2-img_5352.webp'),(57,3,545,355,'3-img_5352','/data/albums/index_services/3-img_5352.webp'),(57,4,392,255,'4-img_5352','/data/albums/index_services_mobile/4-img_5352.webp'),(57,5,713,476,'5-img_5352','/data/albums/index_photo_text_horizontal/5-img_5352.webp'),(57,6,392,261,'6-img_5352','/data/albums/index_photo_text_horizontal_mobile/6-img_5352.webp'),(57,7,615,615,'7-img_5352','/data/albums/index_photo_text_square/7-img_5352.webp'),(57,8,392,380,'8-img_5352','/data/albums/index_photo_text_square_mobile/8-img_5352.webp'),(57,9,410,615,'9-img_5352','/data/albums/index_photo_text_vertical/9-img_5352.webp'),(57,10,392,588,'10-img_5352','/data/albums/index_photo_text_vertical_mobile/10-img_5352.webp'),(57,11,320,200,'0-img_5352','/data/albums/static_photo0-img_5352.jpg'),(57,12,320,200,'0-img_5352','/data/albums/static_photo0-img_5352.jpg'),(57,13,320,200,'0-img_5352','/data/albums/static_photo0-img_5352.jpg'),(57,14,320,200,'0-img_5352','/data/albums/static_photo0-img_5352.jpg'),(57,15,320,200,'0-img_5352','/data/albums/static_photo0-img_5352.jpg'),(57,16,320,200,'0-img_5352','/data/albums/static_photo0-img_5352.jpg'),(57,17,459,612,'17-img_5352','/data/albums/designer_text_photo_links/17-img_5352.webp'),(57,18,250,300,'18-img_5352','/data/albums/designer_text_photo_links_mobile/18-img_5352.webp'),(57,19,250,300,'18-img_5352','/data/albums/designer_text_photo_links_mobile/18-img_5352.webp'),(57,20,250,300,'18-img_5352','/data/albums/designer_text_photo_links_mobile/18-img_5352.webp'),(57,21,493,510,'21-img_5352','/data/albums/designer_linked_news/21-img_5352.webp'),(57,22,493,510,'21-img_5352','/data/albums/designer_linked_news/21-img_5352.webp'),(57,23,493,510,'21-img_5352','/data/albums/designer_linked_news/21-img_5352.webp'),(57,24,1920,680,'24-img_5352','/data/albums/header_photo/24-img_5352.webp'),(57,25,1170,1439,'25-img_5352','/data/albums/preview/25-img_5352.webp'),(57,26,40,40,'26-img_5352','/data/albums/map_marker/26-img_5352.png'),(57,27,1170,1439,'27-img_5352','/data/albums/popup/27-img_5352.webp'),(57,30,545,355,'30-img_5352','/data/albums/blog_grid/30-img_5352.webp'),(57,32,1920,300,'32-img_5352','/data/albums/index_banner/32-img_5352.webp'),(57,33,550,85,'33-img_5352','/data/albums/index_banner_mobile/33-img_5352.webp'),(57,34,580,650,'34-img_5352','/data/albums/header_photo_mobile/34-img_5352.webp'),(58,0,320,200,'0-img_5354','/data/albums/static_photo0-img_5354.jpg'),(58,1,1920,680,'1-img_5354','/data/albums/index_slider/1-img_5354.webp'),(58,2,430,545,'2-img_5354','/data/albums/index_slider_mobile/2-img_5354.webp'),(58,3,545,355,'3-img_5354','/data/albums/index_services/3-img_5354.webp'),(58,4,392,255,'4-img_5354','/data/albums/index_services_mobile/4-img_5354.webp'),(58,5,713,476,'5-img_5354','/data/albums/index_photo_text_horizontal/5-img_5354.webp'),(58,6,392,261,'6-img_5354','/data/albums/index_photo_text_horizontal_mobile/6-img_5354.webp'),(58,7,615,615,'7-img_5354','/data/albums/index_photo_text_square/7-img_5354.webp'),(58,8,392,380,'8-img_5354','/data/albums/index_photo_text_square_mobile/8-img_5354.webp'),(58,9,410,615,'9-img_5354','/data/albums/index_photo_text_vertical/9-img_5354.webp'),(58,10,392,588,'10-img_5354','/data/albums/index_photo_text_vertical_mobile/10-img_5354.webp'),(58,11,320,200,'0-img_5354','/data/albums/static_photo0-img_5354.jpg'),(58,12,320,200,'0-img_5354','/data/albums/static_photo0-img_5354.jpg'),(58,13,320,200,'0-img_5354','/data/albums/static_photo0-img_5354.jpg'),(58,14,320,200,'0-img_5354','/data/albums/static_photo0-img_5354.jpg'),(58,15,320,200,'0-img_5354','/data/albums/static_photo0-img_5354.jpg'),(58,16,320,200,'0-img_5354','/data/albums/static_photo0-img_5354.jpg'),(58,17,459,612,'17-img_5354','/data/albums/designer_text_photo_links/17-img_5354.webp'),(58,18,250,300,'18-img_5354','/data/albums/designer_text_photo_links_mobile/18-img_5354.webp'),(58,19,250,300,'18-img_5354','/data/albums/designer_text_photo_links_mobile/18-img_5354.webp'),(58,20,250,300,'18-img_5354','/data/albums/designer_text_photo_links_mobile/18-img_5354.webp'),(58,21,493,510,'21-img_5354','/data/albums/designer_linked_news/21-img_5354.webp'),(58,22,493,510,'21-img_5354','/data/albums/designer_linked_news/21-img_5354.webp'),(58,23,493,510,'21-img_5354','/data/albums/designer_linked_news/21-img_5354.webp'),(58,24,1920,680,'24-img_5354','/data/albums/header_photo/24-img_5354.webp'),(58,25,1170,1159,'25-img_5354','/data/albums/preview/25-img_5354.webp'),(58,26,40,40,'26-img_5354','/data/albums/map_marker/26-img_5354.png'),(58,27,1170,1159,'27-img_5354','/data/albums/popup/27-img_5354.webp'),(58,30,545,355,'30-img_5354','/data/albums/blog_grid/30-img_5354.webp'),(58,32,1920,300,'32-img_5354','/data/albums/index_banner/32-img_5354.webp'),(58,33,550,85,'33-img_5354','/data/albums/index_banner_mobile/33-img_5354.webp'),(58,34,580,650,'34-img_5354','/data/albums/header_photo_mobile/34-img_5354.webp'),(59,0,320,200,'0-img_5369','/data/albums/static_photo0-img_5369.jpg'),(59,1,1920,680,'1-img_5369','/data/albums/index_slider/1-img_5369.webp'),(59,2,430,545,'2-img_5369','/data/albums/index_slider_mobile/2-img_5369.webp'),(59,3,545,355,'3-img_5369','/data/albums/index_services/3-img_5369.webp'),(59,4,392,255,'4-img_5369','/data/albums/index_services_mobile/4-img_5369.webp'),(59,5,713,476,'5-img_5369','/data/albums/index_photo_text_horizontal/5-img_5369.webp'),(59,6,392,261,'6-img_5369','/data/albums/index_photo_text_horizontal_mobile/6-img_5369.webp'),(59,7,615,615,'7-img_5369','/data/albums/index_photo_text_square/7-img_5369.webp'),(59,8,392,380,'8-img_5369','/data/albums/index_photo_text_square_mobile/8-img_5369.webp'),(59,9,410,615,'9-img_5369','/data/albums/index_photo_text_vertical/9-img_5369.webp'),(59,10,392,588,'10-img_5369','/data/albums/index_photo_text_vertical_mobile/10-img_5369.webp'),(59,11,320,200,'0-img_5369','/data/albums/static_photo0-img_5369.jpg'),(59,12,320,200,'0-img_5369','/data/albums/static_photo0-img_5369.jpg'),(59,13,320,200,'0-img_5369','/data/albums/static_photo0-img_5369.jpg'),(59,14,320,200,'0-img_5369','/data/albums/static_photo0-img_5369.jpg'),(59,15,320,200,'0-img_5369','/data/albums/static_photo0-img_5369.jpg'),(59,16,320,200,'0-img_5369','/data/albums/static_photo0-img_5369.jpg'),(59,17,459,612,'17-img_5369','/data/albums/designer_text_photo_links/17-img_5369.webp'),(59,18,250,300,'18-img_5369','/data/albums/designer_text_photo_links_mobile/18-img_5369.webp'),(59,19,250,300,'18-img_5369','/data/albums/designer_text_photo_links_mobile/18-img_5369.webp'),(59,20,250,300,'18-img_5369','/data/albums/designer_text_photo_links_mobile/18-img_5369.webp'),(59,21,493,510,'21-img_5369','/data/albums/designer_linked_news/21-img_5369.webp'),(59,22,493,510,'21-img_5369','/data/albums/designer_linked_news/21-img_5369.webp'),(59,23,493,510,'21-img_5369','/data/albums/designer_linked_news/21-img_5369.webp'),(59,24,1920,680,'24-img_5369','/data/albums/header_photo/24-img_5369.webp'),(59,25,1170,1400,'25-img_5369','/data/albums/preview/25-img_5369.webp'),(59,26,40,40,'26-img_5369','/data/albums/map_marker/26-img_5369.png'),(59,27,1170,1400,'27-img_5369','/data/albums/popup/27-img_5369.webp'),(59,30,545,355,'30-img_5369','/data/albums/blog_grid/30-img_5369.webp'),(59,32,1920,300,'32-img_5369','/data/albums/index_banner/32-img_5369.webp'),(59,33,550,85,'33-img_5369','/data/albums/index_banner_mobile/33-img_5369.webp'),(59,34,580,650,'34-img_5369','/data/albums/header_photo_mobile/34-img_5369.webp'),(60,0,320,200,'0-img_5370','/data/albums/static_photo0-img_5370.jpg'),(60,1,1920,680,'1-img_5370','/data/albums/index_slider/1-img_5370.webp'),(60,2,430,545,'2-img_5370','/data/albums/index_slider_mobile/2-img_5370.webp'),(60,3,545,355,'3-img_5370','/data/albums/index_services/3-img_5370.webp'),(60,4,392,255,'4-img_5370','/data/albums/index_services_mobile/4-img_5370.webp'),(60,5,713,476,'5-img_5370','/data/albums/index_photo_text_horizontal/5-img_5370.webp'),(60,6,392,261,'6-img_5370','/data/albums/index_photo_text_horizontal_mobile/6-img_5370.webp'),(60,7,615,615,'7-img_5370','/data/albums/index_photo_text_square/7-img_5370.webp'),(60,8,392,380,'8-img_5370','/data/albums/index_photo_text_square_mobile/8-img_5370.webp'),(60,9,410,615,'9-img_5370','/data/albums/index_photo_text_vertical/9-img_5370.webp'),(60,10,392,588,'10-img_5370','/data/albums/index_photo_text_vertical_mobile/10-img_5370.webp'),(60,11,320,200,'0-img_5370','/data/albums/static_photo0-img_5370.jpg'),(60,12,320,200,'0-img_5370','/data/albums/static_photo0-img_5370.jpg'),(60,13,320,200,'0-img_5370','/data/albums/static_photo0-img_5370.jpg'),(60,14,320,200,'0-img_5370','/data/albums/static_photo0-img_5370.jpg'),(60,15,320,200,'0-img_5370','/data/albums/static_photo0-img_5370.jpg'),(60,16,320,200,'0-img_5370','/data/albums/static_photo0-img_5370.jpg'),(60,17,459,612,'17-img_5370','/data/albums/designer_text_photo_links/17-img_5370.webp'),(60,18,250,300,'18-img_5370','/data/albums/designer_text_photo_links_mobile/18-img_5370.webp'),(60,19,250,300,'18-img_5370','/data/albums/designer_text_photo_links_mobile/18-img_5370.webp'),(60,20,250,300,'18-img_5370','/data/albums/designer_text_photo_links_mobile/18-img_5370.webp'),(60,21,493,510,'21-img_5370','/data/albums/designer_linked_news/21-img_5370.webp'),(60,22,493,510,'21-img_5370','/data/albums/designer_linked_news/21-img_5370.webp'),(60,23,493,510,'21-img_5370','/data/albums/designer_linked_news/21-img_5370.webp'),(60,24,1920,680,'24-img_5370','/data/albums/header_photo/24-img_5370.webp'),(60,25,1170,1425,'25-img_5370','/data/albums/preview/25-img_5370.webp'),(60,26,40,40,'26-img_5370','/data/albums/map_marker/26-img_5370.png'),(60,27,1170,1425,'27-img_5370','/data/albums/popup/27-img_5370.webp'),(60,30,545,355,'30-img_5370','/data/albums/blog_grid/30-img_5370.webp'),(60,32,1920,300,'32-img_5370','/data/albums/index_banner/32-img_5370.webp'),(60,33,550,85,'33-img_5370','/data/albums/index_banner_mobile/33-img_5370.webp'),(60,34,580,650,'34-img_5370','/data/albums/header_photo_mobile/34-img_5370.webp'),(61,0,320,200,'0-img_5372','/data/albums/static_photo0-img_5372.jpg'),(61,1,1920,680,'1-img_5372','/data/albums/index_slider/1-img_5372.webp'),(61,2,430,545,'2-img_5372','/data/albums/index_slider_mobile/2-img_5372.webp'),(61,3,545,355,'3-img_5372','/data/albums/index_services/3-img_5372.webp'),(61,4,392,255,'4-img_5372','/data/albums/index_services_mobile/4-img_5372.webp'),(61,5,713,476,'5-img_5372','/data/albums/index_photo_text_horizontal/5-img_5372.webp'),(61,6,392,261,'6-img_5372','/data/albums/index_photo_text_horizontal_mobile/6-img_5372.webp'),(61,7,615,615,'7-img_5372','/data/albums/index_photo_text_square/7-img_5372.webp'),(61,8,392,380,'8-img_5372','/data/albums/index_photo_text_square_mobile/8-img_5372.webp'),(61,9,410,615,'9-img_5372','/data/albums/index_photo_text_vertical/9-img_5372.webp'),(61,10,392,588,'10-img_5372','/data/albums/index_photo_text_vertical_mobile/10-img_5372.webp'),(61,11,1620,600,'11-img_5372','/data/albums/designer_photo/11-img_5372.webp'),(61,12,320,200,'0-img_5372','/data/albums/static_photo0-img_5372.jpg'),(61,13,320,200,'0-img_5372','/data/albums/static_photo0-img_5372.jpg'),(61,14,320,200,'0-img_5372','/data/albums/static_photo0-img_5372.jpg'),(61,15,320,200,'0-img_5372','/data/albums/static_photo0-img_5372.jpg'),(61,16,320,200,'0-img_5372','/data/albums/static_photo0-img_5372.jpg'),(61,17,459,612,'17-img_5372','/data/albums/designer_text_photo_links/17-img_5372.webp'),(61,18,250,300,'18-img_5372','/data/albums/designer_text_photo_links_mobile/18-img_5372.webp'),(61,19,250,300,'18-img_5372','/data/albums/designer_text_photo_links_mobile/18-img_5372.webp'),(61,20,250,300,'18-img_5372','/data/albums/designer_text_photo_links_mobile/18-img_5372.webp'),(61,21,493,510,'21-img_5372','/data/albums/designer_linked_news/21-img_5372.webp'),(61,22,493,510,'21-img_5372','/data/albums/designer_linked_news/21-img_5372.webp'),(61,23,493,510,'21-img_5372','/data/albums/designer_linked_news/21-img_5372.webp'),(61,24,1920,680,'24-img_5372','/data/albums/header_photo/24-img_5372.webp'),(61,25,1170,1395,'25-img_5372','/data/albums/preview/25-img_5372.webp'),(61,26,40,40,'26-img_5372','/data/albums/map_marker/26-img_5372.png'),(61,27,1170,1395,'27-img_5372','/data/albums/popup/27-img_5372.webp'),(61,30,545,355,'30-img_5372','/data/albums/blog_grid/30-img_5372.webp'),(61,32,1920,300,'32-img_5372','/data/albums/index_banner/32-img_5372.webp'),(61,33,550,85,'33-img_5372','/data/albums/index_banner_mobile/33-img_5372.webp'),(61,34,580,650,'34-img_5372','/data/albums/header_photo_mobile/34-img_5372.webp'),(62,0,320,200,'0-img_0086','/data/albums/static_photo0-img_0086.jpg'),(62,1,1920,680,'1-img_0086','/data/albums/index_slider/1-img_0086.webp'),(62,2,430,545,'2-img_0086','/data/albums/index_slider_mobile/2-img_0086.webp'),(62,3,545,355,'3-img_0086','/data/albums/index_services/3-img_0086.webp'),(62,4,392,255,'4-img_0086','/data/albums/index_services_mobile/4-img_0086.webp'),(62,5,713,476,'5-img_0086','/data/albums/index_photo_text_horizontal/5-img_0086.webp'),(62,6,392,261,'6-img_0086','/data/albums/index_photo_text_horizontal_mobile/6-img_0086.webp'),(62,7,615,615,'7-img_0086','/data/albums/index_photo_text_square/7-img_0086.webp'),(62,8,392,380,'8-img_0086','/data/albums/index_photo_text_square_mobile/8-img_0086.webp'),(62,9,410,615,'9-img_0086','/data/albums/index_photo_text_vertical/9-img_0086.webp'),(62,10,392,588,'10-img_0086','/data/albums/index_photo_text_vertical_mobile/10-img_0086.webp'),(62,11,1620,600,'11-img_0086','/data/albums/designer_photo/11-img_0086.webp'),(62,12,320,200,'0-img_0086','/data/albums/static_photo0-img_0086.jpg'),(62,13,320,200,'0-img_0086','/data/albums/static_photo0-img_0086.jpg'),(62,14,320,200,'0-img_0086','/data/albums/static_photo0-img_0086.jpg'),(62,15,320,200,'0-img_0086','/data/albums/static_photo0-img_0086.jpg'),(62,16,320,200,'0-img_0086','/data/albums/static_photo0-img_0086.jpg'),(62,17,459,612,'17-img_0086','/data/albums/designer_text_photo_links/17-img_0086.webp'),(62,18,250,300,'18-img_0086','/data/albums/designer_text_photo_links_mobile/18-img_0086.webp'),(62,19,250,300,'18-img_0086','/data/albums/designer_text_photo_links_mobile/18-img_0086.webp'),(62,20,250,300,'18-img_0086','/data/albums/designer_text_photo_links_mobile/18-img_0086.webp'),(62,21,493,510,'21-img_0086','/data/albums/designer_linked_news/21-img_0086.webp'),(62,22,493,510,'21-img_0086','/data/albums/designer_linked_news/21-img_0086.webp'),(62,23,493,510,'21-img_0086','/data/albums/designer_linked_news/21-img_0086.webp'),(62,24,1920,680,'24-img_0086','/data/albums/header_photo/24-img_0086.webp'),(62,25,1125,1500,'25-img_0086','/data/albums/preview/25-img_0086.webp'),(62,26,40,40,'26-img_0086','/data/albums/map_marker/26-img_0086.png'),(62,27,1125,1500,'27-img_0086','/data/albums/popup/27-img_0086.webp'),(62,30,545,355,'30-img_0086','/data/albums/blog_grid/30-img_0086.webp'),(62,32,1920,300,'32-img_0086','/data/albums/index_banner/32-img_0086.webp'),(62,33,550,85,'33-img_0086','/data/albums/index_banner_mobile/33-img_0086.webp'),(62,34,580,650,'34-img_0086','/data/albums/header_photo_mobile/34-img_0086.webp'),(63,0,320,200,'0-img_5356','/data/albums/static_photo0-img_5356.jpg'),(63,1,1920,680,'1-img_5356','/data/albums/index_slider/1-img_5356.webp'),(63,2,430,545,'2-img_5356','/data/albums/index_slider_mobile/2-img_5356.webp'),(63,3,545,355,'3-img_5356','/data/albums/index_services/3-img_5356.webp'),(63,4,392,255,'4-img_5356','/data/albums/index_services_mobile/4-img_5356.webp'),(63,5,713,476,'5-img_5356','/data/albums/index_photo_text_horizontal/5-img_5356.webp'),(63,6,392,261,'6-img_5356','/data/albums/index_photo_text_horizontal_mobile/6-img_5356.webp'),(63,7,615,615,'7-img_5356','/data/albums/index_photo_text_square/7-img_5356.webp'),(63,8,392,380,'8-img_5356','/data/albums/index_photo_text_square_mobile/8-img_5356.webp'),(63,9,410,615,'9-img_5356','/data/albums/index_photo_text_vertical/9-img_5356.webp'),(63,10,392,588,'10-img_5356','/data/albums/index_photo_text_vertical_mobile/10-img_5356.webp'),(63,11,1620,600,'11-img_5356','/data/albums/designer_photo/11-img_5356.webp'),(63,12,320,200,'0-img_5356','/data/albums/static_photo0-img_5356.jpg'),(63,13,320,200,'0-img_5356','/data/albums/static_photo0-img_5356.jpg'),(63,14,320,200,'0-img_5356','/data/albums/static_photo0-img_5356.jpg'),(63,15,320,200,'0-img_5356','/data/albums/static_photo0-img_5356.jpg'),(63,16,320,200,'0-img_5356','/data/albums/static_photo0-img_5356.jpg'),(63,17,459,612,'17-img_5356','/data/albums/designer_text_photo_links/17-img_5356.webp'),(63,18,250,300,'18-img_5356','/data/albums/designer_text_photo_links_mobile/18-img_5356.webp'),(63,19,250,300,'18-img_5356','/data/albums/designer_text_photo_links_mobile/18-img_5356.webp'),(63,20,250,300,'18-img_5356','/data/albums/designer_text_photo_links_mobile/18-img_5356.webp'),(63,21,493,510,'21-img_5356','/data/albums/designer_linked_news/21-img_5356.webp'),(63,22,493,510,'21-img_5356','/data/albums/designer_linked_news/21-img_5356.webp'),(63,23,493,510,'21-img_5356','/data/albums/designer_linked_news/21-img_5356.webp'),(63,24,1920,680,'24-img_5356','/data/albums/header_photo/24-img_5356.webp'),(63,25,1170,1270,'25-img_5356','/data/albums/preview/25-img_5356.webp'),(63,26,40,40,'26-img_5356','/data/albums/map_marker/26-img_5356.jpg'),(63,27,1170,1270,'27-img_5356','/data/albums/popup/27-img_5356.webp'),(63,30,545,355,'30-img_5356','/data/albums/blog_grid/30-img_5356.webp'),(63,32,1920,300,'32-img_5356','/data/albums/index_banner/32-img_5356.webp'),(63,33,550,85,'33-img_5356','/data/albums/index_banner_mobile/33-img_5356.webp'),(63,34,580,650,'34-img_5356','/data/albums/header_photo_mobile/34-img_5356.webp'),(64,0,320,200,'0-img_5358','/data/albums/static_photo0-img_5358.jpg'),(64,1,1920,680,'1-img_5358','/data/albums/index_slider/1-img_5358.webp'),(64,2,430,545,'2-img_5358','/data/albums/index_slider_mobile/2-img_5358.webp'),(64,3,545,355,'3-img_5358','/data/albums/index_services/3-img_5358.webp'),(64,4,392,255,'4-img_5358','/data/albums/index_services_mobile/4-img_5358.webp'),(64,5,713,476,'5-img_5358','/data/albums/index_photo_text_horizontal/5-img_5358.webp'),(64,6,392,261,'6-img_5358','/data/albums/index_photo_text_horizontal_mobile/6-img_5358.webp'),(64,7,615,615,'7-img_5358','/data/albums/index_photo_text_square/7-img_5358.webp'),(64,8,392,380,'8-img_5358','/data/albums/index_photo_text_square_mobile/8-img_5358.webp'),(64,9,410,615,'9-img_5358','/data/albums/index_photo_text_vertical/9-img_5358.webp'),(64,10,392,588,'10-img_5358','/data/albums/index_photo_text_vertical_mobile/10-img_5358.webp'),(64,11,1620,600,'11-img_5358','/data/albums/designer_photo/11-img_5358.webp'),(64,12,320,200,'0-img_5358','/data/albums/static_photo0-img_5358.jpg'),(64,13,320,200,'0-img_5358','/data/albums/static_photo0-img_5358.jpg'),(64,14,320,200,'0-img_5358','/data/albums/static_photo0-img_5358.jpg'),(64,15,320,200,'0-img_5358','/data/albums/static_photo0-img_5358.jpg'),(64,16,320,200,'0-img_5358','/data/albums/static_photo0-img_5358.jpg'),(64,17,459,612,'17-img_5358','/data/albums/designer_text_photo_links/17-img_5358.webp'),(64,18,250,300,'18-img_5358','/data/albums/designer_text_photo_links_mobile/18-img_5358.webp'),(64,19,250,300,'18-img_5358','/data/albums/designer_text_photo_links_mobile/18-img_5358.webp'),(64,20,250,300,'18-img_5358','/data/albums/designer_text_photo_links_mobile/18-img_5358.webp'),(64,21,493,510,'21-img_5358','/data/albums/designer_linked_news/21-img_5358.webp'),(64,22,493,510,'21-img_5358','/data/albums/designer_linked_news/21-img_5358.webp'),(64,23,493,510,'21-img_5358','/data/albums/designer_linked_news/21-img_5358.webp'),(64,24,1920,680,'24-img_5358','/data/albums/header_photo/24-img_5358.webp'),(64,25,1170,1223,'25-img_5358','/data/albums/preview/25-img_5358.webp'),(64,26,40,40,'26-img_5358','/data/albums/map_marker/26-img_5358.jpg'),(64,27,1170,1223,'27-img_5358','/data/albums/popup/27-img_5358.webp'),(64,30,545,355,'30-img_5358','/data/albums/blog_grid/30-img_5358.webp'),(64,32,1920,300,'32-img_5358','/data/albums/index_banner/32-img_5358.webp'),(64,33,550,85,'33-img_5358','/data/albums/index_banner_mobile/33-img_5358.webp'),(64,34,580,650,'34-img_5358','/data/albums/header_photo_mobile/34-img_5358.webp'),(65,0,320,200,'0-896853f8-7f8d-44ab-8937-89da325639a7','/data/albums/static_photo0-896853f8-7f8d-44ab-8937-89da325639a7.jpg'),(65,1,1920,680,'1-896853f8-7f8d-44ab-8937-89da325639a7','/data/albums/index_slider/1-896853f8-7f8d-44ab-8937-89da325639a7.webp'),(65,2,430,545,'2-896853f8-7f8d-44ab-8937-89da325639a7','/data/albums/index_slider_mobile/2-896853f8-7f8d-44ab-8937-89da325639a7.webp'),(65,3,545,355,'3-896853f8-7f8d-44ab-8937-89da325639a7','/data/albums/index_services/3-896853f8-7f8d-44ab-8937-89da325639a7.webp'),(65,4,392,255,'4-896853f8-7f8d-44ab-8937-89da325639a7','/data/albums/index_services_mobile/4-896853f8-7f8d-44ab-8937-89da325639a7.webp'),(65,5,713,476,'5-896853f8-7f8d-44ab-8937-89da325639a7','/data/albums/index_photo_text_horizontal/5-896853f8-7f8d-44ab-8937-89da325639a7.webp'),(65,6,392,261,'6-896853f8-7f8d-44ab-8937-89da325639a7','/data/albums/index_photo_text_horizontal_mobile/6-896853f8-7f8d-44ab-8937-89da325639a7.webp'),(65,7,615,615,'7-896853f8-7f8d-44ab-8937-89da325639a7','/data/albums/index_photo_text_square/7-896853f8-7f8d-44ab-8937-89da325639a7.webp'),(65,8,392,380,'8-896853f8-7f8d-44ab-8937-89da325639a7','/data/albums/index_photo_text_square_mobile/8-896853f8-7f8d-44ab-8937-89da325639a7.webp'),(65,9,410,615,'9-896853f8-7f8d-44ab-8937-89da325639a7','/data/albums/index_photo_text_vertical/9-896853f8-7f8d-44ab-8937-89da325639a7.webp'),(65,10,392,588,'10-896853f8-7f8d-44ab-8937-89da325639a7','/data/albums/index_photo_text_vertical_mobile/10-896853f8-7f8d-44ab-8937-89da325639a7.webp'),(65,11,1620,600,'11-896853f8-7f8d-44ab-8937-89da325639a7','/data/albums/designer_photo/11-896853f8-7f8d-44ab-8937-89da325639a7.webp'),(65,12,320,200,'0-896853f8-7f8d-44ab-8937-89da325639a7','/data/albums/static_photo0-896853f8-7f8d-44ab-8937-89da325639a7.jpg'),(65,13,320,200,'0-896853f8-7f8d-44ab-8937-89da325639a7','/data/albums/static_photo0-896853f8-7f8d-44ab-8937-89da325639a7.jpg'),(65,14,320,200,'0-896853f8-7f8d-44ab-8937-89da325639a7','/data/albums/static_photo0-896853f8-7f8d-44ab-8937-89da325639a7.jpg'),(65,15,320,200,'0-896853f8-7f8d-44ab-8937-89da325639a7','/data/albums/static_photo0-896853f8-7f8d-44ab-8937-89da325639a7.jpg'),(65,16,320,200,'0-896853f8-7f8d-44ab-8937-89da325639a7','/data/albums/static_photo0-896853f8-7f8d-44ab-8937-89da325639a7.jpg'),(65,17,459,612,'17-896853f8-7f8d-44ab-8937-89da325639a7','/data/albums/designer_text_photo_links/17-896853f8-7f8d-44ab-8937-89da325639a7.webp'),(65,18,250,300,'18-896853f8-7f8d-44ab-8937-89da325639a7','/data/albums/designer_text_photo_links_mobile/18-896853f8-7f8d-44ab-8937-89da325639a7.webp'),(65,19,250,300,'18-896853f8-7f8d-44ab-8937-89da325639a7','/data/albums/designer_text_photo_links_mobile/18-896853f8-7f8d-44ab-8937-89da325639a7.webp'),(65,20,250,300,'18-896853f8-7f8d-44ab-8937-89da325639a7','/data/albums/designer_text_photo_links_mobile/18-896853f8-7f8d-44ab-8937-89da325639a7.webp'),(65,21,493,510,'21-896853f8-7f8d-44ab-8937-89da325639a7','/data/albums/designer_linked_news/21-896853f8-7f8d-44ab-8937-89da325639a7.webp'),(65,22,493,510,'21-896853f8-7f8d-44ab-8937-89da325639a7','/data/albums/designer_linked_news/21-896853f8-7f8d-44ab-8937-89da325639a7.webp'),(65,23,493,510,'21-896853f8-7f8d-44ab-8937-89da325639a7','/data/albums/designer_linked_news/21-896853f8-7f8d-44ab-8937-89da325639a7.webp'),(65,24,1920,680,'24-896853f8-7f8d-44ab-8937-89da325639a7','/data/albums/header_photo/24-896853f8-7f8d-44ab-8937-89da325639a7.webp'),(65,25,1200,1500,'25-896853f8-7f8d-44ab-8937-89da325639a7','/data/albums/preview/25-896853f8-7f8d-44ab-8937-89da325639a7.webp'),(65,26,40,40,'26-896853f8-7f8d-44ab-8937-89da325639a7','/data/albums/map_marker/26-896853f8-7f8d-44ab-8937-89da325639a7.jpg'),(65,27,1200,1500,'27-896853f8-7f8d-44ab-8937-89da325639a7','/data/albums/popup/27-896853f8-7f8d-44ab-8937-89da325639a7.webp'),(65,30,545,355,'30-896853f8-7f8d-44ab-8937-89da325639a7','/data/albums/blog_grid/30-896853f8-7f8d-44ab-8937-89da325639a7.webp'),(66,0,320,200,'0-ba6ee826-c539-4697-bdc4-b4263028025e','/data/albums/static_photo0-ba6ee826-c539-4697-bdc4-b4263028025e.jpg'),(66,1,1920,680,'1-ba6ee826-c539-4697-bdc4-b4263028025e','/data/albums/index_slider/1-ba6ee826-c539-4697-bdc4-b4263028025e.webp'),(66,2,430,545,'2-ba6ee826-c539-4697-bdc4-b4263028025e','/data/albums/index_slider_mobile/2-ba6ee826-c539-4697-bdc4-b4263028025e.webp'),(66,3,545,355,'3-ba6ee826-c539-4697-bdc4-b4263028025e','/data/albums/index_services/3-ba6ee826-c539-4697-bdc4-b4263028025e.webp'),(66,4,392,255,'4-ba6ee826-c539-4697-bdc4-b4263028025e','/data/albums/index_services_mobile/4-ba6ee826-c539-4697-bdc4-b4263028025e.webp'),(66,5,713,476,'5-ba6ee826-c539-4697-bdc4-b4263028025e','/data/albums/index_photo_text_horizontal/5-ba6ee826-c539-4697-bdc4-b4263028025e.webp'),(66,6,392,261,'6-ba6ee826-c539-4697-bdc4-b4263028025e','/data/albums/index_photo_text_horizontal_mobile/6-ba6ee826-c539-4697-bdc4-b4263028025e.webp'),(66,7,615,615,'7-ba6ee826-c539-4697-bdc4-b4263028025e','/data/albums/index_photo_text_square/7-ba6ee826-c539-4697-bdc4-b4263028025e.webp'),(66,8,392,380,'8-ba6ee826-c539-4697-bdc4-b4263028025e','/data/albums/index_photo_text_square_mobile/8-ba6ee826-c539-4697-bdc4-b4263028025e.webp'),(66,9,410,615,'9-ba6ee826-c539-4697-bdc4-b4263028025e','/data/albums/index_photo_text_vertical/9-ba6ee826-c539-4697-bdc4-b4263028025e.webp'),(66,10,392,588,'10-ba6ee826-c539-4697-bdc4-b4263028025e','/data/albums/index_photo_text_vertical_mobile/10-ba6ee826-c539-4697-bdc4-b4263028025e.webp'),(66,11,1620,600,'11-ba6ee826-c539-4697-bdc4-b4263028025e','/data/albums/designer_photo/11-ba6ee826-c539-4697-bdc4-b4263028025e.webp'),(66,12,320,200,'0-ba6ee826-c539-4697-bdc4-b4263028025e','/data/albums/static_photo0-ba6ee826-c539-4697-bdc4-b4263028025e.jpg'),(66,13,320,200,'0-ba6ee826-c539-4697-bdc4-b4263028025e','/data/albums/static_photo0-ba6ee826-c539-4697-bdc4-b4263028025e.jpg'),(66,14,320,200,'0-ba6ee826-c539-4697-bdc4-b4263028025e','/data/albums/static_photo0-ba6ee826-c539-4697-bdc4-b4263028025e.jpg'),(66,15,320,200,'0-ba6ee826-c539-4697-bdc4-b4263028025e','/data/albums/static_photo0-ba6ee826-c539-4697-bdc4-b4263028025e.jpg'),(66,16,320,200,'0-ba6ee826-c539-4697-bdc4-b4263028025e','/data/albums/static_photo0-ba6ee826-c539-4697-bdc4-b4263028025e.jpg'),(66,17,459,612,'17-ba6ee826-c539-4697-bdc4-b4263028025e','/data/albums/designer_text_photo_links/17-ba6ee826-c539-4697-bdc4-b4263028025e.webp'),(66,18,250,300,'18-ba6ee826-c539-4697-bdc4-b4263028025e','/data/albums/designer_text_photo_links_mobile/18-ba6ee826-c539-4697-bdc4-b4263028025e.webp'),(66,19,250,300,'18-ba6ee826-c539-4697-bdc4-b4263028025e','/data/albums/designer_text_photo_links_mobile/18-ba6ee826-c539-4697-bdc4-b4263028025e.webp'),(66,20,250,300,'18-ba6ee826-c539-4697-bdc4-b4263028025e','/data/albums/designer_text_photo_links_mobile/18-ba6ee826-c539-4697-bdc4-b4263028025e.webp'),(66,21,493,510,'21-ba6ee826-c539-4697-bdc4-b4263028025e','/data/albums/designer_linked_news/21-ba6ee826-c539-4697-bdc4-b4263028025e.webp'),(66,22,493,510,'21-ba6ee826-c539-4697-bdc4-b4263028025e','/data/albums/designer_linked_news/21-ba6ee826-c539-4697-bdc4-b4263028025e.webp'),(66,23,493,510,'21-ba6ee826-c539-4697-bdc4-b4263028025e','/data/albums/designer_linked_news/21-ba6ee826-c539-4697-bdc4-b4263028025e.webp'),(66,24,1920,680,'24-ba6ee826-c539-4697-bdc4-b4263028025e','/data/albums/header_photo/24-ba6ee826-c539-4697-bdc4-b4263028025e.webp'),(66,25,1200,1500,'25-ba6ee826-c539-4697-bdc4-b4263028025e','/data/albums/preview/25-ba6ee826-c539-4697-bdc4-b4263028025e.webp'),(66,26,40,40,'26-ba6ee826-c539-4697-bdc4-b4263028025e','/data/albums/map_marker/26-ba6ee826-c539-4697-bdc4-b4263028025e.jpg'),(66,27,1200,1500,'27-ba6ee826-c539-4697-bdc4-b4263028025e','/data/albums/popup/27-ba6ee826-c539-4697-bdc4-b4263028025e.webp'),(66,30,545,355,'30-ba6ee826-c539-4697-bdc4-b4263028025e','/data/albums/blog_grid/30-ba6ee826-c539-4697-bdc4-b4263028025e.webp'),(67,0,320,200,'0-d972fed8-4d7f-449f-a89f-8de28167736a','/data/albums/static_photo0-d972fed8-4d7f-449f-a89f-8de28167736a.jpg'),(67,3,545,355,'3-d972fed8-4d7f-449f-a89f-8de28167736a','/data/albums/index_services/3-d972fed8-4d7f-449f-a89f-8de28167736a.webp'),(67,4,392,255,'4-d972fed8-4d7f-449f-a89f-8de28167736a','/data/albums/index_services_mobile/4-d972fed8-4d7f-449f-a89f-8de28167736a.webp'),(67,11,1620,600,'11-d972fed8-4d7f-449f-a89f-8de28167736a','/data/albums/designer_photo/11-d972fed8-4d7f-449f-a89f-8de28167736a.webp'),(67,12,320,200,'0-d972fed8-4d7f-449f-a89f-8de28167736a','/data/albums/static_photo0-d972fed8-4d7f-449f-a89f-8de28167736a.jpg'),(67,13,320,200,'0-d972fed8-4d7f-449f-a89f-8de28167736a','/data/albums/static_photo0-d972fed8-4d7f-449f-a89f-8de28167736a.jpg'),(67,14,320,200,'0-d972fed8-4d7f-449f-a89f-8de28167736a','/data/albums/static_photo0-d972fed8-4d7f-449f-a89f-8de28167736a.jpg'),(67,15,320,200,'0-d972fed8-4d7f-449f-a89f-8de28167736a','/data/albums/static_photo0-d972fed8-4d7f-449f-a89f-8de28167736a.jpg'),(67,16,320,200,'0-d972fed8-4d7f-449f-a89f-8de28167736a','/data/albums/static_photo0-d972fed8-4d7f-449f-a89f-8de28167736a.jpg'),(67,17,459,612,'17-d972fed8-4d7f-449f-a89f-8de28167736a','/data/albums/designer_text_photo_links/17-d972fed8-4d7f-449f-a89f-8de28167736a.webp'),(67,18,250,300,'18-d972fed8-4d7f-449f-a89f-8de28167736a','/data/albums/designer_text_photo_links_mobile/18-d972fed8-4d7f-449f-a89f-8de28167736a.webp'),(67,19,250,300,'18-d972fed8-4d7f-449f-a89f-8de28167736a','/data/albums/designer_text_photo_links_mobile/18-d972fed8-4d7f-449f-a89f-8de28167736a.webp'),(67,20,250,300,'18-d972fed8-4d7f-449f-a89f-8de28167736a','/data/albums/designer_text_photo_links_mobile/18-d972fed8-4d7f-449f-a89f-8de28167736a.webp'),(67,21,493,510,'21-d972fed8-4d7f-449f-a89f-8de28167736a','/data/albums/designer_linked_news/21-d972fed8-4d7f-449f-a89f-8de28167736a.webp'),(67,22,493,510,'21-d972fed8-4d7f-449f-a89f-8de28167736a','/data/albums/designer_linked_news/21-d972fed8-4d7f-449f-a89f-8de28167736a.webp'),(67,23,493,510,'21-d972fed8-4d7f-449f-a89f-8de28167736a','/data/albums/designer_linked_news/21-d972fed8-4d7f-449f-a89f-8de28167736a.webp'),(67,25,1200,1500,'25-d972fed8-4d7f-449f-a89f-8de28167736a','/data/albums/preview/25-d972fed8-4d7f-449f-a89f-8de28167736a.webp'),(67,27,1200,1500,'27-d972fed8-4d7f-449f-a89f-8de28167736a','/data/albums/popup/27-d972fed8-4d7f-449f-a89f-8de28167736a.webp'),(68,0,320,200,'0-_at_6152','/data/albums/static_photo0-_at_6152.jpg'),(68,1,1920,680,'1-_at_6152','/data/albums/index_slider/1-_at_6152.webp'),(68,2,430,545,'2-_at_6152','/data/albums/index_slider_mobile/2-_at_6152.webp'),(68,3,545,355,'3-_at_6152','/data/albums/index_services/3-_at_6152.webp'),(68,4,392,255,'4-_at_6152','/data/albums/index_services_mobile/4-_at_6152.webp'),(68,5,713,476,'5-_at_6152','/data/albums/index_photo_text_horizontal/5-_at_6152.webp'),(68,6,392,261,'6-_at_6152','/data/albums/index_photo_text_horizontal_mobile/6-_at_6152.webp'),(68,7,615,615,'7-_at_6152','/data/albums/index_photo_text_square/7-_at_6152.webp'),(68,8,392,380,'8-_at_6152','/data/albums/index_photo_text_square_mobile/8-_at_6152.webp'),(68,9,410,615,'9-_at_6152','/data/albums/index_photo_text_vertical/9-_at_6152.webp'),(68,10,392,588,'10-_at_6152','/data/albums/index_photo_text_vertical_mobile/10-_at_6152.webp'),(68,11,1620,600,'11-_at_6152','/data/albums/designer_photo/11-_at_6152.webp'),(68,12,320,200,'0-_at_6152','/data/albums/static_photo0-_at_6152.jpg'),(68,13,320,200,'0-_at_6152','/data/albums/static_photo0-_at_6152.jpg'),(68,14,320,200,'0-_at_6152','/data/albums/static_photo0-_at_6152.jpg'),(68,15,320,200,'0-_at_6152','/data/albums/static_photo0-_at_6152.jpg'),(68,16,320,200,'0-_at_6152','/data/albums/static_photo0-_at_6152.jpg'),(68,17,459,612,'17-_at_6152','/data/albums/designer_text_photo_links/17-_at_6152.webp'),(68,18,250,300,'18-_at_6152','/data/albums/designer_text_photo_links_mobile/18-_at_6152.webp'),(68,19,250,300,'18-_at_6152','/data/albums/designer_text_photo_links_mobile/18-_at_6152.webp'),(68,20,250,300,'18-_at_6152','/data/albums/designer_text_photo_links_mobile/18-_at_6152.webp'),(68,21,493,510,'21-_at_6152','/data/albums/designer_linked_news/21-_at_6152.webp'),(68,22,493,510,'21-_at_6152','/data/albums/designer_linked_news/21-_at_6152.webp'),(68,23,493,510,'21-_at_6152','/data/albums/designer_linked_news/21-_at_6152.webp'),(68,24,1920,680,'24-_at_6152','/data/albums/header_photo/24-_at_6152.webp'),(68,25,1000,1500,'25-_at_6152','/data/albums/preview/25-_at_6152.webp'),(68,26,40,40,'26-_at_6152','/data/albums/map_marker/26-_at_6152.png'),(68,27,1000,1500,'27-_at_6152','/data/albums/popup/27-_at_6152.webp'),(68,30,545,355,'30-_at_6152','/data/albums/blog_grid/30-_at_6152.webp'),(68,32,1920,300,'32-_at_6152','/data/albums/index_banner/32-_at_6152.webp'),(68,33,550,160,'33-_at_6152','/data/albums/index_banner_mobile/33-_at_6152.webp'),(68,34,580,650,'34-_at_6152','/data/albums/header_photo_mobile/34-_at_6152.webp'),(69,0,320,200,'0-_at_6212','/data/albums/static_photo0-_at_6212.jpg'),(69,1,1920,680,'1-_at_6212','/data/albums/index_slider/1-_at_6212.webp'),(69,2,430,545,'2-_at_6212','/data/albums/index_slider_mobile/2-_at_6212.webp'),(69,3,545,355,'3-_at_6212','/data/albums/index_services/3-_at_6212.webp'),(69,4,392,255,'4-_at_6212','/data/albums/index_services_mobile/4-_at_6212.webp'),(69,5,713,476,'5-_at_6212','/data/albums/index_photo_text_horizontal/5-_at_6212.webp'),(69,6,392,261,'6-_at_6212','/data/albums/index_photo_text_horizontal_mobile/6-_at_6212.webp'),(69,7,615,615,'7-_at_6212','/data/albums/index_photo_text_square/7-_at_6212.webp'),(69,8,392,380,'8-_at_6212','/data/albums/index_photo_text_square_mobile/8-_at_6212.webp'),(69,9,410,615,'9-_at_6212','/data/albums/index_photo_text_vertical/9-_at_6212.webp'),(69,10,392,588,'10-_at_6212','/data/albums/index_photo_text_vertical_mobile/10-_at_6212.webp'),(69,11,1620,600,'11-_at_6212','/data/albums/designer_photo/11-_at_6212.webp'),(69,12,320,200,'0-_at_6212','/data/albums/static_photo0-_at_6212.jpg'),(69,13,320,200,'0-_at_6212','/data/albums/static_photo0-_at_6212.jpg'),(69,14,320,200,'0-_at_6212','/data/albums/static_photo0-_at_6212.jpg'),(69,15,320,200,'0-_at_6212','/data/albums/static_photo0-_at_6212.jpg'),(69,16,320,200,'0-_at_6212','/data/albums/static_photo0-_at_6212.jpg'),(69,17,459,612,'17-_at_6212','/data/albums/designer_text_photo_links/17-_at_6212.webp'),(69,18,250,300,'18-_at_6212','/data/albums/designer_text_photo_links_mobile/18-_at_6212.webp'),(69,19,250,300,'18-_at_6212','/data/albums/designer_text_photo_links_mobile/18-_at_6212.webp'),(69,20,250,300,'18-_at_6212','/data/albums/designer_text_photo_links_mobile/18-_at_6212.webp'),(69,21,493,510,'21-_at_6212','/data/albums/designer_linked_news/21-_at_6212.webp'),(69,22,493,510,'21-_at_6212','/data/albums/designer_linked_news/21-_at_6212.webp'),(69,23,493,510,'21-_at_6212','/data/albums/designer_linked_news/21-_at_6212.webp'),(69,24,1920,680,'24-_at_6212','/data/albums/header_photo/24-_at_6212.webp'),(69,25,1500,1000,'25-_at_6212','/data/albums/preview/25-_at_6212.webp'),(69,26,40,40,'26-_at_6212','/data/albums/map_marker/26-_at_6212.jpg'),(69,27,1500,1000,'27-_at_6212','/data/albums/popup/27-_at_6212.webp'),(69,30,545,355,'30-_at_6212','/data/albums/blog_grid/30-_at_6212.webp'),(69,32,1920,300,'32-_at_6212','/data/albums/index_banner/32-_at_6212.webp'),(69,33,550,160,'33-_at_6212','/data/albums/index_banner_mobile/33-_at_6212.webp'),(69,34,580,650,'34-_at_6212','/data/albums/header_photo_mobile/34-_at_6212.webp'),(70,0,320,200,'0-_at_6354','/data/albums/static_photo0-_at_6354.jpg'),(70,1,1920,680,'1-_at_6354','/data/albums/index_slider/1-_at_6354.webp'),(70,2,430,545,'2-_at_6354','/data/albums/index_slider_mobile/2-_at_6354.webp'),(70,3,545,355,'3-_at_6354','/data/albums/index_services/3-_at_6354.webp'),(70,4,392,255,'4-_at_6354','/data/albums/index_services_mobile/4-_at_6354.webp'),(70,5,713,476,'5-_at_6354','/data/albums/index_photo_text_horizontal/5-_at_6354.webp'),(70,6,392,261,'6-_at_6354','/data/albums/index_photo_text_horizontal_mobile/6-_at_6354.webp'),(70,7,615,615,'7-_at_6354','/data/albums/index_photo_text_square/7-_at_6354.webp'),(70,8,392,380,'8-_at_6354','/data/albums/index_photo_text_square_mobile/8-_at_6354.webp'),(70,9,410,615,'9-_at_6354','/data/albums/index_photo_text_vertical/9-_at_6354.webp'),(70,10,392,588,'10-_at_6354','/data/albums/index_photo_text_vertical_mobile/10-_at_6354.webp'),(70,11,1620,600,'11-_at_6354','/data/albums/designer_photo/11-_at_6354.webp'),(70,12,320,200,'0-_at_6354','/data/albums/static_photo0-_at_6354.jpg'),(70,13,320,200,'0-_at_6354','/data/albums/static_photo0-_at_6354.jpg'),(70,14,320,200,'0-_at_6354','/data/albums/static_photo0-_at_6354.jpg'),(70,15,320,200,'0-_at_6354','/data/albums/static_photo0-_at_6354.jpg'),(70,16,320,200,'0-_at_6354','/data/albums/static_photo0-_at_6354.jpg'),(70,17,459,612,'17-_at_6354','/data/albums/designer_text_photo_links/17-_at_6354.webp'),(70,18,250,300,'18-_at_6354','/data/albums/designer_text_photo_links_mobile/18-_at_6354.webp'),(70,19,250,300,'18-_at_6354','/data/albums/designer_text_photo_links_mobile/18-_at_6354.webp'),(70,20,250,300,'18-_at_6354','/data/albums/designer_text_photo_links_mobile/18-_at_6354.webp'),(70,21,493,510,'21-_at_6354','/data/albums/designer_linked_news/21-_at_6354.webp'),(70,22,493,510,'21-_at_6354','/data/albums/designer_linked_news/21-_at_6354.webp'),(70,23,493,510,'21-_at_6354','/data/albums/designer_linked_news/21-_at_6354.webp'),(70,24,1920,680,'24-_at_6354','/data/albums/header_photo/24-_at_6354.webp'),(70,25,1000,1500,'25-_at_6354','/data/albums/preview/25-_at_6354.webp'),(70,26,40,40,'26-_at_6354','/data/albums/map_marker/26-_at_6354.png'),(70,27,1000,1500,'27-_at_6354','/data/albums/popup/27-_at_6354.webp'),(70,30,545,355,'30-_at_6354','/data/albums/blog_grid/30-_at_6354.webp'),(70,32,1920,300,'32-_at_6354','/data/albums/index_banner/32-_at_6354.webp'),(70,33,550,160,'33-_at_6354','/data/albums/index_banner_mobile/33-_at_6354.webp'),(70,34,580,650,'34-_at_6354','/data/albums/header_photo_mobile/34-_at_6354.webp'),(71,0,320,200,'0-_at_6523','/data/albums/static_photo0-_at_6523.jpg'),(71,1,1920,680,'1-_at_6523','/data/albums/index_slider/1-_at_6523.webp'),(71,2,430,545,'2-_at_6523','/data/albums/index_slider_mobile/2-_at_6523.webp'),(71,3,545,355,'3-_at_6523','/data/albums/index_services/3-_at_6523.webp'),(71,4,392,255,'4-_at_6523','/data/albums/index_services_mobile/4-_at_6523.webp'),(71,5,713,476,'5-_at_6523','/data/albums/index_photo_text_horizontal/5-_at_6523.webp'),(71,6,392,261,'6-_at_6523','/data/albums/index_photo_text_horizontal_mobile/6-_at_6523.webp'),(71,7,615,615,'7-_at_6523','/data/albums/index_photo_text_square/7-_at_6523.webp'),(71,8,392,380,'8-_at_6523','/data/albums/index_photo_text_square_mobile/8-_at_6523.webp'),(71,9,410,615,'9-_at_6523','/data/albums/index_photo_text_vertical/9-_at_6523.webp'),(71,10,392,588,'10-_at_6523','/data/albums/index_photo_text_vertical_mobile/10-_at_6523.webp'),(71,11,1620,600,'11-_at_6523','/data/albums/designer_photo/11-_at_6523.webp'),(71,12,320,200,'0-_at_6523','/data/albums/static_photo0-_at_6523.jpg'),(71,13,320,200,'0-_at_6523','/data/albums/static_photo0-_at_6523.jpg'),(71,14,320,200,'0-_at_6523','/data/albums/static_photo0-_at_6523.jpg'),(71,15,320,200,'0-_at_6523','/data/albums/static_photo0-_at_6523.jpg'),(71,16,320,200,'0-_at_6523','/data/albums/static_photo0-_at_6523.jpg'),(71,17,459,612,'17-_at_6523','/data/albums/designer_text_photo_links/17-_at_6523.webp'),(71,18,250,300,'18-_at_6523','/data/albums/designer_text_photo_links_mobile/18-_at_6523.webp'),(71,19,250,300,'18-_at_6523','/data/albums/designer_text_photo_links_mobile/18-_at_6523.webp'),(71,20,250,300,'18-_at_6523','/data/albums/designer_text_photo_links_mobile/18-_at_6523.webp'),(71,21,493,510,'21-_at_6523','/data/albums/designer_linked_news/21-_at_6523.webp'),(71,22,493,510,'21-_at_6523','/data/albums/designer_linked_news/21-_at_6523.webp'),(71,23,493,510,'21-_at_6523','/data/albums/designer_linked_news/21-_at_6523.webp'),(71,24,1920,680,'24-_at_6523','/data/albums/header_photo/24-_at_6523.webp'),(71,25,1500,1000,'25-_at_6523','/data/albums/preview/25-_at_6523.webp'),(71,26,40,40,'26-_at_6523','/data/albums/map_marker/26-_at_6523.png'),(71,27,1500,1000,'27-_at_6523','/data/albums/popup/27-_at_6523.webp'),(71,30,545,355,'30-_at_6523','/data/albums/blog_grid/30-_at_6523.webp'),(71,32,1920,300,'32-_at_6523','/data/albums/index_banner/32-_at_6523.webp'),(71,33,550,160,'33-_at_6523','/data/albums/index_banner_mobile/33-_at_6523.webp'),(71,34,580,650,'34-_at_6523','/data/albums/header_photo_mobile/34-_at_6523.webp'),(72,0,320,200,'0-004535_oljcnik-lisjak-in-oldtimerji_foto-jaka-ivancic_27092018-2','/data/albums/static_photo/0-004535_oljcnik-lisjak-in-oldtimerji_foto-jaka-ivancic_27092018-2.jpg'),(72,1,1920,680,'1-004535_oljcnik-lisjak-in-oldtimerji_foto-jaka-ivancic_27092018-2','/data/albums/index_slider/1-004535_oljcnik-lisjak-in-oldtimerji_foto-jaka-ivancic_27092018-2.webp'),(72,2,430,545,'2-004535_oljcnik-lisjak-in-oldtimerji_foto-jaka-ivancic_27092018-2','/data/albums/index_slider_mobile/2-004535_oljcnik-lisjak-in-oldtimerji_foto-jaka-ivancic_27092018-2.webp'),(72,3,545,355,'3-004535_oljcnik-lisjak-in-oldtimerji_foto-jaka-ivancic_27092018-2','/data/albums/index_services/3-004535_oljcnik-lisjak-in-oldtimerji_foto-jaka-ivancic_27092018-2.webp'),(72,4,392,255,'4-004535_oljcnik-lisjak-in-oldtimerji_foto-jaka-ivancic_27092018-2','/data/albums/index_services_mobile/4-004535_oljcnik-lisjak-in-oldtimerji_foto-jaka-ivancic_27092018-2.webp'),(72,5,713,476,'5-004535_oljcnik-lisjak-in-oldtimerji_foto-jaka-ivancic_27092018-2','/data/albums/index_photo_text_horizontal/5-004535_oljcnik-lisjak-in-oldtimerji_foto-jaka-ivancic_27092018-2.webp'),(72,6,392,261,'6-004535_oljcnik-lisjak-in-oldtimerji_foto-jaka-ivancic_27092018-2','/data/albums/index_photo_text_horizontal_mobile/6-004535_oljcnik-lisjak-in-oldtimerji_foto-jaka-ivancic_27092018-2.webp'),(72,7,615,615,'7-004535_oljcnik-lisjak-in-oldtimerji_foto-jaka-ivancic_27092018-2','/data/albums/index_photo_text_square/7-004535_oljcnik-lisjak-in-oldtimerji_foto-jaka-ivancic_27092018-2.webp'),(72,8,392,380,'8-004535_oljcnik-lisjak-in-oldtimerji_foto-jaka-ivancic_27092018-2','/data/albums/index_photo_text_square_mobile/8-004535_oljcnik-lisjak-in-oldtimerji_foto-jaka-ivancic_27092018-2.webp'),(72,9,410,615,'9-004535_oljcnik-lisjak-in-oldtimerji_foto-jaka-ivancic_27092018-2','/data/albums/index_photo_text_vertical/9-004535_oljcnik-lisjak-in-oldtimerji_foto-jaka-ivancic_27092018-2.webp'),(72,10,392,588,'10-004535_oljcnik-lisjak-in-oldtimerji_foto-jaka-ivancic_27092018-2','/data/albums/index_photo_text_vertical_mobile/10-004535_oljcnik-lisjak-in-oldtimerji_foto-jaka-ivancic_27092018-2.webp'),(72,11,1620,600,'11-004535_oljcnik-lisjak-in-oldtimerji_foto-jaka-ivancic_27092018-2','/data/albums/designer_photo/11-004535_oljcnik-lisjak-in-oldtimerji_foto-jaka-ivancic_27092018-2.webp'),(72,21,493,510,'21-004535_oljcnik-lisjak-in-oldtimerji_foto-jaka-ivancic_27092018-2','/data/albums/designer_linked_news/21-004535_oljcnik-lisjak-in-oldtimerji_foto-jaka-ivancic_27092018-2.webp'),(72,24,1920,680,'24-004535_oljcnik-lisjak-in-oldtimerji_foto-jaka-ivancic_27092018-2','/data/albums/header_photo/24-004535_oljcnik-lisjak-in-oldtimerji_foto-jaka-ivancic_27092018-2.webp'),(72,26,40,40,'26-004535_oljcnik-lisjak-in-oldtimerji_foto-jaka-ivancic_27092018-2','/data/albums/map_marker/26-004535_oljcnik-lisjak-in-oldtimerji_foto-jaka-ivancic_27092018-2.jpg'),(72,27,2500,1667,'27-004535_oljcnik-lisjak-in-oldtimerji_foto-jaka-ivancic_27092018-2','/data/albums/popup/27-004535_oljcnik-lisjak-in-oldtimerji_foto-jaka-ivancic_27092018-2.webp'),(72,30,545,355,'30-004535_oljcnik-lisjak-in-oldtimerji_foto-jaka-ivancic_27092018-2','/data/albums/blog_grid/30-004535_oljcnik-lisjak-in-oldtimerji_foto-jaka-ivancic_27092018-2.webp'),(72,32,1920,855,'32-004535_oljcnik-lisjak-in-oldtimerji_foto-jaka-ivancic_27092018-2','/data/albums/index_banner/32-004535_oljcnik-lisjak-in-oldtimerji_foto-jaka-ivancic_27092018-2.webp'),(72,33,550,85,'33-004535_oljcnik-lisjak-in-oldtimerji_foto-jaka-ivancic_27092018-2','/data/albums/index_banner_mobile/33-004535_oljcnik-lisjak-in-oldtimerji_foto-jaka-ivancic_27092018-2.webp'),(72,34,580,650,'34-004535_oljcnik-lisjak-in-oldtimerji_foto-jaka-ivancic_27092018-2','/data/albums/header_photo_mobile/34-004535_oljcnik-lisjak-in-oldtimerji_foto-jaka-ivancic_27092018-2.webp'),(73,0,320,200,'0-index-no-waste','/data/albums/static_photo/0-index-no-waste.jpg'),(73,1,1920,680,'1-index-no-waste','/data/albums/index_slider/1-index-no-waste.webp'),(73,2,430,545,'2-index-no-waste','/data/albums/index_slider_mobile/2-index-no-waste.webp'),(73,3,545,355,'3-index-no-waste','/data/albums/index_services/3-index-no-waste.webp'),(73,4,392,255,'4-index-no-waste','/data/albums/index_services_mobile/4-index-no-waste.webp'),(73,5,713,476,'5-index-no-waste','/data/albums/index_photo_text_horizontal/5-index-no-waste.webp'),(73,6,392,261,'6-index-no-waste','/data/albums/index_photo_text_horizontal_mobile/6-index-no-waste.webp'),(73,7,615,615,'7-index-no-waste','/data/albums/index_photo_text_square/7-index-no-waste.webp'),(73,8,392,380,'8-index-no-waste','/data/albums/index_photo_text_square_mobile/8-index-no-waste.webp'),(73,9,410,615,'9-index-no-waste','/data/albums/index_photo_text_vertical/9-index-no-waste.webp'),(73,10,392,588,'10-index-no-waste','/data/albums/index_photo_text_vertical_mobile/10-index-no-waste.webp'),(73,11,1620,600,'11-index-no-waste','/data/albums/designer_photo/11-index-no-waste.webp'),(73,21,493,510,'21-index-no-waste','/data/albums/designer_linked_news/21-index-no-waste.webp'),(73,24,1920,680,'24-index-no-waste','/data/albums/header_photo/24-index-no-waste.webp'),(73,26,40,40,'26-index-no-waste','/data/albums/map_marker/26-index-no-waste.jpg'),(73,27,820,1230,'27-index-no-waste','/data/albums/popup/27-index-no-waste.webp'),(73,30,545,355,'30-index-no-waste','/data/albums/blog_grid/30-index-no-waste.webp'),(74,0,320,200,'0-buticne-zgodbe-lisjak-mitja-kobal_10','/data/albums/static_photo0-buticne-zgodbe-lisjak-mitja-kobal_10.jpg'),(74,3,545,355,'3-buticne-zgodbe-lisjak-mitja-kobal_10','/data/albums/index_services/3-buticne-zgodbe-lisjak-mitja-kobal_10.webp'),(74,4,392,255,'4-buticne-zgodbe-lisjak-mitja-kobal_10','/data/albums/index_services_mobile/4-buticne-zgodbe-lisjak-mitja-kobal_10.webp'),(74,11,1620,600,'11-buticne-zgodbe-lisjak-mitja-kobal_10','/data/albums/designer_photo/11-buticne-zgodbe-lisjak-mitja-kobal_10.webp'),(74,12,320,200,'0-buticne-zgodbe-lisjak-mitja-kobal_10','/data/albums/static_photo0-buticne-zgodbe-lisjak-mitja-kobal_10.jpg'),(74,13,320,200,'0-buticne-zgodbe-lisjak-mitja-kobal_10','/data/albums/static_photo0-buticne-zgodbe-lisjak-mitja-kobal_10.jpg'),(74,14,320,200,'0-buticne-zgodbe-lisjak-mitja-kobal_10','/data/albums/static_photo0-buticne-zgodbe-lisjak-mitja-kobal_10.jpg'),(74,15,320,200,'0-buticne-zgodbe-lisjak-mitja-kobal_10','/data/albums/static_photo0-buticne-zgodbe-lisjak-mitja-kobal_10.jpg'),(74,16,320,200,'0-buticne-zgodbe-lisjak-mitja-kobal_10','/data/albums/static_photo0-buticne-zgodbe-lisjak-mitja-kobal_10.jpg'),(74,17,459,612,'17-buticne-zgodbe-lisjak-mitja-kobal_10','/data/albums/designer_text_photo_links/17-buticne-zgodbe-lisjak-mitja-kobal_10.webp'),(74,18,250,300,'18-buticne-zgodbe-lisjak-mitja-kobal_10','/data/albums/designer_text_photo_links_mobile/18-buticne-zgodbe-lisjak-mitja-kobal_10.webp'),(74,19,250,300,'18-buticne-zgodbe-lisjak-mitja-kobal_10','/data/albums/designer_text_photo_links_mobile/18-buticne-zgodbe-lisjak-mitja-kobal_10.webp'),(74,20,250,300,'18-buticne-zgodbe-lisjak-mitja-kobal_10','/data/albums/designer_text_photo_links_mobile/18-buticne-zgodbe-lisjak-mitja-kobal_10.webp'),(74,21,493,510,'21-buticne-zgodbe-lisjak-mitja-kobal_10','/data/albums/designer_linked_news/21-buticne-zgodbe-lisjak-mitja-kobal_10.webp'),(74,22,493,510,'21-buticne-zgodbe-lisjak-mitja-kobal_10','/data/albums/designer_linked_news/21-buticne-zgodbe-lisjak-mitja-kobal_10.webp'),(74,23,493,510,'21-buticne-zgodbe-lisjak-mitja-kobal_10','/data/albums/designer_linked_news/21-buticne-zgodbe-lisjak-mitja-kobal_10.webp'),(74,25,1500,1125,'25-buticne-zgodbe-lisjak-mitja-kobal_10','/data/albums/preview/25-buticne-zgodbe-lisjak-mitja-kobal_10.webp'),(74,27,1500,1125,'27-buticne-zgodbe-lisjak-mitja-kobal_10','/data/albums/popup/27-buticne-zgodbe-lisjak-mitja-kobal_10.webp'),(75,0,320,200,'0-buticne-zgodbe-lisjak-mitja-kobal_11','/data/albums/static_photo0-buticne-zgodbe-lisjak-mitja-kobal_11.jpg'),(75,1,1920,680,'1-buticne-zgodbe-lisjak-mitja-kobal_11','/data/albums/index_slider/1-buticne-zgodbe-lisjak-mitja-kobal_11.webp'),(75,2,430,545,'2-buticne-zgodbe-lisjak-mitja-kobal_11','/data/albums/index_slider_mobile/2-buticne-zgodbe-lisjak-mitja-kobal_11.webp'),(75,3,545,355,'3-buticne-zgodbe-lisjak-mitja-kobal_11','/data/albums/index_services/3-buticne-zgodbe-lisjak-mitja-kobal_11.webp'),(75,4,392,255,'4-buticne-zgodbe-lisjak-mitja-kobal_11','/data/albums/index_services_mobile/4-buticne-zgodbe-lisjak-mitja-kobal_11.webp'),(75,5,713,476,'5-buticne-zgodbe-lisjak-mitja-kobal_11','/data/albums/index_photo_text_horizontal/5-buticne-zgodbe-lisjak-mitja-kobal_11.webp'),(75,6,392,261,'6-buticne-zgodbe-lisjak-mitja-kobal_11','/data/albums/index_photo_text_horizontal_mobile/6-buticne-zgodbe-lisjak-mitja-kobal_11.webp'),(75,7,615,615,'7-buticne-zgodbe-lisjak-mitja-kobal_11','/data/albums/index_photo_text_square/7-buticne-zgodbe-lisjak-mitja-kobal_11.webp'),(75,8,392,380,'8-buticne-zgodbe-lisjak-mitja-kobal_11','/data/albums/index_photo_text_square_mobile/8-buticne-zgodbe-lisjak-mitja-kobal_11.webp'),(75,9,410,615,'9-buticne-zgodbe-lisjak-mitja-kobal_11','/data/albums/index_photo_text_vertical/9-buticne-zgodbe-lisjak-mitja-kobal_11.webp'),(75,10,392,588,'10-buticne-zgodbe-lisjak-mitja-kobal_11','/data/albums/index_photo_text_vertical_mobile/10-buticne-zgodbe-lisjak-mitja-kobal_11.webp'),(75,11,1620,600,'11-buticne-zgodbe-lisjak-mitja-kobal_11','/data/albums/designer_photo/11-buticne-zgodbe-lisjak-mitja-kobal_11.webp'),(75,12,320,200,'0-buticne-zgodbe-lisjak-mitja-kobal_11','/data/albums/static_photo0-buticne-zgodbe-lisjak-mitja-kobal_11.jpg'),(75,13,320,200,'0-buticne-zgodbe-lisjak-mitja-kobal_11','/data/albums/static_photo0-buticne-zgodbe-lisjak-mitja-kobal_11.jpg'),(75,14,320,200,'0-buticne-zgodbe-lisjak-mitja-kobal_11','/data/albums/static_photo0-buticne-zgodbe-lisjak-mitja-kobal_11.jpg'),(75,15,320,200,'0-buticne-zgodbe-lisjak-mitja-kobal_11','/data/albums/static_photo0-buticne-zgodbe-lisjak-mitja-kobal_11.jpg'),(75,16,320,200,'0-buticne-zgodbe-lisjak-mitja-kobal_11','/data/albums/static_photo0-buticne-zgodbe-lisjak-mitja-kobal_11.jpg'),(75,17,459,612,'17-buticne-zgodbe-lisjak-mitja-kobal_11','/data/albums/designer_text_photo_links/17-buticne-zgodbe-lisjak-mitja-kobal_11.webp'),(75,18,250,300,'18-buticne-zgodbe-lisjak-mitja-kobal_11','/data/albums/designer_text_photo_links_mobile/18-buticne-zgodbe-lisjak-mitja-kobal_11.webp'),(75,19,250,300,'18-buticne-zgodbe-lisjak-mitja-kobal_11','/data/albums/designer_text_photo_links_mobile/18-buticne-zgodbe-lisjak-mitja-kobal_11.webp'),(75,20,250,300,'18-buticne-zgodbe-lisjak-mitja-kobal_11','/data/albums/designer_text_photo_links_mobile/18-buticne-zgodbe-lisjak-mitja-kobal_11.webp'),(75,21,493,510,'21-buticne-zgodbe-lisjak-mitja-kobal_11','/data/albums/designer_linked_news/21-buticne-zgodbe-lisjak-mitja-kobal_11.webp'),(75,22,493,510,'21-buticne-zgodbe-lisjak-mitja-kobal_11','/data/albums/designer_linked_news/21-buticne-zgodbe-lisjak-mitja-kobal_11.webp'),(75,23,493,510,'21-buticne-zgodbe-lisjak-mitja-kobal_11','/data/albums/designer_linked_news/21-buticne-zgodbe-lisjak-mitja-kobal_11.webp'),(75,24,1920,680,'24-buticne-zgodbe-lisjak-mitja-kobal_11','/data/albums/header_photo/24-buticne-zgodbe-lisjak-mitja-kobal_11.webp'),(75,25,1500,1125,'25-buticne-zgodbe-lisjak-mitja-kobal_11','/data/albums/preview/25-buticne-zgodbe-lisjak-mitja-kobal_11.webp'),(75,26,40,40,'26-buticne-zgodbe-lisjak-mitja-kobal_11','/data/albums/map_marker/26-buticne-zgodbe-lisjak-mitja-kobal_11.jpg'),(75,27,1500,1125,'27-buticne-zgodbe-lisjak-mitja-kobal_11','/data/albums/popup/27-buticne-zgodbe-lisjak-mitja-kobal_11.webp'),(75,30,545,355,'30-buticne-zgodbe-lisjak-mitja-kobal_11','/data/albums/blog_grid/30-buticne-zgodbe-lisjak-mitja-kobal_11.webp'),(76,0,320,200,'0-buticne-zgodbe-lisjak-mitja-kobal_4','/data/albums/static_photo0-buticne-zgodbe-lisjak-mitja-kobal_4.jpg'),(76,3,545,355,'3-buticne-zgodbe-lisjak-mitja-kobal_4','/data/albums/index_services/3-buticne-zgodbe-lisjak-mitja-kobal_4.webp'),(76,4,392,255,'4-buticne-zgodbe-lisjak-mitja-kobal_4','/data/albums/index_services_mobile/4-buticne-zgodbe-lisjak-mitja-kobal_4.webp'),(76,11,1620,600,'11-buticne-zgodbe-lisjak-mitja-kobal_4','/data/albums/designer_photo/11-buticne-zgodbe-lisjak-mitja-kobal_4.webp'),(76,12,320,200,'0-buticne-zgodbe-lisjak-mitja-kobal_4','/data/albums/static_photo0-buticne-zgodbe-lisjak-mitja-kobal_4.jpg'),(76,13,320,200,'0-buticne-zgodbe-lisjak-mitja-kobal_4','/data/albums/static_photo0-buticne-zgodbe-lisjak-mitja-kobal_4.jpg'),(76,14,320,200,'0-buticne-zgodbe-lisjak-mitja-kobal_4','/data/albums/static_photo0-buticne-zgodbe-lisjak-mitja-kobal_4.jpg'),(76,15,320,200,'0-buticne-zgodbe-lisjak-mitja-kobal_4','/data/albums/static_photo0-buticne-zgodbe-lisjak-mitja-kobal_4.jpg'),(76,16,320,200,'0-buticne-zgodbe-lisjak-mitja-kobal_4','/data/albums/static_photo0-buticne-zgodbe-lisjak-mitja-kobal_4.jpg'),(76,17,459,612,'17-buticne-zgodbe-lisjak-mitja-kobal_4','/data/albums/designer_text_photo_links/17-buticne-zgodbe-lisjak-mitja-kobal_4.webp'),(76,18,250,300,'18-buticne-zgodbe-lisjak-mitja-kobal_4','/data/albums/designer_text_photo_links_mobile/18-buticne-zgodbe-lisjak-mitja-kobal_4.webp'),(76,19,250,300,'18-buticne-zgodbe-lisjak-mitja-kobal_4','/data/albums/designer_text_photo_links_mobile/18-buticne-zgodbe-lisjak-mitja-kobal_4.webp'),(76,20,250,300,'18-buticne-zgodbe-lisjak-mitja-kobal_4','/data/albums/designer_text_photo_links_mobile/18-buticne-zgodbe-lisjak-mitja-kobal_4.webp'),(76,21,493,510,'21-buticne-zgodbe-lisjak-mitja-kobal_4','/data/albums/designer_linked_news/21-buticne-zgodbe-lisjak-mitja-kobal_4.webp'),(76,22,493,510,'21-buticne-zgodbe-lisjak-mitja-kobal_4','/data/albums/designer_linked_news/21-buticne-zgodbe-lisjak-mitja-kobal_4.webp'),(76,23,493,510,'21-buticne-zgodbe-lisjak-mitja-kobal_4','/data/albums/designer_linked_news/21-buticne-zgodbe-lisjak-mitja-kobal_4.webp'),(76,25,1500,1125,'25-buticne-zgodbe-lisjak-mitja-kobal_4','/data/albums/preview/25-buticne-zgodbe-lisjak-mitja-kobal_4.webp'),(76,27,1500,1125,'27-buticne-zgodbe-lisjak-mitja-kobal_4','/data/albums/popup/27-buticne-zgodbe-lisjak-mitja-kobal_4.webp'),(77,0,320,200,'0-matejlisjak','/data/albums/static_photo0-matejlisjak.jpg'),(77,3,545,355,'3-matejlisjak','/data/albums/index_services/3-matejlisjak.webp'),(77,4,392,255,'4-matejlisjak','/data/albums/index_services_mobile/4-matejlisjak.webp'),(77,11,1620,600,'11-matejlisjak','/data/albums/designer_photo/11-matejlisjak.webp'),(77,12,320,200,'0-matejlisjak','/data/albums/static_photo0-matejlisjak.jpg'),(77,13,320,200,'0-matejlisjak','/data/albums/static_photo0-matejlisjak.jpg'),(77,14,320,200,'0-matejlisjak','/data/albums/static_photo0-matejlisjak.jpg'),(77,15,320,200,'0-matejlisjak','/data/albums/static_photo0-matejlisjak.jpg'),(77,16,320,200,'0-matejlisjak','/data/albums/static_photo0-matejlisjak.jpg'),(77,17,459,612,'17-matejlisjak','/data/albums/designer_text_photo_links/17-matejlisjak.webp'),(77,18,250,300,'18-matejlisjak','/data/albums/designer_text_photo_links_mobile/18-matejlisjak.webp'),(77,19,250,300,'18-matejlisjak','/data/albums/designer_text_photo_links_mobile/18-matejlisjak.webp'),(77,20,250,300,'18-matejlisjak','/data/albums/designer_text_photo_links_mobile/18-matejlisjak.webp'),(77,21,493,510,'21-matejlisjak','/data/albums/designer_linked_news/21-matejlisjak.webp'),(77,22,493,510,'21-matejlisjak','/data/albums/designer_linked_news/21-matejlisjak.webp'),(77,23,493,510,'21-matejlisjak','/data/albums/designer_linked_news/21-matejlisjak.webp'),(77,25,1080,720,'25-matejlisjak','/data/albums/preview/25-matejlisjak.webp'),(77,27,1080,720,'27-matejlisjak','/data/albums/popup/27-matejlisjak.webp'),(78,0,320,200,'0-personal_coldcutslisjak','/data/albums/static_photo0-personal_coldcutslisjak.jpg'),(78,1,1920,680,'1-personal_coldcutslisjak','/data/albums/index_slider/1-personal_coldcutslisjak.webp'),(78,2,430,545,'2-personal_coldcutslisjak','/data/albums/index_slider_mobile/2-personal_coldcutslisjak.webp'),(78,3,545,355,'3-personal_coldcutslisjak','/data/albums/index_services/3-personal_coldcutslisjak.webp'),(78,4,392,255,'4-personal_coldcutslisjak','/data/albums/index_services_mobile/4-personal_coldcutslisjak.webp'),(78,5,713,476,'5-personal_coldcutslisjak','/data/albums/index_photo_text_horizontal/5-personal_coldcutslisjak.webp'),(78,6,392,261,'6-personal_coldcutslisjak','/data/albums/index_photo_text_horizontal_mobile/6-personal_coldcutslisjak.webp'),(78,7,615,615,'7-personal_coldcutslisjak','/data/albums/index_photo_text_square/7-personal_coldcutslisjak.webp'),(78,8,392,380,'8-personal_coldcutslisjak','/data/albums/index_photo_text_square_mobile/8-personal_coldcutslisjak.webp'),(78,9,410,615,'9-personal_coldcutslisjak','/data/albums/index_photo_text_vertical/9-personal_coldcutslisjak.webp'),(78,10,392,588,'10-personal_coldcutslisjak','/data/albums/index_photo_text_vertical_mobile/10-personal_coldcutslisjak.webp'),(78,11,1620,600,'11-personal_coldcutslisjak','/data/albums/designer_photo/11-personal_coldcutslisjak.webp'),(78,12,320,200,'0-personal_coldcutslisjak','/data/albums/static_photo0-personal_coldcutslisjak.jpg'),(78,13,320,200,'0-personal_coldcutslisjak','/data/albums/static_photo0-personal_coldcutslisjak.jpg'),(78,14,320,200,'0-personal_coldcutslisjak','/data/albums/static_photo0-personal_coldcutslisjak.jpg'),(78,15,320,200,'0-personal_coldcutslisjak','/data/albums/static_photo0-personal_coldcutslisjak.jpg'),(78,16,320,200,'0-personal_coldcutslisjak','/data/albums/static_photo0-personal_coldcutslisjak.jpg'),(78,17,459,612,'17-personal_coldcutslisjak','/data/albums/designer_text_photo_links/17-personal_coldcutslisjak.webp'),(78,18,250,300,'18-personal_coldcutslisjak','/data/albums/designer_text_photo_links_mobile/18-personal_coldcutslisjak.webp'),(78,19,250,300,'18-personal_coldcutslisjak','/data/albums/designer_text_photo_links_mobile/18-personal_coldcutslisjak.webp'),(78,20,250,300,'18-personal_coldcutslisjak','/data/albums/designer_text_photo_links_mobile/18-personal_coldcutslisjak.webp'),(78,21,493,510,'21-personal_coldcutslisjak','/data/albums/designer_linked_news/21-personal_coldcutslisjak.webp'),(78,22,493,510,'21-personal_coldcutslisjak','/data/albums/designer_linked_news/21-personal_coldcutslisjak.webp'),(78,23,493,510,'21-personal_coldcutslisjak','/data/albums/designer_linked_news/21-personal_coldcutslisjak.webp'),(78,24,1920,680,'24-personal_coldcutslisjak','/data/albums/header_photo/24-personal_coldcutslisjak.webp'),(78,25,1500,1001,'25-personal_coldcutslisjak','/data/albums/preview/25-personal_coldcutslisjak.webp'),(78,26,40,40,'26-personal_coldcutslisjak','/data/albums/map_marker/26-personal_coldcutslisjak.jpg'),(78,27,1500,1001,'27-personal_coldcutslisjak','/data/albums/popup/27-personal_coldcutslisjak.webp'),(78,30,545,355,'30-personal_coldcutslisjak','/data/albums/blog_grid/30-personal_coldcutslisjak.webp'),(79,0,320,200,'0-screenshot-2022-07-05-at-10-48-06-wine-and-gin','/data/albums/static_photo0-screenshot-2022-07-05-at-10-48-06-wine-and-gin.jpg'),(79,3,545,355,'3-screenshot-2022-07-05-at-10-48-06-wine-and-gin','/data/albums/index_services/3-screenshot-2022-07-05-at-10-48-06-wine-and-gin.webp'),(79,4,392,255,'4-screenshot-2022-07-05-at-10-48-06-wine-and-gin','/data/albums/index_services_mobile/4-screenshot-2022-07-05-at-10-48-06-wine-and-gin.webp'),(79,11,1620,600,'11-screenshot-2022-07-05-at-10-48-06-wine-and-gin','/data/albums/designer_photo/11-screenshot-2022-07-05-at-10-48-06-wine-and-gin.webp'),(79,12,320,200,'0-screenshot-2022-07-05-at-10-48-06-wine-and-gin','/data/albums/static_photo0-screenshot-2022-07-05-at-10-48-06-wine-and-gin.jpg'),(79,13,320,200,'0-screenshot-2022-07-05-at-10-48-06-wine-and-gin','/data/albums/static_photo0-screenshot-2022-07-05-at-10-48-06-wine-and-gin.jpg'),(79,14,320,200,'0-screenshot-2022-07-05-at-10-48-06-wine-and-gin','/data/albums/static_photo0-screenshot-2022-07-05-at-10-48-06-wine-and-gin.jpg'),(79,15,320,200,'0-screenshot-2022-07-05-at-10-48-06-wine-and-gin','/data/albums/static_photo0-screenshot-2022-07-05-at-10-48-06-wine-and-gin.jpg'),(79,16,320,200,'0-screenshot-2022-07-05-at-10-48-06-wine-and-gin','/data/albums/static_photo0-screenshot-2022-07-05-at-10-48-06-wine-and-gin.jpg'),(79,17,459,612,'17-screenshot-2022-07-05-at-10-48-06-wine-and-gin','/data/albums/designer_text_photo_links/17-screenshot-2022-07-05-at-10-48-06-wine-and-gin.webp'),(79,18,250,300,'18-screenshot-2022-07-05-at-10-48-06-wine-and-gin','/data/albums/designer_text_photo_links_mobile/18-screenshot-2022-07-05-at-10-48-06-wine-and-gin.webp'),(79,19,250,300,'18-screenshot-2022-07-05-at-10-48-06-wine-and-gin','/data/albums/designer_text_photo_links_mobile/18-screenshot-2022-07-05-at-10-48-06-wine-and-gin.webp'),(79,20,250,300,'18-screenshot-2022-07-05-at-10-48-06-wine-and-gin','/data/albums/designer_text_photo_links_mobile/18-screenshot-2022-07-05-at-10-48-06-wine-and-gin.webp'),(79,21,493,510,'21-screenshot-2022-07-05-at-10-48-06-wine-and-gin','/data/albums/designer_linked_news/21-screenshot-2022-07-05-at-10-48-06-wine-and-gin.webp'),(79,22,493,510,'21-screenshot-2022-07-05-at-10-48-06-wine-and-gin','/data/albums/designer_linked_news/21-screenshot-2022-07-05-at-10-48-06-wine-and-gin.webp'),(79,23,493,510,'21-screenshot-2022-07-05-at-10-48-06-wine-and-gin','/data/albums/designer_linked_news/21-screenshot-2022-07-05-at-10-48-06-wine-and-gin.webp'),(79,25,1227,725,'25-screenshot-2022-07-05-at-10-48-06-wine-and-gin','/data/albums/preview/25-screenshot-2022-07-05-at-10-48-06-wine-and-gin.webp'),(79,27,1227,725,'27-screenshot-2022-07-05-at-10-48-06-wine-and-gin','/data/albums/popup/27-screenshot-2022-07-05-at-10-48-06-wine-and-gin.webp'),(80,0,320,200,'0-img_2193','/data/albums/static_photo0-img_2193.jpg'),(80,3,545,355,'3-img_2193','/data/albums/index_services/3-img_2193.webp'),(80,4,392,255,'4-img_2193','/data/albums/index_services_mobile/4-img_2193.webp'),(80,11,1620,600,'11-img_2193','/data/albums/designer_photo/11-img_2193.webp'),(80,12,320,200,'0-img_2193','/data/albums/static_photo0-img_2193.jpg'),(80,13,320,200,'0-img_2193','/data/albums/static_photo0-img_2193.jpg'),(80,14,320,200,'0-img_2193','/data/albums/static_photo0-img_2193.jpg'),(80,15,320,200,'0-img_2193','/data/albums/static_photo0-img_2193.jpg'),(80,16,320,200,'0-img_2193','/data/albums/static_photo0-img_2193.jpg'),(80,17,459,612,'17-img_2193','/data/albums/designer_text_photo_links/17-img_2193.webp'),(80,18,250,300,'18-img_2193','/data/albums/designer_text_photo_links_mobile/18-img_2193.webp'),(80,19,250,300,'18-img_2193','/data/albums/designer_text_photo_links_mobile/18-img_2193.webp'),(80,20,250,300,'18-img_2193','/data/albums/designer_text_photo_links_mobile/18-img_2193.webp'),(80,21,493,510,'21-img_2193','/data/albums/designer_linked_news/21-img_2193.webp'),(80,22,493,510,'21-img_2193','/data/albums/designer_linked_news/21-img_2193.webp'),(80,23,493,510,'21-img_2193','/data/albums/designer_linked_news/21-img_2193.webp'),(80,25,1065,768,'25-img_2193','/data/albums/preview/25-img_2193.webp'),(80,27,1065,768,'27-img_2193','/data/albums/popup/27-img_2193.webp'),(81,0,320,200,'0-img_2217','/data/albums/static_photo0-img_2217.jpg'),(81,3,545,355,'3-img_2217','/data/albums/index_services/3-img_2217.webp'),(81,4,392,255,'4-img_2217','/data/albums/index_services_mobile/4-img_2217.webp'),(81,11,1620,600,'11-img_2217','/data/albums/designer_photo/11-img_2217.webp'),(81,12,320,200,'0-img_2217','/data/albums/static_photo0-img_2217.jpg'),(81,13,320,200,'0-img_2217','/data/albums/static_photo0-img_2217.jpg'),(81,14,320,200,'0-img_2217','/data/albums/static_photo0-img_2217.jpg'),(81,15,320,200,'0-img_2217','/data/albums/static_photo0-img_2217.jpg'),(81,16,320,200,'0-img_2217','/data/albums/static_photo0-img_2217.jpg'),(81,17,459,612,'17-img_2217','/data/albums/designer_text_photo_links/17-img_2217.webp'),(81,18,250,300,'18-img_2217','/data/albums/designer_text_photo_links_mobile/18-img_2217.webp'),(81,19,250,300,'18-img_2217','/data/albums/designer_text_photo_links_mobile/18-img_2217.webp'),(81,20,250,300,'18-img_2217','/data/albums/designer_text_photo_links_mobile/18-img_2217.webp'),(81,21,493,510,'21-img_2217','/data/albums/designer_linked_news/21-img_2217.webp'),(81,22,493,510,'21-img_2217','/data/albums/designer_linked_news/21-img_2217.webp'),(81,23,493,510,'21-img_2217','/data/albums/designer_linked_news/21-img_2217.webp'),(81,25,750,500,'25-img_2217','/data/albums/preview/25-img_2217.webp'),(81,27,750,500,'27-img_2217','/data/albums/popup/27-img_2217.webp'),(82,0,320,200,'0-img_2218','/data/albums/static_photo0-img_2218.jpg'),(82,1,1920,680,'1-img_2218','/data/albums/index_slider/1-img_2218.webp'),(82,2,430,545,'2-img_2218','/data/albums/index_slider_mobile/2-img_2218.webp'),(82,3,545,355,'3-img_2218','/data/albums/index_services/3-img_2218.webp'),(82,4,392,255,'4-img_2218','/data/albums/index_services_mobile/4-img_2218.webp'),(82,5,713,476,'5-img_2218','/data/albums/index_photo_text_horizontal/5-img_2218.webp'),(82,6,392,261,'6-img_2218','/data/albums/index_photo_text_horizontal_mobile/6-img_2218.webp'),(82,7,615,615,'7-img_2218','/data/albums/index_photo_text_square/7-img_2218.webp'),(82,8,392,380,'8-img_2218','/data/albums/index_photo_text_square_mobile/8-img_2218.webp'),(82,9,410,615,'9-img_2218','/data/albums/index_photo_text_vertical/9-img_2218.webp'),(82,10,392,588,'10-img_2218','/data/albums/index_photo_text_vertical_mobile/10-img_2218.webp'),(82,11,1620,600,'11-img_2218','/data/albums/designer_photo/11-img_2218.webp'),(82,12,320,200,'0-img_2218','/data/albums/static_photo0-img_2218.jpg'),(82,13,320,200,'0-img_2218','/data/albums/static_photo0-img_2218.jpg'),(82,14,320,200,'0-img_2218','/data/albums/static_photo0-img_2218.jpg'),(82,15,320,200,'0-img_2218','/data/albums/static_photo0-img_2218.jpg'),(82,16,320,200,'0-img_2218','/data/albums/static_photo0-img_2218.jpg'),(82,17,459,612,'17-img_2218','/data/albums/designer_text_photo_links/17-img_2218.webp'),(82,18,250,300,'18-img_2218','/data/albums/designer_text_photo_links_mobile/18-img_2218.webp'),(82,19,250,300,'18-img_2218','/data/albums/designer_text_photo_links_mobile/18-img_2218.webp'),(82,20,250,300,'18-img_2218','/data/albums/designer_text_photo_links_mobile/18-img_2218.webp'),(82,21,493,510,'21-img_2218','/data/albums/designer_linked_news/21-img_2218.webp'),(82,22,493,510,'21-img_2218','/data/albums/designer_linked_news/21-img_2218.webp'),(82,23,493,510,'21-img_2218','/data/albums/designer_linked_news/21-img_2218.webp'),(82,24,1920,680,'24-img_2218','/data/albums/header_photo/24-img_2218.webp'),(82,25,750,500,'25-img_2218','/data/albums/preview/25-img_2218.webp'),(82,26,40,40,'26-img_2218','/data/albums/map_marker/26-img_2218.jpg'),(82,27,750,500,'27-img_2218','/data/albums/popup/27-img_2218.webp'),(82,30,545,355,'30-img_2218','/data/albums/blog_grid/30-img_2218.webp'),(83,0,320,200,'0-img_2222','/data/albums/static_photo0-img_2222.jpg'),(83,3,545,355,'3-img_2222','/data/albums/index_services/3-img_2222.webp'),(83,4,392,255,'4-img_2222','/data/albums/index_services_mobile/4-img_2222.webp'),(83,11,1620,600,'11-img_2222','/data/albums/designer_photo/11-img_2222.webp'),(83,12,320,200,'0-img_2222','/data/albums/static_photo0-img_2222.jpg'),(83,13,320,200,'0-img_2222','/data/albums/static_photo0-img_2222.jpg'),(83,14,320,200,'0-img_2222','/data/albums/static_photo0-img_2222.jpg'),(83,15,320,200,'0-img_2222','/data/albums/static_photo0-img_2222.jpg'),(83,16,320,200,'0-img_2222','/data/albums/static_photo0-img_2222.jpg'),(83,17,459,612,'17-img_2222','/data/albums/designer_text_photo_links/17-img_2222.webp'),(83,18,250,300,'18-img_2222','/data/albums/designer_text_photo_links_mobile/18-img_2222.webp'),(83,19,250,300,'18-img_2222','/data/albums/designer_text_photo_links_mobile/18-img_2222.webp'),(83,20,250,300,'18-img_2222','/data/albums/designer_text_photo_links_mobile/18-img_2222.webp'),(83,21,493,510,'21-img_2222','/data/albums/designer_linked_news/21-img_2222.webp'),(83,22,493,510,'21-img_2222','/data/albums/designer_linked_news/21-img_2222.webp'),(83,23,493,510,'21-img_2222','/data/albums/designer_linked_news/21-img_2222.webp'),(83,25,1170,475,'25-img_2222','/data/albums/preview/25-img_2222.webp'),(83,27,1170,475,'27-img_2222','/data/albums/popup/27-img_2222.webp'),(84,0,320,200,'0-img_2223','/data/albums/static_photo0-img_2223.jpg'),(84,3,545,355,'3-img_2223','/data/albums/index_services/3-img_2223.webp'),(84,4,392,255,'4-img_2223','/data/albums/index_services_mobile/4-img_2223.webp'),(84,11,1620,600,'11-img_2223','/data/albums/designer_photo/11-img_2223.webp'),(84,12,320,200,'0-img_2223','/data/albums/static_photo0-img_2223.jpg'),(84,13,320,200,'0-img_2223','/data/albums/static_photo0-img_2223.jpg'),(84,14,320,200,'0-img_2223','/data/albums/static_photo0-img_2223.jpg'),(84,15,320,200,'0-img_2223','/data/albums/static_photo0-img_2223.jpg'),(84,16,320,200,'0-img_2223','/data/albums/static_photo0-img_2223.jpg'),(84,17,459,612,'17-img_2223','/data/albums/designer_text_photo_links/17-img_2223.webp'),(84,18,250,300,'18-img_2223','/data/albums/designer_text_photo_links_mobile/18-img_2223.webp'),(84,19,250,300,'18-img_2223','/data/albums/designer_text_photo_links_mobile/18-img_2223.webp'),(84,20,250,300,'18-img_2223','/data/albums/designer_text_photo_links_mobile/18-img_2223.webp'),(84,21,493,510,'21-img_2223','/data/albums/designer_linked_news/21-img_2223.webp'),(84,22,493,510,'21-img_2223','/data/albums/designer_linked_news/21-img_2223.webp'),(84,23,493,510,'21-img_2223','/data/albums/designer_linked_news/21-img_2223.webp'),(84,25,705,418,'25-img_2223','/data/albums/preview/25-img_2223.webp'),(84,27,705,418,'27-img_2223','/data/albums/popup/27-img_2223.webp'),(85,0,320,200,'0-img_2228','/data/albums/static_photo0-img_2228.jpg'),(85,1,1920,680,'1-img_2228','/data/albums/index_slider/1-img_2228.webp'),(85,2,430,545,'2-img_2228','/data/albums/index_slider_mobile/2-img_2228.webp'),(85,3,545,355,'3-img_2228','/data/albums/index_services/3-img_2228.webp'),(85,4,392,255,'4-img_2228','/data/albums/index_services_mobile/4-img_2228.webp'),(85,5,713,476,'5-img_2228','/data/albums/index_photo_text_horizontal/5-img_2228.webp'),(85,6,392,261,'6-img_2228','/data/albums/index_photo_text_horizontal_mobile/6-img_2228.webp'),(85,7,615,615,'7-img_2228','/data/albums/index_photo_text_square/7-img_2228.webp'),(85,8,392,380,'8-img_2228','/data/albums/index_photo_text_square_mobile/8-img_2228.webp'),(85,9,410,615,'9-img_2228','/data/albums/index_photo_text_vertical/9-img_2228.webp'),(85,10,392,588,'10-img_2228','/data/albums/index_photo_text_vertical_mobile/10-img_2228.webp'),(85,11,1620,600,'11-img_2228','/data/albums/designer_photo/11-img_2228.webp'),(85,12,320,200,'0-img_2228','/data/albums/static_photo0-img_2228.jpg'),(85,13,320,200,'0-img_2228','/data/albums/static_photo0-img_2228.jpg'),(85,14,320,200,'0-img_2228','/data/albums/static_photo0-img_2228.jpg'),(85,15,320,200,'0-img_2228','/data/albums/static_photo0-img_2228.jpg'),(85,16,320,200,'0-img_2228','/data/albums/static_photo0-img_2228.jpg'),(85,17,459,612,'17-img_2228','/data/albums/designer_text_photo_links/17-img_2228.webp'),(85,18,250,300,'18-img_2228','/data/albums/designer_text_photo_links_mobile/18-img_2228.webp'),(85,19,250,300,'18-img_2228','/data/albums/designer_text_photo_links_mobile/18-img_2228.webp'),(85,20,250,300,'18-img_2228','/data/albums/designer_text_photo_links_mobile/18-img_2228.webp'),(85,21,493,510,'21-img_2228','/data/albums/designer_linked_news/21-img_2228.webp'),(85,22,493,510,'21-img_2228','/data/albums/designer_linked_news/21-img_2228.webp'),(85,23,493,510,'21-img_2228','/data/albums/designer_linked_news/21-img_2228.webp'),(85,24,1920,680,'24-img_2228','/data/albums/header_photo/24-img_2228.webp'),(85,25,1408,814,'25-img_2228','/data/albums/preview/25-img_2228.webp'),(85,26,40,40,'26-img_2228','/data/albums/map_marker/26-img_2228.jpg'),(85,27,1408,814,'27-img_2228','/data/albums/popup/27-img_2228.webp'),(85,30,545,355,'30-img_2228','/data/albums/blog_grid/30-img_2228.webp'),(86,0,320,200,'0-6447d315-0472-4b3f-9082-9d0440e8552e','/data/albums/static_photo0-6447d315-0472-4b3f-9082-9d0440e8552e.jpg'),(86,3,545,355,'3-6447d315-0472-4b3f-9082-9d0440e8552e','/data/albums/index_services/3-6447d315-0472-4b3f-9082-9d0440e8552e.webp'),(86,4,392,255,'4-6447d315-0472-4b3f-9082-9d0440e8552e','/data/albums/index_services_mobile/4-6447d315-0472-4b3f-9082-9d0440e8552e.webp'),(86,11,1620,600,'11-6447d315-0472-4b3f-9082-9d0440e8552e','/data/albums/designer_photo/11-6447d315-0472-4b3f-9082-9d0440e8552e.webp'),(86,12,320,200,'0-6447d315-0472-4b3f-9082-9d0440e8552e','/data/albums/static_photo0-6447d315-0472-4b3f-9082-9d0440e8552e.jpg'),(86,13,320,200,'0-6447d315-0472-4b3f-9082-9d0440e8552e','/data/albums/static_photo0-6447d315-0472-4b3f-9082-9d0440e8552e.jpg'),(86,14,320,200,'0-6447d315-0472-4b3f-9082-9d0440e8552e','/data/albums/static_photo0-6447d315-0472-4b3f-9082-9d0440e8552e.jpg'),(86,15,320,200,'0-6447d315-0472-4b3f-9082-9d0440e8552e','/data/albums/static_photo0-6447d315-0472-4b3f-9082-9d0440e8552e.jpg'),(86,16,320,200,'0-6447d315-0472-4b3f-9082-9d0440e8552e','/data/albums/static_photo0-6447d315-0472-4b3f-9082-9d0440e8552e.jpg'),(86,17,459,612,'17-6447d315-0472-4b3f-9082-9d0440e8552e','/data/albums/designer_text_photo_links/17-6447d315-0472-4b3f-9082-9d0440e8552e.webp'),(86,18,250,300,'18-6447d315-0472-4b3f-9082-9d0440e8552e','/data/albums/designer_text_photo_links_mobile/18-6447d315-0472-4b3f-9082-9d0440e8552e.webp'),(86,19,250,300,'18-6447d315-0472-4b3f-9082-9d0440e8552e','/data/albums/designer_text_photo_links_mobile/18-6447d315-0472-4b3f-9082-9d0440e8552e.webp'),(86,20,250,300,'18-6447d315-0472-4b3f-9082-9d0440e8552e','/data/albums/designer_text_photo_links_mobile/18-6447d315-0472-4b3f-9082-9d0440e8552e.webp'),(86,21,493,510,'21-6447d315-0472-4b3f-9082-9d0440e8552e','/data/albums/designer_linked_news/21-6447d315-0472-4b3f-9082-9d0440e8552e.webp'),(86,22,493,510,'21-6447d315-0472-4b3f-9082-9d0440e8552e','/data/albums/designer_linked_news/21-6447d315-0472-4b3f-9082-9d0440e8552e.webp'),(86,23,493,510,'21-6447d315-0472-4b3f-9082-9d0440e8552e','/data/albums/designer_linked_news/21-6447d315-0472-4b3f-9082-9d0440e8552e.webp'),(86,25,1125,1500,'25-6447d315-0472-4b3f-9082-9d0440e8552e','/data/albums/preview/25-6447d315-0472-4b3f-9082-9d0440e8552e.webp'),(86,27,1125,1500,'27-6447d315-0472-4b3f-9082-9d0440e8552e','/data/albums/popup/27-6447d315-0472-4b3f-9082-9d0440e8552e.webp'),(87,0,320,200,'0-img_2596','/data/albums/static_photo0-img_2596.jpg'),(87,3,545,355,'3-img_2596','/data/albums/index_services/3-img_2596.webp'),(87,4,392,255,'4-img_2596','/data/albums/index_services_mobile/4-img_2596.webp'),(87,11,1620,600,'11-img_2596','/data/albums/designer_photo/11-img_2596.webp'),(87,12,320,200,'0-img_2596','/data/albums/static_photo0-img_2596.jpg'),(87,13,320,200,'0-img_2596','/data/albums/static_photo0-img_2596.jpg'),(87,14,320,200,'0-img_2596','/data/albums/static_photo0-img_2596.jpg'),(87,15,320,200,'0-img_2596','/data/albums/static_photo0-img_2596.jpg'),(87,16,320,200,'0-img_2596','/data/albums/static_photo0-img_2596.jpg'),(87,17,459,612,'17-img_2596','/data/albums/designer_text_photo_links/17-img_2596.webp'),(87,18,250,300,'18-img_2596','/data/albums/designer_text_photo_links_mobile/18-img_2596.webp'),(87,19,250,300,'18-img_2596','/data/albums/designer_text_photo_links_mobile/18-img_2596.webp'),(87,20,250,300,'18-img_2596','/data/albums/designer_text_photo_links_mobile/18-img_2596.webp'),(87,21,493,510,'21-img_2596','/data/albums/designer_linked_news/21-img_2596.webp'),(87,22,493,510,'21-img_2596','/data/albums/designer_linked_news/21-img_2596.webp'),(87,23,493,510,'21-img_2596','/data/albums/designer_linked_news/21-img_2596.webp'),(87,25,1002,641,'25-img_2596','/data/albums/preview/25-img_2596.webp'),(87,27,1002,641,'27-img_2596','/data/albums/popup/27-img_2596.webp'),(88,0,320,200,'0-img_3034','/data/albums/static_photo0-img_3034.jpg'),(88,3,545,355,'3-img_3034','/data/albums/index_services/3-img_3034.webp'),(88,4,392,255,'4-img_3034','/data/albums/index_services_mobile/4-img_3034.webp'),(88,11,1620,600,'11-img_3034','/data/albums/designer_photo/11-img_3034.webp'),(88,12,320,200,'0-img_3034','/data/albums/static_photo0-img_3034.jpg'),(88,13,320,200,'0-img_3034','/data/albums/static_photo0-img_3034.jpg'),(88,14,320,200,'0-img_3034','/data/albums/static_photo0-img_3034.jpg'),(88,15,320,200,'0-img_3034','/data/albums/static_photo0-img_3034.jpg'),(88,16,320,200,'0-img_3034','/data/albums/static_photo0-img_3034.jpg'),(88,17,459,612,'17-img_3034','/data/albums/designer_text_photo_links/17-img_3034.webp'),(88,18,250,300,'18-img_3034','/data/albums/designer_text_photo_links_mobile/18-img_3034.webp'),(88,19,250,300,'18-img_3034','/data/albums/designer_text_photo_links_mobile/18-img_3034.webp'),(88,20,250,300,'18-img_3034','/data/albums/designer_text_photo_links_mobile/18-img_3034.webp'),(88,21,493,510,'21-img_3034','/data/albums/designer_linked_news/21-img_3034.webp'),(88,22,493,510,'21-img_3034','/data/albums/designer_linked_news/21-img_3034.webp'),(88,23,493,510,'21-img_3034','/data/albums/designer_linked_news/21-img_3034.webp'),(88,25,1125,735,'25-img_3034','/data/albums/preview/25-img_3034.webp'),(88,27,1125,735,'27-img_3034','/data/albums/popup/27-img_3034.webp'),(89,0,320,200,'0-img_4506','/data/albums/static_photo0-img_4506.jpg'),(89,1,1920,680,'1-img_4506','/data/albums/index_slider/1-img_4506.webp'),(89,2,430,545,'2-img_4506','/data/albums/index_slider_mobile/2-img_4506.webp'),(89,3,545,355,'3-img_4506','/data/albums/index_services/3-img_4506.webp'),(89,4,392,255,'4-img_4506','/data/albums/index_services_mobile/4-img_4506.webp'),(89,5,713,476,'5-img_4506','/data/albums/index_photo_text_horizontal/5-img_4506.webp'),(89,6,392,261,'6-img_4506','/data/albums/index_photo_text_horizontal_mobile/6-img_4506.webp'),(89,7,615,615,'7-img_4506','/data/albums/index_photo_text_square/7-img_4506.webp'),(89,8,392,380,'8-img_4506','/data/albums/index_photo_text_square_mobile/8-img_4506.webp'),(89,9,410,615,'9-img_4506','/data/albums/index_photo_text_vertical/9-img_4506.webp'),(89,10,392,588,'10-img_4506','/data/albums/index_photo_text_vertical_mobile/10-img_4506.webp'),(89,11,1620,600,'11-img_4506','/data/albums/designer_photo/11-img_4506.webp'),(89,12,320,200,'0-img_4506','/data/albums/static_photo0-img_4506.jpg'),(89,13,320,200,'0-img_4506','/data/albums/static_photo0-img_4506.jpg'),(89,14,320,200,'0-img_4506','/data/albums/static_photo0-img_4506.jpg'),(89,15,320,200,'0-img_4506','/data/albums/static_photo0-img_4506.jpg'),(89,16,320,200,'0-img_4506','/data/albums/static_photo0-img_4506.jpg'),(89,17,459,612,'17-img_4506','/data/albums/designer_text_photo_links/17-img_4506.webp'),(89,18,250,300,'18-img_4506','/data/albums/designer_text_photo_links_mobile/18-img_4506.webp'),(89,19,250,300,'18-img_4506','/data/albums/designer_text_photo_links_mobile/18-img_4506.webp'),(89,20,250,300,'18-img_4506','/data/albums/designer_text_photo_links_mobile/18-img_4506.webp'),(89,21,493,510,'21-img_4506','/data/albums/designer_linked_news/21-img_4506.webp'),(89,22,493,510,'21-img_4506','/data/albums/designer_linked_news/21-img_4506.webp'),(89,23,493,510,'21-img_4506','/data/albums/designer_linked_news/21-img_4506.webp'),(89,24,1920,680,'24-img_4506','/data/albums/header_photo/24-img_4506.webp'),(89,25,1125,1096,'25-img_4506','/data/albums/preview/25-img_4506.webp'),(89,26,40,40,'26-img_4506','/data/albums/map_marker/26-img_4506.jpg'),(89,27,1125,1096,'27-img_4506','/data/albums/popup/27-img_4506.webp'),(89,30,545,355,'30-img_4506','/data/albums/blog_grid/30-img_4506.webp'),(90,0,320,200,'0-img_5547','/data/albums/static_photo0-img_5547.jpg'),(90,3,545,355,'3-img_5547','/data/albums/index_services/3-img_5547.webp'),(90,4,392,255,'4-img_5547','/data/albums/index_services_mobile/4-img_5547.webp'),(90,11,1620,600,'11-img_5547','/data/albums/designer_photo/11-img_5547.webp'),(90,12,320,200,'0-img_5547','/data/albums/static_photo0-img_5547.jpg'),(90,13,320,200,'0-img_5547','/data/albums/static_photo0-img_5547.jpg'),(90,14,320,200,'0-img_5547','/data/albums/static_photo0-img_5547.jpg'),(90,15,320,200,'0-img_5547','/data/albums/static_photo0-img_5547.jpg'),(90,16,320,200,'0-img_5547','/data/albums/static_photo0-img_5547.jpg'),(90,17,459,612,'17-img_5547','/data/albums/designer_text_photo_links/17-img_5547.webp'),(90,18,250,300,'18-img_5547','/data/albums/designer_text_photo_links_mobile/18-img_5547.webp'),(90,19,250,300,'18-img_5547','/data/albums/designer_text_photo_links_mobile/18-img_5547.webp'),(90,20,250,300,'18-img_5547','/data/albums/designer_text_photo_links_mobile/18-img_5547.webp'),(90,21,493,510,'21-img_5547','/data/albums/designer_linked_news/21-img_5547.webp'),(90,22,493,510,'21-img_5547','/data/albums/designer_linked_news/21-img_5547.webp'),(90,23,493,510,'21-img_5547','/data/albums/designer_linked_news/21-img_5547.webp'),(90,25,1170,1166,'25-img_5547','/data/albums/preview/25-img_5547.webp'),(90,27,1170,1166,'27-img_5547','/data/albums/popup/27-img_5547.webp'),(91,0,320,200,'0-image0','/data/albums/static_photo0-image0.jpg'),(91,1,1920,680,'1-image0','/data/albums/index_slider/1-image0.webp'),(91,2,430,545,'2-image0','/data/albums/index_slider_mobile/2-image0.webp'),(91,3,545,355,'3-image0','/data/albums/index_services/3-image0.webp'),(91,4,392,255,'4-image0','/data/albums/index_services_mobile/4-image0.webp'),(91,5,713,476,'5-image0','/data/albums/index_photo_text_horizontal/5-image0.webp'),(91,6,392,261,'6-image0','/data/albums/index_photo_text_horizontal_mobile/6-image0.webp'),(91,7,615,615,'7-image0','/data/albums/index_photo_text_square/7-image0.webp'),(91,8,392,380,'8-image0','/data/albums/index_photo_text_square_mobile/8-image0.webp'),(91,9,410,615,'9-image0','/data/albums/index_photo_text_vertical/9-image0.webp'),(91,10,392,588,'10-image0','/data/albums/index_photo_text_vertical_mobile/10-image0.webp'),(91,11,1620,600,'11-image0','/data/albums/designer_photo/11-image0.webp'),(91,12,320,200,'0-image0','/data/albums/static_photo0-image0.jpg'),(91,13,320,200,'0-image0','/data/albums/static_photo0-image0.jpg'),(91,14,320,200,'0-image0','/data/albums/static_photo0-image0.jpg'),(91,15,320,200,'0-image0','/data/albums/static_photo0-image0.jpg'),(91,16,320,200,'0-image0','/data/albums/static_photo0-image0.jpg'),(91,17,459,612,'17-image0','/data/albums/designer_text_photo_links/17-image0.webp'),(91,18,250,300,'18-image0','/data/albums/designer_text_photo_links_mobile/18-image0.webp'),(91,19,250,300,'18-image0','/data/albums/designer_text_photo_links_mobile/18-image0.webp'),(91,20,250,300,'18-image0','/data/albums/designer_text_photo_links_mobile/18-image0.webp'),(91,21,493,510,'21-image0','/data/albums/designer_linked_news/21-image0.webp'),(91,22,493,510,'21-image0','/data/albums/designer_linked_news/21-image0.webp'),(91,23,493,510,'21-image0','/data/albums/designer_linked_news/21-image0.webp'),(91,24,1920,680,'24-image0','/data/albums/header_photo/24-image0.webp'),(91,25,1170,970,'25-image0','/data/albums/preview/25-image0.webp'),(91,26,40,40,'26-image0','/data/albums/map_marker/26-image0.jpg'),(91,27,1170,970,'27-image0','/data/albums/popup/27-image0.webp'),(91,30,545,355,'30-image0','/data/albums/blog_grid/30-image0.webp'),(92,0,320,200,'0-img_1811','/data/albums/static_photo0-img_1811.jpg'),(92,3,545,355,'3-img_1811','/data/albums/index_services/3-img_1811.webp'),(92,4,392,255,'4-img_1811','/data/albums/index_services_mobile/4-img_1811.webp'),(92,11,1620,600,'11-img_1811','/data/albums/designer_photo/11-img_1811.webp'),(92,12,320,200,'0-img_1811','/data/albums/static_photo0-img_1811.jpg'),(92,13,320,200,'0-img_1811','/data/albums/static_photo0-img_1811.jpg'),(92,14,320,200,'0-img_1811','/data/albums/static_photo0-img_1811.jpg'),(92,15,320,200,'0-img_1811','/data/albums/static_photo0-img_1811.jpg'),(92,16,320,200,'0-img_1811','/data/albums/static_photo0-img_1811.jpg'),(92,17,459,612,'17-img_1811','/data/albums/designer_text_photo_links/17-img_1811.webp'),(92,18,250,300,'18-img_1811','/data/albums/designer_text_photo_links_mobile/18-img_1811.webp'),(92,19,250,300,'18-img_1811','/data/albums/designer_text_photo_links_mobile/18-img_1811.webp'),(92,20,250,300,'18-img_1811','/data/albums/designer_text_photo_links_mobile/18-img_1811.webp'),(92,21,493,510,'21-img_1811','/data/albums/designer_linked_news/21-img_1811.webp'),(92,22,493,510,'21-img_1811','/data/albums/designer_linked_news/21-img_1811.webp'),(92,23,493,510,'21-img_1811','/data/albums/designer_linked_news/21-img_1811.webp'),(92,25,1125,1500,'25-img_1811','/data/albums/preview/25-img_1811.webp'),(92,27,1125,1500,'27-img_1811','/data/albums/popup/27-img_1811.webp'),(93,0,320,200,'0-img_2595','/data/albums/static_photo0-img_2595.jpg'),(93,3,545,355,'3-img_2595','/data/albums/index_services/3-img_2595.webp'),(93,4,392,255,'4-img_2595','/data/albums/index_services_mobile/4-img_2595.webp'),(93,11,1620,600,'11-img_2595','/data/albums/designer_photo/11-img_2595.webp'),(93,12,320,200,'0-img_2595','/data/albums/static_photo0-img_2595.jpg'),(93,13,320,200,'0-img_2595','/data/albums/static_photo0-img_2595.jpg'),(93,14,320,200,'0-img_2595','/data/albums/static_photo0-img_2595.jpg'),(93,15,320,200,'0-img_2595','/data/albums/static_photo0-img_2595.jpg'),(93,16,320,200,'0-img_2595','/data/albums/static_photo0-img_2595.jpg'),(93,17,459,612,'17-img_2595','/data/albums/designer_text_photo_links/17-img_2595.webp'),(93,18,250,300,'18-img_2595','/data/albums/designer_text_photo_links_mobile/18-img_2595.webp'),(93,19,250,300,'18-img_2595','/data/albums/designer_text_photo_links_mobile/18-img_2595.webp'),(93,20,250,300,'18-img_2595','/data/albums/designer_text_photo_links_mobile/18-img_2595.webp'),(93,21,493,510,'21-img_2595','/data/albums/designer_linked_news/21-img_2595.webp'),(93,22,493,510,'21-img_2595','/data/albums/designer_linked_news/21-img_2595.webp'),(93,23,493,510,'21-img_2595','/data/albums/designer_linked_news/21-img_2595.webp'),(93,25,1021,656,'25-img_2595','/data/albums/preview/25-img_2595.webp'),(93,27,1021,656,'27-img_2595','/data/albums/popup/27-img_2595.webp'),(94,0,320,200,'0-path5034','/data/albums/static_photo0-path5034.jpg'),(94,3,545,355,'3-path5034','/data/albums/index_services/3-path5034.webp'),(94,4,392,255,'4-path5034','/data/albums/index_services_mobile/4-path5034.webp'),(94,11,1620,600,'11-path5034','/data/albums/designer_photo/11-path5034.webp'),(94,12,320,200,'0-path5034','/data/albums/static_photo0-path5034.jpg'),(94,13,320,200,'0-path5034','/data/albums/static_photo0-path5034.jpg'),(94,14,320,200,'0-path5034','/data/albums/static_photo0-path5034.jpg'),(94,15,320,200,'0-path5034','/data/albums/static_photo0-path5034.jpg'),(94,16,320,200,'0-path5034','/data/albums/static_photo0-path5034.jpg'),(94,17,459,612,'17-path5034','/data/albums/designer_text_photo_links/17-path5034.webp'),(94,18,250,300,'18-path5034','/data/albums/designer_text_photo_links_mobile/18-path5034.webp'),(94,19,250,300,'18-path5034','/data/albums/designer_text_photo_links_mobile/18-path5034.webp'),(94,20,250,300,'18-path5034','/data/albums/designer_text_photo_links_mobile/18-path5034.webp'),(94,21,493,510,'21-path5034','/data/albums/designer_linked_news/21-path5034.webp'),(94,22,493,510,'21-path5034','/data/albums/designer_linked_news/21-path5034.webp'),(94,23,493,510,'21-path5034','/data/albums/designer_linked_news/21-path5034.webp'),(94,25,1500,480,'25-path5034','/data/albums/preview/25-path5034.webp'),(94,27,1500,480,'27-path5034','/data/albums/popup/27-path5034.webp'),(95,0,320,200,'0-g4752','/data/albums/static_photo0-g4752.jpg'),(95,3,545,355,'3-g4752','/data/albums/index_services/3-g4752.webp'),(95,4,392,255,'4-g4752','/data/albums/index_services_mobile/4-g4752.webp'),(95,11,1620,600,'11-g4752','/data/albums/designer_photo/11-g4752.webp'),(95,12,320,200,'0-g4752','/data/albums/static_photo0-g4752.jpg'),(95,13,320,200,'0-g4752','/data/albums/static_photo0-g4752.jpg'),(95,14,320,200,'0-g4752','/data/albums/static_photo0-g4752.jpg'),(95,15,320,200,'0-g4752','/data/albums/static_photo0-g4752.jpg'),(95,16,320,200,'0-g4752','/data/albums/static_photo0-g4752.jpg'),(95,17,459,612,'17-g4752','/data/albums/designer_text_photo_links/17-g4752.webp'),(95,18,250,300,'18-g4752','/data/albums/designer_text_photo_links_mobile/18-g4752.webp'),(95,19,250,300,'18-g4752','/data/albums/designer_text_photo_links_mobile/18-g4752.webp'),(95,20,250,300,'18-g4752','/data/albums/designer_text_photo_links_mobile/18-g4752.webp'),(95,21,493,510,'21-g4752','/data/albums/designer_linked_news/21-g4752.webp'),(95,22,493,510,'21-g4752','/data/albums/designer_linked_news/21-g4752.webp'),(95,23,493,510,'21-g4752','/data/albums/designer_linked_news/21-g4752.webp'),(95,25,1500,499,'25-g4752','/data/albums/preview/25-g4752.webp'),(95,27,1500,499,'27-g4752','/data/albums/popup/27-g4752.webp'),(96,0,320,200,'0-g4772','/data/albums/static_photo0-g4772.jpg'),(96,3,545,355,'3-g4772','/data/albums/index_services/3-g4772.webp'),(96,4,392,255,'4-g4772','/data/albums/index_services_mobile/4-g4772.webp'),(96,11,1620,600,'11-g4772','/data/albums/designer_photo/11-g4772.webp'),(96,12,320,200,'0-g4772','/data/albums/static_photo0-g4772.jpg'),(96,13,320,200,'0-g4772','/data/albums/static_photo0-g4772.jpg'),(96,14,320,200,'0-g4772','/data/albums/static_photo0-g4772.jpg'),(96,15,320,200,'0-g4772','/data/albums/static_photo0-g4772.jpg'),(96,16,320,200,'0-g4772','/data/albums/static_photo0-g4772.jpg'),(96,17,459,612,'17-g4772','/data/albums/designer_text_photo_links/17-g4772.webp'),(96,18,250,300,'18-g4772','/data/albums/designer_text_photo_links_mobile/18-g4772.webp'),(96,19,250,300,'18-g4772','/data/albums/designer_text_photo_links_mobile/18-g4772.webp'),(96,20,250,300,'18-g4772','/data/albums/designer_text_photo_links_mobile/18-g4772.webp'),(96,21,493,510,'21-g4772','/data/albums/designer_linked_news/21-g4772.webp'),(96,22,493,510,'21-g4772','/data/albums/designer_linked_news/21-g4772.webp'),(96,23,493,510,'21-g4772','/data/albums/designer_linked_news/21-g4772.webp'),(96,25,1500,583,'25-g4772','/data/albums/preview/25-g4772.webp'),(96,27,1500,583,'27-g4772','/data/albums/popup/27-g4772.webp'),(97,0,320,200,'0-g5016','/data/albums/static_photo0-g5016.jpg'),(97,3,545,355,'3-g5016','/data/albums/index_services/3-g5016.webp'),(97,4,392,255,'4-g5016','/data/albums/index_services_mobile/4-g5016.webp'),(97,11,1620,600,'11-g5016','/data/albums/designer_photo/11-g5016.webp'),(97,12,320,200,'0-g5016','/data/albums/static_photo0-g5016.jpg'),(97,13,320,200,'0-g5016','/data/albums/static_photo0-g5016.jpg'),(97,14,320,200,'0-g5016','/data/albums/static_photo0-g5016.jpg'),(97,15,320,200,'0-g5016','/data/albums/static_photo0-g5016.jpg'),(97,16,320,200,'0-g5016','/data/albums/static_photo0-g5016.jpg'),(97,17,459,612,'17-g5016','/data/albums/designer_text_photo_links/17-g5016.webp'),(97,18,250,300,'18-g5016','/data/albums/designer_text_photo_links_mobile/18-g5016.webp'),(97,19,250,300,'18-g5016','/data/albums/designer_text_photo_links_mobile/18-g5016.webp'),(97,20,250,300,'18-g5016','/data/albums/designer_text_photo_links_mobile/18-g5016.webp'),(97,21,493,510,'21-g5016','/data/albums/designer_linked_news/21-g5016.webp'),(97,22,493,510,'21-g5016','/data/albums/designer_linked_news/21-g5016.webp'),(97,23,493,510,'21-g5016','/data/albums/designer_linked_news/21-g5016.webp'),(97,25,1500,488,'25-g5016','/data/albums/preview/25-g5016.webp'),(97,27,1500,488,'27-g5016','/data/albums/popup/27-g5016.webp'),(98,0,320,200,'0-path5084','/data/albums/static_photo0-path5084.jpg'),(98,3,545,355,'3-path5084','/data/albums/index_services/3-path5084.webp'),(98,4,392,255,'4-path5084','/data/albums/index_services_mobile/4-path5084.webp'),(98,11,1620,600,'11-path5084','/data/albums/designer_photo/11-path5084.webp'),(98,12,320,200,'0-path5084','/data/albums/static_photo0-path5084.jpg'),(98,13,320,200,'0-path5084','/data/albums/static_photo0-path5084.jpg'),(98,14,320,200,'0-path5084','/data/albums/static_photo0-path5084.jpg'),(98,15,320,200,'0-path5084','/data/albums/static_photo0-path5084.jpg'),(98,16,320,200,'0-path5084','/data/albums/static_photo0-path5084.jpg'),(98,17,459,612,'17-path5084','/data/albums/designer_text_photo_links/17-path5084.webp'),(98,18,250,300,'18-path5084','/data/albums/designer_text_photo_links_mobile/18-path5084.webp'),(98,19,250,300,'18-path5084','/data/albums/designer_text_photo_links_mobile/18-path5084.webp'),(98,20,250,300,'18-path5084','/data/albums/designer_text_photo_links_mobile/18-path5084.webp'),(98,21,493,510,'21-path5084','/data/albums/designer_linked_news/21-path5084.webp'),(98,22,493,510,'21-path5084','/data/albums/designer_linked_news/21-path5084.webp'),(98,23,493,510,'21-path5084','/data/albums/designer_linked_news/21-path5084.webp'),(98,25,1500,538,'25-path5084','/data/albums/preview/25-path5084.webp'),(98,27,1500,538,'27-path5084','/data/albums/popup/27-path5084.webp'),(99,0,320,200,'0-use4786','/data/albums/static_photo0-use4786.jpg'),(99,3,545,355,'3-use4786','/data/albums/index_services/3-use4786.webp'),(99,4,392,255,'4-use4786','/data/albums/index_services_mobile/4-use4786.webp'),(99,11,1620,600,'11-use4786','/data/albums/designer_photo/11-use4786.webp'),(99,12,320,200,'0-use4786','/data/albums/static_photo0-use4786.jpg'),(99,13,320,200,'0-use4786','/data/albums/static_photo0-use4786.jpg'),(99,14,320,200,'0-use4786','/data/albums/static_photo0-use4786.jpg'),(99,15,320,200,'0-use4786','/data/albums/static_photo0-use4786.jpg'),(99,16,320,200,'0-use4786','/data/albums/static_photo0-use4786.jpg'),(99,17,459,612,'17-use4786','/data/albums/designer_text_photo_links/17-use4786.webp'),(99,18,250,300,'18-use4786','/data/albums/designer_text_photo_links_mobile/18-use4786.webp'),(99,19,250,300,'18-use4786','/data/albums/designer_text_photo_links_mobile/18-use4786.webp'),(99,20,250,300,'18-use4786','/data/albums/designer_text_photo_links_mobile/18-use4786.webp'),(99,21,493,510,'21-use4786','/data/albums/designer_linked_news/21-use4786.webp'),(99,22,493,510,'21-use4786','/data/albums/designer_linked_news/21-use4786.webp'),(99,23,493,510,'21-use4786','/data/albums/designer_linked_news/21-use4786.webp'),(99,25,1500,480,'25-use4786','/data/albums/preview/25-use4786.webp'),(99,27,1500,480,'27-use4786','/data/albums/popup/27-use4786.webp'),(100,0,320,200,'0-use4992','/data/albums/static_photo0-use4992.jpg'),(100,3,545,355,'3-use4992','/data/albums/index_services/3-use4992.webp'),(100,4,392,255,'4-use4992','/data/albums/index_services_mobile/4-use4992.webp'),(100,11,1620,600,'11-use4992','/data/albums/designer_photo/11-use4992.webp'),(100,12,320,200,'0-use4992','/data/albums/static_photo0-use4992.jpg'),(100,13,320,200,'0-use4992','/data/albums/static_photo0-use4992.jpg'),(100,14,320,200,'0-use4992','/data/albums/static_photo0-use4992.jpg'),(100,15,320,200,'0-use4992','/data/albums/static_photo0-use4992.jpg'),(100,16,320,200,'0-use4992','/data/albums/static_photo0-use4992.jpg'),(100,17,459,612,'17-use4992','/data/albums/designer_text_photo_links/17-use4992.webp'),(100,18,250,300,'18-use4992','/data/albums/designer_text_photo_links_mobile/18-use4992.webp'),(100,19,250,300,'18-use4992','/data/albums/designer_text_photo_links_mobile/18-use4992.webp'),(100,20,250,300,'18-use4992','/data/albums/designer_text_photo_links_mobile/18-use4992.webp'),(100,21,493,510,'21-use4992','/data/albums/designer_linked_news/21-use4992.webp'),(100,22,493,510,'21-use4992','/data/albums/designer_linked_news/21-use4992.webp'),(100,23,493,510,'21-use4992','/data/albums/designer_linked_news/21-use4992.webp'),(100,25,1500,567,'25-use4992','/data/albums/preview/25-use4992.webp'),(100,27,1500,567,'27-use4992','/data/albums/popup/27-use4992.webp'),(101,0,320,200,'0-g5894','/data/albums/static_photo0-g5894.jpg'),(101,3,545,355,'3-g5894','/data/albums/index_services/3-g5894.webp'),(101,4,392,255,'4-g5894','/data/albums/index_services_mobile/4-g5894.webp'),(101,11,1620,600,'11-g5894','/data/albums/designer_photo/11-g5894.webp'),(101,12,320,200,'0-g5894','/data/albums/static_photo0-g5894.jpg'),(101,13,320,200,'0-g5894','/data/albums/static_photo0-g5894.jpg'),(101,14,320,200,'0-g5894','/data/albums/static_photo0-g5894.jpg'),(101,15,320,200,'0-g5894','/data/albums/static_photo0-g5894.jpg'),(101,16,320,200,'0-g5894','/data/albums/static_photo0-g5894.jpg'),(101,17,459,612,'17-g5894','/data/albums/designer_text_photo_links/17-g5894.webp'),(101,18,250,300,'18-g5894','/data/albums/designer_text_photo_links_mobile/18-g5894.webp'),(101,19,250,300,'18-g5894','/data/albums/designer_text_photo_links_mobile/18-g5894.webp'),(101,20,250,300,'18-g5894','/data/albums/designer_text_photo_links_mobile/18-g5894.webp'),(101,21,493,510,'21-g5894','/data/albums/designer_linked_news/21-g5894.webp'),(101,22,493,510,'21-g5894','/data/albums/designer_linked_news/21-g5894.webp'),(101,23,493,510,'21-g5894','/data/albums/designer_linked_news/21-g5894.webp'),(101,25,1500,843,'25-g5894','/data/albums/preview/25-g5894.webp'),(101,27,1500,843,'27-g5894','/data/albums/popup/27-g5894.webp'),(102,0,320,200,'0-g5894-2','/data/albums/static_photo0-g5894-2.jpg'),(102,3,545,355,'3-g5894-2','/data/albums/index_services/3-g5894-2.webp'),(102,4,392,255,'4-g5894-2','/data/albums/index_services_mobile/4-g5894-2.webp'),(102,11,1620,600,'11-g5894-2','/data/albums/designer_photo/11-g5894-2.webp'),(102,12,320,200,'0-g5894-2','/data/albums/static_photo0-g5894-2.jpg'),(102,13,320,200,'0-g5894-2','/data/albums/static_photo0-g5894-2.jpg'),(102,14,320,200,'0-g5894-2','/data/albums/static_photo0-g5894-2.jpg'),(102,15,320,200,'0-g5894-2','/data/albums/static_photo0-g5894-2.jpg'),(102,16,320,200,'0-g5894-2','/data/albums/static_photo0-g5894-2.jpg'),(102,17,459,612,'17-g5894-2','/data/albums/designer_text_photo_links/17-g5894-2.webp'),(102,18,250,300,'18-g5894-2','/data/albums/designer_text_photo_links_mobile/18-g5894-2.webp'),(102,19,250,300,'18-g5894-2','/data/albums/designer_text_photo_links_mobile/18-g5894-2.webp'),(102,20,250,300,'18-g5894-2','/data/albums/designer_text_photo_links_mobile/18-g5894-2.webp'),(102,21,493,510,'21-g5894-2','/data/albums/designer_linked_news/21-g5894-2.webp'),(102,22,493,510,'21-g5894-2','/data/albums/designer_linked_news/21-g5894-2.webp'),(102,23,493,510,'21-g5894-2','/data/albums/designer_linked_news/21-g5894-2.webp'),(102,25,2000,1124,'25-g5894-2','/data/albums/preview/25-g5894-2.webp'),(102,27,2000,1124,'27-g5894-2','/data/albums/popup/27-g5894-2.webp'),(103,0,320,200,'0-path5034-2','/data/albums/static_photo0-path5034-2.jpg'),(103,3,545,355,'3-path5034-2','/data/albums/index_services/3-path5034-2.webp'),(103,4,392,255,'4-path5034-2','/data/albums/index_services_mobile/4-path5034-2.webp'),(103,11,1800,576,'11-path5034-2','/data/albums/designer_photo/11-path5034-2.webp'),(103,12,320,200,'0-path5034-2','/data/albums/static_photo0-path5034-2.jpg'),(103,13,320,200,'0-path5034-2','/data/albums/static_photo0-path5034-2.jpg'),(103,14,320,200,'0-path5034-2','/data/albums/static_photo0-path5034-2.jpg'),(103,15,320,200,'0-path5034-2','/data/albums/static_photo0-path5034-2.jpg'),(103,16,320,200,'0-path5034-2','/data/albums/static_photo0-path5034-2.jpg'),(103,17,459,612,'17-path5034-2','/data/albums/designer_text_photo_links/17-path5034-2.webp'),(103,18,250,300,'18-path5034-2','/data/albums/designer_text_photo_links_mobile/18-path5034-2.webp'),(103,19,250,300,'18-path5034-2','/data/albums/designer_text_photo_links_mobile/18-path5034-2.webp'),(103,20,250,300,'18-path5034-2','/data/albums/designer_text_photo_links_mobile/18-path5034-2.webp'),(103,21,493,510,'21-path5034-2','/data/albums/designer_linked_news/21-path5034-2.webp'),(103,22,493,510,'21-path5034-2','/data/albums/designer_linked_news/21-path5034-2.webp'),(103,23,493,510,'21-path5034-2','/data/albums/designer_linked_news/21-path5034-2.webp'),(103,25,2000,640,'25-path5034-2','/data/albums/preview/25-path5034-2.webp'),(103,27,2000,640,'27-path5034-2','/data/albums/popup/27-path5034-2.webp'),(104,0,320,200,'0-g4752-2','/data/albums/static_photo0-g4752-2.jpg'),(104,3,545,355,'3-g4752-2','/data/albums/index_services/3-g4752-2.webp'),(104,4,392,255,'4-g4752-2','/data/albums/index_services_mobile/4-g4752-2.webp'),(104,11,1620,600,'11-g4752-2','/data/albums/designer_photo/11-g4752-2.webp'),(104,12,320,200,'0-g4752-2','/data/albums/static_photo0-g4752-2.jpg'),(104,13,320,200,'0-g4752-2','/data/albums/static_photo0-g4752-2.jpg'),(104,14,320,200,'0-g4752-2','/data/albums/static_photo0-g4752-2.jpg'),(104,15,320,200,'0-g4752-2','/data/albums/static_photo0-g4752-2.jpg'),(104,16,320,200,'0-g4752-2','/data/albums/static_photo0-g4752-2.jpg'),(104,17,459,612,'17-g4752-2','/data/albums/designer_text_photo_links/17-g4752-2.webp'),(104,18,250,300,'18-g4752-2','/data/albums/designer_text_photo_links_mobile/18-g4752-2.webp'),(104,19,250,300,'18-g4752-2','/data/albums/designer_text_photo_links_mobile/18-g4752-2.webp'),(104,20,250,300,'18-g4752-2','/data/albums/designer_text_photo_links_mobile/18-g4752-2.webp'),(104,21,493,510,'21-g4752-2','/data/albums/designer_linked_news/21-g4752-2.webp'),(104,22,493,510,'21-g4752-2','/data/albums/designer_linked_news/21-g4752-2.webp'),(104,23,493,510,'21-g4752-2','/data/albums/designer_linked_news/21-g4752-2.webp'),(104,25,2000,665,'25-g4752-2','/data/albums/preview/25-g4752-2.webp'),(104,27,2000,665,'27-g4752-2','/data/albums/popup/27-g4752-2.webp'),(105,0,320,200,'0-g4772-2','/data/albums/static_photo0-g4772-2.jpg'),(105,3,545,355,'3-g4772-2','/data/albums/index_services/3-g4772-2.webp'),(105,4,392,255,'4-g4772-2','/data/albums/index_services_mobile/4-g4772-2.webp'),(105,11,1620,600,'11-g4772-2','/data/albums/designer_photo/11-g4772-2.webp'),(105,12,320,200,'0-g4772-2','/data/albums/static_photo0-g4772-2.jpg'),(105,13,320,200,'0-g4772-2','/data/albums/static_photo0-g4772-2.jpg'),(105,14,320,200,'0-g4772-2','/data/albums/static_photo0-g4772-2.jpg'),(105,15,320,200,'0-g4772-2','/data/albums/static_photo0-g4772-2.jpg'),(105,16,320,200,'0-g4772-2','/data/albums/static_photo0-g4772-2.jpg'),(105,17,459,612,'17-g4772-2','/data/albums/designer_text_photo_links/17-g4772-2.webp'),(105,18,250,300,'18-g4772-2','/data/albums/designer_text_photo_links_mobile/18-g4772-2.webp'),(105,19,250,300,'18-g4772-2','/data/albums/designer_text_photo_links_mobile/18-g4772-2.webp'),(105,20,250,300,'18-g4772-2','/data/albums/designer_text_photo_links_mobile/18-g4772-2.webp'),(105,21,493,510,'21-g4772-2','/data/albums/designer_linked_news/21-g4772-2.webp'),(105,22,493,510,'21-g4772-2','/data/albums/designer_linked_news/21-g4772-2.webp'),(105,23,493,510,'21-g4772-2','/data/albums/designer_linked_news/21-g4772-2.webp'),(105,25,2000,777,'25-g4772-2','/data/albums/preview/25-g4772-2.webp'),(105,27,2000,777,'27-g4772-2','/data/albums/popup/27-g4772-2.webp'),(106,0,320,200,'0-g5016-2','/data/albums/static_photo0-g5016-2.jpg'),(106,3,545,355,'3-g5016-2','/data/albums/index_services/3-g5016-2.webp'),(106,4,392,255,'4-g5016-2','/data/albums/index_services_mobile/4-g5016-2.webp'),(106,11,1620,600,'11-g5016-2','/data/albums/designer_photo/11-g5016-2.webp'),(106,12,320,200,'0-g5016-2','/data/albums/static_photo0-g5016-2.jpg'),(106,13,320,200,'0-g5016-2','/data/albums/static_photo0-g5016-2.jpg'),(106,14,320,200,'0-g5016-2','/data/albums/static_photo0-g5016-2.jpg'),(106,15,320,200,'0-g5016-2','/data/albums/static_photo0-g5016-2.jpg'),(106,16,320,200,'0-g5016-2','/data/albums/static_photo0-g5016-2.jpg'),(106,17,459,612,'17-g5016-2','/data/albums/designer_text_photo_links/17-g5016-2.webp'),(106,18,250,300,'18-g5016-2','/data/albums/designer_text_photo_links_mobile/18-g5016-2.webp'),(106,19,250,300,'18-g5016-2','/data/albums/designer_text_photo_links_mobile/18-g5016-2.webp'),(106,20,250,300,'18-g5016-2','/data/albums/designer_text_photo_links_mobile/18-g5016-2.webp'),(106,21,493,510,'21-g5016-2','/data/albums/designer_linked_news/21-g5016-2.webp'),(106,22,493,510,'21-g5016-2','/data/albums/designer_linked_news/21-g5016-2.webp'),(106,23,493,510,'21-g5016-2','/data/albums/designer_linked_news/21-g5016-2.webp'),(106,25,2000,651,'25-g5016-2','/data/albums/preview/25-g5016-2.webp'),(106,27,2000,651,'27-g5016-2','/data/albums/popup/27-g5016-2.webp'),(107,0,320,200,'0-path5084-2','/data/albums/static_photo0-path5084-2.jpg'),(107,3,545,355,'3-path5084-2','/data/albums/index_services/3-path5084-2.webp'),(107,4,392,255,'4-path5084-2','/data/albums/index_services_mobile/4-path5084-2.webp'),(107,11,1620,600,'11-path5084-2','/data/albums/designer_photo/11-path5084-2.webp'),(107,12,320,200,'0-path5084-2','/data/albums/static_photo0-path5084-2.jpg'),(107,13,320,200,'0-path5084-2','/data/albums/static_photo0-path5084-2.jpg'),(107,14,320,200,'0-path5084-2','/data/albums/static_photo0-path5084-2.jpg'),(107,15,320,200,'0-path5084-2','/data/albums/static_photo0-path5084-2.jpg'),(107,16,320,200,'0-path5084-2','/data/albums/static_photo0-path5084-2.jpg'),(107,17,459,612,'17-path5084-2','/data/albums/designer_text_photo_links/17-path5084-2.webp'),(107,18,250,300,'18-path5084-2','/data/albums/designer_text_photo_links_mobile/18-path5084-2.webp'),(107,19,250,300,'18-path5084-2','/data/albums/designer_text_photo_links_mobile/18-path5084-2.webp'),(107,20,250,300,'18-path5084-2','/data/albums/designer_text_photo_links_mobile/18-path5084-2.webp'),(107,21,493,510,'21-path5084-2','/data/albums/designer_linked_news/21-path5084-2.webp'),(107,22,493,510,'21-path5084-2','/data/albums/designer_linked_news/21-path5084-2.webp'),(107,23,493,510,'21-path5084-2','/data/albums/designer_linked_news/21-path5084-2.webp'),(107,25,2000,718,'25-path5084-2','/data/albums/preview/25-path5084-2.webp'),(107,27,2000,718,'27-path5084-2','/data/albums/popup/27-path5084-2.webp'),(108,0,320,200,'0-use4786-2','/data/albums/static_photo0-use4786-2.jpg'),(108,3,545,355,'3-use4786-2','/data/albums/index_services/3-use4786-2.webp'),(108,4,392,255,'4-use4786-2','/data/albums/index_services_mobile/4-use4786-2.webp'),(108,11,1620,600,'11-use4786-2','/data/albums/designer_photo/11-use4786-2.webp'),(108,12,320,200,'0-use4786-2','/data/albums/static_photo0-use4786-2.jpg'),(108,13,320,200,'0-use4786-2','/data/albums/static_photo0-use4786-2.jpg'),(108,14,320,200,'0-use4786-2','/data/albums/static_photo0-use4786-2.jpg'),(108,15,320,200,'0-use4786-2','/data/albums/static_photo0-use4786-2.jpg'),(108,16,320,200,'0-use4786-2','/data/albums/static_photo0-use4786-2.jpg'),(108,17,459,612,'17-use4786-2','/data/albums/designer_text_photo_links/17-use4786-2.webp'),(108,18,250,300,'18-use4786-2','/data/albums/designer_text_photo_links_mobile/18-use4786-2.webp'),(108,19,250,300,'18-use4786-2','/data/albums/designer_text_photo_links_mobile/18-use4786-2.webp'),(108,20,250,300,'18-use4786-2','/data/albums/designer_text_photo_links_mobile/18-use4786-2.webp'),(108,21,493,510,'21-use4786-2','/data/albums/designer_linked_news/21-use4786-2.webp'),(108,22,493,510,'21-use4786-2','/data/albums/designer_linked_news/21-use4786-2.webp'),(108,23,493,510,'21-use4786-2','/data/albums/designer_linked_news/21-use4786-2.webp'),(108,25,2000,640,'25-use4786-2','/data/albums/preview/25-use4786-2.webp'),(108,27,2000,640,'27-use4786-2','/data/albums/popup/27-use4786-2.webp'),(109,0,320,200,'0-use4992-2','/data/albums/static_photo0-use4992-2.jpg'),(109,3,545,355,'3-use4992-2','/data/albums/index_services/3-use4992-2.webp'),(109,4,392,255,'4-use4992-2','/data/albums/index_services_mobile/4-use4992-2.webp'),(109,11,1620,600,'11-use4992-2','/data/albums/designer_photo/11-use4992-2.webp'),(109,12,320,200,'0-use4992-2','/data/albums/static_photo0-use4992-2.jpg'),(109,13,320,200,'0-use4992-2','/data/albums/static_photo0-use4992-2.jpg'),(109,14,320,200,'0-use4992-2','/data/albums/static_photo0-use4992-2.jpg'),(109,15,320,200,'0-use4992-2','/data/albums/static_photo0-use4992-2.jpg'),(109,16,320,200,'0-use4992-2','/data/albums/static_photo0-use4992-2.jpg'),(109,17,459,612,'17-use4992-2','/data/albums/designer_text_photo_links/17-use4992-2.webp'),(109,18,250,300,'18-use4992-2','/data/albums/designer_text_photo_links_mobile/18-use4992-2.webp'),(109,19,250,300,'18-use4992-2','/data/albums/designer_text_photo_links_mobile/18-use4992-2.webp'),(109,20,250,300,'18-use4992-2','/data/albums/designer_text_photo_links_mobile/18-use4992-2.webp'),(109,21,493,510,'21-use4992-2','/data/albums/designer_linked_news/21-use4992-2.webp'),(109,22,493,510,'21-use4992-2','/data/albums/designer_linked_news/21-use4992-2.webp'),(109,23,493,510,'21-use4992-2','/data/albums/designer_linked_news/21-use4992-2.webp'),(109,25,2000,756,'25-use4992-2','/data/albums/preview/25-use4992-2.webp'),(109,27,2000,756,'27-use4992-2','/data/albums/popup/27-use4992-2.webp'),(110,0,320,200,'0-screenshot-2022-08-25-at-08-23-00-food-truck','/data/albums/static_photo0-screenshot-2022-08-25-at-08-23-00-food-truck.jpg'),(110,3,545,355,'3-screenshot-2022-08-25-at-08-23-00-food-truck','/data/albums/index_services/3-screenshot-2022-08-25-at-08-23-00-food-truck.webp'),(110,4,392,255,'4-screenshot-2022-08-25-at-08-23-00-food-truck','/data/albums/index_services_mobile/4-screenshot-2022-08-25-at-08-23-00-food-truck.webp'),(110,11,1620,600,'11-screenshot-2022-08-25-at-08-23-00-food-truck','/data/albums/designer_photo/11-screenshot-2022-08-25-at-08-23-00-food-truck.webp'),(110,12,320,200,'0-screenshot-2022-08-25-at-08-23-00-food-truck','/data/albums/static_photo0-screenshot-2022-08-25-at-08-23-00-food-truck.jpg'),(110,13,320,200,'0-screenshot-2022-08-25-at-08-23-00-food-truck','/data/albums/static_photo0-screenshot-2022-08-25-at-08-23-00-food-truck.jpg'),(110,14,320,200,'0-screenshot-2022-08-25-at-08-23-00-food-truck','/data/albums/static_photo0-screenshot-2022-08-25-at-08-23-00-food-truck.jpg'),(110,15,320,200,'0-screenshot-2022-08-25-at-08-23-00-food-truck','/data/albums/static_photo0-screenshot-2022-08-25-at-08-23-00-food-truck.jpg'),(110,16,320,200,'0-screenshot-2022-08-25-at-08-23-00-food-truck','/data/albums/static_photo0-screenshot-2022-08-25-at-08-23-00-food-truck.jpg'),(110,17,459,612,'17-screenshot-2022-08-25-at-08-23-00-food-truck','/data/albums/designer_text_photo_links/17-screenshot-2022-08-25-at-08-23-00-food-truck.webp'),(110,18,250,300,'18-screenshot-2022-08-25-at-08-23-00-food-truck','/data/albums/designer_text_photo_links_mobile/18-screenshot-2022-08-25-at-08-23-00-food-truck.webp'),(110,19,250,300,'18-screenshot-2022-08-25-at-08-23-00-food-truck','/data/albums/designer_text_photo_links_mobile/18-screenshot-2022-08-25-at-08-23-00-food-truck.webp'),(110,20,250,300,'18-screenshot-2022-08-25-at-08-23-00-food-truck','/data/albums/designer_text_photo_links_mobile/18-screenshot-2022-08-25-at-08-23-00-food-truck.webp'),(110,21,493,510,'21-screenshot-2022-08-25-at-08-23-00-food-truck','/data/albums/designer_linked_news/21-screenshot-2022-08-25-at-08-23-00-food-truck.webp'),(110,22,493,510,'21-screenshot-2022-08-25-at-08-23-00-food-truck','/data/albums/designer_linked_news/21-screenshot-2022-08-25-at-08-23-00-food-truck.webp'),(110,23,493,510,'21-screenshot-2022-08-25-at-08-23-00-food-truck','/data/albums/designer_linked_news/21-screenshot-2022-08-25-at-08-23-00-food-truck.webp'),(110,25,1672,106,'25-screenshot-2022-08-25-at-08-23-00-food-truck','/data/albums/preview/25-screenshot-2022-08-25-at-08-23-00-food-truck.webp'),(110,27,1672,106,'27-screenshot-2022-08-25-at-08-23-00-food-truck','/data/albums/popup/27-screenshot-2022-08-25-at-08-23-00-food-truck.webp'),(111,0,320,200,'0-asset-23x-100','/data/albums/static_photo0-asset-23x-100.jpg'),(111,3,545,355,'3-asset-23x-100','/data/albums/index_services/3-asset-23x-100.webp'),(111,4,392,255,'4-asset-23x-100','/data/albums/index_services_mobile/4-asset-23x-100.webp'),(111,11,1800,606,'11-asset-23x-100','/data/albums/designer_photo/11-asset-23x-100.webp'),(111,12,320,200,'0-asset-23x-100','/data/albums/static_photo0-asset-23x-100.jpg'),(111,13,320,200,'0-asset-23x-100','/data/albums/static_photo0-asset-23x-100.jpg'),(111,14,320,200,'0-asset-23x-100','/data/albums/static_photo0-asset-23x-100.jpg'),(111,15,320,200,'0-asset-23x-100','/data/albums/static_photo0-asset-23x-100.jpg'),(111,16,320,200,'0-asset-23x-100','/data/albums/static_photo0-asset-23x-100.jpg'),(111,17,459,612,'17-asset-23x-100','/data/albums/designer_text_photo_links/17-asset-23x-100.webp'),(111,18,250,300,'18-asset-23x-100','/data/albums/designer_text_photo_links_mobile/18-asset-23x-100.webp'),(111,19,250,300,'18-asset-23x-100','/data/albums/designer_text_photo_links_mobile/18-asset-23x-100.webp'),(111,20,250,300,'18-asset-23x-100','/data/albums/designer_text_photo_links_mobile/18-asset-23x-100.webp'),(111,21,493,510,'21-asset-23x-100','/data/albums/designer_linked_news/21-asset-23x-100.webp'),(111,22,493,510,'21-asset-23x-100','/data/albums/designer_linked_news/21-asset-23x-100.webp'),(111,23,493,510,'21-asset-23x-100','/data/albums/designer_linked_news/21-asset-23x-100.webp'),(111,25,2000,673,'25-asset-23x-100','/data/albums/preview/25-asset-23x-100.webp'),(111,27,2000,673,'27-asset-23x-100','/data/albums/popup/27-asset-23x-100.webp'),(112,0,320,200,'0-asset-33x-100','/data/albums/static_photo0-asset-33x-100.jpg'),(112,3,545,355,'3-asset-33x-100','/data/albums/index_services/3-asset-33x-100.webp'),(112,4,392,255,'4-asset-33x-100','/data/albums/index_services_mobile/4-asset-33x-100.webp'),(112,11,1800,631,'11-asset-33x-100','/data/albums/designer_photo/11-asset-33x-100.webp'),(112,12,320,200,'0-asset-33x-100','/data/albums/static_photo0-asset-33x-100.jpg'),(112,13,320,200,'0-asset-33x-100','/data/albums/static_photo0-asset-33x-100.jpg'),(112,14,320,200,'0-asset-33x-100','/data/albums/static_photo0-asset-33x-100.jpg'),(112,15,320,200,'0-asset-33x-100','/data/albums/static_photo0-asset-33x-100.jpg'),(112,16,320,200,'0-asset-33x-100','/data/albums/static_photo0-asset-33x-100.jpg'),(112,17,459,612,'17-asset-33x-100','/data/albums/designer_text_photo_links/17-asset-33x-100.webp'),(112,18,250,300,'18-asset-33x-100','/data/albums/designer_text_photo_links_mobile/18-asset-33x-100.webp'),(112,19,250,300,'18-asset-33x-100','/data/albums/designer_text_photo_links_mobile/18-asset-33x-100.webp'),(112,20,250,300,'18-asset-33x-100','/data/albums/designer_text_photo_links_mobile/18-asset-33x-100.webp'),(112,21,493,510,'21-asset-33x-100','/data/albums/designer_linked_news/21-asset-33x-100.webp'),(112,22,493,510,'21-asset-33x-100','/data/albums/designer_linked_news/21-asset-33x-100.webp'),(112,23,493,510,'21-asset-33x-100','/data/albums/designer_linked_news/21-asset-33x-100.webp'),(112,25,2000,701,'25-asset-33x-100','/data/albums/preview/25-asset-33x-100.webp'),(112,27,2000,701,'27-asset-33x-100','/data/albums/popup/27-asset-33x-100.webp'),(113,0,320,200,'0-asset-43x-100','/data/albums/static_photo0-asset-43x-100.jpg'),(113,3,545,355,'3-asset-43x-100','/data/albums/index_services/3-asset-43x-100.webp'),(113,4,392,255,'4-asset-43x-100','/data/albums/index_services_mobile/4-asset-43x-100.webp'),(113,11,1800,569,'11-asset-43x-100','/data/albums/designer_photo/11-asset-43x-100.webp'),(113,12,320,200,'0-asset-43x-100','/data/albums/static_photo0-asset-43x-100.jpg'),(113,13,320,200,'0-asset-43x-100','/data/albums/static_photo0-asset-43x-100.jpg'),(113,14,320,200,'0-asset-43x-100','/data/albums/static_photo0-asset-43x-100.jpg'),(113,15,320,200,'0-asset-43x-100','/data/albums/static_photo0-asset-43x-100.jpg'),(113,16,320,200,'0-asset-43x-100','/data/albums/static_photo0-asset-43x-100.jpg'),(113,17,459,612,'17-asset-43x-100','/data/albums/designer_text_photo_links/17-asset-43x-100.webp'),(113,18,250,300,'18-asset-43x-100','/data/albums/designer_text_photo_links_mobile/18-asset-43x-100.webp'),(113,19,250,300,'18-asset-43x-100','/data/albums/designer_text_photo_links_mobile/18-asset-43x-100.webp'),(113,20,250,300,'18-asset-43x-100','/data/albums/designer_text_photo_links_mobile/18-asset-43x-100.webp'),(113,21,493,510,'21-asset-43x-100','/data/albums/designer_linked_news/21-asset-43x-100.webp'),(113,22,493,510,'21-asset-43x-100','/data/albums/designer_linked_news/21-asset-43x-100.webp'),(113,23,493,510,'21-asset-43x-100','/data/albums/designer_linked_news/21-asset-43x-100.webp'),(113,25,2000,632,'25-asset-43x-100','/data/albums/preview/25-asset-43x-100.webp'),(113,27,2000,632,'27-asset-43x-100','/data/albums/popup/27-asset-43x-100.webp'),(114,0,320,200,'0-asset-53x-100','/data/albums/static_photo0-asset-53x-100.jpg'),(114,3,545,355,'3-asset-53x-100','/data/albums/index_services/3-asset-53x-100.webp'),(114,4,392,255,'4-asset-53x-100','/data/albums/index_services_mobile/4-asset-53x-100.webp'),(114,11,1800,615,'11-asset-53x-100','/data/albums/designer_photo/11-asset-53x-100.webp'),(114,12,320,200,'0-asset-53x-100','/data/albums/static_photo0-asset-53x-100.jpg'),(114,13,320,200,'0-asset-53x-100','/data/albums/static_photo0-asset-53x-100.jpg'),(114,14,320,200,'0-asset-53x-100','/data/albums/static_photo0-asset-53x-100.jpg'),(114,15,320,200,'0-asset-53x-100','/data/albums/static_photo0-asset-53x-100.jpg'),(114,16,320,200,'0-asset-53x-100','/data/albums/static_photo0-asset-53x-100.jpg'),(114,17,459,612,'17-asset-53x-100','/data/albums/designer_text_photo_links/17-asset-53x-100.webp'),(114,18,250,300,'18-asset-53x-100','/data/albums/designer_text_photo_links_mobile/18-asset-53x-100.webp'),(114,19,250,300,'18-asset-53x-100','/data/albums/designer_text_photo_links_mobile/18-asset-53x-100.webp'),(114,20,250,300,'18-asset-53x-100','/data/albums/designer_text_photo_links_mobile/18-asset-53x-100.webp'),(114,21,493,510,'21-asset-53x-100','/data/albums/designer_linked_news/21-asset-53x-100.webp'),(114,22,493,510,'21-asset-53x-100','/data/albums/designer_linked_news/21-asset-53x-100.webp'),(114,23,493,510,'21-asset-53x-100','/data/albums/designer_linked_news/21-asset-53x-100.webp'),(114,25,2000,683,'25-asset-53x-100','/data/albums/preview/25-asset-53x-100.webp'),(114,27,2000,683,'27-asset-53x-100','/data/albums/popup/27-asset-53x-100.webp'),(115,0,320,200,'0-asset-63x-100','/data/albums/static_photo0-asset-63x-100.jpg'),(115,3,545,355,'3-asset-63x-100','/data/albums/index_services/3-asset-63x-100.webp'),(115,4,392,255,'4-asset-63x-100','/data/albums/index_services_mobile/4-asset-63x-100.webp'),(115,11,1800,577,'11-asset-63x-100','/data/albums/designer_photo/11-asset-63x-100.webp'),(115,12,320,200,'0-asset-63x-100','/data/albums/static_photo0-asset-63x-100.jpg'),(115,13,320,200,'0-asset-63x-100','/data/albums/static_photo0-asset-63x-100.jpg'),(115,14,320,200,'0-asset-63x-100','/data/albums/static_photo0-asset-63x-100.jpg'),(115,15,320,200,'0-asset-63x-100','/data/albums/static_photo0-asset-63x-100.jpg'),(115,16,320,200,'0-asset-63x-100','/data/albums/static_photo0-asset-63x-100.jpg'),(115,17,459,612,'17-asset-63x-100','/data/albums/designer_text_photo_links/17-asset-63x-100.webp'),(115,18,250,300,'18-asset-63x-100','/data/albums/designer_text_photo_links_mobile/18-asset-63x-100.webp'),(115,19,250,300,'18-asset-63x-100','/data/albums/designer_text_photo_links_mobile/18-asset-63x-100.webp'),(115,20,250,300,'18-asset-63x-100','/data/albums/designer_text_photo_links_mobile/18-asset-63x-100.webp'),(115,21,493,510,'21-asset-63x-100','/data/albums/designer_linked_news/21-asset-63x-100.webp'),(115,22,493,510,'21-asset-63x-100','/data/albums/designer_linked_news/21-asset-63x-100.webp'),(115,23,493,510,'21-asset-63x-100','/data/albums/designer_linked_news/21-asset-63x-100.webp'),(115,25,2000,641,'25-asset-63x-100','/data/albums/preview/25-asset-63x-100.webp'),(115,27,2000,641,'27-asset-63x-100','/data/albums/popup/27-asset-63x-100.webp'),(116,0,320,200,'0-asset-73x-100','/data/albums/static_photo0-asset-73x-100.jpg'),(116,3,545,355,'3-asset-73x-100','/data/albums/index_services/3-asset-73x-100.webp'),(116,4,392,255,'4-asset-73x-100','/data/albums/index_services_mobile/4-asset-73x-100.webp'),(116,11,1800,611,'11-asset-73x-100','/data/albums/designer_photo/11-asset-73x-100.webp'),(116,12,320,200,'0-asset-73x-100','/data/albums/static_photo0-asset-73x-100.jpg'),(116,13,320,200,'0-asset-73x-100','/data/albums/static_photo0-asset-73x-100.jpg'),(116,14,320,200,'0-asset-73x-100','/data/albums/static_photo0-asset-73x-100.jpg'),(116,15,320,200,'0-asset-73x-100','/data/albums/static_photo0-asset-73x-100.jpg'),(116,16,320,200,'0-asset-73x-100','/data/albums/static_photo0-asset-73x-100.jpg'),(116,17,459,612,'17-asset-73x-100','/data/albums/designer_text_photo_links/17-asset-73x-100.webp'),(116,18,250,300,'18-asset-73x-100','/data/albums/designer_text_photo_links_mobile/18-asset-73x-100.webp'),(116,19,250,300,'18-asset-73x-100','/data/albums/designer_text_photo_links_mobile/18-asset-73x-100.webp'),(116,20,250,300,'18-asset-73x-100','/data/albums/designer_text_photo_links_mobile/18-asset-73x-100.webp'),(116,21,493,510,'21-asset-73x-100','/data/albums/designer_linked_news/21-asset-73x-100.webp'),(116,22,493,510,'21-asset-73x-100','/data/albums/designer_linked_news/21-asset-73x-100.webp'),(116,23,493,510,'21-asset-73x-100','/data/albums/designer_linked_news/21-asset-73x-100.webp'),(116,25,2000,679,'25-asset-73x-100','/data/albums/preview/25-asset-73x-100.webp'),(116,27,2000,679,'27-asset-73x-100','/data/albums/popup/27-asset-73x-100.webp'),(117,0,320,200,'0-asset-83x-100','/data/albums/static_photo0-asset-83x-100.jpg'),(117,3,545,355,'3-asset-83x-100','/data/albums/index_services/3-asset-83x-100.webp'),(117,4,392,255,'4-asset-83x-100','/data/albums/index_services_mobile/4-asset-83x-100.webp'),(117,11,1800,632,'11-asset-83x-100','/data/albums/designer_photo/11-asset-83x-100.webp'),(117,12,320,200,'0-asset-83x-100','/data/albums/static_photo0-asset-83x-100.jpg'),(117,13,320,200,'0-asset-83x-100','/data/albums/static_photo0-asset-83x-100.jpg'),(117,14,320,200,'0-asset-83x-100','/data/albums/static_photo0-asset-83x-100.jpg'),(117,15,320,200,'0-asset-83x-100','/data/albums/static_photo0-asset-83x-100.jpg'),(117,16,320,200,'0-asset-83x-100','/data/albums/static_photo0-asset-83x-100.jpg'),(117,17,459,612,'17-asset-83x-100','/data/albums/designer_text_photo_links/17-asset-83x-100.webp'),(117,18,250,300,'18-asset-83x-100','/data/albums/designer_text_photo_links_mobile/18-asset-83x-100.webp'),(117,19,250,300,'18-asset-83x-100','/data/albums/designer_text_photo_links_mobile/18-asset-83x-100.webp'),(117,20,250,300,'18-asset-83x-100','/data/albums/designer_text_photo_links_mobile/18-asset-83x-100.webp'),(117,21,493,510,'21-asset-83x-100','/data/albums/designer_linked_news/21-asset-83x-100.webp'),(117,22,493,510,'21-asset-83x-100','/data/albums/designer_linked_news/21-asset-83x-100.webp'),(117,23,493,510,'21-asset-83x-100','/data/albums/designer_linked_news/21-asset-83x-100.webp'),(117,25,2000,702,'25-asset-83x-100','/data/albums/preview/25-asset-83x-100.webp'),(117,27,2000,702,'27-asset-83x-100','/data/albums/popup/27-asset-83x-100.webp'),(118,0,320,200,'0-asset-93x-100','/data/albums/static_photo0-asset-93x-100.jpg'),(118,3,545,355,'3-asset-93x-100','/data/albums/index_services/3-asset-93x-100.webp'),(118,4,392,255,'4-asset-93x-100','/data/albums/index_services_mobile/4-asset-93x-100.webp'),(118,11,1800,599,'11-asset-93x-100','/data/albums/designer_photo/11-asset-93x-100.webp'),(118,12,320,200,'0-asset-93x-100','/data/albums/static_photo0-asset-93x-100.jpg'),(118,13,320,200,'0-asset-93x-100','/data/albums/static_photo0-asset-93x-100.jpg'),(118,14,320,200,'0-asset-93x-100','/data/albums/static_photo0-asset-93x-100.jpg'),(118,15,320,200,'0-asset-93x-100','/data/albums/static_photo0-asset-93x-100.jpg'),(118,16,320,200,'0-asset-93x-100','/data/albums/static_photo0-asset-93x-100.jpg'),(118,17,459,612,'17-asset-93x-100','/data/albums/designer_text_photo_links/17-asset-93x-100.webp'),(118,18,250,300,'18-asset-93x-100','/data/albums/designer_text_photo_links_mobile/18-asset-93x-100.webp'),(118,19,250,300,'18-asset-93x-100','/data/albums/designer_text_photo_links_mobile/18-asset-93x-100.webp'),(118,20,250,300,'18-asset-93x-100','/data/albums/designer_text_photo_links_mobile/18-asset-93x-100.webp'),(118,21,493,510,'21-asset-93x-100','/data/albums/designer_linked_news/21-asset-93x-100.webp'),(118,22,493,510,'21-asset-93x-100','/data/albums/designer_linked_news/21-asset-93x-100.webp'),(118,23,493,510,'21-asset-93x-100','/data/albums/designer_linked_news/21-asset-93x-100.webp'),(118,25,2000,666,'25-asset-93x-100','/data/albums/preview/25-asset-93x-100.webp'),(118,27,2000,666,'27-asset-93x-100','/data/albums/popup/27-asset-93x-100.webp'),(119,0,320,200,'0-asset-103x','/data/albums/static_photo0-asset-103x.jpg'),(119,3,545,355,'3-asset-103x','/data/albums/index_services/3-asset-103x.webp'),(119,4,392,255,'4-asset-103x','/data/albums/index_services_mobile/4-asset-103x.webp'),(119,11,1800,606,'11-asset-103x','/data/albums/designer_photo/11-asset-103x.webp'),(119,12,320,200,'0-asset-103x','/data/albums/static_photo0-asset-103x.jpg'),(119,13,320,200,'0-asset-103x','/data/albums/static_photo0-asset-103x.jpg'),(119,14,320,200,'0-asset-103x','/data/albums/static_photo0-asset-103x.jpg'),(119,15,320,200,'0-asset-103x','/data/albums/static_photo0-asset-103x.jpg'),(119,16,320,200,'0-asset-103x','/data/albums/static_photo0-asset-103x.jpg'),(119,17,459,612,'17-asset-103x','/data/albums/designer_text_photo_links/17-asset-103x.webp'),(119,18,250,300,'18-asset-103x','/data/albums/designer_text_photo_links_mobile/18-asset-103x.webp'),(119,19,250,300,'18-asset-103x','/data/albums/designer_text_photo_links_mobile/18-asset-103x.webp'),(119,20,250,300,'18-asset-103x','/data/albums/designer_text_photo_links_mobile/18-asset-103x.webp'),(119,21,493,510,'21-asset-103x','/data/albums/designer_linked_news/21-asset-103x.webp'),(119,22,493,510,'21-asset-103x','/data/albums/designer_linked_news/21-asset-103x.webp'),(119,23,493,510,'21-asset-103x','/data/albums/designer_linked_news/21-asset-103x.webp'),(119,25,2000,673,'25-asset-103x','/data/albums/preview/25-asset-103x.webp'),(119,27,2000,673,'27-asset-103x','/data/albums/popup/27-asset-103x.webp'),(119,33,550,523,'33-asset-103x','/data/albums/index_banner_mobile/33-asset-103x.webp'),(120,0,320,200,'0-asset-23x','/data/albums/static_photo0-asset-23x.jpg'),(120,3,545,355,'3-asset-23x','/data/albums/index_services/3-asset-23x.webp'),(120,4,392,255,'4-asset-23x','/data/albums/index_services_mobile/4-asset-23x.webp'),(120,11,1800,489,'11-asset-23x','/data/albums/designer_photo/11-asset-23x.webp'),(120,12,320,200,'0-asset-23x','/data/albums/static_photo0-asset-23x.jpg'),(120,13,320,200,'0-asset-23x','/data/albums/static_photo0-asset-23x.jpg'),(120,14,320,200,'0-asset-23x','/data/albums/static_photo0-asset-23x.jpg'),(120,15,320,200,'0-asset-23x','/data/albums/static_photo0-asset-23x.jpg'),(120,16,320,200,'0-asset-23x','/data/albums/static_photo0-asset-23x.jpg'),(120,17,459,612,'17-asset-23x','/data/albums/designer_text_photo_links/17-asset-23x.webp'),(120,18,250,300,'18-asset-23x','/data/albums/designer_text_photo_links_mobile/18-asset-23x.webp'),(120,19,250,300,'18-asset-23x','/data/albums/designer_text_photo_links_mobile/18-asset-23x.webp'),(120,20,250,300,'18-asset-23x','/data/albums/designer_text_photo_links_mobile/18-asset-23x.webp'),(120,21,493,510,'21-asset-23x','/data/albums/designer_linked_news/21-asset-23x.webp'),(120,22,493,510,'21-asset-23x','/data/albums/designer_linked_news/21-asset-23x.webp'),(120,23,493,510,'21-asset-23x','/data/albums/designer_linked_news/21-asset-23x.webp'),(120,25,2000,543,'25-asset-23x','/data/albums/preview/25-asset-23x.webp'),(120,27,2000,543,'27-asset-23x','/data/albums/popup/27-asset-23x.webp'),(121,0,320,200,'0-slide-12x-100','/data/albums/static_photo/0-slide-12x-100.jpg'),(121,1,1920,680,'1-slide-12x-100','/data/albums/index_slider/1-slide-12x-100.webp'),(121,2,430,545,'2-slide-12x-100','/data/albums/index_slider_mobile/2-slide-12x-100.webp'),(121,3,545,355,'3-slide-12x-100','/data/albums/index_services/3-slide-12x-100.webp'),(121,4,392,255,'4-slide-12x-100','/data/albums/index_services_mobile/4-slide-12x-100.webp'),(121,5,713,476,'5-slide-12x-100','/data/albums/index_photo_text_horizontal/5-slide-12x-100.webp'),(121,6,392,261,'6-slide-12x-100','/data/albums/index_photo_text_horizontal_mobile/6-slide-12x-100.webp'),(121,7,615,615,'7-slide-12x-100','/data/albums/index_photo_text_square/7-slide-12x-100.webp'),(121,8,392,380,'8-slide-12x-100','/data/albums/index_photo_text_square_mobile/8-slide-12x-100.webp'),(121,9,410,615,'9-slide-12x-100','/data/albums/index_photo_text_vertical/9-slide-12x-100.webp'),(121,10,392,588,'10-slide-12x-100','/data/albums/index_photo_text_vertical_mobile/10-slide-12x-100.webp'),(121,21,493,510,'21-slide-12x-100','/data/albums/designer_linked_news/21-slide-12x-100.webp'),(121,24,1920,680,'24-slide-12x-100','/data/albums/header_photo/24-slide-12x-100.webp'),(121,26,40,40,'26-slide-12x-100','/data/albums/map_marker/26-slide-12x-100.jpg'),(121,30,545,355,'30-slide-12x-100','/data/albums/blog_grid/30-slide-12x-100.webp'),(121,32,1920,771,'32-slide-12x-100','/data/albums/index_banner/32-slide-12x-100.webp'),(121,33,550,232,'33-slide-12x-100','/data/albums/index_banner_mobile/33-slide-12x-100.webp'),(121,34,580,650,'34-slide-12x-100','/data/albums/header_photo_mobile/34-slide-12x-100.webp'),(122,0,320,200,'0-slide-22x-100','/data/albums/static_photo/0-slide-22x-100.jpg'),(122,1,1920,680,'1-slide-22x-100','/data/albums/index_slider/1-slide-22x-100.webp'),(122,2,430,545,'2-slide-22x-100','/data/albums/index_slider_mobile/2-slide-22x-100.webp'),(122,3,545,355,'3-slide-22x-100','/data/albums/index_services/3-slide-22x-100.webp'),(122,4,392,255,'4-slide-22x-100','/data/albums/index_services_mobile/4-slide-22x-100.webp'),(122,5,713,476,'5-slide-22x-100','/data/albums/index_photo_text_horizontal/5-slide-22x-100.webp'),(122,6,392,261,'6-slide-22x-100','/data/albums/index_photo_text_horizontal_mobile/6-slide-22x-100.webp'),(122,7,615,615,'7-slide-22x-100','/data/albums/index_photo_text_square/7-slide-22x-100.webp'),(122,8,392,380,'8-slide-22x-100','/data/albums/index_photo_text_square_mobile/8-slide-22x-100.webp'),(122,9,410,615,'9-slide-22x-100','/data/albums/index_photo_text_vertical/9-slide-22x-100.webp'),(122,10,392,588,'10-slide-22x-100','/data/albums/index_photo_text_vertical_mobile/10-slide-22x-100.webp'),(122,21,493,510,'21-slide-22x-100','/data/albums/designer_linked_news/21-slide-22x-100.webp'),(122,24,1920,680,'24-slide-22x-100','/data/albums/header_photo/24-slide-22x-100.webp'),(122,26,40,40,'26-slide-22x-100','/data/albums/map_marker/26-slide-22x-100.jpg'),(122,30,545,355,'30-slide-22x-100','/data/albums/blog_grid/30-slide-22x-100.webp'),(122,32,1920,622,'32-slide-22x-100','/data/albums/index_banner/32-slide-22x-100.webp'),(123,0,320,200,'0-slide-32x-100','/data/albums/static_photo/0-slide-32x-100.jpg'),(123,1,1920,680,'1-slide-32x-100','/data/albums/index_slider/1-slide-32x-100.webp'),(123,2,430,545,'2-slide-32x-100','/data/albums/index_slider_mobile/2-slide-32x-100.webp'),(123,3,545,355,'3-slide-32x-100','/data/albums/index_services/3-slide-32x-100.webp'),(123,4,392,255,'4-slide-32x-100','/data/albums/index_services_mobile/4-slide-32x-100.webp'),(123,5,713,476,'5-slide-32x-100','/data/albums/index_photo_text_horizontal/5-slide-32x-100.webp'),(123,6,392,261,'6-slide-32x-100','/data/albums/index_photo_text_horizontal_mobile/6-slide-32x-100.webp'),(123,7,615,615,'7-slide-32x-100','/data/albums/index_photo_text_square/7-slide-32x-100.webp'),(123,8,392,380,'8-slide-32x-100','/data/albums/index_photo_text_square_mobile/8-slide-32x-100.webp'),(123,9,410,615,'9-slide-32x-100','/data/albums/index_photo_text_vertical/9-slide-32x-100.webp'),(123,10,392,588,'10-slide-32x-100','/data/albums/index_photo_text_vertical_mobile/10-slide-32x-100.webp'),(123,11,1800,601,'11-slide-32x-100','/data/albums/designer_photo/11-slide-32x-100.webp'),(123,12,392,200,'12-slide-32x-100','/data/albums/designer_photo_mobile/12-slide-32x-100.webp'),(123,13,623,291,'13-slide-32x-100','/data/albums/designer_text_photo/13-slide-32x-100.webp'),(123,14,392,183,'14-slide-32x-100','/data/albums/designer_text_photo_mobile/14-slide-32x-100.webp'),(123,15,862,400,'15-slide-32x-100','/data/albums/designer_text_photo_2/15-slide-32x-100.webp'),(123,16,392,200,'16-slide-32x-100','/data/albums/designer_text_photo_2_mobile/16-slide-32x-100.webp'),(123,17,459,612,'17-slide-32x-100','/data/albums/designer_text_photo_links/17-slide-32x-100.webp'),(123,18,250,300,'18-slide-32x-100','/data/albums/designer_text_photo_links_mobile/18-slide-32x-100.webp'),(123,19,1100,750,'19-slide-32x-100','/data/albums/designer_text_photo_big/19-slide-32x-100.webp'),(123,20,416,284,'20-slide-32x-100','/data/albums/designer_text_photo_big_mobile/20-slide-32x-100.webp'),(123,21,493,510,'21-slide-32x-100','/data/albums/designer_linked_news/21-slide-32x-100.webp'),(123,22,772,514,'22-slide-32x-100','/data/albums/designer_text_photo_3/22-slide-32x-100.webp'),(123,23,254,236,'23-slide-32x-100','/data/albums/designer_text_photo_3_mobile/23-slide-32x-100.webp'),(123,24,1920,680,'24-slide-32x-100','/data/albums/header_photo/24-slide-32x-100.webp'),(123,25,2500,945,'25-slide-32x-100','/data/albums/preview/25-slide-32x-100.webp'),(123,26,40,40,'26-slide-32x-100','/data/albums/map_marker/26-slide-32x-100.jpg'),(123,27,2500,945,'27-slide-32x-100','/data/albums/popup/27-slide-32x-100.webp'),(123,30,545,355,'30-slide-32x-100','/data/albums/blog_grid/30-slide-32x-100.webp'),(123,32,1920,726,'32-slide-32x-100','/data/albums/index_banner/32-slide-32x-100.webp'),(123,33,550,85,'33-slide-32x-100','/data/albums/index_banner_mobile/33-slide-32x-100.webp'),(124,0,320,200,'0-slide-42x-100','/data/albums/static_photo/0-slide-42x-100.jpg'),(124,1,1920,680,'1-slide-42x-100','/data/albums/index_slider/1-slide-42x-100.webp'),(124,2,430,545,'2-slide-42x-100','/data/albums/index_slider_mobile/2-slide-42x-100.webp'),(124,3,545,355,'3-slide-42x-100','/data/albums/index_services/3-slide-42x-100.webp'),(124,4,392,255,'4-slide-42x-100','/data/albums/index_services_mobile/4-slide-42x-100.webp'),(124,5,713,476,'5-slide-42x-100','/data/albums/index_photo_text_horizontal/5-slide-42x-100.webp'),(124,6,392,261,'6-slide-42x-100','/data/albums/index_photo_text_horizontal_mobile/6-slide-42x-100.webp'),(124,7,615,615,'7-slide-42x-100','/data/albums/index_photo_text_square/7-slide-42x-100.webp'),(124,8,392,380,'8-slide-42x-100','/data/albums/index_photo_text_square_mobile/8-slide-42x-100.webp'),(124,9,410,615,'9-slide-42x-100','/data/albums/index_photo_text_vertical/9-slide-42x-100.webp'),(124,10,392,588,'10-slide-42x-100','/data/albums/index_photo_text_vertical_mobile/10-slide-42x-100.webp'),(124,21,493,510,'21-slide-42x-100','/data/albums/designer_linked_news/21-slide-42x-100.webp'),(124,24,1920,680,'24-slide-42x-100','/data/albums/header_photo/24-slide-42x-100.webp'),(124,26,40,40,'26-slide-42x-100','/data/albums/map_marker/26-slide-42x-100.jpg'),(124,30,545,355,'30-slide-42x-100','/data/albums/blog_grid/30-slide-42x-100.webp'),(124,32,1920,625,'32-slide-42x-100','/data/albums/index_banner/32-slide-42x-100.webp'),(125,0,320,200,'0-slide-52x-100','/data/albums/static_photo/0-slide-52x-100.jpg'),(125,1,1920,680,'1-slide-52x-100','/data/albums/index_slider/1-slide-52x-100.webp'),(125,2,430,545,'2-slide-52x-100','/data/albums/index_slider_mobile/2-slide-52x-100.webp'),(125,3,545,355,'3-slide-52x-100','/data/albums/index_services/3-slide-52x-100.webp'),(125,4,392,255,'4-slide-52x-100','/data/albums/index_services_mobile/4-slide-52x-100.webp'),(125,5,713,476,'5-slide-52x-100','/data/albums/index_photo_text_horizontal/5-slide-52x-100.webp'),(125,6,392,261,'6-slide-52x-100','/data/albums/index_photo_text_horizontal_mobile/6-slide-52x-100.webp'),(125,7,615,615,'7-slide-52x-100','/data/albums/index_photo_text_square/7-slide-52x-100.webp'),(125,8,392,380,'8-slide-52x-100','/data/albums/index_photo_text_square_mobile/8-slide-52x-100.webp'),(125,9,410,615,'9-slide-52x-100','/data/albums/index_photo_text_vertical/9-slide-52x-100.webp'),(125,10,392,588,'10-slide-52x-100','/data/albums/index_photo_text_vertical_mobile/10-slide-52x-100.webp'),(125,21,493,510,'21-slide-52x-100','/data/albums/designer_linked_news/21-slide-52x-100.webp'),(125,24,1920,680,'24-slide-52x-100','/data/albums/header_photo/24-slide-52x-100.webp'),(125,26,40,40,'26-slide-52x-100','/data/albums/map_marker/26-slide-52x-100.jpg'),(125,30,545,355,'30-slide-52x-100','/data/albums/blog_grid/30-slide-52x-100.webp'),(125,32,1920,717,'32-slide-52x-100','/data/albums/index_banner/32-slide-52x-100.webp'),(126,0,320,200,'0-slide-62x-100','/data/albums/static_photo/0-slide-62x-100.jpg'),(126,1,1920,680,'1-slide-62x-100','/data/albums/index_slider/1-slide-62x-100.webp'),(126,2,430,545,'2-slide-62x-100','/data/albums/index_slider_mobile/2-slide-62x-100.webp'),(126,3,545,355,'3-slide-62x-100','/data/albums/index_services/3-slide-62x-100.webp'),(126,4,392,255,'4-slide-62x-100','/data/albums/index_services_mobile/4-slide-62x-100.webp'),(126,5,713,476,'5-slide-62x-100','/data/albums/index_photo_text_horizontal/5-slide-62x-100.webp'),(126,6,392,261,'6-slide-62x-100','/data/albums/index_photo_text_horizontal_mobile/6-slide-62x-100.webp'),(126,7,615,615,'7-slide-62x-100','/data/albums/index_photo_text_square/7-slide-62x-100.webp'),(126,8,392,380,'8-slide-62x-100','/data/albums/index_photo_text_square_mobile/8-slide-62x-100.webp'),(126,9,410,615,'9-slide-62x-100','/data/albums/index_photo_text_vertical/9-slide-62x-100.webp'),(126,10,392,588,'10-slide-62x-100','/data/albums/index_photo_text_vertical_mobile/10-slide-62x-100.webp'),(126,21,493,510,'21-slide-62x-100','/data/albums/designer_linked_news/21-slide-62x-100.webp'),(126,24,1920,680,'24-slide-62x-100','/data/albums/header_photo/24-slide-62x-100.webp'),(126,26,40,40,'26-slide-62x-100','/data/albums/map_marker/26-slide-62x-100.jpg'),(126,30,545,355,'30-slide-62x-100','/data/albums/blog_grid/30-slide-62x-100.webp'),(126,32,1920,624,'32-slide-62x-100','/data/albums/index_banner/32-slide-62x-100.webp'),(127,0,320,200,'0-slide-72x-100','/data/albums/static_photo/0-slide-72x-100.jpg'),(127,1,1920,680,'1-slide-72x-100','/data/albums/index_slider/1-slide-72x-100.webp'),(127,2,430,545,'2-slide-72x-100','/data/albums/index_slider_mobile/2-slide-72x-100.webp'),(127,3,545,355,'3-slide-72x-100','/data/albums/index_services/3-slide-72x-100.webp'),(127,4,392,255,'4-slide-72x-100','/data/albums/index_services_mobile/4-slide-72x-100.webp'),(127,5,713,476,'5-slide-72x-100','/data/albums/index_photo_text_horizontal/5-slide-72x-100.webp'),(127,6,392,261,'6-slide-72x-100','/data/albums/index_photo_text_horizontal_mobile/6-slide-72x-100.webp'),(127,7,615,615,'7-slide-72x-100','/data/albums/index_photo_text_square/7-slide-72x-100.webp'),(127,8,392,380,'8-slide-72x-100','/data/albums/index_photo_text_square_mobile/8-slide-72x-100.webp'),(127,9,410,615,'9-slide-72x-100','/data/albums/index_photo_text_vertical/9-slide-72x-100.webp'),(127,10,392,588,'10-slide-72x-100','/data/albums/index_photo_text_vertical_mobile/10-slide-72x-100.webp'),(127,11,1800,300,'11-slide-72x-100','/data/albums/designer_photo/11-slide-72x-100.webp'),(127,12,392,200,'12-slide-72x-100','/data/albums/designer_photo_mobile/12-slide-72x-100.webp'),(127,13,623,291,'13-slide-72x-100','/data/albums/designer_text_photo/13-slide-72x-100.webp'),(127,14,392,183,'14-slide-72x-100','/data/albums/designer_text_photo_mobile/14-slide-72x-100.webp'),(127,15,862,400,'15-slide-72x-100','/data/albums/designer_text_photo_2/15-slide-72x-100.webp'),(127,16,392,200,'16-slide-72x-100','/data/albums/designer_text_photo_2_mobile/16-slide-72x-100.webp'),(127,17,459,612,'17-slide-72x-100','/data/albums/designer_text_photo_links/17-slide-72x-100.webp'),(127,18,250,300,'18-slide-72x-100','/data/albums/designer_text_photo_links_mobile/18-slide-72x-100.webp'),(127,19,1100,750,'19-slide-72x-100','/data/albums/designer_text_photo_big/19-slide-72x-100.webp'),(127,20,416,284,'20-slide-72x-100','/data/albums/designer_text_photo_big_mobile/20-slide-72x-100.webp'),(127,21,493,510,'21-slide-72x-100','/data/albums/designer_linked_news/21-slide-72x-100.webp'),(127,22,772,514,'22-slide-72x-100','/data/albums/designer_text_photo_3/22-slide-72x-100.webp'),(127,23,254,236,'23-slide-72x-100','/data/albums/designer_text_photo_3_mobile/23-slide-72x-100.webp'),(127,24,1920,680,'24-slide-72x-100','/data/albums/header_photo/24-slide-72x-100.webp'),(127,25,2500,1046,'25-slide-72x-100','/data/albums/preview/25-slide-72x-100.webp'),(127,26,40,40,'26-slide-72x-100','/data/albums/map_marker/26-slide-72x-100.jpg'),(127,27,2500,1046,'27-slide-72x-100','/data/albums/popup/27-slide-72x-100.webp'),(127,30,545,355,'30-slide-72x-100','/data/albums/blog_grid/30-slide-72x-100.webp'),(127,32,545,355,'30-slide-72x-100','/data/albums/blog_grid/30-slide-72x-100.webp'),(127,33,550,524,'33-slide-72x-100','/data/albums/index_banner_mobile/33-slide-72x-100.webp'),(128,0,320,200,'0-slide-82x-100','/data/albums/static_photo/0-slide-82x-100.jpg'),(128,1,1920,680,'1-slide-82x-100','/data/albums/index_slider/1-slide-82x-100.webp'),(128,2,430,545,'2-slide-82x-100','/data/albums/index_slider_mobile/2-slide-82x-100.webp'),(128,3,545,355,'3-slide-82x-100','/data/albums/index_services/3-slide-82x-100.webp'),(128,4,392,255,'4-slide-82x-100','/data/albums/index_services_mobile/4-slide-82x-100.webp'),(128,5,713,476,'5-slide-82x-100','/data/albums/index_photo_text_horizontal/5-slide-82x-100.webp'),(128,6,392,261,'6-slide-82x-100','/data/albums/index_photo_text_horizontal_mobile/6-slide-82x-100.webp'),(128,7,615,615,'7-slide-82x-100','/data/albums/index_photo_text_square/7-slide-82x-100.webp'),(128,8,392,380,'8-slide-82x-100','/data/albums/index_photo_text_square_mobile/8-slide-82x-100.webp'),(128,9,410,615,'9-slide-82x-100','/data/albums/index_photo_text_vertical/9-slide-82x-100.webp'),(128,10,392,588,'10-slide-82x-100','/data/albums/index_photo_text_vertical_mobile/10-slide-82x-100.webp'),(128,21,493,510,'21-slide-82x-100','/data/albums/designer_linked_news/21-slide-82x-100.webp'),(128,24,1920,680,'24-slide-82x-100','/data/albums/header_photo/24-slide-82x-100.webp'),(128,26,40,40,'26-slide-82x-100','/data/albums/map_marker/26-slide-82x-100.jpg'),(128,30,545,355,'30-slide-82x-100','/data/albums/blog_grid/30-slide-82x-100.webp'),(128,32,1920,822,'32-slide-82x-100','/data/albums/index_banner/32-slide-82x-100.webp'),(129,0,320,200,'0-slide-92x-100','/data/albums/static_photo/0-slide-92x-100.jpg'),(129,1,1920,680,'1-slide-92x-100','/data/albums/index_slider/1-slide-92x-100.webp'),(129,2,430,545,'2-slide-92x-100','/data/albums/index_slider_mobile/2-slide-92x-100.webp'),(129,3,545,355,'3-slide-92x-100','/data/albums/index_services/3-slide-92x-100.webp'),(129,4,392,255,'4-slide-92x-100','/data/albums/index_services_mobile/4-slide-92x-100.webp'),(129,5,713,476,'5-slide-92x-100','/data/albums/index_photo_text_horizontal/5-slide-92x-100.webp'),(129,6,392,261,'6-slide-92x-100','/data/albums/index_photo_text_horizontal_mobile/6-slide-92x-100.webp'),(129,7,615,615,'7-slide-92x-100','/data/albums/index_photo_text_square/7-slide-92x-100.webp'),(129,8,392,380,'8-slide-92x-100','/data/albums/index_photo_text_square_mobile/8-slide-92x-100.webp'),(129,9,410,615,'9-slide-92x-100','/data/albums/index_photo_text_vertical/9-slide-92x-100.webp'),(129,10,392,588,'10-slide-92x-100','/data/albums/index_photo_text_vertical_mobile/10-slide-92x-100.webp'),(129,21,493,510,'21-slide-92x-100','/data/albums/designer_linked_news/21-slide-92x-100.webp'),(129,24,1920,680,'24-slide-92x-100','/data/albums/header_photo/24-slide-92x-100.webp'),(129,26,40,40,'26-slide-92x-100','/data/albums/map_marker/26-slide-92x-100.jpg'),(129,30,545,355,'30-slide-92x-100','/data/albums/blog_grid/30-slide-92x-100.webp'),(129,32,1920,716,'32-slide-92x-100','/data/albums/index_banner/32-slide-92x-100.webp'),(130,0,320,200,'0-slide-82x-100-2','/data/albums/static_photo/0-slide-82x-100-2.jpg'),(130,1,1920,680,'1-slide-82x-100-2','/data/albums/index_slider/1-slide-82x-100-2.webp'),(130,2,430,545,'2-slide-82x-100-2','/data/albums/index_slider_mobile/2-slide-82x-100-2.webp'),(130,3,545,355,'3-slide-82x-100-2','/data/albums/index_services/3-slide-82x-100-2.webp'),(130,4,392,255,'4-slide-82x-100-2','/data/albums/index_services_mobile/4-slide-82x-100-2.webp'),(130,5,713,476,'5-slide-82x-100-2','/data/albums/index_photo_text_horizontal/5-slide-82x-100-2.webp'),(130,6,392,261,'6-slide-82x-100-2','/data/albums/index_photo_text_horizontal_mobile/6-slide-82x-100-2.webp'),(130,7,615,615,'7-slide-82x-100-2','/data/albums/index_photo_text_square/7-slide-82x-100-2.webp'),(130,8,392,380,'8-slide-82x-100-2','/data/albums/index_photo_text_square_mobile/8-slide-82x-100-2.webp'),(130,9,410,615,'9-slide-82x-100-2','/data/albums/index_photo_text_vertical/9-slide-82x-100-2.webp'),(130,10,392,588,'10-slide-82x-100-2','/data/albums/index_photo_text_vertical_mobile/10-slide-82x-100-2.webp'),(130,21,493,510,'21-slide-82x-100-2','/data/albums/designer_linked_news/21-slide-82x-100-2.webp'),(130,24,1920,680,'24-slide-82x-100-2','/data/albums/header_photo/24-slide-82x-100-2.webp'),(130,26,40,40,'26-slide-82x-100-2','/data/albums/map_marker/26-slide-82x-100-2.jpg'),(130,30,545,355,'30-slide-82x-100-2','/data/albums/blog_grid/30-slide-82x-100-2.webp'),(130,32,1920,781,'32-slide-82x-100-2','/data/albums/index_banner/32-slide-82x-100-2.webp'),(131,0,320,200,'0-asset-12x-100','/data/albums/static_photo/0-asset-12x-100.jpg'),(131,1,1920,680,'1-asset-12x-100','/data/albums/index_slider/1-asset-12x-100.webp'),(131,2,430,545,'2-asset-12x-100','/data/albums/index_slider_mobile/2-asset-12x-100.webp'),(131,3,545,355,'3-asset-12x-100','/data/albums/index_services/3-asset-12x-100.webp'),(131,4,392,255,'4-asset-12x-100','/data/albums/index_services_mobile/4-asset-12x-100.webp'),(131,5,713,476,'5-asset-12x-100','/data/albums/index_photo_text_horizontal/5-asset-12x-100.webp'),(131,6,392,261,'6-asset-12x-100','/data/albums/index_photo_text_horizontal_mobile/6-asset-12x-100.webp'),(131,7,615,615,'7-asset-12x-100','/data/albums/index_photo_text_square/7-asset-12x-100.webp'),(131,8,392,380,'8-asset-12x-100','/data/albums/index_photo_text_square_mobile/8-asset-12x-100.webp'),(131,9,410,615,'9-asset-12x-100','/data/albums/index_photo_text_vertical/9-asset-12x-100.webp'),(131,10,392,588,'10-asset-12x-100','/data/albums/index_photo_text_vertical_mobile/10-asset-12x-100.webp'),(131,11,1800,766,'11-asset-12x-100','/data/albums/designer_photo/11-asset-12x-100.webp'),(131,12,392,200,'12-asset-12x-100','/data/albums/designer_photo_mobile/12-asset-12x-100.webp'),(131,13,623,291,'13-asset-12x-100','/data/albums/designer_text_photo/13-asset-12x-100.webp'),(131,14,392,183,'14-asset-12x-100','/data/albums/designer_text_photo_mobile/14-asset-12x-100.webp'),(131,15,862,400,'15-asset-12x-100','/data/albums/designer_text_photo_2/15-asset-12x-100.webp'),(131,16,392,200,'16-asset-12x-100','/data/albums/designer_text_photo_2_mobile/16-asset-12x-100.webp'),(131,17,459,612,'17-asset-12x-100','/data/albums/designer_text_photo_links/17-asset-12x-100.webp'),(131,18,250,300,'18-asset-12x-100','/data/albums/designer_text_photo_links_mobile/18-asset-12x-100.webp'),(131,19,1100,750,'19-asset-12x-100','/data/albums/designer_text_photo_big/19-asset-12x-100.webp'),(131,20,416,284,'20-asset-12x-100','/data/albums/designer_text_photo_big_mobile/20-asset-12x-100.webp'),(131,21,493,510,'21-asset-12x-100','/data/albums/designer_linked_news/21-asset-12x-100.webp'),(131,22,772,514,'22-asset-12x-100','/data/albums/designer_text_photo_3/22-asset-12x-100.webp'),(131,23,254,236,'23-asset-12x-100','/data/albums/designer_text_photo_3_mobile/23-asset-12x-100.webp'),(131,24,1920,680,'24-asset-12x-100','/data/albums/header_photo/24-asset-12x-100.webp'),(131,25,2500,1085,'25-asset-12x-100','/data/albums/preview/25-asset-12x-100.webp'),(131,26,40,40,'26-asset-12x-100','/data/albums/map_marker/26-asset-12x-100.jpg'),(131,27,2500,1085,'27-asset-12x-100','/data/albums/popup/27-asset-12x-100.webp'),(131,30,545,355,'30-asset-12x-100','/data/albums/blog_grid/30-asset-12x-100.webp'),(131,32,1920,820,'32-asset-12x-100','/data/albums/index_banner/32-asset-12x-100.webp'),(131,33,550,235,'33-asset-12x-100','/data/albums/index_banner_mobile/33-asset-12x-100.webp'),(132,0,320,200,'0-slide-12x-100-2','/data/albums/static_photo/0-slide-12x-100-2.jpg'),(132,1,1920,680,'1-slide-12x-100-2','/data/albums/index_slider/1-slide-12x-100-2.webp'),(132,2,430,545,'2-slide-12x-100-2','/data/albums/index_slider_mobile/2-slide-12x-100-2.webp'),(132,3,545,355,'3-slide-12x-100-2','/data/albums/index_services/3-slide-12x-100-2.webp'),(132,4,392,255,'4-slide-12x-100-2','/data/albums/index_services_mobile/4-slide-12x-100-2.webp'),(132,5,713,476,'5-slide-12x-100-2','/data/albums/index_photo_text_horizontal/5-slide-12x-100-2.webp'),(132,6,392,261,'6-slide-12x-100-2','/data/albums/index_photo_text_horizontal_mobile/6-slide-12x-100-2.webp'),(132,7,615,615,'7-slide-12x-100-2','/data/albums/index_photo_text_square/7-slide-12x-100-2.webp'),(132,8,392,380,'8-slide-12x-100-2','/data/albums/index_photo_text_square_mobile/8-slide-12x-100-2.webp'),(132,9,410,615,'9-slide-12x-100-2','/data/albums/index_photo_text_vertical/9-slide-12x-100-2.webp'),(132,10,392,588,'10-slide-12x-100-2','/data/albums/index_photo_text_vertical_mobile/10-slide-12x-100-2.webp'),(132,21,493,510,'21-slide-12x-100-2','/data/albums/designer_linked_news/21-slide-12x-100-2.webp'),(132,24,1920,680,'24-slide-12x-100-2','/data/albums/header_photo/24-slide-12x-100-2.webp'),(132,26,40,40,'26-slide-12x-100-2','/data/albums/map_marker/26-slide-12x-100-2.jpg'),(132,30,545,355,'30-slide-12x-100-2','/data/albums/blog_grid/30-slide-12x-100-2.webp'),(132,32,1920,845,'32-slide-12x-100-2','/data/albums/index_banner/32-slide-12x-100-2.webp'),(132,33,550,242,'33-slide-12x-100-2','/data/albums/index_banner_mobile/33-slide-12x-100-2.webp'),(132,34,580,650,'34-slide-12x-100-2','/data/albums/header_photo_mobile/34-slide-12x-100-2.webp'),(133,0,320,200,'0-slide-22x-100-2','/data/albums/static_photo/0-slide-22x-100-2.jpg'),(133,1,1920,680,'1-slide-22x-100-2','/data/albums/index_slider/1-slide-22x-100-2.webp'),(133,2,430,545,'2-slide-22x-100-2','/data/albums/index_slider_mobile/2-slide-22x-100-2.webp'),(133,3,545,355,'3-slide-22x-100-2','/data/albums/index_services/3-slide-22x-100-2.webp'),(133,4,392,255,'4-slide-22x-100-2','/data/albums/index_services_mobile/4-slide-22x-100-2.webp'),(133,5,713,476,'5-slide-22x-100-2','/data/albums/index_photo_text_horizontal/5-slide-22x-100-2.webp'),(133,6,392,261,'6-slide-22x-100-2','/data/albums/index_photo_text_horizontal_mobile/6-slide-22x-100-2.webp'),(133,7,615,615,'7-slide-22x-100-2','/data/albums/index_photo_text_square/7-slide-22x-100-2.webp'),(133,8,392,380,'8-slide-22x-100-2','/data/albums/index_photo_text_square_mobile/8-slide-22x-100-2.webp'),(133,9,410,615,'9-slide-22x-100-2','/data/albums/index_photo_text_vertical/9-slide-22x-100-2.webp'),(133,10,392,588,'10-slide-22x-100-2','/data/albums/index_photo_text_vertical_mobile/10-slide-22x-100-2.webp'),(133,11,1800,583,'11-slide-22x-100-2','/data/albums/designer_photo/11-slide-22x-100-2.webp'),(133,12,392,200,'12-slide-22x-100-2','/data/albums/designer_photo_mobile/12-slide-22x-100-2.webp'),(133,13,623,291,'13-slide-22x-100-2','/data/albums/designer_text_photo/13-slide-22x-100-2.webp'),(133,14,392,183,'14-slide-22x-100-2','/data/albums/designer_text_photo_mobile/14-slide-22x-100-2.webp'),(133,15,862,400,'15-slide-22x-100-2','/data/albums/designer_text_photo_2/15-slide-22x-100-2.webp'),(133,16,392,200,'16-slide-22x-100-2','/data/albums/designer_text_photo_2_mobile/16-slide-22x-100-2.webp'),(133,17,459,612,'17-slide-22x-100-2','/data/albums/designer_text_photo_links/17-slide-22x-100-2.webp'),(133,18,250,300,'18-slide-22x-100-2','/data/albums/designer_text_photo_links_mobile/18-slide-22x-100-2.webp'),(133,19,1100,750,'19-slide-22x-100-2','/data/albums/designer_text_photo_big/19-slide-22x-100-2.webp'),(133,20,416,284,'20-slide-22x-100-2','/data/albums/designer_text_photo_big_mobile/20-slide-22x-100-2.webp'),(133,21,493,510,'21-slide-22x-100-2','/data/albums/designer_linked_news/21-slide-22x-100-2.webp'),(133,22,772,514,'22-slide-22x-100-2','/data/albums/designer_text_photo_3/22-slide-22x-100-2.webp'),(133,23,254,236,'23-slide-22x-100-2','/data/albums/designer_text_photo_3_mobile/23-slide-22x-100-2.webp'),(133,24,1920,680,'24-slide-22x-100-2','/data/albums/header_photo/24-slide-22x-100-2.webp'),(133,25,2500,810,'25-slide-22x-100-2','/data/albums/preview/25-slide-22x-100-2.webp'),(133,26,40,40,'26-slide-22x-100-2','/data/albums/map_marker/26-slide-22x-100-2.jpg'),(133,27,2500,810,'27-slide-22x-100-2','/data/albums/popup/27-slide-22x-100-2.webp'),(133,30,545,355,'30-slide-22x-100-2','/data/albums/blog_grid/30-slide-22x-100-2.webp'),(133,32,1920,622,'32-slide-22x-100-2','/data/albums/index_banner/32-slide-22x-100-2.webp'),(133,33,550,178,'33-slide-22x-100-2','/data/albums/index_banner_mobile/33-slide-22x-100-2.webp'),(134,0,320,200,'0-slide-32x-100-2','/data/albums/static_photo/0-slide-32x-100-2.jpg'),(134,1,1920,680,'1-slide-32x-100-2','/data/albums/index_slider/1-slide-32x-100-2.webp'),(134,2,430,545,'2-slide-32x-100-2','/data/albums/index_slider_mobile/2-slide-32x-100-2.webp'),(134,3,545,355,'3-slide-32x-100-2','/data/albums/index_services/3-slide-32x-100-2.webp'),(134,4,392,255,'4-slide-32x-100-2','/data/albums/index_services_mobile/4-slide-32x-100-2.webp'),(134,5,713,476,'5-slide-32x-100-2','/data/albums/index_photo_text_horizontal/5-slide-32x-100-2.webp'),(134,6,392,261,'6-slide-32x-100-2','/data/albums/index_photo_text_horizontal_mobile/6-slide-32x-100-2.webp'),(134,7,615,615,'7-slide-32x-100-2','/data/albums/index_photo_text_square/7-slide-32x-100-2.webp'),(134,8,392,380,'8-slide-32x-100-2','/data/albums/index_photo_text_square_mobile/8-slide-32x-100-2.webp'),(134,9,410,615,'9-slide-32x-100-2','/data/albums/index_photo_text_vertical/9-slide-32x-100-2.webp'),(134,10,392,588,'10-slide-32x-100-2','/data/albums/index_photo_text_vertical_mobile/10-slide-32x-100-2.webp'),(134,11,1800,680,'11-slide-32x-100-2','/data/albums/designer_photo/11-slide-32x-100-2.webp'),(134,12,392,200,'12-slide-32x-100-2','/data/albums/designer_photo_mobile/12-slide-32x-100-2.webp'),(134,13,623,291,'13-slide-32x-100-2','/data/albums/designer_text_photo/13-slide-32x-100-2.webp'),(134,14,392,183,'14-slide-32x-100-2','/data/albums/designer_text_photo_mobile/14-slide-32x-100-2.webp'),(134,15,862,400,'15-slide-32x-100-2','/data/albums/designer_text_photo_2/15-slide-32x-100-2.webp'),(134,16,392,200,'16-slide-32x-100-2','/data/albums/designer_text_photo_2_mobile/16-slide-32x-100-2.webp'),(134,17,459,612,'17-slide-32x-100-2','/data/albums/designer_text_photo_links/17-slide-32x-100-2.webp'),(134,18,250,300,'18-slide-32x-100-2','/data/albums/designer_text_photo_links_mobile/18-slide-32x-100-2.webp'),(134,19,1100,750,'19-slide-32x-100-2','/data/albums/designer_text_photo_big/19-slide-32x-100-2.webp'),(134,20,416,284,'20-slide-32x-100-2','/data/albums/designer_text_photo_big_mobile/20-slide-32x-100-2.webp'),(134,21,493,510,'21-slide-32x-100-2','/data/albums/designer_linked_news/21-slide-32x-100-2.webp'),(134,22,772,514,'22-slide-32x-100-2','/data/albums/designer_text_photo_3/22-slide-32x-100-2.webp'),(134,23,254,236,'23-slide-32x-100-2','/data/albums/designer_text_photo_3_mobile/23-slide-32x-100-2.webp'),(134,24,1920,680,'24-slide-32x-100-2','/data/albums/header_photo/24-slide-32x-100-2.webp'),(134,25,2500,945,'25-slide-32x-100-2','/data/albums/preview/25-slide-32x-100-2.webp'),(134,26,40,40,'26-slide-32x-100-2','/data/albums/map_marker/26-slide-32x-100-2.jpg'),(134,27,2500,945,'27-slide-32x-100-2','/data/albums/popup/27-slide-32x-100-2.webp'),(134,30,545,355,'30-slide-32x-100-2','/data/albums/blog_grid/30-slide-32x-100-2.webp'),(134,32,1920,726,'32-slide-32x-100-2','/data/albums/index_banner/32-slide-32x-100-2.webp'),(134,33,550,208,'33-slide-32x-100-2','/data/albums/index_banner_mobile/33-slide-32x-100-2.webp'),(135,0,320,200,'0-slide-42x-100-2','/data/albums/static_photo/0-slide-42x-100-2.jpg'),(135,1,1920,680,'1-slide-42x-100-2','/data/albums/index_slider/1-slide-42x-100-2.webp'),(135,2,430,545,'2-slide-42x-100-2','/data/albums/index_slider_mobile/2-slide-42x-100-2.webp'),(135,3,545,355,'3-slide-42x-100-2','/data/albums/index_services/3-slide-42x-100-2.webp'),(135,4,392,255,'4-slide-42x-100-2','/data/albums/index_services_mobile/4-slide-42x-100-2.webp'),(135,5,713,476,'5-slide-42x-100-2','/data/albums/index_photo_text_horizontal/5-slide-42x-100-2.webp'),(135,6,392,261,'6-slide-42x-100-2','/data/albums/index_photo_text_horizontal_mobile/6-slide-42x-100-2.webp'),(135,7,615,615,'7-slide-42x-100-2','/data/albums/index_photo_text_square/7-slide-42x-100-2.webp'),(135,8,392,380,'8-slide-42x-100-2','/data/albums/index_photo_text_square_mobile/8-slide-42x-100-2.webp'),(135,9,410,615,'9-slide-42x-100-2','/data/albums/index_photo_text_vertical/9-slide-42x-100-2.webp'),(135,10,392,588,'10-slide-42x-100-2','/data/albums/index_photo_text_vertical_mobile/10-slide-42x-100-2.webp'),(135,11,1800,574,'11-slide-42x-100-2','/data/albums/designer_photo/11-slide-42x-100-2.webp'),(135,12,392,200,'12-slide-42x-100-2','/data/albums/designer_photo_mobile/12-slide-42x-100-2.webp'),(135,13,623,291,'13-slide-42x-100-2','/data/albums/designer_text_photo/13-slide-42x-100-2.webp'),(135,14,392,183,'14-slide-42x-100-2','/data/albums/designer_text_photo_mobile/14-slide-42x-100-2.webp'),(135,15,862,400,'15-slide-42x-100-2','/data/albums/designer_text_photo_2/15-slide-42x-100-2.webp'),(135,16,392,200,'16-slide-42x-100-2','/data/albums/designer_text_photo_2_mobile/16-slide-42x-100-2.webp'),(135,17,459,612,'17-slide-42x-100-2','/data/albums/designer_text_photo_links/17-slide-42x-100-2.webp'),(135,18,250,300,'18-slide-42x-100-2','/data/albums/designer_text_photo_links_mobile/18-slide-42x-100-2.webp'),(135,19,1100,750,'19-slide-42x-100-2','/data/albums/designer_text_photo_big/19-slide-42x-100-2.webp'),(135,20,416,284,'20-slide-42x-100-2','/data/albums/designer_text_photo_big_mobile/20-slide-42x-100-2.webp'),(135,21,493,510,'21-slide-42x-100-2','/data/albums/designer_linked_news/21-slide-42x-100-2.webp'),(135,22,772,514,'22-slide-42x-100-2','/data/albums/designer_text_photo_3/22-slide-42x-100-2.webp'),(135,23,254,236,'23-slide-42x-100-2','/data/albums/designer_text_photo_3_mobile/23-slide-42x-100-2.webp'),(135,24,1920,680,'24-slide-42x-100-2','/data/albums/header_photo/24-slide-42x-100-2.webp'),(135,25,2500,814,'25-slide-42x-100-2','/data/albums/preview/25-slide-42x-100-2.webp'),(135,26,40,40,'26-slide-42x-100-2','/data/albums/map_marker/26-slide-42x-100-2.jpg'),(135,27,2500,814,'27-slide-42x-100-2','/data/albums/popup/27-slide-42x-100-2.webp'),(135,30,545,355,'30-slide-42x-100-2','/data/albums/blog_grid/30-slide-42x-100-2.webp'),(135,32,1920,625,'32-slide-42x-100-2','/data/albums/index_banner/32-slide-42x-100-2.webp'),(135,33,550,179,'33-slide-42x-100-2','/data/albums/index_banner_mobile/33-slide-42x-100-2.webp'),(135,34,580,650,'34-slide-42x-100-2','/data/albums/header_photo_mobile/34-slide-42x-100-2.webp'),(136,0,320,200,'0-slide-52x-100-2','/data/albums/static_photo/0-slide-52x-100-2.jpg'),(136,1,1920,680,'1-slide-52x-100-2','/data/albums/index_slider/1-slide-52x-100-2.webp'),(136,2,430,545,'2-slide-52x-100-2','/data/albums/index_slider_mobile/2-slide-52x-100-2.webp'),(136,3,545,355,'3-slide-52x-100-2','/data/albums/index_services/3-slide-52x-100-2.webp'),(136,4,392,255,'4-slide-52x-100-2','/data/albums/index_services_mobile/4-slide-52x-100-2.webp'),(136,5,713,476,'5-slide-52x-100-2','/data/albums/index_photo_text_horizontal/5-slide-52x-100-2.webp'),(136,6,392,261,'6-slide-52x-100-2','/data/albums/index_photo_text_horizontal_mobile/6-slide-52x-100-2.webp'),(136,7,615,615,'7-slide-52x-100-2','/data/albums/index_photo_text_square/7-slide-52x-100-2.webp'),(136,8,392,380,'8-slide-52x-100-2','/data/albums/index_photo_text_square_mobile/8-slide-52x-100-2.webp'),(136,9,410,615,'9-slide-52x-100-2','/data/albums/index_photo_text_vertical/9-slide-52x-100-2.webp'),(136,10,392,588,'10-slide-52x-100-2','/data/albums/index_photo_text_vertical_mobile/10-slide-52x-100-2.webp'),(136,11,1800,675,'11-slide-52x-100-2','/data/albums/designer_photo/11-slide-52x-100-2.webp'),(136,12,392,200,'12-slide-52x-100-2','/data/albums/designer_photo_mobile/12-slide-52x-100-2.webp'),(136,13,623,291,'13-slide-52x-100-2','/data/albums/designer_text_photo/13-slide-52x-100-2.webp'),(136,14,392,183,'14-slide-52x-100-2','/data/albums/designer_text_photo_mobile/14-slide-52x-100-2.webp'),(136,15,862,400,'15-slide-52x-100-2','/data/albums/designer_text_photo_2/15-slide-52x-100-2.webp'),(136,16,392,200,'16-slide-52x-100-2','/data/albums/designer_text_photo_2_mobile/16-slide-52x-100-2.webp'),(136,17,459,612,'17-slide-52x-100-2','/data/albums/designer_text_photo_links/17-slide-52x-100-2.webp'),(136,18,250,300,'18-slide-52x-100-2','/data/albums/designer_text_photo_links_mobile/18-slide-52x-100-2.webp'),(136,19,1100,750,'19-slide-52x-100-2','/data/albums/designer_text_photo_big/19-slide-52x-100-2.webp'),(136,20,416,284,'20-slide-52x-100-2','/data/albums/designer_text_photo_big_mobile/20-slide-52x-100-2.webp'),(136,21,493,510,'21-slide-52x-100-2','/data/albums/designer_linked_news/21-slide-52x-100-2.webp'),(136,22,772,514,'22-slide-52x-100-2','/data/albums/designer_text_photo_3/22-slide-52x-100-2.webp'),(136,23,254,236,'23-slide-52x-100-2','/data/albums/designer_text_photo_3_mobile/23-slide-52x-100-2.webp'),(136,24,1920,680,'24-slide-52x-100-2','/data/albums/header_photo/24-slide-52x-100-2.webp'),(136,25,2500,953,'25-slide-52x-100-2','/data/albums/preview/25-slide-52x-100-2.webp'),(136,26,40,40,'26-slide-52x-100-2','/data/albums/map_marker/26-slide-52x-100-2.jpg'),(136,27,2500,953,'27-slide-52x-100-2','/data/albums/popup/27-slide-52x-100-2.webp'),(136,30,545,355,'30-slide-52x-100-2','/data/albums/blog_grid/30-slide-52x-100-2.webp'),(136,32,1920,722,'32-slide-52x-100-2','/data/albums/index_banner/32-slide-52x-100-2.webp'),(136,33,550,204,'33-slide-52x-100-2','/data/albums/index_banner_mobile/33-slide-52x-100-2.webp'),(137,0,320,200,'0-slide-62x-100-2','/data/albums/static_photo/0-slide-62x-100-2.jpg'),(137,1,1920,680,'1-slide-62x-100-2','/data/albums/index_slider/1-slide-62x-100-2.webp'),(137,2,430,545,'2-slide-62x-100-2','/data/albums/index_slider_mobile/2-slide-62x-100-2.webp'),(137,3,545,355,'3-slide-62x-100-2','/data/albums/index_services/3-slide-62x-100-2.webp'),(137,4,392,255,'4-slide-62x-100-2','/data/albums/index_services_mobile/4-slide-62x-100-2.webp'),(137,5,713,476,'5-slide-62x-100-2','/data/albums/index_photo_text_horizontal/5-slide-62x-100-2.webp'),(137,6,392,261,'6-slide-62x-100-2','/data/albums/index_photo_text_horizontal_mobile/6-slide-62x-100-2.webp'),(137,7,615,615,'7-slide-62x-100-2','/data/albums/index_photo_text_square/7-slide-62x-100-2.webp'),(137,8,392,380,'8-slide-62x-100-2','/data/albums/index_photo_text_square_mobile/8-slide-62x-100-2.webp'),(137,9,410,615,'9-slide-62x-100-2','/data/albums/index_photo_text_vertical/9-slide-62x-100-2.webp'),(137,10,392,588,'10-slide-62x-100-2','/data/albums/index_photo_text_vertical_mobile/10-slide-62x-100-2.webp'),(137,11,1800,578,'11-slide-62x-100-2','/data/albums/designer_photo/11-slide-62x-100-2.webp'),(137,12,392,200,'12-slide-62x-100-2','/data/albums/designer_photo_mobile/12-slide-62x-100-2.webp'),(137,13,623,291,'13-slide-62x-100-2','/data/albums/designer_text_photo/13-slide-62x-100-2.webp'),(137,14,392,183,'14-slide-62x-100-2','/data/albums/designer_text_photo_mobile/14-slide-62x-100-2.webp'),(137,15,862,400,'15-slide-62x-100-2','/data/albums/designer_text_photo_2/15-slide-62x-100-2.webp'),(137,16,392,200,'16-slide-62x-100-2','/data/albums/designer_text_photo_2_mobile/16-slide-62x-100-2.webp'),(137,17,459,612,'17-slide-62x-100-2','/data/albums/designer_text_photo_links/17-slide-62x-100-2.webp'),(137,18,250,300,'18-slide-62x-100-2','/data/albums/designer_text_photo_links_mobile/18-slide-62x-100-2.webp'),(137,19,1100,750,'19-slide-62x-100-2','/data/albums/designer_text_photo_big/19-slide-62x-100-2.webp'),(137,20,416,284,'20-slide-62x-100-2','/data/albums/designer_text_photo_big_mobile/20-slide-62x-100-2.webp'),(137,21,493,510,'21-slide-62x-100-2','/data/albums/designer_linked_news/21-slide-62x-100-2.webp'),(137,22,772,514,'22-slide-62x-100-2','/data/albums/designer_text_photo_3/22-slide-62x-100-2.webp'),(137,23,254,236,'23-slide-62x-100-2','/data/albums/designer_text_photo_3_mobile/23-slide-62x-100-2.webp'),(137,24,1920,680,'24-slide-62x-100-2','/data/albums/header_photo/24-slide-62x-100-2.webp'),(137,25,2500,813,'25-slide-62x-100-2','/data/albums/preview/25-slide-62x-100-2.webp'),(137,26,40,40,'26-slide-62x-100-2','/data/albums/map_marker/26-slide-62x-100-2.jpg'),(137,27,2500,813,'27-slide-62x-100-2','/data/albums/popup/27-slide-62x-100-2.webp'),(137,30,545,355,'30-slide-62x-100-2','/data/albums/blog_grid/30-slide-62x-100-2.webp'),(137,32,1920,624,'32-slide-62x-100-2','/data/albums/index_banner/32-slide-62x-100-2.webp'),(137,33,550,200,'33-slide-62x-100-2','/data/albums/index_banner_mobile/33-slide-62x-100-2.webp'),(137,34,580,650,'34-slide-62x-100-2','/data/albums/header_photo_mobile/34-slide-62x-100-2.webp'),(138,0,320,200,'0-slide-82x-100-3','/data/albums/static_photo/0-slide-82x-100-3.jpg'),(138,1,1920,680,'1-slide-82x-100-3','/data/albums/index_slider/1-slide-82x-100-3.webp'),(138,2,430,545,'2-slide-82x-100-3','/data/albums/index_slider_mobile/2-slide-82x-100-3.webp'),(138,3,545,355,'3-slide-82x-100-3','/data/albums/index_services/3-slide-82x-100-3.webp'),(138,4,392,255,'4-slide-82x-100-3','/data/albums/index_services_mobile/4-slide-82x-100-3.webp'),(138,5,713,476,'5-slide-82x-100-3','/data/albums/index_photo_text_horizontal/5-slide-82x-100-3.webp'),(138,6,392,261,'6-slide-82x-100-3','/data/albums/index_photo_text_horizontal_mobile/6-slide-82x-100-3.webp'),(138,7,615,615,'7-slide-82x-100-3','/data/albums/index_photo_text_square/7-slide-82x-100-3.webp'),(138,8,392,380,'8-slide-82x-100-3','/data/albums/index_photo_text_square_mobile/8-slide-82x-100-3.webp'),(138,9,410,615,'9-slide-82x-100-3','/data/albums/index_photo_text_vertical/9-slide-82x-100-3.webp'),(138,10,392,588,'10-slide-82x-100-3','/data/albums/index_photo_text_vertical_mobile/10-slide-82x-100-3.webp'),(138,11,1800,730,'11-slide-82x-100-3','/data/albums/designer_photo/11-slide-82x-100-3.webp'),(138,12,392,200,'12-slide-82x-100-3','/data/albums/designer_photo_mobile/12-slide-82x-100-3.webp'),(138,13,623,291,'13-slide-82x-100-3','/data/albums/designer_text_photo/13-slide-82x-100-3.webp'),(138,14,392,183,'14-slide-82x-100-3','/data/albums/designer_text_photo_mobile/14-slide-82x-100-3.webp'),(138,15,862,400,'15-slide-82x-100-3','/data/albums/designer_text_photo_2/15-slide-82x-100-3.webp'),(138,16,392,200,'16-slide-82x-100-3','/data/albums/designer_text_photo_2_mobile/16-slide-82x-100-3.webp'),(138,17,459,612,'17-slide-82x-100-3','/data/albums/designer_text_photo_links/17-slide-82x-100-3.webp'),(138,18,250,300,'18-slide-82x-100-3','/data/albums/designer_text_photo_links_mobile/18-slide-82x-100-3.webp'),(138,19,1100,750,'19-slide-82x-100-3','/data/albums/designer_text_photo_big/19-slide-82x-100-3.webp'),(138,20,416,284,'20-slide-82x-100-3','/data/albums/designer_text_photo_big_mobile/20-slide-82x-100-3.webp'),(138,21,493,510,'21-slide-82x-100-3','/data/albums/designer_linked_news/21-slide-82x-100-3.webp'),(138,22,772,514,'22-slide-82x-100-3','/data/albums/designer_text_photo_3/22-slide-82x-100-3.webp'),(138,23,254,236,'23-slide-82x-100-3','/data/albums/designer_text_photo_3_mobile/23-slide-82x-100-3.webp'),(138,24,1920,680,'24-slide-82x-100-3','/data/albums/header_photo/24-slide-82x-100-3.webp'),(138,25,2500,1046,'25-slide-82x-100-3','/data/albums/preview/25-slide-82x-100-3.webp'),(138,26,40,40,'26-slide-82x-100-3','/data/albums/map_marker/26-slide-82x-100-3.jpg'),(138,27,2500,1046,'27-slide-82x-100-3','/data/albums/popup/27-slide-82x-100-3.webp'),(138,30,545,355,'30-slide-82x-100-3','/data/albums/blog_grid/30-slide-82x-100-3.webp'),(138,32,1920,803,'32-slide-82x-100-3','/data/albums/index_banner/32-slide-82x-100-3.webp'),(138,33,550,160,'33-slide-82x-100-3','/data/albums/index_banner_mobile/33-slide-82x-100-3.webp'),(139,0,320,200,'0-slide-92x-100-2','/data/albums/static_photo/0-slide-92x-100-2.jpg'),(139,1,1920,680,'1-slide-92x-100-2','/data/albums/index_slider/1-slide-92x-100-2.webp'),(139,2,430,545,'2-slide-92x-100-2','/data/albums/index_slider_mobile/2-slide-92x-100-2.webp'),(139,3,545,355,'3-slide-92x-100-2','/data/albums/index_services/3-slide-92x-100-2.webp'),(139,4,392,255,'4-slide-92x-100-2','/data/albums/index_services_mobile/4-slide-92x-100-2.webp'),(139,5,713,476,'5-slide-92x-100-2','/data/albums/index_photo_text_horizontal/5-slide-92x-100-2.webp'),(139,6,392,261,'6-slide-92x-100-2','/data/albums/index_photo_text_horizontal_mobile/6-slide-92x-100-2.webp'),(139,7,615,615,'7-slide-92x-100-2','/data/albums/index_photo_text_square/7-slide-92x-100-2.webp'),(139,8,392,380,'8-slide-92x-100-2','/data/albums/index_photo_text_square_mobile/8-slide-92x-100-2.webp'),(139,9,410,615,'9-slide-92x-100-2','/data/albums/index_photo_text_vertical/9-slide-92x-100-2.webp'),(139,10,392,588,'10-slide-92x-100-2','/data/albums/index_photo_text_vertical_mobile/10-slide-92x-100-2.webp'),(139,11,1800,666,'11-slide-92x-100-2','/data/albums/designer_photo/11-slide-92x-100-2.webp'),(139,12,392,200,'12-slide-92x-100-2','/data/albums/designer_photo_mobile/12-slide-92x-100-2.webp'),(139,13,623,291,'13-slide-92x-100-2','/data/albums/designer_text_photo/13-slide-92x-100-2.webp'),(139,14,392,183,'14-slide-92x-100-2','/data/albums/designer_text_photo_mobile/14-slide-92x-100-2.webp'),(139,15,862,400,'15-slide-92x-100-2','/data/albums/designer_text_photo_2/15-slide-92x-100-2.webp'),(139,16,392,200,'16-slide-92x-100-2','/data/albums/designer_text_photo_2_mobile/16-slide-92x-100-2.webp'),(139,17,459,612,'17-slide-92x-100-2','/data/albums/designer_text_photo_links/17-slide-92x-100-2.webp'),(139,18,250,300,'18-slide-92x-100-2','/data/albums/designer_text_photo_links_mobile/18-slide-92x-100-2.webp'),(139,19,1100,750,'19-slide-92x-100-2','/data/albums/designer_text_photo_big/19-slide-92x-100-2.webp'),(139,20,416,284,'20-slide-92x-100-2','/data/albums/designer_text_photo_big_mobile/20-slide-92x-100-2.webp'),(139,21,493,510,'21-slide-92x-100-2','/data/albums/designer_linked_news/21-slide-92x-100-2.webp'),(139,22,772,514,'22-slide-92x-100-2','/data/albums/designer_text_photo_3/22-slide-92x-100-2.webp'),(139,23,254,236,'23-slide-92x-100-2','/data/albums/designer_text_photo_3_mobile/23-slide-92x-100-2.webp'),(139,24,1920,680,'24-slide-92x-100-2','/data/albums/header_photo/24-slide-92x-100-2.webp'),(139,25,2500,932,'25-slide-92x-100-2','/data/albums/preview/25-slide-92x-100-2.webp'),(139,26,40,40,'26-slide-92x-100-2','/data/albums/map_marker/26-slide-92x-100-2.jpg'),(139,27,2500,932,'27-slide-92x-100-2','/data/albums/popup/27-slide-92x-100-2.webp'),(139,30,545,355,'30-slide-92x-100-2','/data/albums/blog_grid/30-slide-92x-100-2.webp'),(139,32,1920,716,'32-slide-92x-100-2','/data/albums/index_banner/32-slide-92x-100-2.webp'),(139,33,550,205,'33-slide-92x-100-2','/data/albums/index_banner_mobile/33-slide-92x-100-2.webp'),(139,34,580,650,'34-slide-92x-100-2','/data/albums/header_photo_mobile/34-slide-92x-100-2.webp'),(140,0,320,200,'0-kempinski-04','/data/albums/static_photo0-kempinski-04.jpg'),(140,3,545,355,'3-kempinski-04','/data/albums/index_services/3-kempinski-04.webp'),(140,4,392,255,'4-kempinski-04','/data/albums/index_services_mobile/4-kempinski-04.webp'),(140,11,1800,644,'11-kempinski-04','/data/albums/designer_photo/11-kempinski-04.webp'),(140,12,320,200,'0-kempinski-04','/data/albums/static_photo0-kempinski-04.jpg'),(140,13,320,200,'0-kempinski-04','/data/albums/static_photo0-kempinski-04.jpg'),(140,14,320,200,'0-kempinski-04','/data/albums/static_photo0-kempinski-04.jpg'),(140,15,320,200,'0-kempinski-04','/data/albums/static_photo0-kempinski-04.jpg'),(140,16,320,200,'0-kempinski-04','/data/albums/static_photo0-kempinski-04.jpg'),(140,17,459,612,'17-kempinski-04','/data/albums/designer_text_photo_links/17-kempinski-04.webp'),(140,18,250,300,'18-kempinski-04','/data/albums/designer_text_photo_links_mobile/18-kempinski-04.webp'),(140,19,250,300,'18-kempinski-04','/data/albums/designer_text_photo_links_mobile/18-kempinski-04.webp'),(140,20,250,300,'18-kempinski-04','/data/albums/designer_text_photo_links_mobile/18-kempinski-04.webp'),(140,21,493,510,'21-kempinski-04','/data/albums/designer_linked_news/21-kempinski-04.webp'),(140,22,493,510,'21-kempinski-04','/data/albums/designer_linked_news/21-kempinski-04.webp'),(140,23,493,510,'21-kempinski-04','/data/albums/designer_linked_news/21-kempinski-04.webp'),(140,25,8416,3010,'25-kempinski-04','/data/albums/preview/25-kempinski-04.webp'),(140,27,1000,357,'27-kempinski-04','/data/albums/popup/27-kempinski-04.webp'),(141,0,320,200,'0-spletna_foto-01','/data/albums/static_photo0-spletna_foto-01.jpg'),(141,1,1920,680,'1-spletna_foto-01','/data/albums/index_slider/1-spletna_foto-01.webp'),(141,2,430,545,'2-spletna_foto-01','/data/albums/index_slider_mobile/2-spletna_foto-01.webp'),(141,3,545,355,'3-spletna_foto-01','/data/albums/index_services/3-spletna_foto-01.webp'),(141,4,392,255,'4-spletna_foto-01','/data/albums/index_services_mobile/4-spletna_foto-01.webp'),(141,5,713,476,'5-spletna_foto-01','/data/albums/index_photo_text_horizontal/5-spletna_foto-01.webp'),(141,6,392,261,'6-spletna_foto-01','/data/albums/index_photo_text_horizontal_mobile/6-spletna_foto-01.webp'),(141,7,615,615,'7-spletna_foto-01','/data/albums/index_photo_text_square/7-spletna_foto-01.webp'),(141,8,392,380,'8-spletna_foto-01','/data/albums/index_photo_text_square_mobile/8-spletna_foto-01.webp'),(141,9,410,615,'9-spletna_foto-01','/data/albums/index_photo_text_vertical/9-spletna_foto-01.webp'),(141,10,392,588,'10-spletna_foto-01','/data/albums/index_photo_text_vertical_mobile/10-spletna_foto-01.webp'),(141,11,320,200,'0-spletna_foto-01','/data/albums/static_photo0-spletna_foto-01.jpg'),(141,12,320,200,'0-spletna_foto-01','/data/albums/static_photo0-spletna_foto-01.jpg'),(141,13,320,200,'0-spletna_foto-01','/data/albums/static_photo0-spletna_foto-01.jpg'),(141,14,320,200,'0-spletna_foto-01','/data/albums/static_photo0-spletna_foto-01.jpg'),(141,15,320,200,'0-spletna_foto-01','/data/albums/static_photo0-spletna_foto-01.jpg'),(141,16,320,200,'0-spletna_foto-01','/data/albums/static_photo0-spletna_foto-01.jpg'),(141,17,459,612,'17-spletna_foto-01','/data/albums/designer_text_photo_links/17-spletna_foto-01.webp'),(141,18,250,300,'18-spletna_foto-01','/data/albums/designer_text_photo_links_mobile/18-spletna_foto-01.webp'),(141,19,250,300,'18-spletna_foto-01','/data/albums/designer_text_photo_links_mobile/18-spletna_foto-01.webp'),(141,20,250,300,'18-spletna_foto-01','/data/albums/designer_text_photo_links_mobile/18-spletna_foto-01.webp'),(141,21,493,510,'21-spletna_foto-01','/data/albums/designer_linked_news/21-spletna_foto-01.webp'),(141,22,493,510,'21-spletna_foto-01','/data/albums/designer_linked_news/21-spletna_foto-01.webp'),(141,23,493,510,'21-spletna_foto-01','/data/albums/designer_linked_news/21-spletna_foto-01.webp'),(141,24,1920,680,'24-spletna_foto-01','/data/albums/header_photo/24-spletna_foto-01.webp'),(141,25,2000,1333,'25-spletna_foto-01','/data/albums/preview/25-spletna_foto-01.webp'),(141,26,40,40,'26-spletna_foto-01','/data/albums/map_marker/26-spletna_foto-01.jpg'),(141,27,2000,1333,'27-spletna_foto-01','/data/albums/popup/27-spletna_foto-01.webp'),(141,30,545,355,'30-spletna_foto-01','/data/albums/blog_grid/30-spletna_foto-01.webp'),(141,32,1920,300,'32-spletna_foto-01','/data/albums/index_banner/32-spletna_foto-01.webp'),(141,33,550,367,'33-spletna_foto-01','/data/albums/index_banner_mobile/33-spletna_foto-01.webp'),(142,0,320,200,'0-naslovna-032','/data/albums/static_photo/0-naslovna-032.jpg'),(142,1,1920,680,'1-naslovna-032','/data/albums/index_slider/1-naslovna-032.webp'),(142,2,430,545,'2-naslovna-032','/data/albums/index_slider_mobile/2-naslovna-032.webp'),(142,3,545,355,'3-naslovna-032','/data/albums/index_services/3-naslovna-032.webp'),(142,4,392,255,'4-naslovna-032','/data/albums/index_services_mobile/4-naslovna-032.webp'),(142,5,713,476,'5-naslovna-032','/data/albums/index_photo_text_horizontal/5-naslovna-032.webp'),(142,6,392,261,'6-naslovna-032','/data/albums/index_photo_text_horizontal_mobile/6-naslovna-032.webp'),(142,7,615,615,'7-naslovna-032','/data/albums/index_photo_text_square/7-naslovna-032.webp'),(142,8,392,380,'8-naslovna-032','/data/albums/index_photo_text_square_mobile/8-naslovna-032.webp'),(142,9,410,615,'9-naslovna-032','/data/albums/index_photo_text_vertical/9-naslovna-032.webp'),(142,10,392,588,'10-naslovna-032','/data/albums/index_photo_text_vertical_mobile/10-naslovna-032.webp'),(142,11,1800,738,'11-naslovna-032','/data/albums/designer_photo/11-naslovna-032.webp'),(142,12,392,200,'12-naslovna-032','/data/albums/designer_photo_mobile/12-naslovna-032.webp'),(142,13,623,291,'13-naslovna-032','/data/albums/designer_text_photo/13-naslovna-032.webp'),(142,14,392,183,'14-naslovna-032','/data/albums/designer_text_photo_mobile/14-naslovna-032.webp'),(142,15,862,400,'15-naslovna-032','/data/albums/designer_text_photo_2/15-naslovna-032.webp'),(142,16,392,200,'16-naslovna-032','/data/albums/designer_text_photo_2_mobile/16-naslovna-032.webp'),(142,17,459,612,'17-naslovna-032','/data/albums/designer_text_photo_links/17-naslovna-032.webp'),(142,18,250,300,'18-naslovna-032','/data/albums/designer_text_photo_links_mobile/18-naslovna-032.webp'),(142,19,1100,750,'19-naslovna-032','/data/albums/designer_text_photo_big/19-naslovna-032.webp'),(142,20,416,284,'20-naslovna-032','/data/albums/designer_text_photo_big_mobile/20-naslovna-032.webp'),(142,21,493,510,'21-naslovna-032','/data/albums/designer_linked_news/21-naslovna-032.webp'),(142,22,772,514,'22-naslovna-032','/data/albums/designer_text_photo_3/22-naslovna-032.webp'),(142,23,254,236,'23-naslovna-032','/data/albums/designer_text_photo_3_mobile/23-naslovna-032.webp'),(142,24,1920,680,'24-naslovna-032','/data/albums/header_photo/24-naslovna-032.webp'),(142,25,2500,1034,'25-naslovna-032','/data/albums/preview/25-naslovna-032.webp'),(142,26,40,40,'26-naslovna-032','/data/albums/map_marker/26-naslovna-032.jpg'),(142,27,2500,1034,'27-naslovna-032','/data/albums/popup/27-naslovna-032.webp'),(142,30,545,355,'30-naslovna-032','/data/albums/blog_grid/30-naslovna-032.webp'),(142,32,1920,788,'32-naslovna-032','/data/albums/index_banner/32-naslovna-032.webp'),(142,33,550,227,'33-naslovna-032','/data/albums/index_banner_mobile/33-naslovna-032.webp'),(143,0,320,200,'0-marker','/data/albums/static_photo/0-marker.jpg'),(143,1,1920,680,'1-marker','/data/albums/index_slider/1-marker.webp'),(143,2,430,545,'2-marker','/data/albums/index_slider_mobile/2-marker.webp'),(143,3,545,355,'3-marker','/data/albums/index_services/3-marker.webp'),(143,4,392,255,'4-marker','/data/albums/index_services_mobile/4-marker.webp'),(143,5,713,476,'5-marker','/data/albums/index_photo_text_horizontal/5-marker.webp'),(143,6,392,261,'6-marker','/data/albums/index_photo_text_horizontal_mobile/6-marker.webp'),(143,7,615,615,'7-marker','/data/albums/index_photo_text_square/7-marker.webp'),(143,8,392,380,'8-marker','/data/albums/index_photo_text_square_mobile/8-marker.webp'),(143,9,410,615,'9-marker','/data/albums/index_photo_text_vertical/9-marker.webp'),(143,10,392,588,'10-marker','/data/albums/index_photo_text_vertical_mobile/10-marker.webp'),(143,21,493,510,'21-marker','/data/albums/designer_linked_news/21-marker.webp'),(143,24,1920,680,'24-marker','/data/albums/header_photo/24-marker.webp'),(143,26,40,40,'26-marker','/data/albums/map_marker/26-marker.png'),(143,30,545,355,'30-marker','/data/albums/blog_grid/30-marker.webp'),(143,32,545,355,'30-marker','/data/albums/blog_grid/30-marker.webp'),(143,33,545,355,'30-marker','/data/albums/blog_grid/30-marker.webp'),(143,34,580,650,'34-marker','/data/albums/header_photo_mobile/34-marker.webp'),(144,0,320,200,'0-asset-22x','/data/albums/static_photo0-asset-22x.jpg'),(144,3,545,355,'3-asset-22x','/data/albums/index_services/3-asset-22x.webp'),(144,4,392,255,'4-asset-22x','/data/albums/index_services_mobile/4-asset-22x.webp'),(144,11,1800,606,'11-asset-22x','/data/albums/designer_photo/11-asset-22x.webp'),(144,12,320,200,'0-asset-22x','/data/albums/static_photo0-asset-22x.jpg'),(144,13,320,200,'0-asset-22x','/data/albums/static_photo0-asset-22x.jpg'),(144,14,320,200,'0-asset-22x','/data/albums/static_photo0-asset-22x.jpg'),(144,15,320,200,'0-asset-22x','/data/albums/static_photo0-asset-22x.jpg'),(144,16,320,200,'0-asset-22x','/data/albums/static_photo0-asset-22x.jpg'),(144,17,459,612,'17-asset-22x','/data/albums/designer_text_photo_links/17-asset-22x.webp'),(144,18,250,300,'18-asset-22x','/data/albums/designer_text_photo_links_mobile/18-asset-22x.webp'),(144,19,250,300,'18-asset-22x','/data/albums/designer_text_photo_links_mobile/18-asset-22x.webp'),(144,20,250,300,'18-asset-22x','/data/albums/designer_text_photo_links_mobile/18-asset-22x.webp'),(144,21,493,510,'21-asset-22x','/data/albums/designer_linked_news/21-asset-22x.webp'),(144,22,493,510,'21-asset-22x','/data/albums/designer_linked_news/21-asset-22x.webp'),(144,23,493,510,'21-asset-22x','/data/albums/designer_linked_news/21-asset-22x.webp'),(144,25,2000,673,'25-asset-22x','/data/albums/preview/25-asset-22x.webp'),(144,27,2000,673,'27-asset-22x','/data/albums/popup/27-asset-22x.webp'),(144,33,550,185,'33-asset-22x','/data/albums/index_banner_mobile/33-asset-22x.webp'),(145,0,320,200,'0-asset-32x','/data/albums/static_photo0-asset-32x.jpg'),(145,3,545,355,'3-asset-32x','/data/albums/index_services/3-asset-32x.webp'),(145,4,392,255,'4-asset-32x','/data/albums/index_services_mobile/4-asset-32x.webp'),(145,11,1800,484,'11-asset-32x','/data/albums/designer_photo/11-asset-32x.webp'),(145,12,320,200,'0-asset-32x','/data/albums/static_photo0-asset-32x.jpg'),(145,13,320,200,'0-asset-32x','/data/albums/static_photo0-asset-32x.jpg'),(145,14,320,200,'0-asset-32x','/data/albums/static_photo0-asset-32x.jpg'),(145,15,320,200,'0-asset-32x','/data/albums/static_photo0-asset-32x.jpg'),(145,16,320,200,'0-asset-32x','/data/albums/static_photo0-asset-32x.jpg'),(145,17,459,612,'17-asset-32x','/data/albums/designer_text_photo_links/17-asset-32x.webp'),(145,18,250,300,'18-asset-32x','/data/albums/designer_text_photo_links_mobile/18-asset-32x.webp'),(145,19,250,300,'18-asset-32x','/data/albums/designer_text_photo_links_mobile/18-asset-32x.webp'),(145,20,250,300,'18-asset-32x','/data/albums/designer_text_photo_links_mobile/18-asset-32x.webp'),(145,21,493,510,'21-asset-32x','/data/albums/designer_linked_news/21-asset-32x.webp'),(145,22,493,510,'21-asset-32x','/data/albums/designer_linked_news/21-asset-32x.webp'),(145,23,493,510,'21-asset-32x','/data/albums/designer_linked_news/21-asset-32x.webp'),(145,25,2000,538,'25-asset-32x','/data/albums/preview/25-asset-32x.webp'),(145,27,2000,538,'27-asset-32x','/data/albums/popup/27-asset-32x.webp'),(145,33,550,148,'33-asset-32x','/data/albums/index_banner_mobile/33-asset-32x.webp'),(146,0,320,200,'0-banner-olive-cosmetics','/data/albums/static_photo/0-banner-olive-cosmetics.jpg'),(146,1,1920,680,'1-banner-olive-cosmetics','/data/albums/index_slider/1-banner-olive-cosmetics.webp'),(146,2,430,545,'2-banner-olive-cosmetics','/data/albums/index_slider_mobile/2-banner-olive-cosmetics.webp'),(146,3,545,355,'3-banner-olive-cosmetics','/data/albums/index_services/3-banner-olive-cosmetics.webp'),(146,4,392,255,'4-banner-olive-cosmetics','/data/albums/index_services_mobile/4-banner-olive-cosmetics.webp'),(146,5,713,476,'5-banner-olive-cosmetics','/data/albums/index_photo_text_horizontal/5-banner-olive-cosmetics.webp'),(146,6,392,261,'6-banner-olive-cosmetics','/data/albums/index_photo_text_horizontal_mobile/6-banner-olive-cosmetics.webp'),(146,7,615,615,'7-banner-olive-cosmetics','/data/albums/index_photo_text_square/7-banner-olive-cosmetics.webp'),(146,8,392,380,'8-banner-olive-cosmetics','/data/albums/index_photo_text_square_mobile/8-banner-olive-cosmetics.webp'),(146,9,410,615,'9-banner-olive-cosmetics','/data/albums/index_photo_text_vertical/9-banner-olive-cosmetics.webp'),(146,10,392,588,'10-banner-olive-cosmetics','/data/albums/index_photo_text_vertical_mobile/10-banner-olive-cosmetics.webp'),(146,21,493,510,'21-banner-olive-cosmetics','/data/albums/designer_linked_news/21-banner-olive-cosmetics.webp'),(146,24,1920,680,'24-banner-olive-cosmetics','/data/albums/header_photo/24-banner-olive-cosmetics.webp'),(146,26,40,40,'26-banner-olive-cosmetics','/data/albums/map_marker/26-banner-olive-cosmetics.png'),(146,30,545,355,'30-banner-olive-cosmetics','/data/albums/blog_grid/30-banner-olive-cosmetics.webp'),(146,32,1920,890,'32-banner-olive-cosmetics','/data/albums/index_banner/32-banner-olive-cosmetics.webp'),(146,33,550,255,'33-banner-olive-cosmetics','/data/albums/index_banner_mobile/33-banner-olive-cosmetics.webp'),(146,34,580,650,'34-banner-olive-cosmetics','/data/albums/header_photo_mobile/34-banner-olive-cosmetics.webp'),(147,0,320,200,'0-asset-2','/data/albums/static_photo/0-asset-2.jpg'),(147,1,1920,680,'1-asset-2','/data/albums/index_slider/1-asset-2.webp'),(147,2,430,545,'2-asset-2','/data/albums/index_slider_mobile/2-asset-2.webp'),(147,3,545,355,'3-asset-2','/data/albums/index_services/3-asset-2.webp'),(147,4,392,255,'4-asset-2','/data/albums/index_services_mobile/4-asset-2.webp'),(147,5,713,476,'5-asset-2','/data/albums/index_photo_text_horizontal/5-asset-2.webp'),(147,6,392,261,'6-asset-2','/data/albums/index_photo_text_horizontal_mobile/6-asset-2.webp'),(147,7,615,615,'7-asset-2','/data/albums/index_photo_text_square/7-asset-2.webp'),(147,8,392,380,'8-asset-2','/data/albums/index_photo_text_square_mobile/8-asset-2.webp'),(147,9,410,615,'9-asset-2','/data/albums/index_photo_text_vertical/9-asset-2.webp'),(147,10,392,588,'10-asset-2','/data/albums/index_photo_text_vertical_mobile/10-asset-2.webp'),(147,21,493,510,'21-asset-2','/data/albums/designer_linked_news/21-asset-2.webp'),(147,24,1920,680,'24-asset-2','/data/albums/header_photo/24-asset-2.webp'),(147,26,40,40,'26-asset-2','/data/albums/map_marker/26-asset-2.png'),(147,30,545,355,'30-asset-2','/data/albums/blog_grid/30-asset-2.webp'),(147,32,545,355,'30-asset-2','/data/albums/blog_grid/30-asset-2.webp'),(147,33,545,355,'30-asset-2','/data/albums/blog_grid/30-asset-2.webp'),(147,34,580,650,'34-asset-2','/data/albums/header_photo_mobile/34-asset-2.webp'),(148,0,320,200,'0-dej-mi-sirino','/data/albums/static_photo/0-dej-mi-sirino.jpg'),(148,1,1920,680,'1-dej-mi-sirino','/data/albums/index_slider/1-dej-mi-sirino.webp'),