-- Dumping data for table `ngn_stock_atribute_language`
--

INSERT INTO `ngn_stock_atribute_language` VALUES (1,1,'0000-00-00 00:00:00',0,1,'Neodbit. del DDV','','','','',''),(1,2,'0000-00-00 00:00:00',0,1,'Neodbit. del DDV','','','','',''),(2,1,'0000-00-00 00:00:00',0,1,'Vhodni davek','','','','',''),(2,2,'0000-00-00 00:00:00',0,1,'Vhodni davek','','','','',''),(3,1,'0000-00-00 00:00:00',0,1,'Popust','','','','',''),(3,2,'0000-00-00 00:00:00',0,1,'Popust','','','','',''),(4,1,'0000-00-00 00:00:00',0,1,'Dobaviteljeva cena','','','','',''),(4,2,'0000-00-00 00:00:00',0,1,'Dobaviteljeva cena','','','','',''),(5,1,'0000-00-00 00:00:00',0,1,'Prevzet','','','','',''),(5,2,'0000-00-00 00:00:00',0,1,'Prevzet','','','','',''),(6,1,'0000-00-00 00:00:00',0,1,'Stara nabavna cena','','','','',''),(6,2,'0000-00-00 00:00:00',0,1,'Stara nabavna cena','','','','',''),(7,1,'0000-00-00 00:00:00',0,1,'Stara prodajna cena','','','','',''),(7,2,'0000-00-00 00:00:00',0,1,'Stara prodajna cena','','','','',''),(8,1,'2020-08-27 15:16:03',0,1,'Konsignacija?','','','','',''),(8,2,'2020-08-27 15:16:06',0,1,'Konsignacija?','','','','','');

--
-- Table structure for table `ngn_stock_atribute_links`
--

CREATE TABLE `ngn_stock_atribute_links` (
  `atribute_id` int(11) NOT NULL,
  `link_id` int(11) NOT NULL,
  `position` int(11) NOT NULL,
  `link_date` datetime NOT NULL,
  PRIMARY KEY (`atribute_id`,`link_id`),
  KEY `atribute_id_idx` (`link_id`)
) ENGINE=InnoDB DEFAULT CHARSET=utf8;

--
-- Dumping data for table `ngn_stock_atribute_links`
--


--
-- Table structure for table `ngn_stock_atribute_values`
--

CREATE TABLE `ngn_stock_atribute_values` (
  `value_id` int(11) NOT NULL AUTO_INCREMENT,
  `atribute_id` int(11) NOT NULL,
  `value_same` int(11) NOT NULL,
  `value_value` varchar(50) DEFAULT NULL,
  `value_photo` varchar(100) NOT NULL,
  `value_order` int(11) NOT NULL,
  PRIMARY KEY (`value_id`,`atribute_id`),
  KEY `atribute_id` (`atribute_id`),
  KEY `value_order` (`value_order`)
) ENGINE=InnoDB DEFAULT CHARSET=utf8;

--
-- Dumping data for table `ngn_stock_atribute_values`
--


--
-- Table structure for table `ngn_stock_atribute_values_language`
--

CREATE TABLE `ngn_stock_atribute_values_language` (
  `value_id` int(11) NOT NULL,
  `language_id` int(11) NOT NULL DEFAULT 0,
  `editdate` datetime NOT NULL,
  `enable` int(11) NOT NULL,
  `approved` int(1) NOT NULL DEFAULT 0,
  `language_name` varchar(200) DEFAULT NULL,
  `language_description` text DEFAULT NULL,
  `language_meta` text DEFAULT NULL,
  `language_keywords` varchar(100) DEFAULT NULL,
  `language_url` varchar(100) DEFAULT NULL,
  `language_photo` varchar(100) NOT NULL DEFAULT '',
  PRIMARY KEY (`value_id`,`language_id`),
  KEY `language_id` (`language_id`),
  KEY `editdate` (`editdate`)
) ENGINE=InnoDB DEFAULT CHARSET=utf8;

--
-- Dumping data for table `ngn_stock_atribute_values_language`
--


--
-- Table structure for table `ngn_stock_categories`
--

CREATE TABLE `ngn_stock_categories` (
  `user_id` int(11) NOT NULL,
  `category_id` int(11) NOT NULL,
  `position` int(11) NOT NULL DEFAULT 0,
  PRIMARY KEY (`user_id`,`category_id`),
  KEY `category_id` (`category_id`)
) ENGINE=InnoDB DEFAULT CHARSET=utf8;

--
-- Dumping data for table `ngn_stock_categories`
--


--
-- Table structure for table `ngn_stock_category`
--

CREATE TABLE `ngn_stock_category` (
  `category_id` int(11) NOT NULL AUTO_INCREMENT,
  `category_enable` int(11) DEFAULT NULL,
  `category_createdate` datetime DEFAULT NULL,
  `category_showdate` datetime DEFAULT NULL,
  `category_hidedate` datetime DEFAULT NULL,
  `category_hide` tinyint(1) NOT NULL,
  `category_editdate` datetime DEFAULT NULL,
  `category_position` int(11) DEFAULT NULL,
  `category_type` int(11) NOT NULL,
  `category_parent` int(11) DEFAULT NULL,
  `category_photo` int(11) DEFAULT NULL,
  `category_restriction` int(11) NOT NULL,
  `category_template` int(11) NOT NULL,
  `category_template_news` int(11) NOT NULL,
  `category_source` varchar(200) NOT NULL,
  `category_source_url` varchar(200) NOT NULL,
  `category_photo2` int(11) DEFAULT NULL,
  `category_photo_language1` int(11) NOT NULL,
  `category_photo_language2` int(11) NOT NULL,
  PRIMARY KEY (`category_id`),
  KEY `category_enable` (`category_enable`),
  KEY `category_template` (`category_template`),
  KEY `category_template_news` (`category_template_news`),
  KEY `category_createdate` (`category_createdate`),
  KEY `category_editdate` (`category_editdate`),
  KEY `category_hidedate` (`category_hidedate`),
  KEY `category_showdate` (`category_showdate`)
) ENGINE=InnoDB DEFAULT CHARSET=utf8;

--
-- Dumping data for table `ngn_stock_category`
--


--
-- Table structure for table `ngn_stock_category_file`
--

CREATE TABLE `ngn_stock_category_file` (
  `type_id` int(11) NOT NULL AUTO_INCREMENT,
  `type_name` varchar(200) NOT NULL DEFAULT '',
  `type_extension` varchar(200) NOT NULL DEFAULT '',
  `type_type` varchar(200) NOT NULL DEFAULT '',
  `type_enable` int(11) NOT NULL DEFAULT 0,
  `type_photo` varchar(200) NOT NULL DEFAULT '',
  PRIMARY KEY (`type_id`)
) ENGINE=InnoDB DEFAULT CHARSET=utf8;

--
-- Dumping data for table `ngn_stock_category_file`
--


--
-- Table structure for table `ngn_stock_category_files`
--

CREATE TABLE `ngn_stock_category_files` (
  `file_id` int(11) NOT NULL AUTO_INCREMENT,
  `category_id` int(11) NOT NULL DEFAULT 0,
  `file_type` int(11) NOT NULL DEFAULT 0,
  `file_group` int(11) NOT NULL,
  `file_size` int(11) NOT NULL DEFAULT 0,
  `file_list` int(11) NOT NULL DEFAULT 1,
  `file_file` varchar(100) NOT NULL DEFAULT '',
  `file_original_name` varchar(200) NOT NULL DEFAULT '0',
  `file_createdate` datetime NOT NULL,
  `file_showdate` datetime NOT NULL,
  `file_hidedate` datetime NOT NULL,
  `file_hide` smallint(1) NOT NULL,
  `file_owner` int(11) NOT NULL,
  `file_order` int(11) NOT NULL,
  PRIMARY KEY (`file_id`),
  KEY `category_id` (`category_id`),
  KEY `file_type` (`file_type`),
  KEY `file_createdate` (`file_createdate`),
  KEY `file_owner` (`file_owner`),
  KEY `file_group` (`file_group`),
  KEY `file_showdate` (`file_showdate`),
  KEY `file_hidedate` (`file_hidedate`),
  KEY `file_hide` (`file_hide`),
  KEY `file_order` (`file_order`),
  CONSTRAINT `ngn_stock_category_files_ibfk_1` FOREIGN KEY (`category_id`) REFERENCES `ngn_stock_category` (`category_id`) ON DELETE CASCADE ON UPDATE CASCADE
) ENGINE=InnoDB DEFAULT CHARSET=utf8;

--
-- Dumping data for table `ngn_stock_category_files`
--


--
-- Table structure for table `ngn_stock_category_files_language`
--

CREATE TABLE `ngn_stock_category_files_language` (
  `file_id` int(11) NOT NULL,
  `language_id` int(11) NOT NULL DEFAULT 0,
  `editdate` datetime NOT NULL,
  `enable` int(11) NOT NULL,
  `approved` int(1) NOT NULL DEFAULT 0,
  `language_name` varchar(200) DEFAULT NULL,
  `language_description` text DEFAULT NULL,
  `language_meta` text DEFAULT NULL,
  `language_keywords` varchar(100) DEFAULT NULL,
  `language_url` varchar(100) DEFAULT NULL,
  `language_photo` varchar(100) NOT NULL DEFAULT '',
  PRIMARY KEY (`file_id`,`language_id`),
  KEY `language_id` (`language_id`),
  KEY `editdate` (`editdate`),
  CONSTRAINT `ngn_stock_category_files_languageibfk_1` FOREIGN KEY (`file_id`) REFERENCES `ngn_stock_category_files` (`file_id`) ON DELETE CASCADE ON UPDATE CASCADE
) ENGINE=InnoDB DEFAULT CHARSET=utf8;

--
-- Dumping data for table `ngn_stock_category_files_language`
--


--
-- Table structure for table `ngn_stock_category_groups`
--

CREATE TABLE `ngn_stock_category_groups` (
  `id` int(11) NOT NULL AUTO_INCREMENT,
  `category_id` int(11) NOT NULL,
  `group_id` int(11) NOT NULL,
  `position` int(11) NOT NULL,
  `transfer` int(11) NOT NULL DEFAULT 1,
  `category` int(11) NOT NULL DEFAULT 0,
  PRIMARY KEY (`id`),
  UNIQUE KEY `category_id_2` (`category_id`,`group_id`),
  KEY `group_id` (`group_id`),
  KEY `category_id` (`category_id`),
  KEY `position` (`position`),
  CONSTRAINT `ngn_stock_category_groups_ibfk_1` FOREIGN KEY (`category_id`) REFERENCES `ngn_stock_category` (`category_id`) ON DELETE CASCADE ON UPDATE CASCADE,
  CONSTRAINT `ngn_stock_category_groups_ibfk_2` FOREIGN KEY (`group_id`) REFERENCES `ngn_stock_groups` (`group_id`) ON DELETE CASCADE ON UPDATE CASCADE
) ENGINE=InnoDB DEFAULT CHARSET=utf8;

--
-- Dumping data for table `ngn_stock_category_groups`
--


--
-- Table structure for table `ngn_stock_category_groups_atribute`
--

CREATE TABLE `ngn_stock_category_groups_atribute` (
  `cgid` int(11) NOT NULL,
  `gaid` int(11) NOT NULL,
  `language_id` int(11) NOT NULL,
  `valueInt` int(11) NOT NULL DEFAULT 0,
  `valueFloat` double NOT NULL DEFAULT 0,
  `valueText` text NOT NULL,
  PRIMARY KEY (`cgid`,`gaid`,`language_id`),
  KEY `language_id` (`language_id`),
  KEY `gaid` (`gaid`),
  KEY `cgid` (`cgid`),
  KEY `valueInt` (`valueInt`)
) ENGINE=InnoDB DEFAULT CHARSET=utf8;

--
-- Dumping data for table `ngn_stock_category_groups_atribute`
--


--
-- Table structure for table `ngn_stock_category_groups_atribute_multi`
--

CREATE TABLE `ngn_stock_category_groups_atribute_multi` (
  `cgid` int(11) NOT NULL,
  `category_id` int(11) NOT NULL,
  `gaid` int(11) NOT NULL,
  `language_id` int(11) NOT NULL,
  `valueInt` int(11) NOT NULL,
  `item_order` int(11) NOT NULL,
  PRIMARY KEY (`cgid`,`gaid`,`language_id`,`valueInt`),
  KEY `item_order` (`item_order`)
) ENGINE=InnoDB DEFAULT CHARSET=utf8;

--
-- Dumping data for table `ngn_stock_category_groups_atribute_multi`
--


--
-- Table structure for table `ngn_stock_category_language`
--

CREATE TABLE `ngn_stock_category_language` (
  `category_id` int(11) NOT NULL,
  `language_id` int(11) NOT NULL DEFAULT 0,
  `editdate` datetime NOT NULL,
  `enable` int(11) NOT NULL,
  `approved` int(1) NOT NULL DEFAULT 0,
  `language_name` varchar(200) DEFAULT NULL,
  `language_description` text DEFAULT NULL,
  `language_meta` text DEFAULT NULL,
  `language_keywords` varchar(100) DEFAULT NULL,
  `language_url` varchar(100) DEFAULT NULL,
  `photo1` int(11) NOT NULL,
  `photo2` int(11) NOT NULL,
  `language_photo` varchar(100) NOT NULL DEFAULT '',
  `language_photo2` varchar(100) NOT NULL DEFAULT '',
  `language_html` text NOT NULL,
  PRIMARY KEY (`category_id`,`language_id`),
  KEY `language_id` (`language_id`),
  KEY `editdate` (`editdate`),
  FULLTEXT KEY `language_html` (`language_html`),
  CONSTRAINT `ngn_stock_category_language_ibfk_1` FOREIGN KEY (`category_id`) REFERENCES `ngn_stock_category` (`category_id`) ON DELETE CASCADE ON UPDATE CASCADE
) ENGINE=InnoDB DEFAULT CHARSET=utf8;

--
-- Dumping data for table `ngn_stock_category_language`
--


--
-- Table structure for table `ngn_stock_category_links`
--

CREATE TABLE `ngn_stock_category_links` (
  `category_id` int(11) NOT NULL,
  `link_id` int(11) NOT NULL,
  `category_position` int(11) NOT NULL DEFAULT 0,
  `link_position` int(11) NOT NULL,
  `link_date` int(11) NOT NULL,
  PRIMARY KEY (`category_id`,`link_id`),
  KEY `link_position` (`link_position`),
  KEY `link_id` (`link_id`),
  KEY `category_position` (`category_position`)
) ENGINE=InnoDB DEFAULT CHARSET=utf8;

--
-- Dumping data for table `ngn_stock_category_links`
--


--
-- Table structure for table `ngn_stock_category_multi`
--

CREATE TABLE `ngn_stock_category_multi` (
  `user_id` int(11) NOT NULL,
  `category_id` int(11) NOT NULL,
  `position` int(11) NOT NULL DEFAULT 0,
  PRIMARY KEY (`user_id`,`category_id`),
  KEY `category_id` (`category_id`),
  CONSTRAINT `ngn_stock_category_multi_ibfk_2` FOREIGN KEY (`category_id`) REFERENCES `ngn_stock_category` (`category_id`) ON DELETE CASCADE ON UPDATE CASCADE
) ENGINE=InnoDB DEFAULT CHARSET=utf8;

--
-- Dumping data for table `ngn_stock_category_multi`
--


--
-- Table structure for table `ngn_stock_category_pages`
--

CREATE TABLE `ngn_stock_category_pages` (
  `category_id` int(11) NOT NULL,
  `link_id` int(11) NOT NULL,
  `language_id` int(11) NOT NULL,
  `category_position` int(11) NOT NULL DEFAULT 0,
  `link_position` int(11) NOT NULL,
  `link_date` int(11) NOT NULL,
  PRIMARY KEY (`category_id`,`link_id`,`language_id`),
  KEY `link_position` (`link_position`),
  KEY `link_id` (`link_id`),
  KEY `category_position` (`category_position`)
) ENGINE=InnoDB DEFAULT CHARSET=utf8;

--
-- Dumping data for table `ngn_stock_category_pages`
--


--
-- Table structure for table `ngn_stock_category_photo`
--

CREATE TABLE `ngn_stock_category_photo` (
  `photo_id` int(11) NOT NULL AUTO_INCREMENT,
  `category_id` int(11) DEFAULT NULL,
  `photo_order` int(11) NOT NULL,
  `photo_gallery` int(11) NOT NULL DEFAULT 1,
  `photo_photo` varchar(100) DEFAULT NULL,
  `photo_path` varchar(200) NOT NULL,
  `photo_owner` int(11) NOT NULL,
  `photo_date` datetime NOT NULL,
  `photo_source` varchar(255) NOT NULL,
  PRIMARY KEY (`photo_id`),
  KEY `category_id` (`category_id`),
  KEY `photo_date` (`photo_date`),
  KEY `photo_owner` (`photo_owner`),
  KEY `photo_source` (`photo_source`),
  CONSTRAINT `ngn_stock_category_photo_ibfk_1` FOREIGN KEY (`category_id`) REFERENCES `ngn_stock_category` (`category_id`) ON DELETE CASCADE ON UPDATE CASCADE
) ENGINE=InnoDB DEFAULT CHARSET=utf8;

--
-- Dumping data for table `ngn_stock_category_photo`
--


--
-- Table structure for table `ngn_stock_category_photo_gallery`
--

CREATE TABLE `ngn_stock_category_photo_gallery` (
  `photo_id` int(11) NOT NULL,
  `category_id` int(11) NOT NULL,
  `photo_gallery` int(11) NOT NULL,
  `photo_order` int(11) NOT NULL,
  PRIMARY KEY (`category_id`,`photo_id`)
) ENGINE=InnoDB DEFAULT CHARSET=utf8;

--
-- Dumping data for table `ngn_stock_category_photo_gallery`
--


--
-- Table structure for table `ngn_stock_category_photo_gallery_language`
--

CREATE TABLE `ngn_stock_category_photo_gallery_language` (
  `photo_id` int(11) NOT NULL,
  `category_id` int(11) NOT NULL,
  `language_id` int(11) NOT NULL,
  `editdate` datetime NOT NULL,
  `enable` int(11) NOT NULL,
  PRIMARY KEY (`photo_id`,`category_id`,`language_id`),
  KEY `editdate` (`editdate`)
) ENGINE=InnoDB DEFAULT CHARSET=utf8;

--
-- Dumping data for table `ngn_stock_category_photo_gallery_language`
--


--
-- Table structure for table `ngn_stock_category_photo_language`
--

CREATE TABLE `ngn_stock_category_photo_language` (
  `photo_id` int(11) NOT NULL,
  `language_id` int(11) NOT NULL DEFAULT 0,
  `editdate` datetime NOT NULL,
  `enable` int(11) NOT NULL,
  `approved` int(1) NOT NULL DEFAULT 0,
  `language_name` varchar(200) DEFAULT NULL,
  `language_description` text DEFAULT NULL,
  `language_meta` text DEFAULT NULL,
  `language_keywords` varchar(100) DEFAULT NULL,
  `language_url` varchar(100) DEFAULT NULL,
  `language_photo` varchar(100) NOT NULL DEFAULT '',
  PRIMARY KEY (`photo_id`,`language_id`),
  KEY `language_id` (`language_id`),
  KEY `editdate` (`editdate`),
  CONSTRAINT `ngn_stock_category_photo_language_ibfk_1` FOREIGN KEY (`photo_id`) REFERENCES `ngn_stock_category_photo` (`photo_id`) ON DELETE CASCADE ON UPDATE CASCADE
) ENGINE=InnoDB DEFAULT CHARSET=utf8;

--
-- Dumping data for table `ngn_stock_category_photo_language`
--


--
-- Table structure for table `ngn_stock_category_roles`
--

CREATE TABLE `ngn_stock_category_roles` (
  `role_id` int(11) NOT NULL,
  `category_id` int(11) NOT NULL,
  `childs` int(11) NOT NULL,
  `exclude` int(11) NOT NULL,
  PRIMARY KEY (`role_id`,`category_id`),
  KEY `category_id` (`category_id`)
) ENGINE=InnoDB DEFAULT CHARSET=utf8;

--
-- Dumping data for table `ngn_stock_category_roles`
--


--
-- Table structure for table `ngn_stock_comments`
--

CREATE TABLE `ngn_stock_comments` (
  `comment_id` int(11) NOT NULL AUTO_INCREMENT,
  `parent_id` int(11) NOT NULL DEFAULT 0,
  `user_id` int(11) NOT NULL DEFAULT 0,
  `category_id` int(11) NOT NULL DEFAULT 0,
  `user_ip` varchar(60) NOT NULL,
  `date` datetime NOT NULL,
  `votes` int(11) NOT NULL,
  `reported` int(11) NOT NULL,
  `enable` int(11) NOT NULL DEFAULT 1,
  `owner_id` int(11) NOT NULL,
  PRIMARY KEY (`comment_id`),
  KEY `news_id` (`parent_id`),
  KEY `user_id` (`user_id`),
  KEY `category_id` (`category_id`),
  KEY `owner_id` (`owner_id`)
) ENGINE=InnoDB DEFAULT CHARSET=utf8;

--
-- Dumping data for table `ngn_stock_comments`
--


--
-- Table structure for table `ngn_stock_comments_admin`
--

CREATE TABLE `ngn_stock_comments_admin` (
  `comment_id` int(11) NOT NULL,
  `role_id` int(11) NOT NULL,
  PRIMARY KEY (`comment_id`,`role_id`),
  KEY `role_id` (`role_id`)
) ENGINE=InnoDB DEFAULT CHARSET=utf8;

--
-- Dumping data for table `ngn_stock_comments_admin`
--


--
-- Table structure for table `ngn_stock_comments_files`
--

CREATE TABLE `ngn_stock_comments_files` (
  `file_id` int(11) NOT NULL AUTO_INCREMENT,
  `comment_id` int(11) NOT NULL DEFAULT 0,
  `file_type` int(11) NOT NULL DEFAULT 0,
  `file_group` int(11) NOT NULL,
  `file_size` int(11) NOT NULL DEFAULT 0,
  `file_list` int(11) NOT NULL DEFAULT 1,
  `file_file` varchar(100) NOT NULL DEFAULT '',
  `file_original_name` varchar(200) NOT NULL DEFAULT '0',
  `file_createdate` datetime NOT NULL,
  `file_showdate` datetime NOT NULL,
  `file_hidedate` datetime NOT NULL,
  `file_hide` smallint(1) NOT NULL,
  `file_owner` int(11) NOT NULL,
  `file_order` int(11) NOT NULL,
  PRIMARY KEY (`file_id`),
  KEY `comment_id` (`comment_id`),
  KEY `file_type` (`file_type`),
  KEY `file_createdate` (`file_createdate`),
  KEY `file_owner` (`file_owner`),
  KEY `file_group` (`file_group`),
  KEY `file_showdate` (`file_showdate`),
  KEY `file_hidedate` (`file_hidedate`),
  KEY `file_hide` (`file_hide`),
  KEY `file_order` (`file_order`)
) ENGINE=InnoDB DEFAULT CHARSET=utf8;

--
-- Dumping data for table `ngn_stock_comments_files`
--


--
-- Table structure for table `ngn_stock_comments_files_language`
--

CREATE TABLE `ngn_stock_comments_files_language` (
  `file_id` int(11) NOT NULL,
  `language_id` int(11) NOT NULL DEFAULT 0,
  `editdate` datetime NOT NULL,
  `enable` int(11) NOT NULL,
  `approved` int(1) NOT NULL DEFAULT 0,
  `language_name` varchar(200) DEFAULT NULL,
  `language_description` text DEFAULT NULL,
  `language_meta` text DEFAULT NULL,
  `language_keywords` varchar(100) DEFAULT NULL,
  `language_url` varchar(100) DEFAULT NULL,
  `language_photo` varchar(100) NOT NULL DEFAULT '',
  PRIMARY KEY (`file_id`,`language_id`),
  KEY `language_id` (`language_id`),
  KEY `editdate` (`editdate`),
  CONSTRAINT `ngn_stock_comments_files_language_ibfk_1` FOREIGN KEY (`file_id`) REFERENCES `ngn_stock_comments_files` (`file_id`) ON DELETE CASCADE ON UPDATE CASCADE
) ENGINE=InnoDB DEFAULT CHARSET=utf8;

--
-- Dumping data for table `ngn_stock_comments_files_language`
--


--
-- Table structure for table `ngn_stock_comments_language`
--

CREATE TABLE `ngn_stock_comments_language` (
  `comment_id` int(11) NOT NULL,
  `language_id` int(11) NOT NULL DEFAULT 0,
  `editdate` datetime NOT NULL,
  `enable` int(11) NOT NULL,
  `approved` int(1) NOT NULL DEFAULT 0,
  `language_name` varchar(200) DEFAULT NULL,
  `language_description` text DEFAULT NULL,
  `language_meta` text DEFAULT NULL,
  `language_keywords` varchar(100) DEFAULT NULL,
  `language_url` varchar(100) DEFAULT NULL,
  `language_photo` varchar(100) NOT NULL DEFAULT '',
  PRIMARY KEY (`comment_id`,`language_id`),
  KEY `language_id` (`language_id`),
  KEY `editdate` (`editdate`),
  CONSTRAINT `ngn_stock_comments_language_ibfk_1` FOREIGN KEY (`comment_id`) REFERENCES `ngn_stock_comments` (`comment_id`) ON DELETE CASCADE ON UPDATE CASCADE
) ENGINE=InnoDB DEFAULT CHARSET=utf8;

--
-- Dumping data for table `ngn_stock_comments_language`
--


--
-- Table structure for table `ngn_stock_comments_votes`
--

CREATE TABLE `ngn_stock_comments_votes` (
  `comment_id` int(11) NOT NULL,
  `vote_date` datetime DEFAULT NULL,
  `vote_ip` varchar(50) NOT NULL,
  `vote_value` int(11) NOT NULL,
  PRIMARY KEY (`comment_id`,`vote_ip`),
  CONSTRAINT `ngn_stock_comments_votes_ibfk_1` FOREIGN KEY (`comment_id`) REFERENCES `ngn_stock_comments` (`comment_id`) ON DELETE CASCADE ON UPDATE CASCADE
) ENGINE=InnoDB DEFAULT CHARSET=utf8;

--
-- Dumping data for table `ngn_stock_comments_votes`
--


--
-- Table structure for table `ngn_stock_coupons`
--

CREATE TABLE `ngn_stock_coupons` (
  `coupon_id` int(11) NOT NULL AUTO_INCREMENT,
  `coupon_name` varchar(100) NOT NULL,
  `coupon_code` varchar(100) NOT NULL,
  `coupon_createdate` datetime NOT NULL,
  `coupon_owner` int(11) NOT NULL,
  `coupon_enable` tinyint(1) NOT NULL,
  PRIMARY KEY (`coupon_id`),
  KEY `coupon_createdate` (`coupon_createdate`,`coupon_owner`)
) ENGINE=InnoDB DEFAULT CHARSET=utf8;

--
-- Dumping data for table `ngn_stock_coupons`
--


--
-- Table structure for table `ngn_stock_coupons_items`
--

CREATE TABLE `ngn_stock_coupons_items` (
  `item_id` int(11) NOT NULL AUTO_INCREMENT,
  `coupon_id` int(11) NOT NULL,
  `item_createdate` datetime NOT NULL,
  `item_startdate` datetime NOT NULL,
  `item_enddate` datetime NOT NULL,
  `item_enable` tinyint(1) NOT NULL,
  `item_type` int(11) NOT NULL,
  `item_r1` int(11) NOT NULL,
  `item_r2` int(11) NOT NULL,
  `item_r3` int(11) NOT NULL,
  `item_bonus` double NOT NULL,
  `item_value` float NOT NULL,
  `item_tax` int(11) NOT NULL,
  `item_users` tinyint(1) NOT NULL,
  `item_links` tinyint(1) NOT NULL,
  `item_categories` tinyint(1) NOT NULL,
  `item_max_usage` int(11) NOT NULL,
  `item_max_usage_user` int(11) NOT NULL,
  PRIMARY KEY (`item_id`),
  KEY `coupon_id` (`coupon_id`)
) ENGINE=InnoDB DEFAULT CHARSET=utf8;

--
-- Dumping data for table `ngn_stock_coupons_items`
--


--
-- Table structure for table `ngn_stock_coupons_items_categories`
--

CREATE TABLE `ngn_stock_coupons_items_categories` (
  `item_id` int(11) NOT NULL,
  `link_id` int(11) NOT NULL,
  `link_module` int(11) NOT NULL,
  `childs` int(11) NOT NULL,
  `exclude` int(11) NOT NULL,
  PRIMARY KEY (`item_id`,`link_id`,`link_module`),
  KEY `link_module` (`link_module`)
) ENGINE=InnoDB DEFAULT CHARSET=utf8;

--
-- Dumping data for table `ngn_stock_coupons_items_categories`
--


--
-- Table structure for table `ngn_stock_coupons_items_links`
--

CREATE TABLE `ngn_stock_coupons_items_links` (
  `item_id` int(11) NOT NULL,
  `link_id` int(11) NOT NULL,
  `link_module` int(11) NOT NULL,
  `exclude` tinyint(1) NOT NULL,
  PRIMARY KEY (`item_id`,`link_id`,`link_module`)
) ENGINE=InnoDB DEFAULT CHARSET=utf8;

--
-- Dumping data for table `ngn_stock_coupons_items_links`
--


--
-- Table structure for table `ngn_stock_coupons_items_links_variations`
--

CREATE TABLE `ngn_stock_coupons_items_links_variations` (
  `item_id` int(11) NOT NULL,
  `link_id` int(11) NOT NULL,
  `variation_id` int(11) NOT NULL,
  `module` int(11) NOT NULL,
  `exclude` int(11) NOT NULL,
  PRIMARY KEY (`item_id`,`link_id`,`variation_id`,`module`),
  KEY `module` (`module`)
) ENGINE=InnoDB DEFAULT CHARSET=utf8;

--
-- Dumping data for table `ngn_stock_coupons_items_links_variations`
--


--
-- Table structure for table `ngn_stock_coupons_items_users`
--

CREATE TABLE `ngn_stock_coupons_items_users` (
  `item_id` int(11) NOT NULL,
  `link_id` int(11) NOT NULL,
  `link_module` int(11) NOT NULL,
  `exclude` tinyint(1) NOT NULL,
  PRIMARY KEY (`item_id`,`link_id`),
  KEY `link_module` (`link_module`)
) ENGINE=InnoDB DEFAULT CHARSET=utf8;

--
-- Dumping data for table `ngn_stock_coupons_items_users`
--


--
-- Table structure for table `ngn_stock_coupons_language`
--

CREATE TABLE `ngn_stock_coupons_language` (
  `coupon_id` int(11) NOT NULL,
  `language_id` int(11) NOT NULL DEFAULT 0,
  `editdate` datetime NOT NULL,
  `enable` int(11) NOT NULL,
  `approved` int(1) NOT NULL DEFAULT 0,
  `language_name` varchar(200) DEFAULT NULL,
  `language_description` text DEFAULT NULL,
  `language_meta` text DEFAULT NULL,
  `language_keywords` varchar(100) DEFAULT NULL,
  `language_url` varchar(100) DEFAULT NULL,
  `language_photo` varchar(100) NOT NULL DEFAULT '',
  PRIMARY KEY (`coupon_id`,`language_id`),
  KEY `language_id` (`language_id`),
  KEY `editdate` (`editdate`)
) ENGINE=InnoDB DEFAULT CHARSET=utf8;

--
-- Dumping data for table `ngn_stock_coupons_language`
--


--
-- Table structure for table `ngn_stock_custom_values`
--

CREATE TABLE `ngn_stock_custom_values` (
  `user_id` int(11) NOT NULL,
  `category_id` int(11) NOT NULL,
  `gaid` int(11) NOT NULL,
  `language_id` int(11) NOT NULL,
  `valueAutomatic` int(11) NOT NULL DEFAULT 0,
  `valueInt` int(11) NOT NULL,
  `valueFloat` double NOT NULL,
  `valueText` text NOT NULL,
  PRIMARY KEY (`user_id`,`category_id`,`gaid`,`language_id`),
  KEY `category_id` (`category_id`),
  KEY `gaid` (`gaid`),
  KEY `language_id` (`language_id`),
  KEY `valueInt` (`valueInt`),
  CONSTRAINT `ngn_stock_custom_values_ibfk_1` FOREIGN KEY (`user_id`) REFERENCES `ngn_users` (`user_id`) ON DELETE CASCADE ON UPDATE CASCADE,
  CONSTRAINT `ngn_stock_custom_values_ibfk_2` FOREIGN KEY (`category_id`) REFERENCES `ngn_stock_category` (`category_id`) ON DELETE CASCADE ON UPDATE CASCADE
) ENGINE=InnoDB DEFAULT CHARSET=utf8;

--
-- Dumping data for table `ngn_stock_custom_values`
--


--
-- Table structure for table `ngn_stock_custom_values_multi`
--

CREATE TABLE `ngn_stock_custom_values_multi` (
  `user_id` int(11) NOT NULL,
  `category_id` int(11) NOT NULL,
  `gaid` int(11) NOT NULL,
  `language_id` int(11) NOT NULL,
  `valueInt` int(11) NOT NULL,
  `item_order` int(11) NOT NULL,
  PRIMARY KEY (`user_id`,`category_id`,`gaid`,`language_id`,`valueInt`),
  KEY `item_order` (`item_order`)
) ENGINE=InnoDB DEFAULT CHARSET=utf8;

--
-- Dumping data for table `ngn_stock_custom_values_multi`
--


--
-- Table structure for table `ngn_stock_file`
--

CREATE TABLE `ngn_stock_file` (
  `type_id` int(11) NOT NULL AUTO_INCREMENT,
  `type_name` varchar(200) NOT NULL DEFAULT '',
  `type_extension` varchar(200) NOT NULL DEFAULT '',
  `type_type` varchar(200) NOT NULL DEFAULT '',
  `type_enable` int(11) NOT NULL DEFAULT 0,
  `type_photo` varchar(200) NOT NULL DEFAULT '',
  PRIMARY KEY (`type_id`)
) ENGINE=InnoDB DEFAULT CHARSET=utf8;

--
-- Dumping data for table `ngn_stock_file`
--


--
-- Table structure for table `ngn_stock_files`
--

CREATE TABLE `ngn_stock_files` (
  `file_id` int(11) NOT NULL AUTO_INCREMENT,
  `user_id` int(11) NOT NULL DEFAULT 0,
  `file_type` int(11) NOT NULL DEFAULT 0,
  `file_group` int(11) NOT NULL,
  `file_size` int(11) NOT NULL DEFAULT 0,
  `file_list` int(11) NOT NULL DEFAULT 1,
  `file_file` varchar(100) NOT NULL DEFAULT '',
  `file_original_name` varchar(200) NOT NULL DEFAULT '0',
  `file_createdate` datetime NOT NULL,
  `file_showdate` datetime NOT NULL,
  `file_hidedate` datetime NOT NULL,
  `file_hide` smallint(1) NOT NULL,
  `file_owner` int(11) NOT NULL,
  `file_order` int(11) NOT NULL,
  PRIMARY KEY (`file_id`),
  KEY `user_id` (`user_id`),
  KEY `file_type` (`file_type`),
  KEY `file_createdate` (`file_createdate`),
  KEY `file_owner` (`file_owner`),
  KEY `file_group` (`file_group`),
  KEY `file_showdate` (`file_showdate`),
  KEY `file_hidedate` (`file_hidedate`),
  KEY `file_hide` (`file_hide`),
  KEY `file_order` (`file_order`)
) ENGINE=InnoDB DEFAULT CHARSET=utf8;

--
-- Dumping data for table `ngn_stock_files`
--


--
-- Table structure for table `ngn_stock_files_language`
--

CREATE TABLE `ngn_stock_files_language` (
  `file_id` int(11) NOT NULL,
  `language_id` int(11) NOT NULL DEFAULT 0,
  `editdate` datetime NOT NULL,
  `enable` int(11) NOT NULL,
  `approved` int(1) NOT NULL DEFAULT 0,
  `language_name` varchar(200) DEFAULT NULL,
  `language_description` text DEFAULT NULL,
  `language_meta` text DEFAULT NULL,
  `language_keywords` varchar(100) DEFAULT NULL,
  `language_url` varchar(100) DEFAULT NULL,
  `language_photo` varchar(100) NOT NULL DEFAULT '',
  PRIMARY KEY (`file_id`,`language_id`),
  KEY `language_id` (`language_id`),
  KEY `editdate` (`editdate`),
  CONSTRAINT `ngn_stock_files_language_ibfk_1` FOREIGN KEY (`file_id`) REFERENCES `ngn_stock_files` (`file_id`) ON DELETE CASCADE ON UPDATE CASCADE
) ENGINE=InnoDB DEFAULT CHARSET=utf8;

--
-- Dumping data for table `ngn_stock_files_language`
--


--
-- Table structure for table `ngn_stock_groups`
--

CREATE TABLE `ngn_stock_groups` (
  `group_id` int(11) NOT NULL AUTO_INCREMENT,
  `group_var` varchar(50) NOT NULL,
  PRIMARY KEY (`group_id`)
) ENGINE=InnoDB AUTO_INCREMENT=3 DEFAULT CHARSET=utf8;

--
-- Dumping data for table `ngn_stock_groups`
--

INSERT INTO `ngn_stock_groups` VALUES (1,'buying_price'),(2,'invoice_setting');

--
-- Table structure for table `ngn_stock_groups_atribute`
--

CREATE TABLE `ngn_stock_groups_atribute` (
  `id` int(11) NOT NULL AUTO_INCREMENT,
  `group_id` int(11) NOT NULL,
  `atribute_id` int(11) NOT NULL,
  `position` int(11) NOT NULL,
  PRIMARY KEY (`id`),
  KEY `group_id` (`group_id`),
  KEY `atribute_id` (`atribute_id`),
  CONSTRAINT `ngn_stock_groups_atribute_ibfk_1` FOREIGN KEY (`group_id`) REFERENCES `ngn_stock_groups` (`group_id`) ON DELETE CASCADE ON UPDATE CASCADE
) ENGINE=InnoDB AUTO_INCREMENT=11 DEFAULT CHARSET=utf8;

--
-- Dumping data for table `ngn_stock_groups_atribute`
--

INSERT INTO `ngn_stock_groups_atribute` VALUES (1,1,1,3),(2,1,2,2),(3,1,3,1),(4,1,4,0),(5,2,5,1),(6,1,6,4),(7,1,7,5),(8,1,5,6),(10,2,8,0);

--
-- Table structure for table `ngn_stock_groups_language`
--

CREATE TABLE `ngn_stock_groups_language` (
  `group_id` int(11) NOT NULL,
  `language_id` int(11) NOT NULL DEFAULT 0,
  `editdate` datetime NOT NULL,
  `enable` int(11) NOT NULL,
  `approved` int(1) NOT NULL DEFAULT 0,
  `language_name` varchar(200) DEFAULT NULL,
  `language_description` text DEFAULT NULL,
  `language_meta` text DEFAULT NULL,
  `language_keywords` varchar(100) DEFAULT NULL,
  `language_url` varchar(100) DEFAULT NULL,
  `language_photo` varchar(100) NOT NULL DEFAULT '',
  PRIMARY KEY (`group_id`,`language_id`),
  KEY `language_id` (`language_id`),
  KEY `editdate` (`editdate`)
) ENGINE=InnoDB DEFAULT CHARSET=utf8;

--
-- Dumping data for table `ngn_stock_groups_language`
--

INSERT INTO `ngn_stock_groups_language` VALUES (1,1,'0000-00-00 00:00:00',0,1,'Nabavna cena','',NULL,NULL,NULL,''),(1,2,'0000-00-00 00:00:00',0,1,'Nabavna cena','','','','',''),(2,1,'0000-00-00 00:00:00',0,1,'Nastavitve dokumenta','',NULL,NULL,NULL,''),(2,2,'0000-00-00 00:00:00',0,1,'Nastavitve dokumenta','','','','','');

--
-- Table structure for table `ngn_stock_invoice`
--

CREATE TABLE `ngn_stock_invoice` (
  `invoice_id` int(11) NOT NULL AUTO_INCREMENT,
  `user_id` int(11) NOT NULL,
  `owner_id` int(11) NOT NULL,
  `language_id` int(11) NOT NULL,
  `invoice_company` int(11) NOT NULL,
  `invoice_category` int(11) NOT NULL,
  `invoice_number` text NOT NULL,
  `invoice_year` int(11) NOT NULL,
  `invoice_counter` int(11) NOT NULL,
  `invoice_location` varchar(10) NOT NULL,
  `invoice_type` int(11) NOT NULL,
  `invoice_date` datetime DEFAULT NULL,
  `invoice_duedate` datetime DEFAULT NULL,
  `invoice_datepaid` datetime NOT NULL DEFAULT '0000-00-00 00:00:00',
  `invoice_datefinish` datetime NOT NULL DEFAULT '0000-00-00 00:00:00',
  `invoice_subtotal` decimal(10,2) NOT NULL,
  `invoice_credit` decimal(10,2) NOT NULL,
  `invoice_tax` decimal(10,2) NOT NULL,
  `invoice_tax2` decimal(10,2) NOT NULL,
  `invoice_total` decimal(10,2) NOT NULL DEFAULT 0.00,
  `invoice_taxrate` decimal(10,2) NOT NULL,
  `invoice_taxrate2` decimal(10,2) NOT NULL,
  `invoice_status` varchar(40) NOT NULL,
  `invoice_substatus` int(11) NOT NULL,
  `invoice_sent` int(11) NOT NULL,
  `invoice_visible` int(11) NOT NULL,
  `invoice_paymentmethod` text NOT NULL,
  `invoice_notes` text NOT NULL,
  `invoice_delivery` varchar(100) NOT NULL,
  `invoice_reversal_relid` int(11) NOT NULL,
  `invoice_preforma_id` int(11) NOT NULL,
  `invoice_zoi` varchar(100) NOT NULL,
  `invoice_eor` varchar(100) NOT NULL,
  `invoice_qr` varchar(100) NOT NULL,
  `invoice_copy` int(11) NOT NULL,
  `invoice_address` int(11) NOT NULL,
  `invoice_billing` int(11) NOT NULL,
  `invoice_shipping` int(11) NOT NULL,
  `invoice_warehouse` int(11) NOT NULL,
  `invoice_transfer` int(11) NOT NULL,
  `invoice_email` varchar(200) NOT NULL,
  `imported` int(11) NOT NULL,
  `invoice_parcel` varchar(50) NOT NULL,
  `invoice_parcel_type` varchar(50) NOT NULL,
  `invoice_parcel_status` varchar(50) NOT NULL,
  PRIMARY KEY (`invoice_id`),
  KEY `userid` (`user_id`),
  KEY `status` (`invoice_status`(3)),
  KEY `user_id` (`user_id`),
  KEY `owner_id` (`owner_id`),
  KEY `invoice_reversal_relid` (`invoice_reversal_relid`),
  KEY `company_id` (`invoice_company`),
  KEY `invoice_type` (`invoice_type`),
  KEY `invoice_year` (`invoice_year`,`invoice_counter`),
  KEY `invoice_address` (`invoice_address`,`invoice_billing`,`invoice_shipping`),
  KEY `invoice_visible` (`invoice_visible`),
  KEY `invoice_preforma_id` (`invoice_preforma_id`),
  KEY `invoice_billing` (`invoice_billing`),
  KEY `invoice_shipping` (`invoice_shipping`),
  KEY `invoice_warehouse` (`invoice_warehouse`),
  KEY `invoice_transfer` (`invoice_transfer`),
  KEY `invoice_company` (`invoice_company`),
  KEY `imported` (`imported`),
  KEY `invoice_substatus` (`invoice_substatus`),
  KEY `language_id` (`language_id`)
) ENGINE=InnoDB DEFAULT CHARSET=utf8;

--
-- Dumping data for table `ngn_stock_invoice`
--


--
-- Table structure for table `ngn_stock_invoice_category`
--

CREATE TABLE `ngn_stock_invoice_category` (
  `category_id` int(11) NOT NULL AUTO_INCREMENT,
  `category_enable` int(11) DEFAULT NULL,
  `category_createdate` datetime DEFAULT NULL,
  `category_showdate` datetime DEFAULT NULL,
  `category_hidedate` datetime DEFAULT NULL,
  `category_hide` tinyint(1) NOT NULL,
  `category_editdate` datetime DEFAULT NULL,
  `category_position` int(11) DEFAULT NULL,
  `category_parent` int(11) DEFAULT NULL,
  `category_photo` int(11) DEFAULT NULL,
  `category_template` int(11) NOT NULL,
  `category_template_news` int(11) NOT NULL,
  `category_photo2` int(11) DEFAULT NULL,
  PRIMARY KEY (`category_id`),
  KEY `category_enable` (`category_enable`),
  KEY `category_template` (`category_template`),
  KEY `category_template_news` (`category_template_news`),
  KEY `category_editdate` (`category_editdate`),
  KEY `category_hidedate` (`category_hidedate`),
  KEY `category_showdate` (`category_showdate`),
  KEY `category_createdate` (`category_createdate`)
) ENGINE=InnoDB AUTO_INCREMENT=2 DEFAULT CHARSET=utf8;

--
-- Dumping data for table `ngn_stock_invoice_category`
--

INSERT INTO `ngn_stock_invoice_category` VALUES (1,0,'2019-05-13 13:55:16',NULL,NULL,0,NULL,0,0,0,0,0,NULL);

--
-- Table structure for table `ngn_stock_invoice_category_language`
--

CREATE TABLE `ngn_stock_invoice_category_language` (
  `category_id` int(11) NOT NULL,
  `language_id` int(11) NOT NULL DEFAULT 0,
  `editdate` datetime NOT NULL,
  `enable` int(11) NOT NULL,
  `approved` int(1) NOT NULL DEFAULT 0,
  `language_name` varchar(200) DEFAULT NULL,
  `language_description` text DEFAULT NULL,
  `language_meta` text DEFAULT NULL,
  `language_keywords` varchar(100) DEFAULT NULL,
  `language_url` varchar(100) DEFAULT NULL,
  `language_photo` varchar(100) NOT NULL DEFAULT '',
  PRIMARY KEY (`category_id`,`language_id`),
  KEY `language_id` (`language_id`),
  KEY `editdate` (`editdate`),
  CONSTRAINT `ngn_stock_invoice_category_language_ibfk_1` FOREIGN KEY (`category_id`) REFERENCES `ngn_stock_invoice_category` (`category_id`) ON DELETE CASCADE ON UPDATE CASCADE
) ENGINE=InnoDB DEFAULT CHARSET=utf8;

--
-- Dumping data for table `ngn_stock_invoice_category_language`
--

INSERT INTO `ngn_stock_invoice_category_language` VALUES (1,1,'0000-00-00 00:00:00',0,0,'Dokumenti','','','','dokumenti','');

--
-- Table structure for table `ngn_stock_invoice_company`
--

CREATE TABLE `ngn_stock_invoice_company` (
  `company_id` int(11) NOT NULL AUTO_INCREMENT,
  `company_default` int(11) NOT NULL DEFAULT 0,
  `company_name` varchar(200) NOT NULL,
  `company_note` varchar(200) NOT NULL,
  `company_address1` varchar(200) NOT NULL,
  `company_address2` varchar(200) NOT NULL,
  `company_city` varchar(200) NOT NULL,
  `company_country` int(11) NOT NULL,
  `company_street` varchar(100) NOT NULL,
  `company_number` varchar(100) NOT NULL,
  `company_additional` varchar(100) NOT NULL,
  `company_community` varchar(100) NOT NULL,
  `company_postal_name` varchar(100) NOT NULL,
  `company_postal` varchar(100) NOT NULL,
  `company_cadastral` int(11) NOT NULL,
  `company_building` int(11) NOT NULL,
  `company_section` int(11) NOT NULL,
  `company_type` int(11) NOT NULL,
  `company_prefix` varchar(200) NOT NULL,
  `company_device` varchar(200) NOT NULL,
  `company_date` date NOT NULL,
  `company_moving_name` varchar(200) NOT NULL,
  `company_moving_type` varchar(1) NOT NULL,
  `company_tax_id` varchar(50) NOT NULL,
  `company_logo` varchar(50) NOT NULL,
  `company_tel` varchar(50) NOT NULL,
  `company_gsm` varchar(50) NOT NULL,
  `company_trr` varchar(50) NOT NULL,
  `company_bank` varchar(200) NOT NULL,
  `company_preforma_numbering` varchar(200) NOT NULL,
  `company_invoice_numbering` varchar(200) NOT NULL,
  `company_credit_numbering` varchar(200) NOT NULL,
  `company_production_order_numbering` varchar(200) NOT NULL,
  `company_delivery_numbering` varchar(200) NOT NULL,
  `company_prepayment_invoice_numbering` varchar(200) NOT NULL,
  `company_order_form_numbering` varchar(200) NOT NULL,
  `company_reversal_numbering` varchar(200) NOT NULL,
  `company_tax` int(11) NOT NULL,
  `company_crc` varchar(30) NOT NULL,
  `company_fiscal_crc` varchar(30) NOT NULL,
  PRIMARY KEY (`company_id`),
  KEY `company_default` (`company_default`)
) ENGINE=InnoDB AUTO_INCREMENT=2 DEFAULT CHARSET=utf8;

--
-- Dumping data for table `ngn_stock_invoice_company`
--

INSERT INTO `ngn_stock_invoice_company` VALUES (1,1,'Firma','','','','',1,'','','','','','',0,0,0,0,'','','0000-00-00','','C','','','','','','','RP{$year|y}{$number|%08d}','','','','','','','',0,'1900688422','');

--
-- Table structure for table `ngn_stock_invoice_company_custom_counting`
--

CREATE TABLE `ngn_stock_invoice_company_custom_counting` (
  `counting_id` int(11) NOT NULL AUTO_INCREMENT,
  `counting_type` varchar(10) NOT NULL,
  `company_id` int(11) NOT NULL,
  `counting_name` varchar(100) NOT NULL,
  `counting_format` varchar(100) NOT NULL,
  PRIMARY KEY (`counting_id`),
  KEY `counting_type` (`counting_type`)
) ENGINE=InnoDB AUTO_INCREMENT=21 DEFAULT CHARSET=utf8;

--
-- Dumping data for table `ngn_stock_invoice_company_custom_counting`
--

INSERT INTO `ngn_stock_invoice_company_custom_counting` VALUES (1,'PREFORMA',1,'Interni premik','PREMIK-{$year|y}{$number|%08d}'),(2,'PREFORMA',1,'Naročilo','NAROCILO-{$year|y}{$number|%08d}'),(3,'PREFORMA',1,'Prevzemni list','PREVZEM-{$year|y}{$number|%08d}'),(4,'PREFORMA',1,'Zapisnik o spremembi cen','CENA-{$year|y}{$number|%08d}'),(5,'PREFORMA',1,'Odjava konsignacije','KONSIGNACIJA-{$year|y}{$number|%08d}'),(6,'PREFORMA',1,'Vračilo blaga dobavitelju','VRACILO-{$year|y}{$number|%08d}'),(7,'PREFORMA',1,'Reklamacijski zapisnik','REKLAM-{$year|y}{$number|%08d}'),(8,'PREFORMA',1,'Lastna reprezentanca','REPREZ-{$year|y}{$number|%08d}'),(9,'PREFORMA',1,'Lastna propaganda','PROPAG-{$year|y}{$number|%08d}'),(10,'PREFORMA',1,'Kalo, razsip, razbitje, pretečeni roki','KALO-{$year|y}{$number|%08d}'),(11,'PREFORMA',1,'Izravnava zaloge','IZRAVN-{$year|y}{$number|%08d}'),(12,'PREFORMA',1,'Inventurni popisni list','INVENT-{$year|y}{$number|%08d}'),(13,'PREFORMA',1,'Evidenčni manko','MANKO-{$year|y}{$number|%08d}'),(14,'PREFORMA',1,'Donacije','DON-{$year|y}{$number|%08d}'),(15,'PREFORMA',1,'Kraja','KRAJA-{$year|y}{$number|%08d}'),(16,'PREFORMA',1,'Evidenčno razbitje, kalo','RAZBITJE-{$year|y}{$number|%08d}'),(17,'PREFORMA',1,'Artikli na konsignacijo','KONSI-{$year|y}{$number|%08d}'),(18,'PREFORMA',1,'Odstrani izdelke iz zaloge','ODSTRANI-{$year|y}{$number|%08d}'),(19,'PREFORMA',1,'Testiranje','TEST-{$year|y}{$number|%08d}'),(20,'PREFORMA',1,'Vračilo iz konsignacije','KONSI-S-{$year|y}{$number|%08d}');

--
-- Table structure for table `ngn_stock_invoice_company_custom_counting_numbers`
--

CREATE TABLE `ngn_stock_invoice_company_custom_counting_numbers` (
  `counting_id` int(11) NOT NULL,
  `counting_year` int(11) NOT NULL,
  `counting_number` int(11) NOT NULL,
  PRIMARY KEY (`counting_id`,`counting_year`)
) ENGINE=InnoDB DEFAULT CHARSET=utf8;

--
-- Dumping data for table `ngn_stock_invoice_company_custom_counting_numbers`
--


--
-- Table structure for table `ngn_stock_invoice_counting`
--

CREATE TABLE `ngn_stock_invoice_counting` (
  `company_id` int(11) NOT NULL,
  `year` int(11) NOT NULL,
  `preforma_id` int(11) NOT NULL,
  `invoice_id` int(11) NOT NULL,
  `credit_id` int(11) NOT NULL DEFAULT 0,
  `production_order_id` int(11) NOT NULL DEFAULT 0,
  `delivery_id` int(11) NOT NULL DEFAULT 0,
  `prepayment_invoice_id` int(11) NOT NULL DEFAULT 0,
  `order_form_id` int(11) NOT NULL DEFAULT 0,
  `reversal_id` int(11) NOT NULL DEFAULT 0,
  PRIMARY KEY (`company_id`,`year`)
) ENGINE=InnoDB DEFAULT CHARSET=utf8;

--
-- Dumping data for table `ngn_stock_invoice_counting`
--


--
-- Table structure for table `ngn_stock_invoice_coupons`
--

CREATE TABLE `ngn_stock_invoice_coupons` (
  `invoice_id` int(11) NOT NULL,
  `coupon_id` int(11) NOT NULL,
  `coupon_date` datetime NOT NULL,
  `coupon_owner` int(11) NOT NULL,
  PRIMARY KEY (`invoice_id`,`coupon_id`)
) ENGINE=InnoDB DEFAULT CHARSET=utf8;

--
-- Dumping data for table `ngn_stock_invoice_coupons`
--


--
-- Table structure for table `ngn_stock_invoice_custom_values`
--

CREATE TABLE `ngn_stock_invoice_custom_values` (
  `invoice_id` int(11) NOT NULL,
  `category_id` int(11) NOT NULL,
  `gaid` int(11) NOT NULL,
  `language_id` int(11) NOT NULL,
  `valueAutomatic` int(11) NOT NULL DEFAULT 0,
  `valueInt` int(11) NOT NULL,
  `valueFloat` double NOT NULL,
  `valueText` text NOT NULL,
  PRIMARY KEY (`invoice_id`,`category_id`,`gaid`,`language_id`),
  KEY `category_id` (`category_id`),
  KEY `gaid` (`gaid`),
  KEY `language_id` (`language_id`),
  KEY `valueInt` (`valueInt`),
  CONSTRAINT `ngn_stock_invoice_custom_values_ibfk_1` FOREIGN KEY (`invoice_id`) REFERENCES `ngn_stock_invoice` (`invoice_id`) ON DELETE CASCADE ON UPDATE CASCADE,
  CONSTRAINT `ngn_stock_invoice_custom_values_ibfk_2` FOREIGN KEY (`category_id`) REFERENCES `ngn_stock_invoice_category` (`category_id`) ON DELETE CASCADE ON UPDATE CASCADE
) ENGINE=InnoDB DEFAULT CHARSET=utf8;

--
-- Dumping data for table `ngn_stock_invoice_custom_values`
--


--
-- Table structure for table `ngn_stock_invoice_file`
--

CREATE TABLE `ngn_stock_invoice_file` (
  `type_id` int(11) NOT NULL AUTO_INCREMENT,
  `type_name` varchar(200) NOT NULL DEFAULT '',
  `type_extension` varchar(200) NOT NULL DEFAULT '',
  `type_type` varchar(200) NOT NULL DEFAULT '',
  `type_enable` int(11) NOT NULL DEFAULT 0,
  `type_photo` varchar(200) NOT NULL DEFAULT '',
  PRIMARY KEY (`type_id`)
) ENGINE=InnoDB AUTO_INCREMENT=3 DEFAULT CHARSET=utf8;

--
-- Dumping data for table `ngn_stock_invoice_file`
--

INSERT INTO `ngn_stock_invoice_file` VALUES (2,'pdf','pdf','',1,'fa-file-pdf-o');

--
-- Table structure for table `ngn_stock_invoice_files`
--

CREATE TABLE `ngn_stock_invoice_files` (
  `file_id` int(11) NOT NULL AUTO_INCREMENT,
  `invoice_id` int(11) NOT NULL DEFAULT 0,
  `file_type` int(11) NOT NULL DEFAULT 0,
  `file_group` int(11) NOT NULL,
  `file_size` int(11) NOT NULL DEFAULT 0,
  `file_list` int(11) NOT NULL DEFAULT 1,
  `file_file` varchar(100) NOT NULL DEFAULT '',
  `file_original_name` varchar(200) NOT NULL DEFAULT '0',
  `file_createdate` datetime NOT NULL,
  `file_showdate` datetime NOT NULL,
  `file_hidedate` datetime NOT NULL,
  `file_hide` smallint(1) NOT NULL,
  `file_owner` int(11) NOT NULL,
  `file_order` int(11) NOT NULL,
  PRIMARY KEY (`file_id`),
  KEY `invoice_id` (`invoice_id`),
  KEY `file_type` (`file_type`),
  KEY `file_createdate` (`file_createdate`),
  KEY `file_owner` (`file_owner`),
  KEY `file_group` (`file_group`),
  KEY `file_showdate` (`file_showdate`),
  KEY `file_hidedate` (`file_hidedate`),
  KEY `file_hide` (`file_hide`),
  KEY `file_order` (`file_order`)
) ENGINE=InnoDB DEFAULT CHARSET=utf8;

--
-- Dumping data for table `ngn_stock_invoice_files`
--


--
-- Table structure for table `ngn_stock_invoice_files_language`
--

CREATE TABLE `ngn_stock_invoice_files_language` (
  `file_id` int(11) NOT NULL,
  `language_id` int(11) NOT NULL DEFAULT 0,
  `editdate` datetime NOT NULL,
  `enable` int(11) NOT NULL,
  `approved` int(1) NOT NULL DEFAULT 0,
  `language_name` varchar(200) DEFAULT NULL,
  `language_description` text DEFAULT NULL,
  `language_meta` text DEFAULT NULL,
  `language_keywords` varchar(100) DEFAULT NULL,
  `language_url` varchar(100) DEFAULT NULL,
  `language_photo` varchar(100) NOT NULL DEFAULT '',
  PRIMARY KEY (`file_id`,`language_id`),
  KEY `language_id` (`language_id`),
  KEY `editdate` (`editdate`)
) ENGINE=InnoDB DEFAULT CHARSET=utf8;

--
-- Dumping data for table `ngn_stock_invoice_files_language`
--


--
-- Table structure for table `ngn_stock_invoice_groups`
--

CREATE TABLE `ngn_stock_invoice_groups` (
  `id` int(11) NOT NULL AUTO_INCREMENT,
  `invoice_category_id` int(11) NOT NULL,
  `group_id` int(11) NOT NULL,
  `position` int(11) NOT NULL,
  `transfer` int(11) NOT NULL DEFAULT 1,
  `category` int(11) NOT NULL DEFAULT 0,
  PRIMARY KEY (`id`),
  KEY `group_id` (`group_id`),
  KEY `invoice_category_id` (`invoice_category_id`),
  KEY `position` (`position`)
) ENGINE=InnoDB AUTO_INCREMENT=2 DEFAULT CHARSET=utf8;

--
-- Dumping data for table `ngn_stock_invoice_groups`
--

INSERT INTO `ngn_stock_invoice_groups` VALUES (1,1,2,0,1,0);

--
-- Table structure for table `ngn_stock_invoice_groups_atribute`
--

CREATE TABLE `ngn_stock_invoice_groups_atribute` (
  `cgid` int(11) NOT NULL,
  `gaid` int(11) NOT NULL,
  `language_id` int(11) NOT NULL,
  `valueInt` int(11) NOT NULL DEFAULT 0,
  `valueFloat` double NOT NULL DEFAULT 0,
  `valueText` text NOT NULL,
  PRIMARY KEY (`cgid`,`gaid`,`language_id`),
  KEY `language_id` (`language_id`),
  KEY `gaid` (`gaid`),
  KEY `cgid` (`cgid`),
  KEY `valueInt` (`valueInt`)
) ENGINE=InnoDB DEFAULT CHARSET=utf8;

--
-- Dumping data for table `ngn_stock_invoice_groups_atribute`
--


--
-- Table structure for table `ngn_stock_invoice_items`
--

CREATE TABLE `ngn_stock_invoice_items` (
  `item_id` int(11) NOT NULL AUTO_INCREMENT,
  `invoice_id` int(11) NOT NULL DEFAULT 0,
  `user_id` int(11) NOT NULL,
  `owner_id` int(11) NOT NULL,
  `item_order` int(11) NOT NULL,
  `item_type` int(11) NOT NULL DEFAULT 0,
  `item_relid` int(11) NOT NULL,
  `item_parent` int(11) NOT NULL,
  `item_link` int(11) NOT NULL DEFAULT 0,
  `item_relmodule` varchar(30) NOT NULL,
  `item_description` text NOT NULL,
  `item_quantity` double NOT NULL,
  `item_multiplier` int(11) NOT NULL DEFAULT 1,
  `item_price` double NOT NULL,
  `item_amount` double NOT NULL,
  `item_taxed` int(1) NOT NULL,
  `item_em` int(11) NOT NULL,
  `item_total` double(10,2) NOT NULL,
  `item_purchase` double NOT NULL,
  `item_r1` double NOT NULL,
  `item_r2` double NOT NULL,
  `item_r3` double NOT NULL,
  `item_rabat` int(11) NOT NULL,
  `item_duedate` date DEFAULT NULL,
  `item_paymentmethod` text NOT NULL,
  `item_notes` text NOT NULL,
  `item_dispatched` int(1) NOT NULL DEFAULT 0,
  `item_relitem` int(11) NOT NULL,
  `item_relvariation` int(11) NOT NULL,
  PRIMARY KEY (`item_id`),
  KEY `invoiceid` (`invoice_id`),
  KEY `user_id` (`user_id`),
  KEY `item_relid` (`item_relid`),
  KEY `owner_id` (`owner_id`),
  KEY `item_order` (`item_order`),
  KEY `item_parent` (`item_parent`),
  KEY `item_relitem` (`item_relitem`),
  KEY `item_relvariation` (`item_relvariation`),
  KEY `item_purchase` (`item_purchase`),
  KEY `item_dispatched` (`item_dispatched`),
  KEY `item_link` (`item_link`)
) ENGINE=InnoDB DEFAULT CHARSET=utf8;

--
-- Dumping data for table `ngn_stock_invoice_items`
--


--
-- Table structure for table `ngn_stock_invoice_items_coupons`
--

CREATE TABLE `ngn_stock_invoice_items_coupons` (
  `item_id` int(11) NOT NULL,
  `item_r1` double NOT NULL,
  `item_r2` double NOT NULL,
  `item_r3` double NOT NULL,
  `item_price` double NOT NULL,
  `item_coupon_item` int(11) NOT NULL
) ENGINE=InnoDB DEFAULT CHARSET=utf8;

--
-- Dumping data for table `ngn_stock_invoice_items_coupons`
--


--
-- Table structure for table `ngn_stock_invoice_items_custom_values`
--

CREATE TABLE `ngn_stock_invoice_items_custom_values` (
  `item_id` int(11) NOT NULL,
  `category_id` int(11) NOT NULL,
  `gaid` int(11) NOT NULL,
  `language_id` int(11) NOT NULL,
  `valueAutomatic` int(11) NOT NULL DEFAULT 0,
  `valueInt` int(11) NOT NULL,
  `valueFloat` double NOT NULL,
  `valueText` text NOT NULL,
  PRIMARY KEY (`item_id`,`category_id`,`gaid`,`language_id`),
  KEY `category_id` (`category_id`),
  KEY `gaid` (`gaid`),
  KEY `language_id` (`language_id`),
  KEY `valueInt` (`valueInt`)
) ENGINE=InnoDB DEFAULT CHARSET=utf8;

--
-- Dumping data for table `ngn_stock_invoice_items_custom_values`
--


--
-- Table structure for table `ngn_stock_invoice_items_custom_values_backup`
--

CREATE TABLE `ngn_stock_invoice_items_custom_values_backup` (
  `item_id` int(11) NOT NULL,
  `category_id` int(11) NOT NULL,
  `gaid` int(11) NOT NULL,
  `language_id` int(11) NOT NULL,
  `valueAutomatic` int(11) NOT NULL DEFAULT 0,
  `valueInt` int(11) NOT NULL,
  `valueFloat` double NOT NULL,
  `valueText` text NOT NULL,
  PRIMARY KEY (`item_id`,`category_id`,`gaid`,`language_id`),
  KEY `category_id` (`category_id`),
  KEY `gaid` (`gaid`),
  KEY `language_id` (`language_id`),
  KEY `valueInt` (`valueInt`)
) ENGINE=InnoDB DEFAULT CHARSET=utf8;

--
-- Dumping data for table `ngn_stock_invoice_items_custom_values_backup`
--


--
-- Table structure for table `ngn_stock_invoice_items_custom_values_multi`
--

CREATE TABLE `ngn_stock_invoice_items_custom_values_multi` (
  `item_id` int(11) NOT NULL,
  `category_id` int(11) NOT NULL,
  `gaid` int(11) NOT NULL,
  `language_id` int(11) NOT NULL,
  `valueInt` int(11) NOT NULL,
  `item_order` int(11) NOT NULL,
  PRIMARY KEY (`item_id`,`category_id`,`gaid`,`language_id`,`valueInt`),
  KEY `item_order` (`item_order`)
) ENGINE=InnoDB DEFAULT CHARSET=utf8;

--
-- Dumping data for table `ngn_stock_invoice_items_custom_values_multi`
--


--
-- Table structure for table `ngn_stock_invoice_items_log`
--

CREATE TABLE `ngn_stock_invoice_items_log` (
  `log_id` int(11) NOT NULL,
  `item_id` int(11) NOT NULL,
  `invoice_id` int(11) NOT NULL DEFAULT 0,
  `user_id` int(11) NOT NULL,
  `owner_id` int(11) NOT NULL,
  `company_id` int(11) NOT NULL,
  `item_type` int(11) NOT NULL,
  `item_parent` int(11) NOT NULL,
  `item_relid` int(11) NOT NULL,
  `item_relmodule` varchar(30) NOT NULL,
  `item_description` text NOT NULL,
  `item_quantity` double NOT NULL,
  `item_price` double NOT NULL,
  `item_amount` double NOT NULL,
  `item_taxed` int(1) NOT NULL,
  `item_em` int(11) NOT NULL,
  `item_total` double(10,2) NOT NULL,
  `item_purchase` double NOT NULL,
  `item_r1` double NOT NULL,
  `item_r2` double NOT NULL,
  `item_r3` double NOT NULL,
  `item_duedate` date DEFAULT NULL,
  `item_paymentmethod` text NOT NULL,
  `item_notes` text NOT NULL,
  `item_dispatched` int(1) NOT NULL DEFAULT 0,
  `item_relitem` int(11) NOT NULL,
  `item_relvariation` int(11) NOT NULL,
  PRIMARY KEY (`log_id`,`item_id`),
  KEY `itemid` (`item_id`),
  KEY `invoiceid` (`invoice_id`),
  KEY `user_id` (`user_id`),
  KEY `item_relid` (`item_relid`),
  KEY `owner_id` (`owner_id`),
  KEY `item_relitem` (`item_relitem`),
  KEY `item_relvariation` (`item_relvariation`),
  KEY `item_purchase` (`item_purchase`),
  KEY `item_dispatched` (`item_dispatched`)
) ENGINE=InnoDB DEFAULT CHARSET=utf8;

--
-- Dumping data for table `ngn_stock_invoice_items_log`
--


--
-- Table structure for table `ngn_stock_invoice_log`
--

CREATE TABLE `ngn_stock_invoice_log` (
  `log_id` int(11) NOT NULL AUTO_INCREMENT,
  `log_user` int(11) NOT NULL,
  `log_date` datetime NOT NULL DEFAULT '0000-00-00 00:00:00',
  `invoice_id` int(11) NOT NULL,
  `user_id` int(11) NOT NULL,
  `owner_id` int(11) NOT NULL,
  `company_id` int(11) NOT NULL,
  `invoice_category` int(11) NOT NULL,
  `invoice_number` text NOT NULL,
  `invoice_date` datetime DEFAULT NULL,
  `invoice_duedate` datetime DEFAULT NULL,
  `invoice_datepaid` datetime NOT NULL DEFAULT '0000-00-00 00:00:00',
  `invoice_datefinish` datetime NOT NULL DEFAULT '0000-00-00 00:00:00',
  `invoice_subtotal` decimal(10,2) NOT NULL,
  `invoice_credit` decimal(10,2) NOT NULL,
  `invoice_tax` decimal(10,2) NOT NULL,
  `invoice_tax2` decimal(10,2) NOT NULL,
  `invoice_total` decimal(10,2) NOT NULL DEFAULT 0.00,
  `invoice_taxrate` decimal(10,2) NOT NULL,
  `invoice_taxrate2` decimal(10,2) NOT NULL,
  `invoice_status` varchar(40) NOT NULL,
  `invoice_sent` int(11) NOT NULL,
  `invoice_paymentmethod` text NOT NULL,
  `invoice_notes` text NOT NULL,
  `invoice_delivery` varchar(100) NOT NULL,
  `invoice_reversal_relid` int(11) NOT NULL,
  `invoice_zoi` varchar(100) NOT NULL,
  `invoice_eor` varchar(100) NOT NULL,
  `invoice_qr` varchar(100) NOT NULL,
  `invoice_copy` int(11) NOT NULL,
  PRIMARY KEY (`log_id`),
  KEY `invoiceid` (`invoice_id`),
  KEY `userid` (`user_id`),
  KEY `status` (`invoice_status`(3)),
  KEY `user_id` (`user_id`),
  KEY `owner_id` (`owner_id`),
  KEY `invoice_reversal_relid` (`invoice_reversal_relid`),
  KEY `log_user` (`log_user`)
) ENGINE=InnoDB DEFAULT CHARSET=utf8;

--
-- Dumping data for table `ngn_stock_invoice_log`
--


--
-- Table structure for table `ngn_stock_invoice_substatus`
--

CREATE TABLE `ngn_stock_invoice_substatus` (
  `status_id` int(11) NOT NULL AUTO_INCREMENT,
  `status_var` varchar(100) CHARACTER SET latin1 NOT NULL,
  `status_enable` int(11) NOT NULL DEFAULT 0,
  `status_name` text CHARACTER SET latin1 NOT NULL,
  PRIMARY KEY (`status_id`),
  KEY `status_var` (`status_var`)
) ENGINE=InnoDB AUTO_INCREMENT=6 DEFAULT CHARSET=utf8;

--
-- Dumping data for table `ngn_stock_invoice_substatus`
--

INSERT INTO `ngn_stock_invoice_substatus` VALUES (1,'PROCESSING',1,'V obdelavi'),(2,'CANCELLED',1,'Preklicano'),(3,'WITHELD',1,'Zadržano'),(4,'PRINTED',1,'Natisnjeno'),(5,'FINISHED',1,'Zaklju?eno');

--
-- Table structure for table `ngn_stock_invoice_tax`
--

CREATE TABLE `ngn_stock_invoice_tax` (
  `invoice_id` int(11) NOT NULL,
  `tax_id` int(11) NOT NULL,
  `tax_value` double NOT NULL,
  `tax_taxable` double NOT NULL,
  PRIMARY KEY (`invoice_id`,`tax_id`),
  KEY `tax_id` (`tax_id`)
) ENGINE=InnoDB DEFAULT CHARSET=utf8;

--
-- Dumping data for table `ngn_stock_invoice_tax`
--


--
-- Table structure for table `ngn_stock_invoice_templates`
--

CREATE TABLE `ngn_stock_invoice_templates` (
  `template_id` int(11) NOT NULL AUTO_INCREMENT,
  `template_owner` int(11) NOT NULL DEFAULT 0,
  `template_enable` int(11) NOT NULL DEFAULT 0,
  PRIMARY KEY (`template_id`),
  KEY `template_enable` (`template_enable`)
) ENGINE=InnoDB AUTO_INCREMENT=103 DEFAULT CHARSET=utf8;

--
-- Dumping data for table `ngn_stock_invoice_templates`
--

INSERT INTO `ngn_stock_invoice_templates` VALUES (100,720,1),(102,720,1);

--
-- Table structure for table `ngn_stock_invoice_templates_language`
--

CREATE TABLE `ngn_stock_invoice_templates_language` (
  `template_id` int(11) NOT NULL,
  `language_id` int(11) NOT NULL DEFAULT 0,
  `editdate` datetime NOT NULL,
  `enable` int(11) NOT NULL,
  `approved` int(1) NOT NULL DEFAULT 0,
  `language_name` varchar(200) DEFAULT NULL,
  `language_description` text DEFAULT NULL,
  `language_meta` text DEFAULT NULL,
  `language_keywords` varchar(100) DEFAULT NULL,
  `language_url` varchar(100) DEFAULT NULL,
  `language_photo` varchar(100) NOT NULL DEFAULT '',
  PRIMARY KEY (`template_id`,`language_id`),
  KEY `language_id` (`language_id`),
  KEY `editdate` (`editdate`),
  CONSTRAINT `ngn_stock_invoice_templates_language_ibfk_1` FOREIGN KEY (`template_id`) REFERENCES `ngn_stock_invoice_templates` (`template_id`) ON DELETE CASCADE ON UPDATE CASCADE
) ENGINE=InnoDB DEFAULT CHARSET=utf8;

--
-- Dumping data for table `ngn_stock_invoice_templates_language`
--

INSERT INTO `ngn_stock_invoice_templates_language` VALUES (100,1,'0000-00-00 00:00:00',0,0,'Izpis','','','','',''),(100,2,'0000-00-00 00:00:00',0,0,'Izpis','','','','',''),(102,1,'0000-00-00 00:00:00',0,0,'Izpis prevzemni list','','','','','');

--
-- Table structure for table `ngn_stock_invoice_transactions`
--

CREATE TABLE `ngn_stock_invoice_transactions` (
  `transaction_id` int(10) NOT NULL AUTO_INCREMENT,
  `user_id` int(10) NOT NULL,
  `currency` int(10) NOT NULL,
  `transaction_gateway` text NOT NULL,
  `transaction_date` datetime DEFAULT NULL,
  `transaction_description` text NOT NULL,
  `transaction_amountin` decimal(10,2) NOT NULL DEFAULT 0.00,
  `transaction_fees` decimal(10,2) NOT NULL DEFAULT 0.00,
  `transaction_amountout` decimal(10,2) NOT NULL DEFAULT 0.00,
  `transaction_reservation` decimal(10,2) NOT NULL,
  `transaction_rate` decimal(10,5) NOT NULL DEFAULT 1.00000,
  `transaction_transid` text NOT NULL,
  `transaction_trackid` text NOT NULL,
  `transaction_invoice_id` int(10) NOT NULL DEFAULT 0,
  `transaction_refund_id` int(10) NOT NULL DEFAULT 0,
  `transaction_ip` varchar(16) NOT NULL,
  `transaction_paymentid` varchar(45) NOT NULL,
  `transaction_result` varchar(45) NOT NULL,
  `transaction_error` text NOT NULL,
  PRIMARY KEY (`transaction_id`),
  KEY `invoiceid` (`transaction_invoice_id`),
  KEY `userid` (`user_id`),
  KEY `date` (`transaction_date`),
  KEY `transid` (`transaction_transid`(32))
) ENGINE=InnoDB DEFAULT CHARSET=utf8;

--
-- Dumping data for table `ngn_stock_invoice_transactions`
--


--
-- Table structure for table `ngn_stock_order`
--

CREATE TABLE `ngn_stock_order` (
  `order_id` int(11) NOT NULL AUTO_INCREMENT,
  `order_number` varchar(50) CHARACTER SET utf16 COLLATE utf16_slovenian_ci NOT NULL,
  `order_year` int(11) NOT NULL,
  `order_supplier` int(11) NOT NULL,
  `order_created` int(11) NOT NULL,
  `order_date_create` datetime NOT NULL,
  `order_date_receive` datetime NOT NULL,
  `order_status` int(11) NOT NULL,
  PRIMARY KEY (`order_id`),
  UNIQUE KEY `order_id` (`order_id`),
  KEY `order_year` (`order_year`,`order_supplier`,`order_created`,`order_date_create`,`order_date_receive`)
) ENGINE=InnoDB DEFAULT CHARSET=utf8;

--
-- Dumping data for table `ngn_stock_order`
--


--
-- Table structure for table `ngn_stock_order_items`
--

CREATE TABLE `ngn_stock_order_items` (
  `order_id` int(11) NOT NULL,
  `order_item` int(11) NOT NULL,
  `order_quantity` int(11) NOT NULL,
  `order_weight` float NOT NULL,
  `order_ab` int(11) NOT NULL,
  `order_date` date NOT NULL,
  `order_gestelle` varchar(50) CHARACTER SET latin1 NOT NULL,
  PRIMARY KEY (`order_id`,`order_item`),
  KEY `order_id` (`order_id`),
  KEY `order_item` (`order_item`)
) ENGINE=InnoDB DEFAULT CHARSET=utf8;

--
-- Dumping data for table `ngn_stock_order_items`
--


--
-- Table structure for table `ngn_stock_order_numbering`
--

CREATE TABLE `ngn_stock_order_numbering` (
  `order_year` int(11) NOT NULL,
  `order_number` int(11) NOT NULL,
  `order_supplier` int(11) NOT NULL,
  PRIMARY KEY (`order_year`),
  KEY `order_number` (`order_number`)
) ENGINE=InnoDB DEFAULT CHARSET=utf8;

--
-- Dumping data for table `ngn_stock_order_numbering`
--


--
-- Table structure for table `ngn_stock_orders`
--

CREATE TABLE `ngn_stock_orders` (
  `order_id` int(10) NOT NULL AUTO_INCREMENT,
  `user_id` int(10) NOT NULL,
  `order_package` int(10) NOT NULL,
  `order_registration_date` date NOT NULL,
  `order_paymentmethod` text NOT NULL,
  `order_firstpaymentamount` decimal(10,2) NOT NULL DEFAULT 0.00,
  `order_amount` decimal(10,2) NOT NULL DEFAULT 0.00,
  `order_tax` decimal(10,2) NOT NULL DEFAULT 0.00,
  `order_billingcycle` text NOT NULL,
  `order_nextduedate` date DEFAULT NULL,
  `order_nextinvoicedate` date NOT NULL,
  `order_overidesuspend` int(11) NOT NULL,
  `order_overidesuspenddate` date NOT NULL,
  `order_status` varchar(60) NOT NULL,
  `order_promotion` int(11) NOT NULL,
  `order_promotion_type` int(11) NOT NULL,
  `order_promotion_value` decimal(2,0) NOT NULL,
  `order_note` text NOT NULL,
  `order_link` int(11) NOT NULL,
  PRIMARY KEY (`order_id`),
  KEY `domainstatus` (`order_status`),
  KEY `order_link` (`order_link`),
  KEY `productid` (`order_package`),
  KEY `userid` (`user_id`),
  KEY `order_nextduedate` (`order_nextduedate`)
) ENGINE=InnoDB DEFAULT CHARSET=utf8;

--
-- Dumping data for table `ngn_stock_orders`
--


--
-- Table structure for table `ngn_stock_orders_custom_values`
--

CREATE TABLE `ngn_stock_orders_custom_values` (
  `order_id` int(11) NOT NULL,
  `category_id` int(11) NOT NULL,
  `gaid` int(11) NOT NULL,
  `language_id` int(11) NOT NULL,
  `valueAutomatic` int(11) NOT NULL DEFAULT 0,
  `valueInt` int(11) NOT NULL,
  `valueFloat` double NOT NULL,
  `valueText` text NOT NULL,
  PRIMARY KEY (`order_id`,`category_id`,`gaid`,`language_id`),
  KEY `category_id` (`category_id`),
  KEY `gaid` (`gaid`),
  KEY `language_id` (`language_id`),
  KEY `valueInt` (`valueInt`)
) ENGINE=InnoDB DEFAULT CHARSET=utf8;

--
-- Dumping data for table `ngn_stock_orders_custom_values`
--


--
-- Table structure for table `ngn_stock_photo`
--

CREATE TABLE `ngn_stock_photo` (
  `photo_id` int(11) NOT NULL AUTO_INCREMENT,
  `news_id` int(11) DEFAULT NULL,
  `photo_order` int(11) NOT NULL,
  `photo_gallery` int(11) NOT NULL DEFAULT 1,
  `photo_photo` varchar(100) DEFAULT NULL,
  `photo_path` varchar(200) NOT NULL,
  `photo_owner` int(11) NOT NULL,
  `photo_date` datetime NOT NULL,
  `photo_source` varchar(255) NOT NULL,
  PRIMARY KEY (`photo_id`),
  KEY `news_id` (`news_id`),
  KEY `photo_date` (`photo_date`),
  KEY `photo_owner` (`photo_owner`),
  KEY `photo_source` (`photo_source`)
) ENGINE=InnoDB DEFAULT CHARSET=utf8;

--
-- Dumping data for table `ngn_stock_photo`
--


--
-- Table structure for table `ngn_stock_photo_gallery`
--

CREATE TABLE `ngn_stock_photo_gallery` (
  `photo_id` int(11) NOT NULL,
  `news_id` int(11) NOT NULL,
  `photo_gallery` int(11) NOT NULL,
  `photo_order` int(11) NOT NULL,
  PRIMARY KEY (`news_id`,`photo_id`)
) ENGINE=InnoDB DEFAULT CHARSET=utf8;

--
-- Dumping data for table `ngn_stock_photo_gallery`
--


--
-- Table structure for table `ngn_stock_photo_gallery_language`
--

CREATE TABLE `ngn_stock_photo_gallery_language` (
  `photo_id` int(11) NOT NULL,
  `news_id` int(11) NOT NULL,
  `language_id` int(11) NOT NULL,
  `editdate` datetime NOT NULL,
  `enable` int(11) NOT NULL,
  PRIMARY KEY (`photo_id`,`news_id`,`language_id`),
  KEY `editdate` (`editdate`)
) ENGINE=InnoDB DEFAULT CHARSET=utf8;

--
-- Dumping data for table `ngn_stock_photo_gallery_language`
--


--
-- Table structure for table `ngn_stock_photo_language`
--

CREATE TABLE `ngn_stock_photo_language` (
  `photo_id` int(11) NOT NULL,
  `language_id` int(11) NOT NULL DEFAULT 0,
  `editdate` datetime NOT NULL,
  `enable` int(11) NOT NULL,
  `approved` int(1) NOT NULL DEFAULT 0,
  `language_name` varchar(200) DEFAULT NULL,
  `language_description` text DEFAULT NULL,
  `language_meta` text DEFAULT NULL,
  `language_keywords` varchar(100) DEFAULT NULL,
  `language_url` varchar(100) DEFAULT NULL,
  `language_photo` varchar(100) NOT NULL DEFAULT '',
  PRIMARY KEY (`photo_id`,`language_id`),
  KEY `language_id` (`language_id`),
  KEY `editdate` (`editdate`),
  CONSTRAINT `ngn_stock_photo_language_id1` FOREIGN KEY (`photo_id`) REFERENCES `ngn_stock_photo` (`photo_id`) ON DELETE NO ACTION ON UPDATE NO ACTION
) ENGINE=InnoDB DEFAULT CHARSET=utf8;

--
-- Dumping data for table `ngn_stock_photo_language`
--


--
-- Table structure for table `ngn_stock_photo_sizes`
--

CREATE TABLE `ngn_stock_photo_sizes` (
  `photo_id` int(11) NOT NULL,
  `size_id` int(11) NOT NULL,
  `photo_width` int(11) NOT NULL,
  `photo_height` int(11) NOT NULL,
  `photo_photo` varchar(100) NOT NULL,
  `photo_path` varchar(200) NOT NULL,
  PRIMARY KEY (`photo_id`,`size_id`)
) ENGINE=InnoDB DEFAULT CHARSET=utf8;

--
-- Dumping data for table `ngn_stock_photo_sizes`
--


--
-- Table structure for table `ngn_stock_photo_usage`
--

CREATE TABLE `ngn_stock_photo_usage` (
  `photo_id` int(11) NOT NULL,
  `module_name` varchar(50) NOT NULL,
  `usage_type` varchar(50) NOT NULL,
  `link_id` int(11) NOT NULL,
  PRIMARY KEY (`photo_id`,`module_name`,`usage_type`,`link_id`)
) ENGINE=InnoDB DEFAULT CHARSET=utf8;

--
-- Dumping data for table `ngn_stock_photo_usage`
--


--
-- Table structure for table `ngn_stock_roles`
--

CREATE TABLE `ngn_stock_roles` (
  `role_id` int(11) NOT NULL,
  `user_id` int(11) NOT NULL,
  `user_edit` tinyint(11) NOT NULL DEFAULT 0,
  `user_delete` tinyint(11) NOT NULL DEFAULT 0,
  PRIMARY KEY (`role_id`,`user_id`),
  KEY `category_id` (`user_id`)
) ENGINE=InnoDB DEFAULT CHARSET=utf8;

--
-- Dumping data for table `ngn_stock_roles`
--


--
-- Table structure for table `ngn_tax`
--

CREATE TABLE `ngn_tax` (
  `tax_id` int(11) NOT NULL AUTO_INCREMENT,
  `tax_name` varchar(50) DEFAULT NULL,
  `tax_value` float DEFAULT NULL,
  `tax_enable` int(11) DEFAULT NULL,
  `tax_note` text NOT NULL,
  UNIQUE KEY `UK_ngn_tax_tax_id` (`tax_id`)
) ENGINE=InnoDB AUTO_INCREMENT=12 DEFAULT CHARSET=utf8;

--
-- Dumping data for table `ngn_tax`
--

INSERT INTO `ngn_tax` VALUES (7,'9,5%',9.5,1,''),(8,'22%',22,1,''),(9,'20%',20,1,''),(10,'Brez davka',0,1,''),(11,'5%',5,1,'Knjige');

--
-- Table structure for table `ngn_tax_country`
--

CREATE TABLE `ngn_tax_country` (
  `tax_id` int(11) NOT NULL,
  `country_id` int(11) NOT NULL,
  `group_id` int(11) NOT NULL,
  PRIMARY KEY (`tax_id`,`country_id`),
  KEY `country_id_idx` (`country_id`),
  KEY `group_id` (`group_id`),
  CONSTRAINT `ngn_tax_country_id` FOREIGN KEY (`tax_id`) REFERENCES `ngn_tax` (`tax_id`) ON DELETE CASCADE ON UPDATE CASCADE
) ENGINE=InnoDB DEFAULT CHARSET=utf8;

--
-- Dumping data for table `ngn_tax_country`
--

INSERT INTO `ngn_tax_country` VALUES (8,1,1),(8,2,1),(8,3,1),(8,4,1),(8,5,1),(8,6,1),(8,7,1),(8,8,1),(8,9,1),(8,10,1),(8,11,1),(8,12,1),(8,13,1),(8,14,1),(8,15,1),(8,16,1),(8,17,1),(8,18,1),(8,19,1),(8,20,1),(8,21,1),(8,22,1),(8,23,1),(8,24,1),(8,25,1),(8,26,1),(8,27,1),(8,28,1),(8,29,1),(8,30,1),(8,31,1),(8,32,1),(8,33,1),(8,34,1),(8,35,1),(8,36,1),(8,37,1),(8,38,1),(8,39,1),(8,40,1),(8,41,1),(8,42,1),(8,43,1),(8,44,1),(8,45,1),(8,46,1),(8,47,1),(8,48,1),(8,49,1),(8,50,1),(8,51,1),(8,52,1),(8,53,1),(8,54,1),(8,57,1),(8,58,1),(8,60,1),(8,61,1),(8,62,1),(8,63,1),(8,64,1),(8,66,1),(8,67,1),(8,69,1),(8,70,1),(8,71,1),(8,72,1),(8,73,1),(8,76,1),(8,77,1),(8,78,1),(8,79,1),(8,80,1),(8,81,1),(8,83,1),(8,84,1),(8,85,1),(8,86,1),(8,87,1),(8,89,1),(8,90,1),(8,91,1),(8,92,1),(8,93,1),(8,94,1),(8,95,1),(8,96,1),(8,97,1),(8,98,1),(8,99,1),(8,100,1),(8,101,1),(8,102,1),(8,103,1),(8,104,1),(8,105,1),(8,106,1),(8,107,1),(8,109,1),(8,110,1),(8,114,1),(8,115,1),(8,116,1),(8,117,1),(8,118,1),(8,119,1),(8,120,1),(8,121,1),(8,123,1),(8,126,1),(8,129,1),(8,130,1),(8,131,1),(8,132,1),(8,133,1),(8,136,1),(8,139,1),(8,140,1),(8,228,1),(8,229,1),(8,230,1),(8,231,1),(8,232,1),(8,233,1),(8,234,1),(8,235,1),(8,236,1),(8,238,1),(8,239,1),(8,242,1),(8,243,1),(8,244,1),(8,245,1),(8,247,1),(8,248,1),(8,250,1),(8,251,1),(8,252,1),(8,253,1),(8,254,1),(8,255,1),(8,256,1),(8,257,1),(8,258,1),(8,259,1),(8,261,1),(8,262,1),(8,263,1),(8,264,1),(8,268,1),(8,270,1),(8,271,1),(8,272,1),(8,273,1),(8,274,1),(8,276,1),(8,277,1),(8,278,1),(8,279,1),(8,280,1),(8,281,1),(8,282,1),(8,285,1),(8,287,1),(8,288,1),(8,289,1),(8,290,1),(8,291,1),(8,292,1),(8,293,1),(8,295,1),(8,296,1),(8,297,1),(8,298,1),(8,299,1),(8,300,1),(8,301,1),(8,302,1),(8,304,1),(8,305,1),(8,306,1),(8,307,1),(8,308,1),(8,309,1),(8,310,1),(8,311,1),(8,312,1),(8,313,1),(8,316,1),(8,317,1),(8,318,1),(8,321,1),(8,322,1),(8,323,1),(8,324,1),(8,325,1),(8,326,1),(8,327,1),(8,328,1),(8,329,1),(8,331,1),(8,332,1),(8,333,1),(8,335,1),(8,336,1),(8,337,1),(8,338,1),(8,341,1),(8,342,1),(8,343,1),(8,344,1),(8,345,1),(8,347,1),(8,348,1),(8,349,1),(8,350,1),(8,351,1),(8,354,1),(8,355,1),(8,356,1),(8,357,1),(8,358,1),(8,359,1),(8,360,1),(8,361,1),(8,362,1),(8,363,1),(8,364,1),(8,366,1),(8,367,1),(8,368,1),(8,369,1),(8,371,1),(8,374,1),(8,375,1),(8,376,1),(8,377,1),(8,378,1),(8,379,1),(8,380,1),(8,381,1),(8,382,1),(8,383,1),(8,384,1),(8,385,1),(8,386,1),(7,1,2),(7,2,2),(7,3,2),(7,4,2),(7,5,2),(7,6,2),(7,7,2),(7,8,2),(7,9,2),(7,10,2),(7,11,2),(7,12,2),(7,13,2),(7,14,2),(7,15,2),(7,16,2),(7,17,2),(7,18,2),(7,19,2),(7,20,2),(7,21,2),(7,22,2),(7,23,2),(7,24,2),(7,25,2),(7,26,2),(7,27,2),(7,28,2),(7,29,2),(7,30,2),(7,31,2),(7,32,2),(7,33,2),(7,34,2),(7,35,2),(7,36,2),(7,37,2),(7,38,2),(7,39,2),(7,40,2),(7,41,2),(7,42,2),(7,43,2),(7,44,2),(7,45,2),(7,46,2),(7,47,2),(7,48,2),(7,49,2),(7,50,2),(7,51,2),(7,52,2),(7,53,2),(7,54,2),(7,57,2),(7,58,2),(7,60,2),(7,61,2),(7,62,2),(7,63,2),(7,64,2),(7,66,2),(7,67,2),(7,69,2),(7,70,2),(7,71,2),(7,72,2),(7,73,2),(7,76,2),(7,77,2),(7,78,2),(7,79,2),(7,80,2),(7,81,2),(7,83,2),(7,84,2),(7,85,2),(7,86,2),(7,87,2),(7,89,2),(7,90,2),(7,91,2),(7,92,2),(7,93,2),(7,94,2),(7,95,2),(7,96,2),(7,97,2),(7,98,2),(7,99,2),(7,100,2),(7,101,2),(7,102,2),(7,103,2),(7,104,2),(7,105,2),(7,106,2),(7,107,2),(7,109,2),(7,110,2),(7,114,2),(7,115,2),(7,116,2),(7,117,2),(7,118,2),(7,119,2),(7,120,2),(7,121,2),(7,123,2),(7,126,2),(7,129,2),(7,130,2),(7,131,2),(7,132,2),(7,133,2),(7,136,2),(7,139,2),(7,140,2),(7,228,2),(7,229,2),(7,230,2),(7,231,2),(7,232,2),(7,233,2),(7,234,2),(7,235,2),(7,236,2),(7,238,2),(7,239,2),(7,242,2),(7,243,2),(7,244,2),(7,245,2),(7,247,2),(7,248,2),(7,250,2),(7,251,2),(7,252,2),(7,253,2),(7,254,2),(7,255,2),(7,256,2),(7,257,2),(7,258,2),(7,259,2),(7,261,2),(7,262,2),(7,263,2),(7,264,2),(7,268,2),(7,270,2),(7,271,2),(7,272,2),(7,273,2),(7,274,2),(7,276,2),(7,277,2),(7,278,2),(7,279,2),(7,280,2),(7,281,2),(7,282,2),(7,285,2),(7,287,2),(7,288,2),(7,289,2),(7,290,2),(7,291,2),(7,292,2),(7,293,2),(7,295,2),(7,296,2),(7,297,2),(7,298,2),(7,299,2),(7,300,2),(7,301,2),(7,302,2),(7,304,2),(7,305,2),(7,306,2),(7,307,2),(7,308,2),(7,309,2),(7,310,2),(7,311,2),(7,312,2),(7,313,2),(7,316,2),(7,317,2),(7,318,2),(7,321,2),(7,322,2),(7,323,2),(7,324,2),(7,325,2),(7,326,2),(7,327,2),(7,328,2),(7,329,2),(7,331,2),(7,332,2),(7,333,2),(7,335,2),(7,336,2),(7,337,2),(7,338,2),(7,341,2),(7,342,2),(7,343,2),(7,344,2),(7,345,2),(7,347,2),(7,348,2),(7,349,2),(7,350,2),(7,351,2),(7,354,2),(7,355,2),(7,356,2),(7,357,2),(7,358,2),(7,359,2),(7,360,2),(7,361,2),(7,362,2),(7,363,2),(7,364,2),(7,366,2),(7,367,2),(7,368,2),(7,369,2),(7,371,2),(7,374,2),(7,375,2),(7,376,2),(7,377,2),(7,378,2),(7,379,2),(7,380,2),(7,381,2),(7,382,2),(7,383,2),(7,384,2),(7,385,2),(7,386,2),(10,1,3),(10,2,3),(10,3,3),(10,4,3),(10,5,3),(10,6,3),(10,7,3),(10,8,3),(10,9,3),(10,10,3),(10,11,3),(10,12,3),(10,13,3),(10,14,3),(10,15,3),(10,16,3),(10,17,3),(10,18,3),(10,19,3),(10,20,3),(10,21,3),(10,22,3),(10,23,3),(10,24,3),(10,25,3),(10,26,3),(10,27,3),(10,28,3),(10,29,3),(10,30,3),(10,31,3),(10,32,3),(10,33,3),(10,34,3),(10,35,3),(10,36,3),(10,37,3),(10,38,3),(10,39,3),(10,40,3),(10,41,3),(10,42,3),(10,43,3),(10,44,3),(10,45,3),(10,46,3),(10,47,3),(10,48,3),(10,49,3),(10,50,3),(10,51,3),(10,52,3),(10,53,3),(10,54,3),(10,57,3),(10,58,3),(10,60,3),(10,61,3),(10,62,3),(10,63,3),(10,64,3),(10,66,3),(10,67,3),(10,69,3),(10,70,3),(10,71,3),(10,72,3),(10,73,3),(10,76,3),(10,77,3),(10,78,3),(10,79,3),(10,80,3),(10,81,3),(10,83,3),(10,84,3),(10,85,3),(10,86,3),(10,87,3),(10,89,3),(10,90,3),(10,91,3),(10,92,3),(10,93,3),(10,94,3),(10,95,3),(10,96,3),(10,97,3),(10,98,3),(10,99,3),(10,100,3),(10,101,3),(10,102,3),(10,103,3),(10,104,3),(10,105,3),(10,106,3),(10,107,3),(10,109,3),(10,110,3),(10,114,3),(10,115,3),(10,116,3),(10,117,3),(10,118,3),(10,119,3),(10,120,3),(10,121,3),(10,123,3),(10,126,3),(10,129,3),(10,130,3),(10,131,3),(10,132,3),(10,133,3),(10,136,3),(10,139,3),(10,140,3),(10,228,3),(10,229,3),(10,230,3),(10,231,3),(10,232,3),(10,233,3),(10,234,3),(10,235,3),(10,236,3),(10,238,3),(10,239,3),(10,242,3),(10,243,3),(10,244,3),(10,245,3),(10,247,3),(10,248,3),(10,250,3),(10,251,3),(10,252,3),(10,253,3),(10,254,3),(10,255,3),(10,256,3),(10,257,3),(10,258,3),(10,259,3),(10,261,3),(10,262,3),(10,263,3),(10,264,3),(10,268,3),(10,270,3),(10,271,3),(10,272,3),(10,273,3),(10,274,3),(10,276,3),(10,277,3),(10,278,3),(10,279,3),(10,280,3),(10,281,3),(10,282,3),(10,285,3),(10,287,3),(10,288,3),(10,289,3),(10,290,3),(10,291,3),(10,292,3),(10,293,3),(10,295,3),(10,296,3),(10,297,3),(10,298,3),(10,299,3),(10,300,3),(10,301,3),(10,302,3),(10,304,3),(10,305,3),(10,306,3),(10,307,3),(10,308,3),(10,309,3),(10,310,3),(10,311,3),(10,312,3),(10,313,3),(10,316,3),(10,317,3),(10,318,3),(10,321,3),(10,322,3),(10,323,3),(10,324,3),(10,325,3),(10,326,3),(10,327,3),(10,328,3),(10,329,3),(10,331,3),(10,332,3),(10,333,3),(10,335,3),(10,336,3),(10,337,3),(10,338,3),(10,341,3),(10,342,3),(10,343,3),(10,344,3),(10,345,3),(10,347,3),(10,348,3),(10,349,3),(10,350,3),(10,351,3),(10,354,3),(10,355,3),(10,356,3),(10,357,3),(10,358,3),(10,359,3),(10,360,3),(10,361,3),(10,362,3),(10,363,3),(10,364,3),(10,366,3),(10,367,3),(10,368,3),(10,369,3),(10,371,3),(10,374,3),(10,375,3),(10,376,3),(10,377,3),(10,378,3),(10,379,3),(10,380,3),(10,381,3),(10,382,3),(10,383,3),(10,384,3),(10,385,3),(10,386,3),(11,1,4),(11,2,4),(11,3,4),(11,4,4),(11,5,4),(11,6,4),(11,7,4),(11,8,4),(11,9,4),(11,10,4),(11,11,4),(11,12,4),(11,13,4),(11,14,4),(11,15,4),(11,16,4),(11,17,4),(11,18,4),(11,19,4),(11,20,4),(11,21,4),(11,22,4),(11,23,4),(11,24,4),(11,25,4),(11,26,4),(11,27,4),(11,28,4),(11,29,4),(11,30,4),(11,31,4),(11,32,4),(11,33,4),(11,34,4),(11,35,4),(11,36,4),(11,37,4),(11,38,4),(11,39,4),(11,40,4),(11,41,4),(11,42,4),(11,43,4),(11,44,4),(11,45,4),(11,46,4),(11,47,4),(11,48,4),(11,49,4),(11,50,4),(11,51,4),(11,52,4),(11,53,4),(11,54,4),(11,57,4),(11,58,4),(11,60,4),(11,61,4),(11,62,4),(11,63,4),(11,64,4),(11,66,4),(11,67,4),(11,69,4),(11,70,4),(11,71,4),(11,72,4),(11,73,4),(11,76,4),(11,77,4),(11,78,4),(11,79,4),(11,80,4),(11,81,4),(11,83,4),(11,84,4),(11,85,4),(11,86,4),(11,87,4),(11,89,4),(11,90,4),(11,91,4),(11,92,4),(11,93,4),(11,94,4),(11,95,4),(11,96,4),(11,97,4),(11,98,4),(11,99,4),(11,100,4),(11,101,4),(11,102,4),(11,103,4),(11,104,4),(11,105,4),(11,106,4),(11,107,4),(11,109,4),(11,110,4),(11,114,4),(11,115,4),(11,116,4),(11,117,4),(11,118,4),(11,119,4),(11,120,4),(11,121,4),(11,123,4),(11,126,4),(11,129,4),(11,130,4),(11,131,4),(11,132,4),(11,133,4),(11,136,4),(11,139,4),(11,140,4),(11,228,4),(11,229,4),(11,230,4),(11,231,4),(11,232,4),(11,233,4),(11,234,4),(11,235,4),(11,236,4),(11,238,4),(11,239,4),(11,242,4),(11,243,4),(11,244,4),(11,245,4),(11,247,4),(11,248,4),(11,250,4),(11,251,4),(11,252,4),(11,253,4),(11,254,4),(11,255,4),(11,256,4),(11,257,4),(11,258,4),(11,259,4),(11,261,4),(11,262,4),(11,263,4),(11,264,4),(11,268,4),(11,270,4),(11,271,4),(11,272,4),(11,273,4),(11,274,4),(11,276,4),(11,277,4),(11,278,4),(11,279,4),(11,280,4),(11,281,4),(11,282,4),(11,285,4),(11,287,4),(11,288,4),(11,289,4),(11,290,4),(11,291,4),(11,292,4),(11,293,4),(11,295,4),(11,296,4),(11,297,4),(11,298,4),(11,299,4),(11,300,4),(11,301,4),(11,302,4),(11,304,4),(11,305,4),(11,306,4),(11,307,4),(11,308,4),(11,309,4),(11,310,4),(11,311,4),(11,312,4),(11,313,4),(11,316,4),(11,317,4),(11,318,4),(11,321,4),(11,322,4),(11,323,4),(11,324,4),(11,325,4),(11,326,4),(11,327,4),(11,328,4),(11,329,4),(11,331,4),(11,332,4),(11,333,4),(11,335,4),(11,336,4),(11,337,4),(11,338,4),(11,341,4),(11,342,4),(11,343,4),(11,344,4),(11,345,4),(11,347,4),(11,348,4),(11,349,4),(11,350,4),(11,351,4),(11,354,4),(11,355,4),(11,356,4),(11,357,4),(11,358,4),(11,359,4),(11,360,4),(11,361,4),(11,362,4),(11,363,4),(11,364,4),(11,366,4),(11,367,4),(11,368,4),(11,369,4),(11,371,4),(11,374,4),(11,375,4),(11,376,4),(11,377,4),(11,378,4),(11,379,4),(11,380,4),(11,381,4),(11,382,4),(11,383,4),(11,384,4),(11,385,4),(11,386,4),(11,2290,4),(11,3907,4);

--
-- Table structure for table `ngn_tax_country_language`
--

CREATE TABLE `ngn_tax_country_language` (
  `country_id` int(11) NOT NULL,
  `language_id` int(11) NOT NULL,
  `language_name` varchar(100) DEFAULT NULL,
  `language_description` varchar(45) DEFAULT NULL,
  `language_short` varchar(3) NOT NULL,
  PRIMARY KEY (`country_id`,`language_id`),
  KEY `language_id` (`language_id`)
) ENGINE=InnoDB DEFAULT CHARSET=utf8;

--
-- Dumping data for table `ngn_tax_country_language`
--


--
-- Table structure for table `ngn_tax_group`
--

CREATE TABLE `ngn_tax_group` (
  `group_id` int(11) NOT NULL AUTO_INCREMENT,
  `group_enable` int(11) NOT NULL,
  PRIMARY KEY (`group_id`)
) ENGINE=InnoDB AUTO_INCREMENT=5 DEFAULT CHARSET=utf8;

--
-- Dumping data for table `ngn_tax_group`
--

INSERT INTO `ngn_tax_group` VALUES (1,1),(2,1),(3,1),(4,1);

--
-- Table structure for table `ngn_tax_group_language`
--

CREATE TABLE `ngn_tax_group_language` (
  `group_id` int(11) NOT NULL,
  `language_id` int(11) NOT NULL,
  `language_name` varchar(200) NOT NULL,
  PRIMARY KEY (`group_id`,`language_id`),
  KEY `language_id` (`language_id`),
  CONSTRAINT `ngn_tax_group_language_ibfk_1` FOREIGN KEY (`group_id`) REFERENCES `ngn_tax_group` (`group_id`) ON DELETE CASCADE ON UPDATE CASCADE,
  CONSTRAINT `ngn_tax_group_language_ibfk_2` FOREIGN KEY (`language_id`) REFERENCES `ngn_language` (`language_id`) ON DELETE CASCADE ON UPDATE CASCADE
) ENGINE=InnoDB DEFAULT CHARSET=utf8;

--
-- Dumping data for table `ngn_tax_group_language`
--

INSERT INTO `ngn_tax_group_language` VALUES (1,1,'Vi&scaron;ja stopnja'),(1,2,'Vi&scaron;ja stopnja'),(2,1,'Nižja stopnja'),(2,2,'Nižja stopnja'),(3,1,'Brez davka'),(3,2,'Brez davka'),(4,1,'Knjige'),(4,2,'Knjige');

--
-- Table structure for table `ngn_transactions`
--

CREATE TABLE `ngn_transactions` (
  `transaction_id` int(11) NOT NULL AUTO_INCREMENT,
  `id` varchar(100) NOT NULL,
  `ref` varchar(200) NOT NULL,
  `amount` float NOT NULL,
  `date` date NOT NULL,
  `payer_name` varchar(200) NOT NULL,
  `payer_address1` varchar(200) NOT NULL,
  `payer_address2` varchar(200) NOT NULL,
  `bank_account` varchar(100) NOT NULL,
  `checked` int(11) NOT NULL DEFAULT 0,
  `parent_id` int(11) NOT NULL,
  PRIMARY KEY (`transaction_id`)
) ENGINE=InnoDB DEFAULT CHARSET=utf8;

--
-- Dumping data for table `ngn_transactions`
--


--
-- Table structure for table `ngn_users_activity`
--

CREATE TABLE `ngn_users_activity` (
  `activity_id` int(11) NOT NULL AUTO_INCREMENT,
  `activity_module` varchar(30) NOT NULL,
  `parent_id` int(11) NOT NULL DEFAULT 0,
  `user_id` int(11) NOT NULL DEFAULT 0,
  `date` datetime NOT NULL,
  `date_end` datetime NOT NULL,
  `notification` int(11) NOT NULL,
  `activity_type` int(11) DEFAULT NULL,
  PRIMARY KEY (`activity_id`),
  KEY `news_id` (`parent_id`),
  KEY `user_id` (`user_id`),
  KEY `user_id_idx` (`activity_type`),
  CONSTRAINT `user_id` FOREIGN KEY (`activity_type`) REFERENCES `ngn_activity_type` (`type_id`) ON DELETE CASCADE ON UPDATE CASCADE
) ENGINE=InnoDB AUTO_INCREMENT=3049 DEFAULT CHARSET=utf8;

--
-- Dumping data for table `ngn_users_activity`
--

INSERT INTO `ngn_users_activity` VALUES (1,'users',718,0,'2022-03-28 10:53:09','0000-00-00 00:00:00',1,36),(2,'users',718,0,'2022-03-28 15:42:30','0000-00-00 00:00:00',1,36),(3,'users',718,0,'2022-03-28 15:43:29','0000-00-00 00:00:00',1,36),(4,'users',718,0,'2022-03-28 15:50:15','0000-00-00 00:00:00',1,37),(5,'users',718,0,'2022-03-28 15:50:47','0000-00-00 00:00:00',1,36),(6,'users',718,0,'2022-03-28 16:01:23','0000-00-00 00:00:00',1,37),(7,'users',718,2,'2022-04-07 14:20:44','0000-00-00 00:00:00',1,28),(8,'users',0,723,'2022-04-11 11:33:46','0000-00-00 00:00:00',1,31),(9,'users',0,724,'2022-04-12 11:39:10','0000-00-00 00:00:00',1,31),(10,'users',0,724,'2022-04-12 11:39:45','0000-00-00 00:00:00',1,32),(11,'users',0,725,'2022-04-12 11:44:00','0000-00-00 00:00:00',1,31),(12,'users',0,725,'2022-04-12 11:44:01','0000-00-00 00:00:00',1,32),(13,'users',0,725,'2022-04-12 11:50:39','0000-00-00 00:00:00',1,32),(14,'users',0,726,'2022-04-12 13:24:23','0000-00-00 00:00:00',1,31),(15,'users',0,726,'2022-04-12 13:24:24','0000-00-00 00:00:00',1,32),(16,'users',0,726,'2022-04-12 13:29:59','0000-00-00 00:00:00',1,29),(17,'users',0,726,'2022-04-12 13:31:38','0000-00-00 00:00:00',1,29),(18,'users',0,726,'2022-04-12 13:47:51','0000-00-00 00:00:00',1,29),(19,'users',0,726,'2022-04-12 14:01:01','0000-00-00 00:00:00',1,29),(20,'users',0,726,'2022-04-12 14:03:27','0000-00-00 00:00:00',1,29),(21,'users',0,726,'2022-04-12 14:12:26','0000-00-00 00:00:00',1,29),(22,'users',0,726,'2022-04-12 14:15:03','0000-00-00 00:00:00',1,29),(23,'users',0,726,'2022-04-12 14:22:57','0000-00-00 00:00:00',1,29),(24,'users',0,726,'2022-04-12 14:27:34','0000-00-00 00:00:00',1,29),(25,'users',0,726,'2022-04-12 14:29:20','0000-00-00 00:00:00',1,29),(26,'users',0,726,'2022-04-12 14:30:58','0000-00-00 00:00:00',1,29),(27,'users',0,726,'2022-04-12 14:33:30','0000-00-00 00:00:00',1,29),(28,'users',0,726,'2022-04-12 14:36:34','0000-00-00 00:00:00',1,29),(29,'users',0,726,'2022-04-12 14:39:11','0000-00-00 00:00:00',1,29),(30,'users',0,726,'2022-04-12 14:49:12','0000-00-00 00:00:00',1,29),(31,'users',0,726,'2022-04-12 14:52:30','0000-00-00 00:00:00',1,29),(32,'users',0,726,'2022-04-12 14:56:58','0000-00-00 00:00:00',1,29),(33,'users',0,726,'2022-04-12 15:36:52','0000-00-00 00:00:00',1,29),(34,'users',0,726,'2022-04-12 15:40:16','0000-00-00 00:00:00',1,29),(35,'users',0,726,'2022-04-12 16:16:22','0000-00-00 00:00:00',1,29),(36,'users',0,726,'2022-04-15 11:03:14','0000-00-00 00:00:00',1,29),(37,'users',0,726,'2022-04-15 11:04:29','0000-00-00 00:00:00',1,29),(38,'users',0,727,'2022-04-15 11:57:55','0000-00-00 00:00:00',1,31),(39,'users',0,728,'2022-04-15 13:28:33','0000-00-00 00:00:00',1,31),(40,'users',0,729,'2022-04-15 13:57:59','0000-00-00 00:00:00',1,31),(41,'users',727,727,'2022-04-15 14:41:16','0000-00-00 00:00:00',1,32),(42,'users',727,727,'2022-04-15 14:41:22','0000-00-00 00:00:00',1,29),(43,'users',727,727,'2022-04-15 14:46:39','0000-00-00 00:00:00',1,29),(44,'users',0,718,'2022-04-19 10:35:22','0000-00-00 00:00:00',1,61),(45,'users',718,727,'2022-04-19 10:35:48','0000-00-00 00:00:00',1,61),(46,'users',718,727,'2022-04-19 10:39:45','0000-00-00 00:00:00',1,61),(47,'users',718,727,'2022-04-19 12:48:54','0000-00-00 00:00:00',1,61),(48,'users',718,727,'2022-04-19 12:49:48','0000-00-00 00:00:00',1,61),(49,'users',718,727,'2022-04-19 12:50:27','0000-00-00 00:00:00',1,61),(50,'users',718,727,'2022-04-19 12:56:22','0000-00-00 00:00:00',1,61),(51,'users',718,727,'2022-04-19 12:56:30','0000-00-00 00:00:00',1,61),(52,'users',718,727,'2022-04-19 12:56:40','0000-00-00 00:00:00',1,61),(53,'users',718,727,'2022-04-19 12:57:16','0000-00-00 00:00:00',1,61),(54,'users',0,727,'2022-04-19 12:57:38','0000-00-00 00:00:00',1,61),(55,'users',0,727,'2022-04-19 12:58:26','0000-00-00 00:00:00',1,61),(56,'users',0,727,'2022-04-19 13:01:12','0000-00-00 00:00:00',1,61),(57,'users',0,727,'2022-04-19 13:31:19','0000-00-00 00:00:00',1,61),(58,'users',0,727,'2022-04-19 14:12:48','1970-01-01 01:00:00',1,62),(59,'users',0,727,'2022-04-19 14:13:43','1970-01-01 01:00:00',1,62),(60,'users',0,727,'2022-04-19 14:14:04','1970-01-01 01:00:00',1,62),(61,'users',0,727,'2022-04-19 14:14:50','0000-00-00 00:00:00',1,61),(62,'users',0,727,'2022-04-19 14:15:15','1970-01-01 01:00:00',1,62),(63,'users',0,727,'2022-04-19 14:15:38','0000-00-00 00:00:00',1,61),(64,'users',0,727,'2022-04-20 08:42:21','0000-00-00 00:00:00',1,61),(65,'users',0,718,'2022-04-20 11:15:16','0000-00-00 00:00:00',1,61),(66,'users',0,718,'2022-04-20 11:18:58','0000-00-00 00:00:00',1,61),(67,'users',0,730,'2022-04-20 11:35:52','1970-01-01 01:00:00',1,31),(68,'users',0,730,'2022-04-20 11:35:53','1970-01-01 01:00:00',1,32),(69,'users',0,730,'2022-04-20 11:36:10','1970-01-01 01:00:00',1,29),(70,'users',718,0,'2022-08-22 09:00:30','0000-00-00 00:00:00',1,36),(71,'users',718,0,'2022-08-22 09:02:06','0000-00-00 00:00:00',1,36),(72,'users',718,0,'2022-08-22 09:04:42','0000-00-00 00:00:00',1,36),(73,'users',718,0,'2022-08-22 14:40:01','0000-00-00 00:00:00',1,37),(74,'users',718,0,'2022-08-24 15:00:29','0000-00-00 00:00:00',1,37),(75,'users',718,718,'2022-09-28 11:41:11','1970-01-01 01:00:00',1,32),(76,'users',718,718,'2022-09-28 11:42:26','1970-01-01 01:00:00',1,29),(77,'users',718,718,'2022-09-28 13:21:47','1970-01-01 01:00:00',1,29),(78,'users',718,718,'2022-09-28 13:33:56','1970-01-01 01:00:00',1,29),(79,'users',718,718,'2022-09-28 13:43:59','1970-01-01 01:00:00',1,29),(80,'users',718,718,'2022-09-28 14:11:46','1970-01-01 01:00:00',1,29),(81,'users',718,718,'2022-09-28 14:14:47','1970-01-01 01:00:00',1,29),(82,'users',718,718,'2022-09-28 14:19:09','1970-01-01 01:00:00',1,29),(83,'users',718,718,'2022-09-29 10:11:35','1970-01-01 01:00:00',1,29),(84,'users',720,0,'2022-10-13 14:51:47','0000-00-00 00:00:00',1,36),(85,'users',720,0,'2022-10-13 14:52:44','0000-00-00 00:00:00',1,36),(86,'users',720,1,'2022-10-13 14:53:00','0000-00-00 00:00:00',1,56),(87,'users',720,0,'2022-10-13 14:53:07','0000-00-00 00:00:00',1,37),(88,'users',718,2,'2022-10-13 15:51:41','0000-00-00 00:00:00',1,28),(89,'users',718,718,'2022-10-14 15:30:56','1970-01-01 01:00:00',1,29),(90,'users',718,718,'2022-10-14 15:33:34','1970-01-01 01:00:00',1,29),(91,'users',719,719,'2022-10-20 16:01:19','1970-01-01 01:00:00',1,32),(92,'users',719,719,'2022-10-20 16:02:16','1970-01-01 01:00:00',1,29),(93,'users',718,718,'2022-10-21 10:26:42','1970-01-01 01:00:00',1,29),(94,'users',718,718,'2022-10-21 10:32:53','1970-01-01 01:00:00',1,29),(95,'users',0,718,'2022-10-21 13:52:46','1970-01-01 01:00:00',1,29),(96,'users',718,718,'2022-10-21 14:41:43','1970-01-01 01:00:00',1,29),(97,'users',718,718,'2022-10-21 14:43:32','1970-01-01 01:00:00',1,29),(98,'users',718,718,'2022-10-21 14:44:34','1970-01-01 01:00:00',1,29),(99,'users',718,718,'2022-10-21 14:46:37','1970-01-01 01:00:00',1,29),(100,'users',718,718,'2022-10-21 14:49:34','1970-01-01 01:00:00',1,29),(101,'users',718,718,'2022-10-21 14:52:09','1970-01-01 01:00:00',1,29),(102,'users',718,718,'2022-10-21 14:55:00','1970-01-01 01:00:00',1,29),(103,'users',718,718,'2022-10-21 15:39:16','1970-01-01 01:00:00',1,29),(104,'users',719,719,'2022-10-24 08:55:05','1970-01-01 01:00:00',1,29),(105,'users',718,718,'2022-10-24 09:36:40','1970-01-01 01:00:00',1,32),(106,'users',718,718,'2022-10-24 09:36:42','1970-01-01 01:00:00',1,29),(107,'users',718,718,'2022-10-24 10:33:07','1970-01-01 01:00:00',1,29),(108,'users',718,718,'2022-10-24 15:02:16','1970-01-01 01:00:00',1,32),(109,'users',718,718,'2022-10-24 15:02:18','1970-01-01 01:00:00',1,29),(110,'users',719,719,'2022-10-25 08:47:51','1970-01-01 01:00:00',1,29),(111,'users',0,731,'2022-11-10 21:37:51','1970-01-01 01:00:00',1,31),(112,'users',0,731,'2022-11-10 21:37:52','1970-01-01 01:00:00',1,32),(113,'users',0,731,'2022-11-10 21:37:54','1970-01-01 01:00:00',1,29),(114,'users',719,719,'2022-11-14 14:33:45','1970-01-01 01:00:00',1,29),(115,'users',719,719,'2022-11-14 15:42:02','1970-01-01 01:00:00',1,29),(116,'users',718,718,'2022-11-14 15:42:12','1970-01-01 01:00:00',1,29),(117,'users',719,719,'2022-11-14 15:42:30','1970-01-01 01:00:00',1,29),(118,'users',719,719,'2022-11-14 15:43:37','1970-01-01 01:00:00',1,29),(119,'users',719,719,'2022-11-14 15:45:40','1970-01-01 01:00:00',1,29),(120,'users',0,731,'2022-11-14 20:33:29','1970-01-01 01:00:00',1,29),(121,'users',0,732,'2022-11-21 15:12:14','1970-01-01 01:00:00',1,31),(122,'users',0,733,'2022-11-23 08:58:32','1970-01-01 01:00:00',1,31),(123,'users',0,734,'2022-11-25 10:37:23','1970-01-01 01:00:00',1,31),(124,'users',0,734,'2022-11-25 10:37:25','1970-01-01 01:00:00',1,32),(125,'users',0,734,'2022-11-25 10:37:26','1970-01-01 01:00:00',1,29),(126,'users',0,735,'2022-11-25 23:32:11','1970-01-01 01:00:00',1,31),(127,'users',0,736,'2022-11-26 05:50:25','1970-01-01 01:00:00',1,31),(128,'users',0,737,'2022-11-26 10:26:11','1970-01-01 01:00:00',1,31),(129,'users',0,738,'2022-11-26 14:46:04','1970-01-01 01:00:00',1,31),(130,'users',0,739,'2022-11-26 15:26:42','1970-01-01 01:00:00',1,31),(131,'users',0,740,'2022-11-26 17:22:05','1970-01-01 01:00:00',1,31),(132,'users',0,741,'2022-11-27 02:32:37','1970-01-01 01:00:00',1,31),(133,'users',0,742,'2022-11-27 06:06:25','1970-01-01 01:00:00',1,31),(134,'users',0,743,'2022-11-27 16:48:43','1970-01-01 01:00:00',1,31),(135,'users',0,744,'2022-11-27 23:59:31','1970-01-01 01:00:00',1,31),(136,'users',0,745,'2022-11-28 01:32:41','1970-01-01 01:00:00',1,31),(137,'users',0,746,'2022-11-28 11:20:20','1970-01-01 01:00:00',1,31),(138,'users',0,747,'2022-11-28 16:16:31','1970-01-01 01:00:00',1,31),(139,'users',0,748,'2022-11-28 17:31:26','1970-01-01 01:00:00',1,31),(140,'users',0,749,'2022-11-28 18:32:07','1970-01-01 01:00:00',1,31),(141,'users',0,750,'2022-11-28 20:33:38','1970-01-01 01:00:00',1,31),(142,'users',0,751,'2022-11-29 01:42:45','1970-01-01 01:00:00',1,31),(143,'users',0,752,'2022-11-29 08:54:46','1970-01-01 01:00:00',1,31),(144,'users',0,753,'2022-11-29 09:17:23','1970-01-01 01:00:00',1,31),(145,'users',0,754,'2022-11-29 17:40:17','1970-01-01 01:00:00',1,31),(146,'users',0,755,'2022-11-29 18:57:53','1970-01-01 01:00:00',1,31),(147,'users',0,756,'2022-11-29 20:47:48','1970-01-01 01:00:00',1,31),(148,'users',0,757,'2022-11-29 21:25:53','1970-01-01 01:00:00',1,31),(149,'users',0,758,'2022-11-29 21:32:52','1970-01-01 01:00:00',1,31),(150,'users',0,759,'2022-11-29 21:46:27','1970-01-01 01:00:00',1,31),(151,'users',0,760,'2022-11-29 23:10:03','1970-01-01 01:00:00',1,31),(152,'users',0,761,'2022-11-30 17:15:31','1970-01-01 01:00:00',1,31),(153,'users',0,762,'2022-11-30 18:34:17','1970-01-01 01:00:00',1,31),(154,'users',0,763,'2022-11-30 19:11:51','1970-01-01 01:00:00',1,31),(155,'users',0,764,'2022-11-30 20:18:34','1970-01-01 01:00:00',1,31),(156,'users',0,765,'2022-11-30 21:58:58','1970-01-01 01:00:00',1,31),(157,'users',0,766,'2022-12-01 00:19:13','1970-01-01 01:00:00',1,31),(158,'users',0,767,'2022-12-01 01:05:10','1970-01-01 01:00:00',1,31),(159,'users',0,768,'2022-12-01 01:43:33','1970-01-01 01:00:00',1,31),(160,'users',0,769,'2022-12-01 05:01:54','1970-01-01 01:00:00',1,31),(161,'users',0,770,'2022-12-01 05:11:12','1970-01-01 01:00:00',1,31),(162,'users',0,771,'2022-12-01 08:15:32','1970-01-01 01:00:00',1,31),(163,'users',0,772,'2022-12-01 14:13:02','1970-01-01 01:00:00',1,31),(164,'users',0,773,'2022-12-01 15:33:50','1970-01-01 01:00:00',1,31),(165,'users',0,774,'2022-12-01 16:26:52','1970-01-01 01:00:00',1,31),(166,'users',0,775,'2022-12-01 17:46:33','1970-01-01 01:00:00',1,31),(167,'users',0,776,'2022-12-01 17:57:14','1970-01-01 01:00:00',1,31),(168,'users',0,777,'2022-12-01 18:43:20','1970-01-01 01:00:00',1,31),(169,'users',0,778,'2022-12-01 19:19:22','1970-01-01 01:00:00',1,31),(170,'users',0,779,'2022-12-01 20:01:53','1970-01-01 01:00:00',1,31),(171,'users',0,780,'2022-12-01 21:52:44','1970-01-01 01:00:00',1,31),(172,'users',0,781,'2022-12-01 22:32:00','1970-01-01 01:00:00',1,31),(173,'users',0,781,'2022-12-01 22:32:01','1970-01-01 01:00:00',1,32),(174,'users',0,781,'2022-12-01 22:32:03','1970-01-01 01:00:00',1,29),(175,'users',0,782,'2022-12-01 22:54:03','1970-01-01 01:00:00',1,31),(176,'users',0,783,'2022-12-01 22:58:42','1970-01-01 01:00:00',1,31),(177,'users',0,784,'2022-12-01 23:50:20','1970-01-01 01:00:00',1,31),(178,'users',0,785,'2022-12-02 01:15:17','1970-01-01 01:00:00',1,31),(179,'users',0,786,'2022-12-02 14:49:32','1970-01-01 01:00:00',1,31),(180,'users',0,787,'2022-12-02 16:48:37','1970-01-01 01:00:00',1,31),(181,'users',0,788,'2022-12-02 16:55:10','1970-01-01 01:00:00',1,31),(182,'users',0,789,'2022-12-02 17:13:32','1970-01-01 01:00:00',1,31),(183,'users',0,790,'2022-12-03 08:09:22','1970-01-01 01:00:00',1,31),(184,'users',0,791,'2022-12-03 11:51:59','1970-01-01 01:00:00',1,31),(185,'users',0,792,'2022-12-04 01:22:40','1970-01-01 01:00:00',1,31),(186,'users',0,793,'2022-12-04 16:04:47','1970-01-01 01:00:00',1,31),(187,'users',0,793,'2022-12-04 16:04:48','1970-01-01 01:00:00',1,32),(188,'users',0,793,'2022-12-04 16:04:50','1970-01-01 01:00:00',1,29),(189,'users',0,794,'2022-12-04 20:26:27','1970-01-01 01:00:00',1,31),(190,'users',0,794,'2022-12-04 20:26:28','1970-01-01 01:00:00',1,32),(191,'users',0,794,'2022-12-04 20:26:30','1970-01-01 01:00:00',1,29),(192,'users',0,795,'2022-12-04 21:23:10','1970-01-01 01:00:00',1,31),(193,'users',0,59,'2022-12-05 08:38:13','1970-01-01 01:00:00',1,32),(194,'users',0,59,'2022-12-05 08:38:15','1970-01-01 01:00:00',1,29),(195,'users',718,718,'2022-12-05 08:43:39','1970-01-01 01:00:00',1,29),(196,'users',0,726,'2022-12-05 08:46:02','1970-01-01 01:00:00',1,32),(197,'users',0,726,'2022-12-05 08:46:03','1970-01-01 01:00:00',1,29),(198,'users',0,59,'2022-12-05 09:15:35','1970-01-01 01:00:00',1,29),(199,'users',718,718,'2022-12-05 09:22:04','1970-01-01 01:00:00',1,29),(200,'users',718,718,'2022-12-05 09:57:17','1970-01-01 01:00:00',1,29),(201,'users',59,59,'2022-12-05 10:17:21','1970-01-01 01:00:00',1,29),(202,'users',59,59,'2022-12-05 10:18:21','1970-01-01 01:00:00',1,29),(203,'users',59,59,'2022-12-05 10:23:47','1970-01-01 01:00:00',1,29),(204,'users',59,59,'2022-12-05 10:23:47','1970-01-01 01:00:00',1,52),(205,'users',0,796,'2022-12-05 16:39:01','1970-01-01 01:00:00',1,31),(206,'users',796,796,'2022-12-05 16:42:48','1970-01-01 01:00:00',1,32),(207,'users',796,796,'2022-12-05 16:42:50','1970-01-01 01:00:00',1,29),(208,'users',796,796,'2022-12-05 16:44:18','1970-01-01 01:00:00',1,29),(209,'users',796,796,'2022-12-05 16:44:18','1970-01-01 01:00:00',1,52),(210,'users',0,797,'2022-12-05 21:44:37','1970-01-01 01:00:00',1,31),(211,'users',0,797,'2022-12-05 21:44:38','1970-01-01 01:00:00',1,32),(212,'users',0,797,'2022-12-05 21:44:41','1970-01-01 01:00:00',1,29),(213,'users',718,718,'2022-12-06 10:16:57','1970-01-01 01:00:00',1,29),(214,'users',718,797,'2022-12-06 10:18:43','1970-01-01 01:00:00',1,29),(215,'users',0,798,'2022-12-06 16:44:20','1970-01-01 01:00:00',1,31),(216,'users',0,799,'2022-12-07 04:45:20','1970-01-01 01:00:00',1,31),(217,'users',0,800,'2022-12-07 06:32:18','1970-01-01 01:00:00',1,31),(218,'users',0,801,'2022-12-08 10:20:08','1970-01-01 01:00:00',1,31),(219,'users',0,802,'2022-12-08 12:37:29','1970-01-01 01:00:00',1,31),(220,'users',0,803,'2022-12-08 13:10:08','1970-01-01 01:00:00',1,31),(221,'users',0,803,'2022-12-08 13:10:09','1970-01-01 01:00:00',1,32),(222,'users',0,803,'2022-12-08 13:10:11','1970-01-01 01:00:00',1,29),(223,'users',0,804,'2022-12-08 14:47:35','1970-01-01 01:00:00',1,31),(224,'users',0,805,'2022-12-08 15:41:22','1970-01-01 01:00:00',1,31),(225,'users',0,803,'2022-12-09 07:08:38','1970-01-01 01:00:00',1,32),(226,'users',0,803,'2022-12-09 07:08:40','1970-01-01 01:00:00',1,29),(227,'users',0,726,'2022-12-09 11:26:57','1970-01-01 01:00:00',1,32),(228,'users',0,726,'2022-12-09 11:26:59','1970-01-01 01:00:00',1,29),(229,'users',0,806,'2022-12-09 12:53:17','1970-01-01 01:00:00',1,31),(230,'users',0,807,'2022-12-09 22:00:21','1970-01-01 01:00:00',1,31),(231,'users',0,808,'2022-12-10 02:12:18','1970-01-01 01:00:00',1,31),(232,'users',0,809,'2022-12-10 08:47:40','1970-01-01 01:00:00',1,31),(233,'users',0,810,'2022-12-10 21:14:15','1970-01-01 01:00:00',1,31),(234,'users',0,811,'2022-12-10 23:31:02','1970-01-01 01:00:00',1,31),(235,'users',0,812,'2022-12-11 01:30:24','1970-01-01 01:00:00',1,31),(236,'users',0,813,'2022-12-11 03:17:12','1970-01-01 01:00:00',1,31),(237,'users',0,814,'2022-12-11 14:05:22','1970-01-01 01:00:00',1,31),(238,'users',0,815,'2022-12-11 16:34:57','1970-01-01 01:00:00',1,31),(239,'users',0,816,'2022-12-11 17:29:01','1970-01-01 01:00:00',1,31),(240,'users',0,817,'2022-12-11 20:47:15','1970-01-01 01:00:00',1,31),(241,'users',0,818,'2022-12-11 21:14:50','1970-01-01 01:00:00',1,31),(242,'users',0,819,'2022-12-11 22:23:43','1970-01-01 01:00:00',1,31),(243,'users',0,820,'2022-12-12 02:28:18','1970-01-01 01:00:00',1,31),(244,'users',0,821,'2022-12-12 03:57:04','1970-01-01 01:00:00',1,31),(245,'users',0,822,'2022-12-12 07:45:39','1970-01-01 01:00:00',1,31),(246,'users',0,823,'2022-12-12 09:03:48','1970-01-01 01:00:00',1,31),(247,'users',0,824,'2022-12-12 12:37:40','1970-01-01 01:00:00',1,31),(248,'users',0,825,'2022-12-12 13:29:27','1970-01-01 01:00:00',1,31),(249,'users',0,826,'2022-12-12 13:57:31','1970-01-01 01:00:00',1,31),(250,'users',0,827,'2022-12-12 15:19:41','1970-01-01 01:00:00',1,31),(251,'users',0,828,'2022-12-12 17:14:46','1970-01-01 01:00:00',1,31),(252,'users',0,829,'2022-12-12 21:33:45','1970-01-01 01:00:00',1,31),(253,'users',0,830,'2022-12-12 21:46:04','1970-01-01 01:00:00',1,31),(254,'users',0,831,'2022-12-12 22:26:04','1970-01-01 01:00:00',1,31),(255,'users',0,832,'2022-12-12 22:52:29','1970-01-01 01:00:00',1,31),(256,'users',0,833,'2022-12-12 23:03:18','1970-01-01 01:00:00',1,31),(257,'users',0,834,'2022-12-13 00:36:31','1970-01-01 01:00:00',1,31),(258,'users',0,835,'2022-12-13 03:18:20','1970-01-01 01:00:00',1,31),(259,'users',0,836,'2022-12-13 03:58:18','1970-01-01 01:00:00',1,31),(260,'users',0,837,'2022-12-13 06:17:25','1970-01-01 01:00:00',1,31),(261,'users',0,838,'2022-12-13 10:08:10','1970-01-01 01:00:00',1,31),(262,'users',0,839,'2022-12-13 13:08:14','1970-01-01 01:00:00',1,31),(263,'users',0,840,'2022-12-13 13:33:46','1970-01-01 01:00:00',1,31),(264,'users',0,841,'2022-12-13 17:53:15','1970-01-01 01:00:00',1,31),(265,'users',0,842,'2022-12-13 21:42:30','1970-01-01 01:00:00',1,31),(266,'users',0,843,'2022-12-13 22:23:40','1970-01-01 01:00:00',1,31),(267,'users',0,844,'2022-12-13 23:06:06','1970-01-01 01:00:00',1,31),(268,'users',0,845,'2022-12-14 00:14:27','1970-01-01 01:00:00',1,31),(269,'users',0,846,'2022-12-14 01:25:37','1970-01-01 01:00:00',1,31),(270,'users',0,847,'2022-12-14 01:42:59','1970-01-01 01:00:00',1,31),(271,'users',0,848,'2022-12-14 01:50:01','1970-01-01 01:00:00',1,31),(272,'users',0,849,'2022-12-14 08:25:16','1970-01-01 01:00:00',1,31),(273,'users',0,850,'2022-12-14 08:31:20','1970-01-01 01:00:00',1,31),(274,'users',0,851,'2022-12-14 10:16:08','1970-01-01 01:00:00',1,31),(275,'users',0,852,'2022-12-14 18:40:48','1970-01-01 01:00:00',1,31),(276,'users',0,852,'2022-12-14 18:40:49','1970-01-01 01:00:00',1,32),(277,'users',0,852,'2022-12-14 18:40:52','1970-01-01 01:00:00',1,29),(278,'users',0,852,'2022-12-14 18:48:48','1970-01-01 01:00:00',1,32),(279,'users',0,852,'2022-12-14 18:48:50','1970-01-01 01:00:00',1,29),(280,'users',0,853,'2022-12-14 18:56:30','1970-01-01 01:00:00',1,31),(281,'users',0,854,'2022-12-14 19:01:41','1970-01-01 01:00:00',1,31),(282,'users',0,855,'2022-12-14 19:43:30','1970-01-01 01:00:00',1,31),(283,'users',0,856,'2022-12-14 21:57:17','1970-01-01 01:00:00',1,31),(284,'users',0,857,'2022-12-14 21:59:16','1970-01-01 01:00:00',1,31),(285,'users',0,858,'2022-12-15 00:56:06','1970-01-01 01:00:00',1,31),(286,'users',0,859,'2022-12-15 01:06:44','1970-01-01 01:00:00',1,31),(287,'users',0,860,'2022-12-15 01:07:17','1970-01-01 01:00:00',1,31),(288,'users',0,861,'2022-12-15 01:13:14','1970-01-01 01:00:00',1,31),(289,'users',0,862,'2022-12-15 02:37:45','1970-01-01 01:00:00',1,31),(290,'users',0,863,'2022-12-15 06:09:05','1970-01-01 01:00:00',1,31),(291,'users',0,864,'2022-12-15 06:56:48','1970-01-01 01:00:00',1,31),(292,'users',0,865,'2022-12-15 07:05:35','1970-01-01 01:00:00',1,31),(293,'users',0,866,'2022-12-15 07:19:45','1970-01-01 01:00:00',1,31),(294,'users',0,867,'2022-12-15 12:35:31','1970-01-01 01:00:00',1,31),(295,'users',0,867,'2022-12-15 12:35:32','1970-01-01 01:00:00',1,32),(296,'users',0,867,'2022-12-15 12:35:34','1970-01-01 01:00:00',1,29),(297,'users',0,868,'2022-12-15 15:24:23','1970-01-01 01:00:00',1,31),(298,'users',0,869,'2022-12-15 17:43:51','1970-01-01 01:00:00',1,31),(299,'users',0,870,'2022-12-15 18:55:40','1970-01-01 01:00:00',1,31),(300,'users',0,871,'2022-12-15 18:56:49','1970-01-01 01:00:00',1,31),(301,'users',0,872,'2022-12-15 19:30:28','1970-01-01 01:00:00',1,31),(302,'users',0,873,'2022-12-15 20:03:39','1970-01-01 01:00:00',1,31),(303,'users',0,874,'2022-12-15 20:38:35','1970-01-01 01:00:00',1,31),(304,'users',0,875,'2022-12-15 21:46:48','1970-01-01 01:00:00',1,31),(305,'users',0,876,'2022-12-15 22:12:15','1970-01-01 01:00:00',1,31),(306,'users',0,877,'2022-12-15 23:26:27','1970-01-01 01:00:00',1,31),(307,'users',0,878,'2022-12-16 00:05:44','1970-01-01 01:00:00',1,31),(308,'users',0,879,'2022-12-16 00:49:38','1970-01-01 01:00:00',1,31),(309,'users',0,880,'2022-12-16 03:31:56','1970-01-01 01:00:00',1,31),(310,'users',0,881,'2022-12-16 03:56:12','1970-01-01 01:00:00',1,31),(311,'users',0,882,'2022-12-16 09:28:08','1970-01-01 01:00:00',1,31),(312,'users',0,883,'2022-12-16 10:44:44','1970-01-01 01:00:00',1,31),(313,'users',0,884,'2022-12-16 11:22:20','1970-01-01 01:00:00',1,31),(314,'users',0,885,'2022-12-16 11:32:44','1970-01-01 01:00:00',1,31),(315,'users',0,886,'2022-12-16 11:38:53','1970-01-01 01:00:00',1,31),(316,'users',59,59,'2022-12-16 14:39:47','1970-01-01 01:00:00',1,29),(317,'users',0,59,'2022-12-16 14:43:43','0000-00-00 00:00:00',1,52),(318,'users',0,59,'2022-12-16 14:45:08','0000-00-00 00:00:00',1,56),(319,'users',718,718,'2022-12-16 15:59:36','1970-01-01 01:00:00',1,29),(320,'users',718,852,'2022-12-16 16:00:23','1970-01-01 01:00:00',1,29),(321,'users',718,867,'2022-12-16 16:00:48','1970-01-01 01:00:00',1,29),(322,'users',0,867,'2022-12-16 16:07:10','0000-00-00 00:00:00',1,52),(323,'users',0,852,'2022-12-16 17:45:57','0000-00-00 00:00:00',1,52),(324,'users',0,887,'2022-12-16 22:31:53','1970-01-01 01:00:00',1,31),(325,'users',0,888,'2022-12-17 02:05:50','1970-01-01 01:00:00',1,31),(326,'users',0,889,'2022-12-17 13:20:40','1970-01-01 01:00:00',1,31),(327,'users',0,890,'2022-12-17 23:28:55','1970-01-01 01:00:00',1,31),(328,'users',0,891,'2022-12-18 01:31:51','1970-01-01 01:00:00',1,31),(329,'users',0,892,'2022-12-18 13:44:30','1970-01-01 01:00:00',1,31),(330,'users',0,893,'2022-12-18 13:59:25','1970-01-01 01:00:00',1,31),(331,'users',0,894,'2022-12-18 21:56:14','1970-01-01 01:00:00',1,31),(332,'users',718,718,'2022-12-19 11:55:45','0000-00-00 00:00:00',1,42),(333,'users',718,896,'2022-12-19 11:56:25','0000-00-00 00:00:00',1,31),(334,'users',0,898,'2022-12-19 17:23:27','1970-01-01 01:00:00',1,31),(335,'users',0,899,'2022-12-19 19:02:08','1970-01-01 01:00:00',1,31),(336,'users',0,900,'2022-12-19 21:04:03','1970-01-01 01:00:00',1,31),(337,'users',0,901,'2022-12-19 22:35:04','1970-01-01 01:00:00',1,31),(338,'users',0,902,'2022-12-19 23:05:20','1970-01-01 01:00:00',1,31),(339,'users',0,903,'2022-12-20 00:53:30','1970-01-01 01:00:00',1,31),(340,'users',0,903,'2022-12-20 00:53:31','1970-01-01 01:00:00',1,32),(341,'users',0,903,'2022-12-20 00:53:33','1970-01-01 01:00:00',1,29),(342,'users',0,903,'2022-12-20 00:53:58','0000-00-00 00:00:00',1,52),(343,'users',0,904,'2022-12-20 00:56:33','1970-01-01 01:00:00',1,31),(344,'users',0,905,'2022-12-20 10:20:43','1970-01-01 01:00:00',1,31),(345,'users',0,906,'2022-12-20 15:41:33','1970-01-01 01:00:00',1,31),(346,'users',0,906,'2022-12-20 15:41:35','1970-01-01 01:00:00',1,32),(347,'users',0,906,'2022-12-20 15:41:37','1970-01-01 01:00:00',1,29),(348,'users',718,59,'2022-12-20 16:14:19','0000-00-00 00:00:00',1,52),(349,'users',718,59,'2022-12-20 16:14:31','0000-00-00 00:00:00',1,54),(350,'users',718,718,'2022-12-20 16:30:31','1970-01-01 01:00:00',1,29),(351,'users',718,718,'2022-12-20 16:40:06','1970-01-01 01:00:00',1,29),(352,'users',718,718,'2022-12-20 16:51:12','1970-01-01 01:00:00',1,29),(353,'users',0,907,'2022-12-21 04:32:17','1970-01-01 01:00:00',1,31),(354,'users',0,908,'2022-12-21 15:50:54','1970-01-01 01:00:00',1,31),(355,'users',0,909,'2022-12-21 16:51:45','1970-01-01 01:00:00',1,31),(356,'users',0,910,'2022-12-22 00:38:52','1970-01-01 01:00:00',1,31),(357,'users',0,911,'2022-12-22 11:26:23','1970-01-01 01:00:00',1,31),(358,'users',0,912,'2022-12-22 16:02:16','1970-01-01 01:00:00',1,31),(359,'users',0,913,'2022-12-22 16:43:54','1970-01-01 01:00:00',1,31),(360,'users',0,914,'2022-12-22 17:04:59','1970-01-01 01:00:00',1,31),(361,'users',0,915,'2022-12-22 17:34:16','1970-01-01 01:00:00',1,31),(362,'users',0,916,'2022-12-22 21:49:28','1970-01-01 01:00:00',1,31),(363,'users',0,917,'2022-12-22 23:44:41','1970-01-01 01:00:00',1,31),(364,'users',0,918,'2022-12-23 05:20:42','1970-01-01 01:00:00',1,31),(365,'users',0,919,'2022-12-23 08:43:28','1970-01-01 01:00:00',1,31),(366,'users',0,920,'2022-12-24 00:40:32','1970-01-01 01:00:00',1,31),(367,'users',0,921,'2022-12-24 20:04:30','1970-01-01 01:00:00',1,31),(368,'users',0,922,'2022-12-25 01:26:25','1970-01-01 01:00:00',1,31),(369,'users',0,923,'2022-12-25 02:24:06','1970-01-01 01:00:00',1,31),(370,'users',0,924,'2022-12-26 14:44:54','1970-01-01 01:00:00',1,31),(371,'users',0,925,'2022-12-26 16:37:14','1970-01-01 01:00:00',1,31),(372,'users',0,926,'2022-12-26 19:34:14','1970-01-01 01:00:00',1,31),(373,'users',0,926,'2022-12-26 19:34:16','1970-01-01 01:00:00',1,32),(374,'users',0,926,'2022-12-26 19:34:18','1970-01-01 01:00:00',1,29),(375,'users',0,926,'2022-12-26 19:35:41','0000-00-00 00:00:00',1,52),(376,'users',0,927,'2022-12-27 02:51:52','1970-01-01 01:00:00',1,31),(377,'users',0,928,'2022-12-27 11:02:43','1970-01-01 01:00:00',1,31),(378,'users',0,928,'2022-12-27 11:02:44','1970-01-01 01:00:00',1,32),(379,'users',0,928,'2022-12-27 11:02:47','1970-01-01 01:00:00',1,29),(380,'users',0,928,'2022-12-27 11:03:11','1970-01-01 01:00:00',1,29),(381,'users',0,928,'2022-12-27 11:03:11','1970-01-01 01:00:00',1,52),(382,'users',0,929,'2022-12-27 19:21:59','1970-01-01 01:00:00',1,31),(383,'users',0,930,'2022-12-28 09:07:36','1970-01-01 01:00:00',1,31),(384,'users',0,931,'2022-12-28 13:06:11','1970-01-01 01:00:00',1,31),(385,'users',0,932,'2022-12-28 13:12:05','1970-01-01 01:00:00',1,31),(386,'users',0,933,'2023-01-03 06:22:23','1970-01-01 01:00:00',1,31),(387,'users',0,934,'2023-01-03 08:54:16','1970-01-01 01:00:00',1,31),(388,'users',0,935,'2023-01-04 12:36:47','1970-01-01 01:00:00',1,31),(389,'users',0,936,'2023-01-04 23:56:21','1970-01-01 01:00:00',1,31),(390,'users',0,937,'2023-01-05 00:02:52','1970-01-01 01:00:00',1,31),(391,'users',0,938,'2023-01-05 04:44:07','1970-01-01 01:00:00',1,31),(392,'users',0,939,'2023-01-05 12:37:06','1970-01-01 01:00:00',1,31),(393,'users',0,940,'2023-01-05 13:50:06','1970-01-01 01:00:00',1,31),(394,'users',0,941,'2023-01-05 20:56:26','1970-01-01 01:00:00',1,31),(395,'users',0,942,'2023-01-05 22:39:53','1970-01-01 01:00:00',1,31),(396,'users',0,943,'2023-01-06 00:55:33','1970-01-01 01:00:00',1,31),(397,'users',0,944,'2023-01-06 06:40:18','1970-01-01 01:00:00',1,31),(398,'users',0,947,'2023-01-06 19:08:08','1970-01-01 01:00:00',1,31),(399,'users',0,948,'2023-01-06 19:28:37','1970-01-01 01:00:00',1,31),(400,'users',0,949,'2023-01-06 21:36:13','1970-01-01 01:00:00',1,31),(401,'users',0,950,'2023-01-07 22:31:57','1970-01-01 01:00:00',1,31),(402,'users',0,951,'2023-01-08 17:27:53','1970-01-01 01:00:00',1,31),(403,'users',0,951,'2023-01-08 17:27:54','1970-01-01 01:00:00',1,32),(404,'users',0,951,'2023-01-08 17:27:57','1970-01-01 01:00:00',1,29),(405,'users',0,951,'2023-01-08 17:28:34','1970-01-01 01:00:00',1,29),(406,'users',0,951,'2023-01-08 17:28:34','1970-01-01 01:00:00',1,52),(407,'users',0,952,'2023-01-08 17:51:37','1970-01-01 01:00:00',1,31),(408,'users',0,953,'2023-01-09 00:54:00','1970-01-01 01:00:00',1,31),(409,'users',0,954,'2023-01-09 01:16:50','1970-01-01 01:00:00',1,31),(410,'users',0,955,'2023-01-09 01:47:55','1970-01-01 01:00:00',1,31),(411,'users',0,956,'2023-01-09 10:13:51','1970-01-01 01:00:00',1,31),(412,'users',0,957,'2023-01-09 11:57:36','1970-01-01 01:00:00',1,31),(413,'users',0,958,'2023-01-09 14:16:14','1970-01-01 01:00:00',1,31),(414,'users',0,959,'2023-01-09 16:40:41','1970-01-01 01:00:00',1,31),(415,'users',0,960,'2023-01-09 21:47:34','1970-01-01 01:00:00',1,31),(416,'users',0,961,'2023-01-09 22:56:52','1970-01-01 01:00:00',1,31),(417,'users',961,961,'2023-01-09 22:59:23','1970-01-01 01:00:00',1,32),(418,'users',961,961,'2023-01-09 22:59:24','1970-01-01 01:00:00',1,29),(419,'users',0,961,'2023-01-09 23:00:22','0000-00-00 00:00:00',1,52),(420,'users',0,962,'2023-01-10 02:08:59','1970-01-01 01:00:00',1,31),(421,'users',0,963,'2023-01-10 02:56:40','1970-01-01 01:00:00',1,31),(422,'users',0,964,'2023-01-10 09:44:58','1970-01-01 01:00:00',1,31),(423,'users',0,965,'2023-01-10 13:39:13','1970-01-01 01:00:00',1,31),(424,'users',0,966,'2023-01-10 22:31:10','1970-01-01 01:00:00',1,31),(425,'users',0,967,'2023-01-10 23:33:32','1970-01-01 01:00:00',1,31),(426,'users',0,968,'2023-01-11 00:45:36','1970-01-01 01:00:00',1,31),(427,'users',0,969,'2023-01-11 02:04:43','1970-01-01 01:00:00',1,31),(428,'users',0,970,'2023-01-11 17:37:33','1970-01-01 01:00:00',1,31),(429,'users',0,971,'2023-01-11 17:56:18','1970-01-01 01:00:00',1,31),(430,'users',0,972,'2023-01-11 22:33:28','1970-01-01 01:00:00',1,31),(431,'users',0,973,'2023-01-11 22:40:30','1970-01-01 01:00:00',1,31),(432,'users',0,974,'2023-01-11 22:59:04','1970-01-01 01:00:00',1,31),(433,'users',0,975,'2023-01-12 04:57:06','1970-01-01 01:00:00',1,31),(434,'users',0,976,'2023-01-12 06:38:41','1970-01-01 01:00:00',1,31),(435,'users',0,977,'2023-01-12 07:28:14','1970-01-01 01:00:00',1,31),(436,'users',0,978,'2023-01-12 12:58:49','1970-01-01 01:00:00',1,31),(437,'users',0,979,'2023-01-12 15:01:07','1970-01-01 01:00:00',1,31),(438,'users',0,980,'2023-01-12 15:57:02','1970-01-01 01:00:00',1,31),(439,'users',0,980,'2023-01-12 15:57:03','1970-01-01 01:00:00',1,32),(440,'users',0,980,'2023-01-12 15:57:05','1970-01-01 01:00:00',1,29),(441,'users',0,980,'2023-01-12 15:58:13','0000-00-00 00:00:00',1,52),(442,'users',0,981,'2023-01-12 20:56:40','1970-01-01 01:00:00',1,31),(443,'users',0,982,'2023-01-13 05:01:52','1970-01-01 01:00:00',1,31),(444,'users',0,983,'2023-01-13 07:23:12','1970-01-01 01:00:00',1,31),(445,'users',0,984,'2023-01-13 16:17:09','1970-01-01 01:00:00',1,31),(446,'users',0,984,'2023-01-13 16:17:10','1970-01-01 01:00:00',1,32),(447,'users',0,984,'2023-01-13 16:17:12','1970-01-01 01:00:00',1,29),(448,'users',0,985,'2023-01-13 21:30:53','1970-01-01 01:00:00',1,31),(449,'users',0,986,'2023-01-13 23:56:54','1970-01-01 01:00:00',1,31),(450,'users',0,987,'2023-01-14 02:45:18','1970-01-01 01:00:00',1,31),(451,'users',0,988,'2023-01-14 09:05:27','1970-01-01 01:00:00',1,31),(452,'users',0,989,'2023-01-14 19:30:05','1970-01-01 01:00:00',1,31),(453,'users',0,990,'2023-01-14 20:51:18','1970-01-01 01:00:00',1,31),(454,'users',0,991,'2023-01-15 19:24:01','1970-01-01 01:00:00',1,31),(455,'users',0,991,'2023-01-15 19:24:03','1970-01-01 01:00:00',1,32),(456,'users',0,991,'2023-01-15 19:24:05','1970-01-01 01:00:00',1,29),(457,'users',0,992,'2023-01-16 00:19:52','1970-01-01 01:00:00',1,31),(458,'users',0,993,'2023-01-16 11:55:18','1970-01-01 01:00:00',1,31),(459,'users',0,994,'2023-01-16 12:05:16','1970-01-01 01:00:00',1,31),(460,'users',0,718,'2023-01-16 14:16:33','1970-01-01 01:00:00',1,32),(461,'users',0,718,'2023-01-16 14:16:34','1970-01-01 01:00:00',1,29),(462,'users',0,718,'2023-01-16 14:17:19','1970-01-01 01:00:00',1,32),(463,'users',0,718,'2023-01-16 14:17:20','1970-01-01 01:00:00',1,29),(464,'users',59,59,'2023-01-16 14:23:34','1970-01-01 01:00:00',1,29),(465,'users',0,995,'2023-01-16 14:42:14','1970-01-01 01:00:00',1,31),(466,'users',0,996,'2023-01-16 17:43:51','1970-01-01 01:00:00',1,31),(467,'users',0,997,'2023-01-16 21:27:01','1970-01-01 01:00:00',1,31),(468,'users',0,998,'2023-01-17 03:10:48','1970-01-01 01:00:00',1,31),(469,'users',0,999,'2023-01-17 05:17:09','1970-01-01 01:00:00',1,31),(470,'users',0,1000,'2023-01-17 19:00:13','1970-01-01 01:00:00',1,31),(471,'users',0,1001,'2023-01-18 02:30:39','1970-01-01 01:00:00',1,31),(472,'users',0,1002,'2023-01-18 02:31:05','1970-01-01 01:00:00',1,31),(473,'users',0,1003,'2023-01-18 03:13:11','1970-01-01 01:00:00',1,31),(474,'users',0,1004,'2023-01-18 03:29:33','1970-01-01 01:00:00',1,31),(475,'users',0,1005,'2023-01-19 02:54:31','1970-01-01 01:00:00',1,31),(476,'users',0,1006,'2023-01-19 03:03:11','1970-01-01 01:00:00',1,31),(477,'users',0,1007,'2023-01-19 08:38:18','1970-01-01 01:00:00',1,31),(478,'users',0,1008,'2023-01-19 12:55:16','1970-01-01 01:00:00',1,31),(479,'users',0,1009,'2023-01-19 13:54:53','1970-01-01 01:00:00',1,31),(480,'users',0,1010,'2023-01-19 20:01:35','1970-01-01 01:00:00',1,31),(481,'users',0,1011,'2023-01-19 22:06:15','1970-01-01 01:00:00',1,31),(482,'users',0,1012,'2023-01-20 04:56:03','1970-01-01 01:00:00',1,31),(483,'users',0,1013,'2023-01-20 14:47:02','1970-01-01 01:00:00',1,31),(484,'users',0,1014,'2023-01-20 22:30:40','1970-01-01 01:00:00',1,31),(485,'users',0,1015,'2023-01-21 01:55:38','1970-01-01 01:00:00',1,31),(486,'users',0,1016,'2023-01-21 07:26:51','1970-01-01 01:00:00',1,31),(487,'users',0,1017,'2023-01-21 07:54:55','1970-01-01 01:00:00',1,31),(488,'users',0,1018,'2023-01-21 08:39:20','1970-01-01 01:00:00',1,31),(489,'users',0,1019,'2023-01-21 09:51:30','1970-01-01 01:00:00',1,31),(490,'users',0,1020,'2023-01-21 12:45:50','1970-01-01 01:00:00',1,31),(491,'users',0,1021,'2023-01-21 22:06:57','1970-01-01 01:00:00',1,31),(492,'users',0,1022,'2023-01-22 16:01:18','1970-01-01 01:00:00',1,31),(493,'users',1022,1022,'2023-01-22 16:07:34','1970-01-01 01:00:00',1,32),(494,'users',1022,1022,'2023-01-22 16:07:36','1970-01-01 01:00:00',1,29),(495,'users',1022,1022,'2023-01-22 16:09:06','1970-01-01 01:00:00',1,29),(496,'users',1022,1022,'2023-01-22 16:09:06','1970-01-01 01:00:00',1,52),(497,'users',0,1023,'2023-01-22 18:29:05','1970-01-01 01:00:00',1,31),(498,'users',0,1024,'2023-01-22 21:25:21','1970-01-01 01:00:00',1,31),(499,'users',0,1025,'2023-01-22 23:21:56','1970-01-01 01:00:00',1,31),(500,'users',0,1026,'2023-01-23 09:07:26','1970-01-01 01:00:00',1,31),(501,'users',0,1027,'2023-01-23 11:55:08','1970-01-01 01:00:00',1,31),(502,'users',0,1028,'2023-01-23 12:45:07','1970-01-01 01:00:00',1,31),(503,'users',0,1029,'2023-01-23 12:53:45','1970-01-01 01:00:00',1,31),(504,'users',0,1030,'2023-01-23 13:32:00','1970-01-01 01:00:00',1,31),(505,'users',0,1031,'2023-01-23 15:32:07','1970-01-01 01:00:00',1,31),(506,'users',0,1032,'2023-01-23 15:59:55','1970-01-01 01:00:00',1,31),(507,'users',0,1033,'2023-01-23 16:50:31','1970-01-01 01:00:00',1,31),(508,'users',0,1034,'2023-01-23 16:52:36','1970-01-01 01:00:00',1,31),(509,'users',0,1035,'2023-01-23 17:33:14','1970-01-01 01:00:00',1,31),(510,'users',0,1036,'2023-01-23 19:44:31','1970-01-01 01:00:00',1,31),(511,'users',0,1037,'2023-01-23 22:48:57','1970-01-01 01:00:00',1,31),(512,'users',0,1038,'2023-01-24 00:41:37','1970-01-01 01:00:00',1,31),(513,'users',0,1039,'2023-01-24 06:29:15','1970-01-01 01:00:00',1,31),(514,'users',0,1040,'2023-01-24 13:22:50','1970-01-01 01:00:00',1,31),(515,'users',0,1041,'2023-01-24 14:32:55','1970-01-01 01:00:00',1,31),(516,'users',0,1042,'2023-01-24 15:14:00','1970-01-01 01:00:00',1,31),(517,'users',0,1043,'2023-01-24 15:47:57','1970-01-01 01:00:00',1,31),(518,'users',0,1044,'2023-01-24 16:58:51','1970-01-01 01:00:00',1,31),(519,'users',0,1045,'2023-01-24 20:06:39','1970-01-01 01:00:00',1,31),(520,'users',0,1046,'2023-01-24 22:17:15','1970-01-01 01:00:00',1,31),(521,'users',0,1047,'2023-01-25 00:13:56','1970-01-01 01:00:00',1,31),(522,'users',0,1048,'2023-01-25 05:59:50','1970-01-01 01:00:00',1,31),(523,'users',0,1049,'2023-01-25 07:07:56','1970-01-01 01:00:00',1,31),(524,'users',0,1050,'2023-01-25 10:02:19','1970-01-01 01:00:00',1,31),(525,'users',0,1051,'2023-01-25 10:04:38','1970-01-01 01:00:00',1,31),(526,'users',0,1052,'2023-01-25 12:16:09','1970-01-01 01:00:00',1,31),(527,'users',0,1053,'2023-01-25 15:24:19','1970-01-01 01:00:00',1,31),(528,'users',0,1054,'2023-01-25 17:12:30','1970-01-01 01:00:00',1,31),(529,'users',0,1055,'2023-01-25 17:44:25','1970-01-01 01:00:00',1,31),(530,'users',0,1056,'2023-01-25 23:59:32','1970-01-01 01:00:00',1,31),(531,'users',0,1057,'2023-01-26 01:48:24','1970-01-01 01:00:00',1,31),(532,'users',0,1058,'2023-01-26 04:00:11','1970-01-01 01:00:00',1,31),(533,'users',0,1059,'2023-01-26 22:12:54','1970-01-01 01:00:00',1,31),(534,'users',0,1060,'2023-01-26 23:08:36','1970-01-01 01:00:00',1,31),(535,'users',0,1061,'2023-01-27 11:59:18','1970-01-01 01:00:00',1,31),(536,'users',0,1062,'2023-01-27 13:00:09','1970-01-01 01:00:00',1,31),(537,'users',0,1063,'2023-01-27 13:49:37','1970-01-01 01:00:00',1,31),(538,'users',0,1064,'2023-01-27 13:59:07','1970-01-01 01:00:00',1,31),(539,'users',0,1065,'2023-01-27 14:59:38','1970-01-01 01:00:00',1,31),(540,'users',0,1066,'2023-01-27 15:31:56','1970-01-01 01:00:00',1,31),(541,'users',0,1067,'2023-01-27 15:34:19','1970-01-01 01:00:00',1,31),(542,'users',0,1068,'2023-01-27 17:25:06','1970-01-01 01:00:00',1,31),(543,'users',0,1069,'2023-01-27 20:32:13','1970-01-01 01:00:00',1,31),(544,'users',0,1070,'2023-01-28 00:04:23','1970-01-01 01:00:00',1,31),(545,'users',0,1071,'2023-01-28 09:14:11','1970-01-01 01:00:00',1,31),(546,'users',0,1072,'2023-01-28 13:27:58','1970-01-01 01:00:00',1,31),(547,'users',0,1073,'2023-01-28 14:34:22','1970-01-01 01:00:00',1,31),(548,'users',0,1074,'2023-01-28 16:10:34','1970-01-01 01:00:00',1,31),(549,'users',0,1075,'2023-01-28 17:14:44','1970-01-01 01:00:00',1,31),(550,'users',0,1076,'2023-01-28 17:55:03','1970-01-01 01:00:00',1,31),(551,'users',0,1077,'2023-01-28 18:09:57','1970-01-01 01:00:00',1,31),(552,'users',0,1078,'2023-01-28 19:23:31','1970-01-01 01:00:00',1,31),(553,'users',0,1079,'2023-01-28 22:19:42','1970-01-01 01:00:00',1,31),(554,'users',0,1080,'2023-01-28 22:48:09','1970-01-01 01:00:00',1,31),(555,'users',0,1081,'2023-01-29 01:53:42','1970-01-01 01:00:00',1,31),(556,'users',0,1082,'2023-01-29 08:48:04','1970-01-01 01:00:00',1,31),(557,'users',0,1083,'2023-01-29 09:25:26','1970-01-01 01:00:00',1,31),(558,'users',0,1084,'2023-01-29 10:13:57','1970-01-01 01:00:00',1,31),(559,'users',0,1084,'2023-01-29 10:13:58','1970-01-01 01:00:00',1,32),(560,'users',0,1084,'2023-01-29 10:14:00','1970-01-01 01:00:00',1,29),(561,'users',0,1085,'2023-01-29 15:37:02','1970-01-01 01:00:00',1,31),(562,'users',0,1086,'2023-01-29 16:27:33','1970-01-01 01:00:00',1,31),(563,'users',0,1087,'2023-01-29 20:45:56','1970-01-01 01:00:00',1,31),(564,'users',0,1088,'2023-01-29 23:09:08','1970-01-01 01:00:00',1,31),(565,'users',0,1089,'2023-01-29 23:55:54','1970-01-01 01:00:00',1,31),(566,'users',0,1090,'2023-01-30 10:12:15','1970-01-01 01:00:00',1,31),(567,'users',0,1091,'2023-01-30 11:31:36','1970-01-01 01:00:00',1,31),(568,'users',0,1092,'2023-01-30 16:22:53','1970-01-01 01:00:00',1,31),(569,'users',0,1093,'2023-01-30 16:52:20','1970-01-01 01:00:00',1,31),(570,'users',0,1094,'2023-01-30 18:27:41','1970-01-01 01:00:00',1,31),(571,'users',0,1095,'2023-01-30 20:30:52','1970-01-01 01:00:00',1,31),(572,'users',0,1096,'2023-01-30 23:02:59','1970-01-01 01:00:00',1,31),(573,'users',0,1097,'2023-01-31 02:12:39','1970-01-01 01:00:00',1,31),(574,'users',0,1098,'2023-01-31 03:20:52','1970-01-01 01:00:00',1,31),(575,'users',0,1099,'2023-01-31 04:01:57','1970-01-01 01:00:00',1,31),(576,'users',0,1100,'2023-01-31 04:11:26','1970-01-01 01:00:00',1,31),(577,'users',0,1101,'2023-01-31 06:26:36','1970-01-01 01:00:00',1,31),(578,'users',0,1102,'2023-01-31 07:30:21','1970-01-01 01:00:00',1,31),(579,'users',718,718,'2023-01-31 09:25:43','1970-01-01 01:00:00',1,29),(580,'users',0,1103,'2023-01-31 10:35:53','1970-01-01 01:00:00',1,31),(581,'users',0,1104,'2023-01-31 13:21:52','1970-01-01 01:00:00',1,31),(582,'users',0,1105,'2023-01-31 17:20:28','1970-01-01 01:00:00',1,31),(583,'users',0,1106,'2023-01-31 17:49:21','1970-01-01 01:00:00',1,31),(584,'users',0,1107,'2023-01-31 18:50:26','1970-01-01 01:00:00',1,31),(585,'users',0,1108,'2023-01-31 20:34:14','1970-01-01 01:00:00',1,31),(586,'users',0,1109,'2023-02-01 09:04:22','1970-01-01 01:00:00',1,31),(587,'users',0,1110,'2023-02-02 02:23:07','1970-01-01 01:00:00',1,31),(588,'users',0,1111,'2023-02-02 20:12:49','1970-01-01 01:00:00',1,31),(589,'users',0,1111,'2023-02-02 20:12:50','1970-01-01 01:00:00',1,32),(590,'users',0,1111,'2023-02-02 20:12:52','1970-01-01 01:00:00',1,29),(591,'users',0,1112,'2023-02-03 03:26:15','1970-01-01 01:00:00',1,31),(592,'users',0,1113,'2023-02-03 06:46:18','1970-01-01 01:00:00',1,31),(593,'users',0,1114,'2023-02-04 03:07:27','1970-01-01 01:00:00',1,31),(594,'users',0,1115,'2023-02-04 22:56:42','1970-01-01 01:00:00',1,31),(595,'users',0,1116,'2023-02-05 11:07:15','1970-01-01 01:00:00',1,31),(596,'users',0,1117,'2023-02-05 12:07:04','1970-01-01 01:00:00',1,31),(597,'users',0,1118,'2023-02-05 12:37:46','1970-01-01 01:00:00',1,31),(598,'users',0,1119,'2023-02-05 14:25:00','1970-01-01 01:00:00',1,31),(599,'users',0,1120,'2023-02-05 15:19:20','1970-01-01 01:00:00',1,31),(600,'users',0,1121,'2023-02-05 15:25:28','1970-01-01 01:00:00',1,31),(601,'users',0,1122,'2023-02-05 19:00:26','1970-01-01 01:00:00',1,31),(602,'users',0,1123,'2023-02-05 20:54:18','1970-01-01 01:00:00',1,31),(603,'users',0,1124,'2023-02-06 02:18:26','1970-01-01 01:00:00',1,31),(604,'users',0,1125,'2023-02-06 06:33:50','1970-01-01 01:00:00',1,31),(605,'users',0,1126,'2023-02-06 08:11:22','1970-01-01 01:00:00',1,31),(606,'users',0,1127,'2023-02-06 11:33:18','1970-01-01 01:00:00',1,31),(607,'users',0,1128,'2023-02-06 14:43:27','1970-01-01 01:00:00',1,31),(608,'users',0,1129,'2023-02-06 15:46:55','1970-01-01 01:00:00',1,31),(609,'users',0,1130,'2023-02-06 17:35:49','1970-01-01 01:00:00',1,31),(610,'users',0,1131,'2023-02-06 21:47:08','1970-01-01 01:00:00',1,31),(611,'users',0,1132,'2023-02-06 23:33:49','1970-01-01 01:00:00',1,31),(612,'users',0,1133,'2023-02-06 23:47:50','1970-01-01 01:00:00',1,31),(613,'users',0,1134,'2023-02-07 04:50:38','1970-01-01 01:00:00',1,31),(614,'users',0,1135,'2023-02-07 14:12:44','1970-01-01 01:00:00',1,31),(615,'users',0,1136,'2023-02-07 17:21:16','1970-01-01 01:00:00',1,31),(616,'users',0,1136,'2023-02-07 17:21:17','1970-01-01 01:00:00',1,32),(617,'users',0,1136,'2023-02-07 17:21:21','1970-01-01 01:00:00',1,29),(618,'users',0,1136,'2023-02-07 17:22:05','1970-01-01 01:00:00',1,29),(619,'users',0,1136,'2023-02-07 17:22:05','1970-01-01 01:00:00',1,52),(620,'users',0,1137,'2023-02-07 19:45:06','1970-01-01 01:00:00',1,31),(621,'users',0,1138,'2023-02-08 04:42:03','1970-01-01 01:00:00',1,31),(622,'users',0,1139,'2023-02-08 20:50:05','1970-01-01 01:00:00',1,31),(623,'users',0,1140,'2023-02-09 07:11:07','1970-01-01 01:00:00',1,31),(624,'users',0,1141,'2023-02-09 18:46:27','1970-01-01 01:00:00',1,31),(625,'users',0,1142,'2023-02-10 08:57:22','1970-01-01 01:00:00',1,31),(626,'users',0,1143,'2023-02-10 09:44:28','1970-01-01 01:00:00',1,31),(627,'users',0,1144,'2023-02-10 13:33:03','1970-01-01 01:00:00',1,31),(628,'users',0,1145,'2023-02-10 19:15:49','1970-01-01 01:00:00',1,31),(629,'users',0,1145,'2023-02-10 19:15:50','1970-01-01 01:00:00',1,32),(630,'users',0,1145,'2023-02-10 19:15:53','1970-01-01 01:00:00',1,29),(631,'users',0,1145,'2023-02-10 19:16:21','1970-01-01 01:00:00',1,29),(632,'users',0,1145,'2023-02-10 19:16:21','1970-01-01 01:00:00',1,52),(633,'users',0,1146,'2023-02-10 20:36:18','1970-01-01 01:00:00',1,31),(634,'users',0,1146,'2023-02-10 20:36:19','1970-01-01 01:00:00',1,32),(635,'users',0,1146,'2023-02-10 20:36:21','1970-01-01 01:00:00',1,29),(636,'users',0,1146,'2023-02-10 20:36:56','0000-00-00 00:00:00',1,52),(637,'users',0,1147,'2023-02-11 02:50:20','1970-01-01 01:00:00',1,31),(638,'users',0,1148,'2023-02-11 05:22:43','1970-01-01 01:00:00',1,31),(639,'users',0,1149,'2023-02-11 09:10:43','1970-01-01 01:00:00',1,31),(640,'users',0,1150,'2023-02-11 09:39:41','1970-01-01 01:00:00',1,31),(641,'users',0,1151,'2023-02-11 11:40:39','1970-01-01 01:00:00',1,31),(642,'users',0,1152,'2023-02-11 11:58:52','1970-01-01 01:00:00',1,31),(643,'users',0,1153,'2023-02-11 17:06:43','1970-01-01 01:00:00',1,31),(644,'users',0,1154,'2023-02-11 17:51:38','1970-01-01 01:00:00',1,31),(645,'users',0,1155,'2023-02-11 18:16:06','1970-01-01 01:00:00',1,31),(646,'users',0,1156,'2023-02-11 19:31:26','1970-01-01 01:00:00',1,31),(647,'users',0,1157,'2023-02-12 01:45:46','1970-01-01 01:00:00',1,31),(648,'users',0,1158,'2023-02-12 02:56:03','1970-01-01 01:00:00',1,31),(649,'users',0,1159,'2023-02-12 14:44:08','1970-01-01 01:00:00',1,31),(650,'users',0,1160,'2023-02-12 17:36:52','1970-01-01 01:00:00',1,31),(651,'users',0,1161,'2023-02-12 19:08:19','1970-01-01 01:00:00',1,31),(652,'users',0,1162,'2023-02-12 19:38:55','1970-01-01 01:00:00',1,31),(653,'users',0,1163,'2023-02-12 23:08:34','1970-01-01 01:00:00',1,31),(654,'users',0,1164,'2023-02-13 08:30:03','1970-01-01 01:00:00',1,31),(655,'users',0,1165,'2023-02-13 08:53:23','1970-01-01 01:00:00',1,31),(656,'users',0,1166,'2023-02-13 11:46:01','1970-01-01 01:00:00',1,31),(657,'users',0,1167,'2023-02-13 12:08:17','1970-01-01 01:00:00',1,31),(658,'users',0,1168,'2023-02-13 12:55:46','1970-01-01 01:00:00',1,31),(659,'users',0,1169,'2023-02-13 15:12:10','1970-01-01 01:00:00',1,31),(660,'users',0,1169,'2023-02-13 15:12:11','1970-01-01 01:00:00',1,32),(661,'users',0,1169,'2023-02-13 15:12:14','1970-01-01 01:00:00',1,29),(662,'users',0,1169,'2023-02-13 15:14:25','0000-00-00 00:00:00',1,52),(663,'users',0,1170,'2023-02-13 16:39:49','1970-01-01 01:00:00',1,31),(664,'users',0,1171,'2023-02-13 17:26:40','1970-01-01 01:00:00',1,31),(665,'users',0,1172,'2023-02-13 17:46:13','1970-01-01 01:00:00',1,31),(666,'users',0,1173,'2023-02-13 22:04:23','1970-01-01 01:00:00',1,31),(667,'users',0,1174,'2023-02-13 22:06:12','1970-01-01 01:00:00',1,31),(668,'users',0,1175,'2023-02-13 22:16:23','1970-01-01 01:00:00',1,31),(669,'users',0,1176,'2023-02-13 22:21:23','1970-01-01 01:00:00',1,31),(670,'users',0,1177,'2023-02-14 16:06:04','1970-01-01 01:00:00',1,31),(671,'users',0,1178,'2023-02-14 19:06:43','1970-01-01 01:00:00',1,31),(672,'users',0,1179,'2023-02-14 19:48:52','1970-01-01 01:00:00',1,31),(673,'users',0,1179,'2023-02-14 19:48:53','1970-01-01 01:00:00',1,32),(674,'users',0,1180,'2023-02-14 23:22:47','1970-01-01 01:00:00',1,31),(675,'users',0,1181,'2023-02-15 00:00:56','1970-01-01 01:00:00',1,31),(676,'users',0,1182,'2023-02-15 09:42:43','1970-01-01 01:00:00',1,31),(677,'users',0,1183,'2023-02-15 13:52:15','1970-01-01 01:00:00',1,31),(678,'users',0,1184,'2023-02-15 14:46:53','1970-01-01 01:00:00',1,31),(679,'users',0,1185,'2023-02-16 00:21:57','1970-01-01 01:00:00',1,31),(680,'users',0,1186,'2023-02-16 00:46:47','1970-01-01 01:00:00',1,31),(681,'users',0,1187,'2023-02-16 13:04:02','1970-01-01 01:00:00',1,31),(682,'users',0,1188,'2023-02-16 15:46:20','1970-01-01 01:00:00',1,31),(683,'users',0,1189,'2023-02-16 18:40:10','1970-01-01 01:00:00',1,31),(684,'users',0,1190,'2023-02-16 19:55:41','1970-01-01 01:00:00',1,31),(685,'users',0,1190,'2023-02-16 19:55:42','1970-01-01 01:00:00',1,32),(686,'users',0,1190,'2023-02-16 19:55:44','1970-01-01 01:00:00',1,29),(687,'users',0,1190,'2023-02-16 19:58:43','0000-00-00 00:00:00',1,52),(688,'users',0,1191,'2023-02-17 01:28:42','1970-01-01 01:00:00',1,31),(689,'users',0,1192,'2023-02-17 12:53:25','1970-01-01 01:00:00',1,31),(690,'users',0,1193,'2023-02-17 15:30:53','1970-01-01 01:00:00',1,31),(691,'users',0,1194,'2023-02-17 22:35:05','1970-01-01 01:00:00',1,31),(692,'users',0,1195,'2023-02-18 03:43:34','1970-01-01 01:00:00',1,31),(693,'users',0,1196,'2023-02-18 05:09:22','1970-01-01 01:00:00',1,31),(694,'users',0,1197,'2023-02-18 05:21:08','1970-01-01 01:00:00',1,31),(695,'users',0,1198,'2023-02-18 19:56:51','1970-01-01 01:00:00',1,31),(696,'users',0,1199,'2023-02-19 09:25:17','1970-01-01 01:00:00',1,31),(697,'users',1199,1199,'2023-02-19 09:26:29','1970-01-01 01:00:00',1,32),(698,'users',1199,1199,'2023-02-19 09:26:32','1970-01-01 01:00:00',1,29),(699,'users',1199,1199,'2023-02-19 09:26:57','1970-01-01 01:00:00',1,29),(700,'users',1199,1199,'2023-02-19 09:26:57','1970-01-01 01:00:00',1,52),(701,'users',1119,1119,'2023-02-19 13:55:53','1970-01-01 01:00:00',1,32),(702,'users',1119,1119,'2023-02-19 13:55:54','1970-01-01 01:00:00',1,29),(703,'users',0,1119,'2023-02-19 13:56:24','0000-00-00 00:00:00',1,52),(704,'users',0,1200,'2023-02-19 15:48:22','1970-01-01 01:00:00',1,31),(705,'users',0,1201,'2023-02-19 18:35:22','1970-01-01 01:00:00',1,31),(706,'users',0,1202,'2023-02-19 19:43:00','1970-01-01 01:00:00',1,31),(707,'users',0,1203,'2023-02-19 23:10:23','1970-01-01 01:00:00',1,31),(708,'users',0,1204,'2023-02-19 23:50:33','1970-01-01 01:00:00',1,31),(709,'users',0,1205,'2023-02-20 02:32:26','1970-01-01 01:00:00',1,31),(710,'users',0,1206,'2023-02-20 11:14:33','1970-01-01 01:00:00',1,31),(711,'users',0,1207,'2023-02-20 12:56:09','1970-01-01 01:00:00',1,31),(712,'users',0,1208,'2023-02-20 13:53:58','1970-01-01 01:00:00',1,31),(713,'users',0,1209,'2023-02-20 14:24:58','1970-01-01 01:00:00',1,31),(714,'users',0,1210,'2023-02-20 15:23:29','1970-01-01 01:00:00',1,31),(715,'users',0,1211,'2023-02-20 16:03:37','1970-01-01 01:00:00',1,31),(716,'users',0,1212,'2023-02-20 19:12:31','1970-01-01 01:00:00',1,31),(717,'users',0,1213,'2023-02-20 23:24:08','1970-01-01 01:00:00',1,31),(718,'users',0,1214,'2023-02-21 12:25:12','1970-01-01 01:00:00',1,31),(719,'users',0,1215,'2023-02-21 14:41:37','1970-01-01 01:00:00',1,31),(720,'users',0,1216,'2023-02-21 18:12:12','1970-01-01 01:00:00',1,31),(721,'users',0,1217,'2023-02-21 19:17:05','1970-01-01 01:00:00',1,31),(722,'users',0,1218,'2023-02-21 22:42:58','1970-01-01 01:00:00',1,31),(723,'users',0,1219,'2023-02-22 10:41:46','1970-01-01 01:00:00',1,31),(724,'users',0,1220,'2023-02-22 11:27:16','1970-01-01 01:00:00',1,31),(725,'users',0,1221,'2023-02-22 13:01:20','1970-01-01 01:00:00',1,31),(726,'users',0,1222,'2023-02-22 13:38:43','1970-01-01 01:00:00',1,31),(727,'users',0,1223,'2023-02-22 14:00:09','1970-01-01 01:00:00',1,31),(728,'users',0,1224,'2023-02-22 14:10:11','1970-01-01 01:00:00',1,31),(729,'users',0,1225,'2023-02-22 15:54:14','1970-01-01 01:00:00',1,31),(730,'users',0,1226,'2023-02-22 18:14:17','1970-01-01 01:00:00',1,31),(731,'users',0,1227,'2023-02-22 18:54:13','1970-01-01 01:00:00',1,31),(732,'users',0,1228,'2023-02-22 19:53:31','1970-01-01 01:00:00',1,31),(733,'users',0,1229,'2023-02-22 19:54:13','1970-01-01 01:00:00',1,31),(734,'users',0,1229,'2023-02-22 19:54:14','1970-01-01 01:00:00',1,32),(735,'users',0,1229,'2023-02-22 19:54:16','1970-01-01 01:00:00',1,29),(736,'users',0,1229,'2023-02-22 19:54:59','0000-00-00 00:00:00',1,52),(737,'users',0,1230,'2023-02-22 20:01:29','1970-01-01 01:00:00',1,31),(738,'users',0,1231,'2023-02-22 21:00:54','1970-01-01 01:00:00',1,31),(739,'users',0,1232,'2023-02-22 21:32:26','1970-01-01 01:00:00',1,31),(740,'users',0,1233,'2023-02-22 23:20:38','1970-01-01 01:00:00',1,31),(741,'users',0,1234,'2023-02-23 02:27:43','1970-01-01 01:00:00',1,31),(742,'users',0,1235,'2023-02-23 03:17:42','1970-01-01 01:00:00',1,31),(743,'users',0,1236,'2023-02-23 09:11:33','1970-01-01 01:00:00',1,31),(744,'users',0,1237,'2023-02-23 09:15:29','1970-01-01 01:00:00',1,31),(745,'users',0,1238,'2023-02-23 11:46:35','1970-01-01 01:00:00',1,31),(746,'users',0,1239,'2023-02-23 12:28:16','1970-01-01 01:00:00',1,31),(747,'users',0,1240,'2023-02-23 16:10:39','1970-01-01 01:00:00',1,31),(748,'users',0,1241,'2023-02-23 16:47:14','1970-01-01 01:00:00',1,31),(749,'users',0,1242,'2023-02-23 18:37:55','1970-01-01 01:00:00',1,31),(750,'users',0,1243,'2023-02-23 19:23:53','1970-01-01 01:00:00',1,31),(751,'users',0,1244,'2023-02-23 19:25:52','1970-01-01 01:00:00',1,31),(752,'users',0,1245,'2023-02-23 19:58:52','1970-01-01 01:00:00',1,31),(753,'users',0,1246,'2023-02-23 20:25:40','1970-01-01 01:00:00',1,31),(754,'users',0,1247,'2023-02-23 22:14:27','1970-01-01 01:00:00',1,31),(755,'users',0,1248,'2023-02-23 22:28:43','1970-01-01 01:00:00',1,31),(756,'users',0,1249,'2023-02-23 23:48:32','1970-01-01 01:00:00',1,31),(757,'users',0,1249,'2023-02-23 23:48:33','1970-01-01 01:00:00',1,32),(758,'users',0,1249,'2023-02-23 23:48:36','1970-01-01 01:00:00',1,29),(759,'users',0,1249,'2023-02-23 23:50:21','0000-00-00 00:00:00',1,52),(760,'users',0,1250,'2023-02-24 00:30:50','1970-01-01 01:00:00',1,31),(761,'users',719,719,'2023-02-24 08:08:31','1970-01-01 01:00:00',1,29),(762,'users',0,1251,'2023-02-24 08:23:33','1970-01-01 01:00:00',1,31),(763,'users',0,1252,'2023-02-24 09:11:20','1970-01-01 01:00:00',1,31),(764,'users',0,1253,'2023-02-24 09:25:44','1970-01-01 01:00:00',1,31),(765,'users',0,1254,'2023-02-24 11:02:45','1970-01-01 01:00:00',1,31),(766,'users',0,1255,'2023-02-24 12:19:30','1970-01-01 01:00:00',1,31),(767,'users',0,1256,'2023-02-24 13:26:08','1970-01-01 01:00:00',1,31),(768,'users',0,1256,'2023-02-24 13:26:09','1970-01-01 01:00:00',1,32),(769,'users',0,1256,'2023-02-24 13:26:12','1970-01-01 01:00:00',1,29),(770,'users',0,1256,'2023-02-24 13:29:57','0000-00-00 00:00:00',1,52),(771,'users',718,718,'2023-02-24 15:30:51','1970-01-01 01:00:00',1,29),(772,'users',59,59,'2023-02-24 16:18:27','1970-01-01 01:00:00',1,29),(773,'users',59,59,'2023-02-24 16:27:03','1970-01-01 01:00:00',1,29),(774,'users',0,1257,'2023-02-24 17:42:53','1970-01-01 01:00:00',1,31),(775,'users',718,718,'2023-02-24 17:44:02','1970-01-01 01:00:00',1,29),(776,'users',718,718,'2023-02-24 18:03:06','1970-01-01 01:00:00',1,29),(777,'users',718,718,'2023-02-24 18:34:17','1970-01-01 01:00:00',1,29),(778,'users',0,1258,'2023-02-24 19:05:55','1970-01-01 01:00:00',1,31),(779,'users',0,1259,'2023-02-24 19:37:29','1970-01-01 01:00:00',1,31),(780,'users',0,1260,'2023-02-24 19:47:36','1970-01-01 01:00:00',1,31),(781,'users',0,1261,'2023-02-24 19:56:23','1970-01-01 01:00:00',1,31),(782,'users',0,1262,'2023-02-24 20:45:24','1970-01-01 01:00:00',1,31),(783,'users',0,1263,'2023-02-24 23:41:11','1970-01-01 01:00:00',1,31),(784,'users',0,1264,'2023-02-25 03:22:52','1970-01-01 01:00:00',1,31),(785,'users',0,1265,'2023-02-25 04:04:22','1970-01-01 01:00:00',1,31),(786,'users',0,1266,'2023-02-25 04:36:22','1970-01-01 01:00:00',1,31),(787,'users',0,1267,'2023-02-25 12:31:53','1970-01-01 01:00:00',1,31),(788,'users',0,1268,'2023-02-25 12:56:46','1970-01-01 01:00:00',1,31),(789,'users',0,1269,'2023-02-25 15:16:07','1970-01-01 01:00:00',1,31),(790,'users',0,1270,'2023-02-25 15:31:00','1970-01-01 01:00:00',1,31),(791,'users',0,1271,'2023-02-25 19:06:27','1970-01-01 01:00:00',1,31),(792,'users',0,1272,'2023-02-25 19:26:01','1970-01-01 01:00:00',1,31),(793,'users',0,1273,'2023-02-26 01:08:34','1970-01-01 01:00:00',1,31),(794,'users',0,1274,'2023-02-26 01:13:09','1970-01-01 01:00:00',1,31),(795,'users',0,1275,'2023-02-26 03:46:55','1970-01-01 01:00:00',1,31),(796,'users',0,1275,'2023-02-26 03:46:56','1970-01-01 01:00:00',1,32),(797,'users',0,1275,'2023-02-26 03:46:59','1970-01-01 01:00:00',1,29),(798,'users',0,1275,'2023-02-26 03:47:46','1970-01-01 01:00:00',1,29),(799,'users',0,1275,'2023-02-26 03:47:46','1970-01-01 01:00:00',1,52),(800,'users',0,1276,'2023-02-27 06:47:25','1970-01-01 01:00:00',1,31),(801,'users',0,1277,'2023-02-27 08:55:12','1970-01-01 01:00:00',1,31),(802,'users',0,1278,'2023-02-27 11:05:15','1970-01-01 01:00:00',1,31),(803,'users',0,1279,'2023-02-27 12:20:01','1970-01-01 01:00:00',1,31),(804,'users',0,1280,'2023-02-27 17:17:20','1970-01-01 01:00:00',1,31),(805,'users',0,1281,'2023-02-27 18:05:23','1970-01-01 01:00:00',1,31),(806,'users',0,1281,'2023-02-27 18:05:24','1970-01-01 01:00:00',1,32),(807,'users',0,1281,'2023-02-27 18:05:26','1970-01-01 01:00:00',1,29),(808,'users',0,1281,'2023-02-27 18:06:29','0000-00-00 00:00:00',1,52),(809,'users',0,1282,'2023-02-27 18:23:55','1970-01-01 01:00:00',1,31),(810,'users',0,1283,'2023-02-27 21:31:33','1970-01-01 01:00:00',1,31),(811,'users',0,1284,'2023-02-27 22:37:08','1970-01-01 01:00:00',1,31),(812,'users',0,1285,'2023-02-27 23:05:33','1970-01-01 01:00:00',1,31),(813,'users',0,1286,'2023-02-27 23:43:59','1970-01-01 01:00:00',1,31),(814,'users',0,1287,'2023-02-28 01:22:41','1970-01-01 01:00:00',1,31),(815,'users',0,1288,'2023-02-28 05:05:28','1970-01-01 01:00:00',1,31),(816,'users',0,1289,'2023-02-28 09:25:01','1970-01-01 01:00:00',1,31),(817,'users',0,1290,'2023-02-28 12:07:58','1970-01-01 01:00:00',1,31),(818,'users',0,1291,'2023-02-28 12:08:48','1970-01-01 01:00:00',1,31),(819,'users',0,1293,'2023-02-28 18:31:59','1970-01-01 01:00:00',1,31),(820,'users',0,1294,'2023-02-28 19:15:05','1970-01-01 01:00:00',1,31),(821,'users',0,1295,'2023-02-28 19:20:00','1970-01-01 01:00:00',1,31),(822,'users',0,1296,'2023-02-28 19:24:31','1970-01-01 01:00:00',1,31),(823,'users',0,1297,'2023-02-28 19:50:36','1970-01-01 01:00:00',1,31),(824,'users',0,1298,'2023-02-28 20:21:58','1970-01-01 01:00:00',1,31),(825,'users',0,1299,'2023-02-28 21:13:30','1970-01-01 01:00:00',1,31),(826,'users',0,1300,'2023-02-28 21:17:42','1970-01-01 01:00:00',1,31),(827,'users',0,1301,'2023-02-28 22:24:09','1970-01-01 01:00:00',1,31),(828,'users',0,1302,'2023-02-28 22:25:09','1970-01-01 01:00:00',1,31),(829,'users',0,1303,'2023-03-01 00:20:38','1970-01-01 01:00:00',1,31),(830,'users',0,1304,'2023-03-01 00:32:35','1970-01-01 01:00:00',1,31),(831,'users',0,1305,'2023-03-01 01:21:03','1970-01-01 01:00:00',1,31),(832,'users',0,1306,'2023-03-01 01:28:39','1970-01-01 01:00:00',1,31),(833,'users',0,1307,'2023-03-01 01:49:49','1970-01-01 01:00:00',1,31),(834,'users',0,1308,'2023-03-01 03:10:40','1970-01-01 01:00:00',1,31),(835,'users',0,1309,'2023-03-01 05:35:33','1970-01-01 01:00:00',1,31),(836,'users',0,1310,'2023-03-01 08:33:55','1970-01-01 01:00:00',1,31),(837,'users',0,1311,'2023-03-01 08:46:33','1970-01-01 01:00:00',1,31),(838,'users',0,1312,'2023-03-01 09:47:33','1970-01-01 01:00:00',1,31),(839,'users',0,1313,'2023-03-01 09:53:42','1970-01-01 01:00:00',1,31),(840,'users',0,1314,'2023-03-01 09:56:26','1970-01-01 01:00:00',1,31),(841,'users',0,1315,'2023-03-01 12:40:41','1970-01-01 01:00:00',1,31),(842,'users',0,1316,'2023-03-01 13:57:47','1970-01-01 01:00:00',1,31),(843,'users',0,1317,'2023-03-01 14:18:26','1970-01-01 01:00:00',1,31),(844,'users',0,1318,'2023-03-01 14:38:47','1970-01-01 01:00:00',1,31),(845,'users',0,1319,'2023-03-01 15:13:09','1970-01-01 01:00:00',1,31),(846,'users',0,1320,'2023-03-01 15:35:37','1970-01-01 01:00:00',1,31),(847,'users',0,1321,'2023-03-01 16:01:25','1970-01-01 01:00:00',1,31),(848,'users',0,1322,'2023-03-01 16:02:41','1970-01-01 01:00:00',1,31),(849,'users',0,1323,'2023-03-01 16:39:18','1970-01-01 01:00:00',1,31),(850,'users',0,1324,'2023-03-01 16:52:10','1970-01-01 01:00:00',1,31),(851,'users',0,1325,'2023-03-01 17:05:06','1970-01-01 01:00:00',1,31),(852,'users',0,1326,'2023-03-01 17:08:11','1970-01-01 01:00:00',1,31),(853,'users',0,1327,'2023-03-01 17:13:04','1970-01-01 01:00:00',1,31),(854,'users',0,1328,'2023-03-01 17:56:37','1970-01-01 01:00:00',1,31),(855,'users',0,1329,'2023-03-01 19:16:54','1970-01-01 01:00:00',1,31),(856,'users',0,1330,'2023-03-01 19:50:53','1970-01-01 01:00:00',1,31),(857,'users',0,1331,'2023-03-01 20:02:16','1970-01-01 01:00:00',1,31),(858,'users',0,1332,'2023-03-01 20:04:41','1970-01-01 01:00:00',1,31),(859,'users',0,1333,'2023-03-01 20:35:23','1970-01-01 01:00:00',1,31),(860,'users',0,1334,'2023-03-01 20:52:33','1970-01-01 01:00:00',1,31),(861,'users',0,1335,'2023-03-01 22:22:14','1970-01-01 01:00:00',1,31),(862,'users',0,1336,'2023-03-01 22:48:53','1970-01-01 01:00:00',1,31),(863,'users',0,1337,'2023-03-01 23:32:43','1970-01-01 01:00:00',1,31),(864,'users',0,1338,'2023-03-02 00:30:39','1970-01-01 01:00:00',1,31),(865,'users',0,1339,'2023-03-02 00:55:32','1970-01-01 01:00:00',1,31),(866,'users',0,1340,'2023-03-02 02:59:59','1970-01-01 01:00:00',1,31),(867,'users',0,1341,'2023-03-02 04:35:34','1970-01-01 01:00:00',1,31),(868,'users',0,1342,'2023-03-02 05:18:55','1970-01-01 01:00:00',1,31),(869,'users',0,1343,'2023-03-02 07:35:07','1970-01-01 01:00:00',1,31),(870,'users',0,1344,'2023-03-02 09:52:06','1970-01-01 01:00:00',1,31),(871,'users',0,1345,'2023-03-02 11:22:45','1970-01-01 01:00:00',1,31),(872,'users',0,1346,'2023-03-02 16:37:16','1970-01-01 01:00:00',1,31),(873,'users',0,1347,'2023-03-02 18:36:44','1970-01-01 01:00:00',1,31),(874,'users',0,1348,'2023-03-02 20:42:15','1970-01-01 01:00:00',1,31),(875,'users',0,1349,'2023-03-02 22:32:26','1970-01-01 01:00:00',1,31),(876,'users',0,1350,'2023-03-02 22:45:18','1970-01-01 01:00:00',1,31),(877,'users',0,1351,'2023-03-02 23:54:52','1970-01-01 01:00:00',1,31),(878,'users',0,1352,'2023-03-03 14:24:30','1970-01-01 01:00:00',1,31),(879,'users',0,1353,'2023-03-03 15:20:57','1970-01-01 01:00:00',1,31),(880,'users',0,1354,'2023-03-03 16:03:47','1970-01-01 01:00:00',1,31),(881,'users',0,1355,'2023-03-03 16:57:54','1970-01-01 01:00:00',1,31),(882,'users',0,1356,'2023-03-03 17:12:00','1970-01-01 01:00:00',1,31),(883,'users',0,1357,'2023-03-03 17:32:40','1970-01-01 01:00:00',1,31),(884,'users',0,1358,'2023-03-03 22:50:34','1970-01-01 01:00:00',1,31),(885,'users',0,1358,'2023-03-03 22:50:35','1970-01-01 01:00:00',1,32),(886,'users',0,1358,'2023-03-03 22:50:37','1970-01-01 01:00:00',1,29),(887,'users',0,1359,'2023-03-04 03:48:46','1970-01-01 01:00:00',1,31),(888,'users',0,1360,'2023-03-04 06:20:36','1970-01-01 01:00:00',1,31),(889,'users',0,1361,'2023-03-04 15:47:18','1970-01-01 01:00:00',1,31),(890,'users',0,1362,'2023-03-04 18:52:07','1970-01-01 01:00:00',1,31),(891,'users',0,1362,'2023-03-04 18:52:08','1970-01-01 01:00:00',1,32),(892,'users',0,1362,'2023-03-04 18:52:10','1970-01-01 01:00:00',1,29),(893,'users',0,1363,'2023-03-04 22:52:01','1970-01-01 01:00:00',1,31),(894,'users',0,1364,'2023-03-05 03:33:37','1970-01-01 01:00:00',1,31),(895,'users',0,1365,'2023-03-05 10:13:03','1970-01-01 01:00:00',1,31),(896,'users',0,1365,'2023-03-05 10:13:04','1970-01-01 01:00:00',1,32),(897,'users',0,1365,'2023-03-05 10:13:06','1970-01-01 01:00:00',1,29),(898,'users',0,1365,'2023-03-05 10:14:00','0000-00-00 00:00:00',1,52),(899,'users',0,1358,'2023-03-05 12:18:53','1970-01-01 01:00:00',1,29),(900,'users',0,1358,'2023-03-05 12:20:38','0000-00-00 00:00:00',1,52),(901,'users',0,1366,'2023-03-05 12:31:07','1970-01-01 01:00:00',1,31),(902,'users',0,1366,'2023-03-05 12:31:08','1970-01-01 01:00:00',1,32),(903,'users',0,1366,'2023-03-05 12:31:10','1970-01-01 01:00:00',1,29),(904,'users',0,1366,'2023-03-05 12:32:20','1970-01-01 01:00:00',1,29),(905,'users',0,1366,'2023-03-05 12:32:20','1970-01-01 01:00:00',1,52),(906,'users',0,1367,'2023-03-05 18:18:14','1970-01-01 01:00:00',1,31),(907,'users',0,1368,'2023-03-05 19:22:30','1970-01-01 01:00:00',1,31),(908,'users',0,1369,'2023-03-05 20:02:46','1970-01-01 01:00:00',1,31),(909,'users',0,1370,'2023-03-05 21:18:40','1970-01-01 01:00:00',1,31),(910,'users',0,1371,'2023-03-05 23:23:15','1970-01-01 01:00:00',1,31),(911,'users',0,1372,'2023-03-06 08:30:20','1970-01-01 01:00:00',1,31),(912,'users',0,1373,'2023-03-06 18:31:36','1970-01-01 01:00:00',1,31),(913,'users',0,1374,'2023-03-06 19:11:55','1970-01-01 01:00:00',1,31),(914,'users',0,1375,'2023-03-07 00:51:17','1970-01-01 01:00:00',1,31),(915,'users',0,1376,'2023-03-07 05:41:42','1970-01-01 01:00:00',1,31),(916,'users',0,1377,'2023-03-07 07:52:33','1970-01-01 01:00:00',1,31),(917,'users',0,1378,'2023-03-07 09:42:15','1970-01-01 01:00:00',1,31),(918,'users',0,1379,'2023-03-07 13:39:04','1970-01-01 01:00:00',1,31),(919,'users',0,1380,'2023-03-07 21:05:25','1970-01-01 01:00:00',1,31),(920,'users',0,1381,'2023-03-07 21:24:30','1970-01-01 01:00:00',1,31),(921,'users',0,1382,'2023-03-07 22:15:44','1970-01-01 01:00:00',1,31),(922,'users',0,1383,'2023-03-07 23:17:13','1970-01-01 01:00:00',1,31),(923,'users',0,1384,'2023-03-07 23:49:55','1970-01-01 01:00:00',1,31),(924,'users',0,1385,'2023-03-08 00:31:51','1970-01-01 01:00:00',1,31),(925,'users',0,1386,'2023-03-08 00:37:44','1970-01-01 01:00:00',1,31),(926,'users',0,1387,'2023-03-08 03:16:25','1970-01-01 01:00:00',1,31),(927,'users',0,1388,'2023-03-08 03:21:50','1970-01-01 01:00:00',1,31),(928,'users',0,1389,'2023-03-08 03:30:02','1970-01-01 01:00:00',1,31),(929,'users',0,1390,'2023-03-08 03:38:04','1970-01-01 01:00:00',1,31),(930,'users',0,1391,'2023-03-08 04:59:26','1970-01-01 01:00:00',1,31),(931,'users',0,1392,'2023-03-08 07:22:20','1970-01-01 01:00:00',1,31),(932,'users',0,1393,'2023-03-08 10:55:37','1970-01-01 01:00:00',1,31),(933,'users',0,1394,'2023-03-08 14:43:54','1970-01-01 01:00:00',1,31),(934,'users',0,1395,'2023-03-08 15:23:13','1970-01-01 01:00:00',1,31),(935,'users',0,1396,'2023-03-08 17:57:25','1970-01-01 01:00:00',1,31),(936,'users',0,1397,'2023-03-09 00:20:00','1970-01-01 01:00:00',1,31),(937,'users',0,1398,'2023-03-09 07:13:07','1970-01-01 01:00:00',1,31),(938,'users',0,1399,'2023-03-09 15:16:08','1970-01-01 01:00:00',1,31),(939,'users',0,1400,'2023-03-09 17:13:21','1970-01-01 01:00:00',1,31),(940,'users',0,1401,'2023-03-09 18:00:34','1970-01-01 01:00:00',1,31),(941,'users',0,1402,'2023-03-10 00:06:41','1970-01-01 01:00:00',1,31),(942,'users',0,1403,'2023-03-10 01:31:37','1970-01-01 01:00:00',1,31),(943,'users',0,1404,'2023-03-10 10:32:30','1970-01-01 01:00:00',1,31),(944,'users',0,1405,'2023-03-10 13:48:56','1970-01-01 01:00:00',1,31),(945,'users',0,1406,'2023-03-10 15:20:38','1970-01-01 01:00:00',1,31),(946,'users',0,1407,'2023-03-10 16:45:09','1970-01-01 01:00:00',1,31),(947,'users',0,1408,'2023-03-10 17:24:05','1970-01-01 01:00:00',1,31),(948,'users',0,1409,'2023-03-10 19:47:22','1970-01-01 01:00:00',1,31),(949,'users',0,1410,'2023-03-10 20:48:19','1970-01-01 01:00:00',1,31),(950,'users',0,1411,'2023-03-10 20:49:14','1970-01-01 01:00:00',1,31),(951,'users',0,1412,'2023-03-10 22:07:13','1970-01-01 01:00:00',1,31),(952,'users',0,1413,'2023-03-11 00:05:38','1970-01-01 01:00:00',1,31),(953,'users',0,1414,'2023-03-11 00:52:57','1970-01-01 01:00:00',1,31),(954,'users',0,1415,'2023-03-11 07:10:24','1970-01-01 01:00:00',1,31),(955,'users',0,1415,'2023-03-11 07:10:25','1970-01-01 01:00:00',1,32),(956,'users',0,1415,'2023-03-11 07:10:27','1970-01-01 01:00:00',1,29),(957,'users',0,1416,'2023-03-11 15:41:57','1970-01-01 01:00:00',1,31),(958,'users',0,1416,'2023-03-11 15:41:58','1970-01-01 01:00:00',1,32),(959,'users',0,1416,'2023-03-11 15:42:00','1970-01-01 01:00:00',1,29),(960,'users',0,1416,'2023-03-11 15:42:43','0000-00-00 00:00:00',1,52),(961,'users',0,1417,'2023-03-11 18:46:49','1970-01-01 01:00:00',1,31),(962,'users',0,1418,'2023-03-11 19:34:06','1970-01-01 01:00:00',1,31),(963,'users',0,1419,'2023-03-12 03:49:22','1970-01-01 01:00:00',1,31),(964,'users',0,1420,'2023-03-12 05:46:46','1970-01-01 01:00:00',1,31),(965,'users',0,1421,'2023-03-12 09:46:35','1970-01-01 01:00:00',1,31),(966,'users',0,1422,'2023-03-12 10:06:04','1970-01-01 01:00:00',1,31),(967,'users',0,1423,'2023-03-12 12:16:28','1970-01-01 01:00:00',1,31),(968,'users',0,1424,'2023-03-12 16:09:16','1970-01-01 01:00:00',1,31),(969,'users',0,1425,'2023-03-13 05:26:07','1970-01-01 01:00:00',1,31),(970,'users',0,1426,'2023-03-13 13:40:52','1970-01-01 01:00:00',1,31),(971,'users',0,1427,'2023-03-13 14:31:25','1970-01-01 01:00:00',1,31),(972,'users',0,1428,'2023-03-13 15:34:08','1970-01-01 01:00:00',1,31),(973,'users',0,1429,'2023-03-13 15:56:49','1970-01-01 01:00:00',1,31),(974,'users',0,1430,'2023-03-13 16:42:59','1970-01-01 01:00:00',1,31),(975,'users',0,1431,'2023-03-13 16:48:08','1970-01-01 01:00:00',1,31),(976,'users',1430,1430,'2023-03-13 16:51:00','1970-01-01 01:00:00',1,32),(977,'users',1430,1430,'2023-03-13 16:51:02','1970-01-01 01:00:00',1,29),(978,'users',0,1430,'2023-03-13 16:51:34','0000-00-00 00:00:00',1,52),(979,'users',0,1432,'2023-03-13 17:32:48','1970-01-01 01:00:00',1,31),(980,'users',0,1433,'2023-03-13 20:57:05','1970-01-01 01:00:00',1,31),(981,'users',0,1434,'2023-03-14 05:45:29','1970-01-01 01:00:00',1,31),(982,'users',0,1435,'2023-03-14 05:59:56','1970-01-01 01:00:00',1,31),(983,'users',0,1436,'2023-03-14 10:56:37','1970-01-01 01:00:00',1,31),(984,'users',0,1437,'2023-03-14 13:18:16','1970-01-01 01:00:00',1,31),(985,'users',0,1438,'2023-03-14 13:57:21','1970-01-01 01:00:00',1,31),(986,'users',0,1439,'2023-03-14 17:51:54','1970-01-01 01:00:00',1,31),(987,'users',0,1440,'2023-03-14 18:12:54','1970-01-01 01:00:00',1,31),(988,'users',0,1441,'2023-03-14 21:30:57','1970-01-01 01:00:00',1,31),(989,'users',0,1442,'2023-03-14 22:46:27','1970-01-01 01:00:00',1,31),(990,'users',0,1443,'2023-03-15 03:13:29','1970-01-01 01:00:00',1,31),(991,'users',0,1444,'2023-03-15 03:24:32','1970-01-01 01:00:00',1,31),(992,'users',0,1445,'2023-03-15 05:10:58','1970-01-01 01:00:00',1,31),(993,'users',0,1446,'2023-03-15 09:37:50','1970-01-01 01:00:00',1,31),(994,'users',0,1447,'2023-03-15 20:45:52','1970-01-01 01:00:00',1,31),(995,'users',0,1448,'2023-03-15 21:37:38','1970-01-01 01:00:00',1,31),(996,'users',0,1449,'2023-03-15 22:36:42','1970-01-01 01:00:00',1,31),(997,'users',0,1450,'2023-03-16 01:56:36','1970-01-01 01:00:00',1,31),(998,'users',0,1451,'2023-03-16 11:58:37','1970-01-01 01:00:00',1,31),(999,'users',0,1452,'2023-03-16 12:03:27','1970-01-01 01:00:00',1,31),(1000,'users',0,1453,'2023-03-16 15:45:29','1970-01-01 01:00:00',1,31),(1001,'users',0,1454,'2023-03-16 16:09:58','1970-01-01 01:00:00',1,31),(1002,'users',0,1455,'2023-03-16 18:32:59','1970-01-01 01:00:00',1,31),(1003,'users',0,1456,'2023-03-16 19:19:32','1970-01-01 01:00:00',1,31),(1004,'users',0,1457,'2023-03-16 19:37:29','1970-01-01 01:00:00',1,31),(1005,'users',0,1458,'2023-03-17 01:42:37','1970-01-01 01:00:00',1,31),(1006,'users',0,1459,'2023-03-17 05:02:08','1970-01-01 01:00:00',1,31),(1007,'users',0,1460,'2023-03-17 11:27:46','1970-01-01 01:00:00',1,31),(1008,'users',0,1461,'2023-03-17 11:48:22','1970-01-01 01:00:00',1,31),(1009,'users',0,1462,'2023-03-17 12:06:08','1970-01-01 01:00:00',1,31),(1010,'users',0,1463,'2023-03-17 16:11:38','1970-01-01 01:00:00',1,31),(1011,'users',0,1464,'2023-03-17 16:42:46','1970-01-01 01:00:00',1,31),(1012,'users',0,1465,'2023-03-17 18:00:07','1970-01-01 01:00:00',1,31),(1013,'users',0,1466,'2023-03-17 18:12:52','1970-01-01 01:00:00',1,31),(1014,'users',0,1466,'2023-03-17 18:12:53','1970-01-01 01:00:00',1,32),(1015,'users',0,1466,'2023-03-17 18:12:55','1970-01-01 01:00:00',1,29),(1016,'users',0,1466,'2023-03-17 18:13:26','1970-01-01 01:00:00',1,29),(1017,'users',0,1466,'2023-03-17 18:13:26','1970-01-01 01:00:00',1,52),(1018,'users',0,1467,'2023-03-17 21:29:08','1970-01-01 01:00:00',1,31),(1019,'users',0,1468,'2023-03-17 22:45:04','1970-01-01 01:00:00',1,31),(1020,'users',0,1469,'2023-03-17 22:45:39','1970-01-01 01:00:00',1,31),(1021,'users',0,1470,'2023-03-17 23:05:19','1970-01-01 01:00:00',1,31),(1022,'users',0,1471,'2023-03-18 01:50:34','1970-01-01 01:00:00',1,31),(1023,'users',0,1472,'2023-03-18 03:42:18','1970-01-01 01:00:00',1,31),(1024,'users',0,1473,'2023-03-18 08:49:29','1970-01-01 01:00:00',1,31),(1025,'users',0,1474,'2023-03-18 09:17:38','1970-01-01 01:00:00',1,31),(1026,'users',0,1475,'2023-03-18 12:24:22','1970-01-01 01:00:00',1,31),(1027,'users',0,1476,'2023-03-18 14:41:54','1970-01-01 01:00:00',1,31),(1028,'users',0,1476,'2023-03-18 14:41:55','1970-01-01 01:00:00',1,32),(1029,'users',0,1476,'2023-03-18 14:41:57','1970-01-01 01:00:00',1,29),(1030,'users',0,1476,'2023-03-18 14:42:35','1970-01-01 01:00:00',1,29),(1031,'users',0,1476,'2023-03-18 14:42:35','1970-01-01 01:00:00',1,52),(1032,'users',0,1477,'2023-03-18 18:53:38','1970-01-01 01:00:00',1,31),(1033,'users',0,1478,'2023-03-18 20:21:56','1970-01-01 01:00:00',1,31),(1034,'users',0,1479,'2023-03-18 21:11:47','1970-01-01 01:00:00',1,31),(1035,'users',0,1480,'2023-03-18 22:50:44','1970-01-01 01:00:00',1,31),(1036,'users',0,1481,'2023-03-18 23:32:25','1970-01-01 01:00:00',1,31),(1037,'users',0,1482,'2023-03-19 09:22:58','1970-01-01 01:00:00',1,31),(1038,'users',0,1483,'2023-03-19 12:30:18','1970-01-01 01:00:00',1,31),(1039,'users',0,1483,'2023-03-19 12:30:19','1970-01-01 01:00:00',1,32),(1040,'users',0,1483,'2023-03-19 12:30:22','1970-01-01 01:00:00',1,29),(1041,'users',0,1483,'2023-03-19 12:30:50','1970-01-01 01:00:00',1,29),(1042,'users',0,1483,'2023-03-19 12:30:50','1970-01-01 01:00:00',1,52),(1043,'users',0,1484,'2023-03-19 16:19:57','1970-01-01 01:00:00',1,31),(1044,'users',0,1485,'2023-03-19 17:04:48','1970-01-01 01:00:00',1,31),(1045,'users',0,1486,'2023-03-19 19:48:58','1970-01-01 01:00:00',1,31),(1046,'users',0,1487,'2023-03-19 21:41:27','1970-01-01 01:00:00',1,31),(1047,'users',0,1488,'2023-03-20 00:22:10','1970-01-01 01:00:00',1,31),(1048,'users',0,1489,'2023-03-20 01:59:09','1970-01-01 01:00:00',1,31),(1049,'users',718,718,'2023-03-20 08:15:17','1970-01-01 01:00:00',1,29),(1050,'users',718,718,'2023-03-20 08:15:54','1970-01-01 01:00:00',1,29),(1051,'users',718,718,'2023-03-20 08:25:45','1970-01-01 01:00:00',1,29),(1052,'users',718,718,'2023-03-20 08:29:52','1970-01-01 01:00:00',1,29),(1053,'users',718,718,'2023-03-20 08:41:46','1970-01-01 01:00:00',1,29),(1054,'users',718,718,'2023-03-20 08:42:54','1970-01-01 01:00:00',1,29),(1055,'users',718,718,'2023-03-20 08:44:05','1970-01-01 01:00:00',1,29),(1056,'users',718,718,'2023-03-20 08:44:52','1970-01-01 01:00:00',1,29),(1057,'users',718,718,'2023-03-20 08:57:20','1970-01-01 01:00:00',1,29),(1058,'users',718,718,'2023-03-20 09:03:00','1970-01-01 01:00:00',1,29),(1059,'users',0,1490,'2023-03-20 10:06:18','1970-01-01 01:00:00',1,31),(1060,'users',0,1491,'2023-03-20 11:35:47','1970-01-01 01:00:00',1,31),(1061,'users',0,1492,'2023-03-20 12:51:34','1970-01-01 01:00:00',1,31),(1062,'users',0,1492,'2023-03-20 12:51:35','1970-01-01 01:00:00',1,32),(1063,'users',0,1492,'2023-03-20 12:51:36','1970-01-01 01:00:00',1,29),(1064,'users',0,1492,'2023-03-20 12:52:27','1970-01-01 01:00:00',1,29),(1065,'users',0,1492,'2023-03-20 12:52:27','1970-01-01 01:00:00',1,52),(1066,'users',0,1493,'2023-03-20 19:28:57','1970-01-01 01:00:00',1,31),(1067,'users',0,1494,'2023-03-20 19:37:47','1970-01-01 01:00:00',1,31),(1068,'users',0,1495,'2023-03-20 21:42:24','1970-01-01 01:00:00',1,31),(1069,'users',0,1496,'2023-03-20 23:01:39','1970-01-01 01:00:00',1,31),(1070,'users',0,1497,'2023-03-20 23:21:20','1970-01-01 01:00:00',1,31),(1071,'users',0,1498,'2023-03-20 23:31:26','1970-01-01 01:00:00',1,31),(1072,'users',0,1499,'2023-03-21 00:22:36','1970-01-01 01:00:00',1,31),(1073,'users',0,1500,'2023-03-21 00:25:45','1970-01-01 01:00:00',1,31),(1074,'users',0,1501,'2023-03-21 01:45:30','1970-01-01 01:00:00',1,31),(1075,'users',0,1502,'2023-03-21 02:07:26','1970-01-01 01:00:00',1,31),(1076,'users',0,1503,'2023-03-21 03:07:47','1970-01-01 01:00:00',1,31),(1077,'users',0,1504,'2023-03-21 04:56:18','1970-01-01 01:00:00',1,31),(1078,'users',0,1505,'2023-03-21 06:42:05','1970-01-01 01:00:00',1,31),(1079,'users',0,1506,'2023-03-21 07:19:09','1970-01-01 01:00:00',1,31),(1080,'users',0,1507,'2023-03-21 09:50:34','1970-01-01 01:00:00',1,31),(1081,'users',0,1508,'2023-03-21 14:39:59','1970-01-01 01:00:00',1,31),(1082,'users',0,1509,'2023-03-21 15:00:48','1970-01-01 01:00:00',1,31),(1083,'users',0,1510,'2023-03-21 15:52:25','1970-01-01 01:00:00',1,31),(1084,'users',0,1511,'2023-03-21 16:42:16','1970-01-01 01:00:00',1,31),(1085,'users',0,1512,'2023-03-21 18:24:31','1970-01-01 01:00:00',1,31),(1086,'users',0,1513,'2023-03-21 19:10:41','1970-01-01 01:00:00',1,31),(1087,'users',0,1514,'2023-03-21 19:42:19','1970-01-01 01:00:00',1,31),(1088,'users',0,1515,'2023-03-21 19:56:52','1970-01-01 01:00:00',1,31),(1089,'users',0,1516,'2023-03-21 21:14:01','1970-01-01 01:00:00',1,31),(1090,'users',0,1517,'2023-03-21 21:14:13','1970-01-01 01:00:00',1,31),(1091,'users',0,1518,'2023-03-21 21:42:44','1970-01-01 01:00:00',1,31),(1092,'users',0,1519,'2023-03-21 21:49:02','1970-01-01 01:00:00',1,31),(1093,'users',0,1520,'2023-03-21 22:04:40','1970-01-01 01:00:00',1,31),(1094,'users',0,1521,'2023-03-21 22:06:24','1970-01-01 01:00:00',1,31),(1095,'users',0,1522,'2023-03-21 23:59:15','1970-01-01 01:00:00',1,31),(1096,'users',0,1523,'2023-03-22 01:29:00','1970-01-01 01:00:00',1,31),(1097,'users',0,1524,'2023-03-22 03:54:55','1970-01-01 01:00:00',1,31),(1098,'users',0,1525,'2023-03-22 07:12:15','1970-01-01 01:00:00',1,31),(1099,'users',0,1526,'2023-03-22 09:00:38','1970-01-01 01:00:00',1,31),(1100,'users',0,1527,'2023-03-22 09:44:56','1970-01-01 01:00:00',1,31),(1101,'users',0,1528,'2023-03-22 10:04:26','1970-01-01 01:00:00',1,31),(1102,'users',0,1529,'2023-03-22 10:51:57','1970-01-01 01:00:00',1,31),(1103,'users',0,1530,'2023-03-22 17:14:32','1970-01-01 01:00:00',1,31),(1104,'users',0,1531,'2023-03-22 17:53:23','1970-01-01 01:00:00',1,31),(1105,'users',0,1532,'2023-03-22 22:45:45','1970-01-01 01:00:00',1,31),(1106,'users',0,1533,'2023-03-22 22:46:41','1970-01-01 01:00:00',1,31),(1107,'users',0,1534,'2023-03-23 00:15:41','1970-01-01 01:00:00',1,31),(1108,'users',0,1535,'2023-03-23 00:18:37','1970-01-01 01:00:00',1,31),(1109,'users',0,1536,'2023-03-23 00:47:33','1970-01-01 01:00:00',1,31),(1110,'users',0,1537,'2023-03-23 01:07:30','1970-01-01 01:00:00',1,31),(1111,'users',0,1538,'2023-03-23 13:10:53','1970-01-01 01:00:00',1,31),(1112,'users',0,1539,'2023-03-23 14:28:36','1970-01-01 01:00:00',1,31),(1113,'users',0,1540,'2023-03-23 16:08:41','1970-01-01 01:00:00',1,31),(1114,'users',0,1541,'2023-03-23 16:49:55','1970-01-01 01:00:00',1,31),(1115,'users',0,1542,'2023-03-23 17:10:37','1970-01-01 01:00:00',1,31),(1116,'users',0,1543,'2023-03-23 17:17:25','1970-01-01 01:00:00',1,31),(1117,'users',0,1544,'2023-03-23 17:20:43','1970-01-01 01:00:00',1,31),(1118,'users',0,1545,'2023-03-23 17:50:46','1970-01-01 01:00:00',1,31),(1119,'users',0,1546,'2023-03-23 19:24:02','1970-01-01 01:00:00',1,31),(1120,'users',0,1547,'2023-03-23 20:01:06','1970-01-01 01:00:00',1,31),(1121,'users',0,1548,'2023-03-23 20:16:57','1970-01-01 01:00:00',1,31),(1122,'users',0,1549,'2023-03-23 20:17:35','1970-01-01 01:00:00',1,31),(1123,'users',0,1550,'2023-03-23 20:21:41','1970-01-01 01:00:00',1,31),(1124,'users',0,1551,'2023-03-23 21:01:57','1970-01-01 01:00:00',1,31),(1125,'users',0,1552,'2023-03-23 21:27:17','1970-01-01 01:00:00',1,31),(1126,'users',0,1553,'2023-03-23 22:23:39','1970-01-01 01:00:00',1,31),(1127,'users',0,1554,'2023-03-23 22:51:42','1970-01-01 01:00:00',1,31),(1128,'users',0,1555,'2023-03-24 01:23:58','1970-01-01 01:00:00',1,31),(1129,'users',0,1556,'2023-03-24 02:14:21','1970-01-01 01:00:00',1,31),(1130,'users',0,1557,'2023-03-24 03:51:32','1970-01-01 01:00:00',1,31),(1131,'users',0,1558,'2023-03-24 06:31:54','1970-01-01 01:00:00',1,31),(1132,'users',0,1559,'2023-03-24 06:42:41','1970-01-01 01:00:00',1,31),(1133,'users',0,1560,'2023-03-24 07:15:14','1970-01-01 01:00:00',1,31),(1134,'users',0,1561,'2023-03-24 08:01:59','1970-01-01 01:00:00',1,31),(1135,'users',0,1562,'2023-03-24 08:21:49','1970-01-01 01:00:00',1,31),(1136,'users',0,1563,'2023-03-24 08:41:45','1970-01-01 01:00:00',1,31),(1137,'users',0,1564,'2023-03-24 09:18:38','1970-01-01 01:00:00',1,31),(1138,'users',0,1565,'2023-03-24 10:18:15','1970-01-01 01:00:00',1,31),(1139,'users',0,1566,'2023-03-24 11:38:21','1970-01-01 01:00:00',1,31),(1140,'users',0,1567,'2023-03-24 12:07:50','1970-01-01 01:00:00',1,31),(1141,'users',0,1568,'2023-03-24 14:45:52','1970-01-01 01:00:00',1,31),(1142,'users',0,1569,'2023-03-24 15:53:56','1970-01-01 01:00:00',1,31),(1143,'users',0,1570,'2023-03-24 16:20:01','1970-01-01 01:00:00',1,31),(1144,'users',0,1571,'2023-03-24 17:07:24','1970-01-01 01:00:00',1,31),(1145,'users',0,1572,'2023-03-24 18:16:16','1970-01-01 01:00:00',1,31),(1146,'users',0,1573,'2023-03-24 18:18:52','1970-01-01 01:00:00',1,31),(1147,'users',0,1574,'2023-03-24 19:20:26','1970-01-01 01:00:00',1,31),(1148,'users',0,1575,'2023-03-24 19:47:15','1970-01-01 01:00:00',1,31),(1149,'users',0,1576,'2023-03-24 19:57:18','1970-01-01 01:00:00',1,31),(1150,'users',0,1577,'2023-03-24 20:02:02','1970-01-01 01:00:00',1,31),(1151,'users',0,1578,'2023-03-24 21:36:07','1970-01-01 01:00:00',1,31),(1152,'users',0,1579,'2023-03-24 22:56:51','1970-01-01 01:00:00',1,31),(1153,'users',0,1580,'2023-03-24 23:09:30','1970-01-01 01:00:00',1,31),(1154,'users',0,1581,'2023-03-25 01:45:25','1970-01-01 01:00:00',1,31),(1155,'users',0,1582,'2023-03-25 06:43:44','1970-01-01 01:00:00',1,31),(1156,'users',0,1583,'2023-03-25 08:44:45','1970-01-01 01:00:00',1,31),(1157,'users',0,1583,'2023-03-25 08:52:13','0000-00-00 00:00:00',1,61),(1158,'users',0,1583,'2023-03-25 08:52:54','0000-00-00 00:00:00',1,61),(1159,'users',0,1583,'2023-03-25 08:52:58','0000-00-00 00:00:00',1,61),(1160,'users',0,1583,'2023-03-25 08:55:19','0000-00-00 00:00:00',1,61),(1161,'users',0,1583,'2023-03-25 08:55:23','0000-00-00 00:00:00',1,61),(1162,'users',0,1583,'2023-03-25 10:18:58','0000-00-00 00:00:00',1,61),(1163,'users',0,1584,'2023-03-25 17:17:14','1970-01-01 01:00:00',1,31),(1164,'users',0,1585,'2023-03-25 17:55:05','1970-01-01 01:00:00',1,31),(1165,'users',0,1586,'2023-03-25 20:13:14','1970-01-01 01:00:00',1,31),(1166,'users',0,1587,'2023-03-25 21:36:47','1970-01-01 01:00:00',1,31),(1167,'users',0,1588,'2023-03-26 00:48:09','1970-01-01 01:00:00',1,31),(1168,'users',0,1589,'2023-03-26 11:50:26','1970-01-01 01:00:00',1,31),(1169,'users',0,1589,'2023-03-26 11:50:27','1970-01-01 01:00:00',1,32),(1170,'users',0,1589,'2023-03-26 11:50:29','1970-01-01 01:00:00',1,29),(1171,'users',0,1589,'2023-03-26 11:51:26','1970-01-01 01:00:00',1,29),(1172,'users',0,1589,'2023-03-26 11:51:26','1970-01-01 01:00:00',1,52),(1173,'users',0,1590,'2023-03-26 20:23:06','1970-01-01 01:00:00',1,31),(1174,'users',0,1591,'2023-03-26 21:15:34','1970-01-01 01:00:00',1,31),(1175,'users',0,1592,'2023-03-26 21:46:59','1970-01-01 01:00:00',1,31),(1176,'users',0,1593,'2023-03-27 09:17:03','1970-01-01 01:00:00',1,31),(1177,'users',0,1594,'2023-03-27 10:14:13','1970-01-01 01:00:00',1,31),(1178,'users',1594,1594,'2023-03-27 10:30:29','1970-01-01 01:00:00',1,32),(1179,'users',1594,1594,'2023-03-27 10:30:31','1970-01-01 01:00:00',1,29),(1180,'users',0,1595,'2023-03-27 15:19:52','1970-01-01 01:00:00',1,31),(1181,'users',0,1595,'2023-03-27 15:19:53','1970-01-01 01:00:00',1,32),(1182,'users',0,1595,'2023-03-27 15:19:56','1970-01-01 01:00:00',1,29),(1183,'users',0,1595,'2023-03-27 15:21:29','1970-01-01 01:00:00',1,29),(1184,'users',0,1595,'2023-03-27 15:21:29','1970-01-01 01:00:00',1,52),(1185,'users',0,1596,'2023-03-27 17:17:51','1970-01-01 01:00:00',1,31),(1186,'users',0,1597,'2023-03-27 22:00:41','1970-01-01 01:00:00',1,31),(1187,'users',0,1598,'2023-03-28 13:42:38','1970-01-01 01:00:00',1,31),(1188,'users',0,1598,'2023-03-28 13:42:39','1970-01-01 01:00:00',1,32),(1189,'users',0,1598,'2023-03-28 13:42:40','1970-01-01 01:00:00',1,29),(1190,'users',0,1598,'2023-03-28 13:53:02','1970-01-01 01:00:00',1,29),(1191,'users',0,1599,'2023-03-28 15:17:56','1970-01-01 01:00:00',1,31),(1192,'users',0,1600,'2023-03-28 17:25:41','1970-01-01 01:00:00',1,31),(1193,'users',0,1601,'2023-03-28 17:41:41','1970-01-01 01:00:00',1,31),(1194,'users',0,1602,'2023-03-28 18:15:07','1970-01-01 01:00:00',1,31),(1195,'users',0,1603,'2023-03-28 20:31:43','1970-01-01 01:00:00',1,31),(1196,'users',0,1603,'2023-03-28 20:31:44','1970-01-01 01:00:00',1,32),(1197,'users',0,1603,'2023-03-28 20:31:45','1970-01-01 01:00:00',1,29),(1198,'users',0,1603,'2023-03-28 20:33:08','1970-01-01 01:00:00',1,29),(1199,'users',0,1603,'2023-03-28 20:33:08','1970-01-01 01:00:00',1,52),(1200,'users',0,1604,'2023-03-28 21:03:11','1970-01-01 01:00:00',1,31),(1201,'users',0,1605,'2023-03-28 21:57:26','1970-01-01 01:00:00',1,31),(1202,'users',0,1606,'2023-03-28 23:25:40','1970-01-01 01:00:00',1,31),(1203,'users',0,1607,'2023-03-29 01:02:52','1970-01-01 01:00:00',1,31),(1204,'users',0,1608,'2023-03-29 05:00:10','1970-01-01 01:00:00',1,31),(1205,'users',0,1609,'2023-03-29 13:54:52','1970-01-01 01:00:00',1,31),(1206,'users',0,1610,'2023-03-29 17:08:56','1970-01-01 01:00:00',1,31),(1207,'users',0,1611,'2023-03-29 22:12:32','1970-01-01 01:00:00',1,31),(1208,'users',0,1612,'2023-03-30 06:50:33','1970-01-01 01:00:00',1,31),(1209,'users',0,1613,'2023-03-30 11:22:04','1970-01-01 01:00:00',1,31),(1210,'users',0,1614,'2023-03-30 12:02:33','1970-01-01 01:00:00',1,31),(1211,'users',0,1615,'2023-03-30 12:19:47','1970-01-01 01:00:00',1,31),(1212,'users',0,1616,'2023-03-30 13:12:26','1970-01-01 01:00:00',1,31),(1213,'users',0,1617,'2023-03-30 13:22:25','1970-01-01 01:00:00',1,31),(1214,'users',0,1618,'2023-03-30 13:34:09','1970-01-01 01:00:00',1,31),(1215,'users',0,1619,'2023-03-30 15:18:45','1970-01-01 01:00:00',1,31),(1216,'users',0,1620,'2023-03-30 18:17:21','1970-01-01 01:00:00',1,31),(1217,'users',0,1621,'2023-03-30 20:58:25','1970-01-01 01:00:00',1,31),(1218,'users',0,1622,'2023-03-30 21:23:30','1970-01-01 01:00:00',1,31),(1219,'users',0,1623,'2023-03-31 00:23:07','1970-01-01 01:00:00',1,31),(1220,'users',0,1624,'2023-03-31 00:27:23','1970-01-01 01:00:00',1,31),(1221,'users',0,1625,'2023-03-31 01:57:12','1970-01-01 01:00:00',1,31),(1222,'users',0,1626,'2023-03-31 04:33:11','1970-01-01 01:00:00',1,31),(1223,'users',0,1627,'2023-03-31 12:56:34','1970-01-01 01:00:00',1,31),(1224,'users',0,1628,'2023-03-31 17:19:25','1970-01-01 01:00:00',1,31),(1225,'users',0,1629,'2023-04-01 02:57:00','1970-01-01 01:00:00',1,31),(1226,'users',0,1630,'2023-04-01 03:19:08','1970-01-01 01:00:00',1,31),(1227,'users',0,1631,'2023-04-01 09:39:24','1970-01-01 01:00:00',1,31),(1228,'users',0,1632,'2023-04-01 14:16:32','1970-01-01 01:00:00',1,31),(1229,'users',0,1633,'2023-04-01 18:51:30','1970-01-01 01:00:00',1,31),(1230,'users',0,1634,'2023-04-01 18:59:04','1970-01-01 01:00:00',1,31),(1231,'users',0,1635,'2023-04-01 19:50:54','1970-01-01 01:00:00',1,31),(1232,'users',0,1636,'2023-04-02 11:34:46','1970-01-01 01:00:00',1,31),(1233,'users',0,1637,'2023-04-02 18:05:04','1970-01-01 01:00:00',1,31),(1234,'users',0,1638,'2023-04-03 12:56:18','1970-01-01 01:00:00',1,31),(1235,'users',0,1639,'2023-04-03 19:42:41','1970-01-01 01:00:00',1,31),(1236,'users',0,1640,'2023-04-03 20:44:16','1970-01-01 01:00:00',1,31),(1237,'users',0,1641,'2023-04-03 21:10:30','1970-01-01 01:00:00',1,31),(1238,'users',0,1642,'2023-04-03 21:24:04','1970-01-01 01:00:00',1,31),(1239,'users',0,1643,'2023-04-04 01:19:31','1970-01-01 01:00:00',1,31),(1240,'users',0,1644,'2023-04-04 08:10:14','1970-01-01 01:00:00',1,31),(1241,'users',0,1644,'2023-04-04 08:10:15','1970-01-01 01:00:00',1,32),(1242,'users',0,1644,'2023-04-04 08:10:17','1970-01-01 01:00:00',1,29),(1243,'users',0,1645,'2023-04-04 18:02:13','1970-01-01 01:00:00',1,31),(1244,'users',0,1646,'2023-04-04 23:41:44','1970-01-01 01:00:00',1,31),(1245,'users',0,1646,'2023-04-04 23:41:45','1970-01-01 01:00:00',1,32),(1246,'users',0,1646,'2023-04-04 23:41:47','1970-01-01 01:00:00',1,29),(1247,'users',0,1646,'2023-04-05 00:49:26','1970-01-01 01:00:00',1,32),(1248,'users',0,1646,'2023-04-05 00:49:28','1970-01-01 01:00:00',1,29),(1249,'users',0,1646,'2023-04-05 00:52:21','1970-01-01 01:00:00',1,29),(1250,'users',0,1646,'2023-04-05 00:52:21','1970-01-01 01:00:00',1,52),(1251,'users',0,1647,'2023-04-05 01:02:15','1970-01-01 01:00:00',1,31),(1252,'users',0,1648,'2023-04-05 03:28:50','1970-01-01 01:00:00',1,31),(1253,'users',0,1644,'2023-04-05 08:47:28','1970-01-01 01:00:00',1,29),(1254,'users',0,1649,'2023-04-05 12:27:21','1970-01-01 01:00:00',1,31),(1255,'users',0,1650,'2023-04-05 14:10:41','1970-01-01 01:00:00',1,31),(1256,'users',0,1650,'2023-04-05 14:10:46','1970-01-01 01:00:00',1,32),(1257,'users',0,1650,'2023-04-05 14:10:50','1970-01-01 01:00:00',1,29),(1258,'users',0,1650,'2023-04-05 14:12:42','1970-01-01 01:00:00',1,29),(1259,'users',0,1650,'2023-04-05 14:12:42','1970-01-01 01:00:00',1,52),(1260,'users',0,1651,'2023-04-05 18:12:58','1970-01-01 01:00:00',1,31),(1261,'users',0,1652,'2023-04-05 21:51:41','1970-01-01 01:00:00',1,31),(1262,'users',0,1653,'2023-04-05 23:43:42','1970-01-01 01:00:00',1,31),(1263,'users',0,1654,'2023-04-06 05:01:24','1970-01-01 01:00:00',1,31),(1264,'users',0,1655,'2023-04-06 07:00:50','1970-01-01 01:00:00',1,31),(1265,'users',0,1656,'2023-04-06 14:01:37','1970-01-01 01:00:00',1,31),(1266,'users',0,1657,'2023-04-06 18:10:44','1970-01-01 01:00:00',1,31),(1267,'users',0,1658,'2023-04-06 21:55:28','1970-01-01 01:00:00',1,31),(1268,'users',0,1659,'2023-04-06 22:23:33','1970-01-01 01:00:00',1,31),(1269,'users',0,1660,'2023-04-07 01:11:47','1970-01-01 01:00:00',1,31),(1270,'users',0,1661,'2023-04-07 20:48:42','1970-01-01 01:00:00',1,31),(1271,'users',0,1662,'2023-04-07 22:07:02','1970-01-01 01:00:00',1,31),(1272,'users',0,1663,'2023-04-08 01:04:40','1970-01-01 01:00:00',1,31),(1273,'users',0,1664,'2023-04-08 01:29:43','1970-01-01 01:00:00',1,31),(1274,'users',0,1665,'2023-04-08 01:35:02','1970-01-01 01:00:00',1,31),(1275,'users',0,1666,'2023-04-08 02:18:12','1970-01-01 01:00:00',1,31),(1276,'users',0,1667,'2023-04-08 04:23:41','1970-01-01 01:00:00',1,31),(1277,'users',0,1668,'2023-04-08 11:05:51','1970-01-01 01:00:00',1,31),(1278,'users',0,1669,'2023-04-08 14:08:25','1970-01-01 01:00:00',1,31),(1279,'users',0,1670,'2023-04-08 16:03:53','1970-01-01 01:00:00',1,31),(1280,'users',0,1671,'2023-04-08 17:06:10','1970-01-01 01:00:00',1,31),(1281,'users',0,1672,'2023-04-08 18:30:19','1970-01-01 01:00:00',1,31),(1282,'users',0,1673,'2023-04-11 14:50:39','1970-01-01 01:00:00',1,31),(1283,'users',0,1674,'2023-04-11 15:20:32','1970-01-01 01:00:00',1,31),(1284,'users',0,1675,'2023-04-11 18:12:03','1970-01-01 01:00:00',1,31),(1285,'users',0,1676,'2023-04-11 18:18:51','1970-01-01 01:00:00',1,31),(1286,'users',0,1677,'2023-04-11 21:26:21','1970-01-01 01:00:00',1,31),(1287,'users',0,1678,'2023-04-11 22:17:50','1970-01-01 01:00:00',1,31),(1288,'users',0,1679,'2023-04-11 22:21:06','1970-01-01 01:00:00',1,31),(1289,'users',0,1680,'2023-04-11 22:33:56','1970-01-01 01:00:00',1,31),(1290,'users',0,1681,'2023-04-11 23:36:29','1970-01-01 01:00:00',1,31),(1291,'users',0,1682,'2023-04-12 00:02:57','1970-01-01 01:00:00',1,31),(1292,'users',0,1683,'2023-04-12 04:40:25','1970-01-01 01:00:00',1,31),(1293,'users',0,1684,'2023-04-12 06:28:37','1970-01-01 01:00:00',1,31),(1294,'users',0,1685,'2023-04-12 10:04:41','1970-01-01 01:00:00',1,31),(1295,'users',0,1686,'2023-04-12 12:17:52','1970-01-01 01:00:00',1,31),(1296,'users',0,1687,'2023-04-12 13:24:46','1970-01-01 01:00:00',1,31),(1297,'users',0,1688,'2023-04-12 17:38:40','1970-01-01 01:00:00',1,31),(1298,'users',0,1689,'2023-04-12 18:11:33','1970-01-01 01:00:00',1,31),(1299,'users',0,1690,'2023-04-12 18:39:26','1970-01-01 01:00:00',1,31),(1300,'users',0,1691,'2023-04-12 19:39:09','1970-01-01 01:00:00',1,31),(1301,'users',0,1692,'2023-04-12 20:03:43','1970-01-01 01:00:00',1,31),(1302,'users',0,1693,'2023-04-12 21:39:28','1970-01-01 01:00:00',1,31),(1303,'users',0,1694,'2023-04-12 23:26:57','1970-01-01 01:00:00',1,31),(1304,'users',0,1695,'2023-04-12 23:59:42','1970-01-01 01:00:00',1,31),(1305,'users',0,1696,'2023-04-13 00:13:13','1970-01-01 01:00:00',1,31),(1306,'users',0,1697,'2023-04-13 01:22:56','1970-01-01 01:00:00',1,31),(1307,'users',0,1698,'2023-04-13 06:55:49','1970-01-01 01:00:00',1,31),(1308,'users',0,1699,'2023-04-13 07:01:52','1970-01-01 01:00:00',1,31),(1309,'users',0,1700,'2023-04-13 08:04:02','1970-01-01 01:00:00',1,31),(1310,'users',1700,1700,'2023-04-13 08:11:26','1970-01-01 01:00:00',1,32),(1311,'users',1700,1700,'2023-04-13 08:11:29','1970-01-01 01:00:00',1,29),(1312,'users',0,1701,'2023-04-13 08:24:49','1970-01-01 01:00:00',1,31),(1313,'users',0,1702,'2023-04-13 14:31:22','1970-01-01 01:00:00',1,31),(1314,'users',0,1703,'2023-04-13 14:35:59','1970-01-01 01:00:00',1,31),(1315,'users',0,1704,'2023-04-13 19:41:55','1970-01-01 01:00:00',1,31),(1316,'users',0,1705,'2023-04-13 20:03:26','1970-01-01 01:00:00',1,31),(1317,'users',0,1706,'2023-04-13 20:13:07','1970-01-01 01:00:00',1,31),(1318,'users',0,1707,'2023-04-13 20:42:25','1970-01-01 01:00:00',1,31),(1319,'users',0,1708,'2023-04-13 21:04:07','1970-01-01 01:00:00',1,31),(1320,'users',0,1709,'2023-04-13 21:45:33','1970-01-01 01:00:00',1,31),(1321,'users',0,1710,'2023-04-13 22:23:21','1970-01-01 01:00:00',1,31),(1322,'users',0,1711,'2023-04-13 22:38:29','1970-01-01 01:00:00',1,31),(1323,'users',0,1712,'2023-04-13 22:56:04','1970-01-01 01:00:00',1,31),(1324,'users',0,1713,'2023-04-14 00:38:06','1970-01-01 01:00:00',1,31),(1325,'users',0,1714,'2023-04-14 00:52:45','1970-01-01 01:00:00',1,31),(1326,'users',0,1715,'2023-04-14 02:06:38','1970-01-01 01:00:00',1,31),(1327,'users',0,1716,'2023-04-14 03:36:42','1970-01-01 01:00:00',1,31),(1328,'users',0,1717,'2023-04-14 04:17:57','1970-01-01 01:00:00',1,31),(1329,'users',0,1718,'2023-04-14 05:48:49','1970-01-01 01:00:00',1,31),(1330,'users',0,1719,'2023-04-14 07:17:45','1970-01-01 01:00:00',1,31),(1331,'users',0,1720,'2023-04-14 07:59:21','1970-01-01 01:00:00',1,31),(1332,'users',0,1721,'2023-04-14 08:09:28','1970-01-01 01:00:00',1,31),(1333,'users',0,1722,'2023-04-14 08:56:20','1970-01-01 01:00:00',1,31),(1334,'users',0,1723,'2023-04-14 09:47:51','1970-01-01 01:00:00',1,31),(1335,'users',0,1724,'2023-04-14 10:24:38','1970-01-01 01:00:00',1,31),(1336,'users',0,1725,'2023-04-14 11:10:22','1970-01-01 01:00:00',1,31),(1337,'users',0,1726,'2023-04-14 13:39:18','1970-01-01 01:00:00',1,31),(1338,'users',0,1727,'2023-04-14 14:19:59','1970-01-01 01:00:00',1,31),(1339,'users',0,1728,'2023-04-14 22:26:10','1970-01-01 01:00:00',1,31),(1340,'users',0,1729,'2023-04-15 01:16:41','1970-01-01 01:00:00',1,31),(1341,'users',0,1730,'2023-04-15 01:46:33','1970-01-01 01:00:00',1,31),(1342,'users',0,1731,'2023-04-15 04:39:52','1970-01-01 01:00:00',1,31),(1343,'users',0,1732,'2023-04-15 13:41:42','1970-01-01 01:00:00',1,31),(1344,'users',0,1733,'2023-04-15 14:18:57','1970-01-01 01:00:00',1,31),(1345,'users',0,1734,'2023-04-15 20:51:59','1970-01-01 01:00:00',1,31),(1346,'users',0,1735,'2023-04-16 01:59:34','1970-01-01 01:00:00',1,31),(1347,'users',0,1736,'2023-04-16 02:00:05','1970-01-01 01:00:00',1,31),(1348,'users',0,1737,'2023-04-16 03:03:52','1970-01-01 01:00:00',1,31),(1349,'users',0,1738,'2023-04-16 04:09:59','1970-01-01 01:00:00',1,31),(1350,'users',0,1739,'2023-04-16 04:18:09','1970-01-01 01:00:00',1,31),(1351,'users',0,1740,'2023-04-16 04:19:02','1970-01-01 01:00:00',1,31),(1352,'users',0,1741,'2023-04-16 09:04:45','1970-01-01 01:00:00',1,31),(1353,'users',0,1741,'2023-04-16 09:04:46','1970-01-01 01:00:00',1,32),(1354,'users',0,1741,'2023-04-16 09:04:49','1970-01-01 01:00:00',1,29),(1355,'users',0,1742,'2023-04-16 15:33:09','1970-01-01 01:00:00',1,31),(1356,'users',0,1743,'2023-04-16 17:58:47','1970-01-01 01:00:00',1,31),(1357,'users',0,1744,'2023-04-16 19:27:02','1970-01-01 01:00:00',1,31),(1358,'users',0,1745,'2023-04-16 20:28:20','1970-01-01 01:00:00',1,31),(1359,'users',0,1745,'2023-04-16 20:28:22','1970-01-01 01:00:00',1,32),(1360,'users',0,1745,'2023-04-16 20:28:23','1970-01-01 01:00:00',1,29),(1361,'users',0,1746,'2023-04-16 21:36:22','1970-01-01 01:00:00',1,31),(1362,'users',0,1747,'2023-04-16 22:01:32','1970-01-01 01:00:00',1,31),(1363,'users',0,1748,'2023-04-16 22:04:12','1970-01-01 01:00:00',1,31),(1364,'users',0,1749,'2023-04-16 23:40:34','1970-01-01 01:00:00',1,31),(1365,'users',0,1750,'2023-04-16 23:48:48','1970-01-01 01:00:00',1,31),(1366,'users',0,1750,'2023-04-16 23:48:49','1970-01-01 01:00:00',1,32),(1367,'users',0,1750,'2023-04-16 23:48:51','1970-01-01 01:00:00',1,29),(1368,'users',0,1750,'2023-04-16 23:49:46','1970-01-01 01:00:00',1,29),(1369,'users',0,1750,'2023-04-16 23:49:46','1970-01-01 01:00:00',1,52),(1370,'users',0,1751,'2023-04-17 04:50:40','1970-01-01 01:00:00',1,31),(1371,'users',0,1752,'2023-04-17 07:22:54','1970-01-01 01:00:00',1,31),(1372,'users',0,1753,'2023-04-17 07:34:00','1970-01-01 01:00:00',1,31),(1373,'users',0,1754,'2023-04-17 08:02:02','1970-01-01 01:00:00',1,31),(1374,'users',0,1755,'2023-04-17 11:27:03','1970-01-01 01:00:00',1,31),(1375,'users',0,1756,'2023-04-17 12:54:34','1970-01-01 01:00:00',1,31),(1376,'users',0,1757,'2023-04-17 13:28:44','1970-01-01 01:00:00',1,31),(1377,'users',0,1757,'2023-04-17 13:28:45','1970-01-01 01:00:00',1,32),(1378,'users',0,1757,'2023-04-17 13:28:48','1970-01-01 01:00:00',1,29),(1379,'users',0,1757,'2023-04-17 15:13:28','1970-01-01 01:00:00',1,32),(1380,'users',0,1757,'2023-04-17 15:13:29','1970-01-01 01:00:00',1,29),(1381,'users',718,718,'2023-04-17 15:50:21','1970-01-01 01:00:00',1,29),(1382,'users',718,718,'2023-04-17 15:51:46','1970-01-01 01:00:00',1,29),(1383,'users',0,1757,'2023-04-17 15:56:17','0000-00-00 00:00:00',1,52),(1384,'users',0,1758,'2023-04-17 15:58:01','1970-01-01 01:00:00',1,31),(1385,'users',0,1759,'2023-04-17 16:14:33','1970-01-01 01:00:00',1,31),(1386,'users',0,1760,'2023-04-17 18:43:57','1970-01-01 01:00:00',1,31),(1387,'users',0,1761,'2023-04-17 19:30:36','1970-01-01 01:00:00',1,31),(1388,'users',0,1762,'2023-04-17 19:59:54','1970-01-01 01:00:00',1,31),(1389,'users',0,1762,'2023-04-17 19:59:55','1970-01-01 01:00:00',1,32),(1390,'users',0,1762,'2023-04-17 19:59:57','1970-01-01 01:00:00',1,29),(1391,'users',0,1762,'2023-04-17 20:00:29','0000-00-00 00:00:00',1,52),(1392,'users',0,1763,'2023-04-17 21:15:47','1970-01-01 01:00:00',1,31),(1393,'users',0,1763,'2023-04-17 21:15:48','1970-01-01 01:00:00',1,32),(1394,'users',0,1763,'2023-04-17 21:15:50','1970-01-01 01:00:00',1,29),(1395,'users',0,1763,'2023-04-17 21:16:20','0000-00-00 00:00:00',1,52),(1396,'users',0,1764,'2023-04-17 22:12:21','1970-01-01 01:00:00',1,31),(1397,'users',0,1765,'2023-04-17 22:55:03','1970-01-01 01:00:00',1,31),(1398,'users',0,1766,'2023-04-17 22:55:51','1970-01-01 01:00:00',1,31),(1399,'users',0,1767,'2023-04-17 22:58:33','1970-01-01 01:00:00',1,31),(1400,'users',0,1768,'2023-04-18 02:58:51','1970-01-01 01:00:00',1,31),(1401,'users',0,1769,'2023-04-18 03:10:13','1970-01-01 01:00:00',1,31),(1402,'users',0,1770,'2023-04-18 03:24:57','1970-01-01 01:00:00',1,31),(1403,'users',0,1771,'2023-04-18 04:49:11','1970-01-01 01:00:00',1,31),(1404,'users',0,1772,'2023-04-18 05:08:05','1970-01-01 01:00:00',1,31),(1405,'users',0,1773,'2023-04-18 05:35:16','1970-01-01 01:00:00',1,31),(1406,'users',0,1774,'2023-04-18 06:28:22','1970-01-01 01:00:00',1,31),(1407,'users',0,1775,'2023-04-18 06:32:36','1970-01-01 01:00:00',1,31),(1408,'users',0,1776,'2023-04-18 06:54:01','1970-01-01 01:00:00',1,31),(1409,'users',0,1777,'2023-04-18 13:52:31','1970-01-01 01:00:00',1,31),(1410,'users',0,1778,'2023-04-18 14:02:37','1970-01-01 01:00:00',1,31),(1411,'users',0,1779,'2023-04-18 16:00:28','1970-01-01 01:00:00',1,31),(1412,'users',0,1780,'2023-04-18 16:45:46','1970-01-01 01:00:00',1,31),(1413,'users',0,1780,'2023-04-18 16:45:47','1970-01-01 01:00:00',1,32),(1414,'users',0,1780,'2023-04-18 16:45:49','1970-01-01 01:00:00',1,29),(1415,'users',0,1780,'2023-04-18 16:50:02','0000-00-00 00:00:00',1,52),(1416,'users',0,1781,'2023-04-18 18:02:48','1970-01-01 01:00:00',1,31),(1417,'users',0,1782,'2023-04-18 18:34:02','1970-01-01 01:00:00',1,31),(1418,'users',0,1783,'2023-04-18 19:36:27','1970-01-01 01:00:00',1,31),(1419,'users',0,1784,'2023-04-18 19:49:17','1970-01-01 01:00:00',1,31),(1420,'users',0,1785,'2023-04-18 20:12:54','1970-01-01 01:00:00',1,31),(1421,'users',0,1786,'2023-04-18 20:44:47','1970-01-01 01:00:00',1,31),(1422,'users',0,1787,'2023-04-18 20:50:53','1970-01-01 01:00:00',1,31),(1423,'users',0,1788,'2023-04-18 21:25:26','1970-01-01 01:00:00',1,31),(1424,'users',0,1789,'2023-04-18 23:06:00','1970-01-01 01:00:00',1,31),(1425,'users',0,1790,'2023-04-19 01:51:21','1970-01-01 01:00:00',1,31),(1426,'users',0,1791,'2023-04-19 03:51:07','1970-01-01 01:00:00',1,31),(1427,'users',0,1792,'2023-04-19 11:55:36','1970-01-01 01:00:00',1,31),(1428,'users',0,1793,'2023-04-19 15:34:07','1970-01-01 01:00:00',1,31),(1429,'users',0,1794,'2023-04-19 17:33:50','1970-01-01 01:00:00',1,31),(1430,'users',0,1795,'2023-04-19 17:55:16','1970-01-01 01:00:00',1,31),(1431,'users',0,1796,'2023-04-19 18:04:59','1970-01-01 01:00:00',1,31),(1432,'users',0,1797,'2023-04-19 18:17:40','1970-01-01 01:00:00',1,31),(1433,'users',0,1798,'2023-04-19 18:36:17','1970-01-01 01:00:00',1,31),(1434,'users',0,1799,'2023-04-19 19:07:11','1970-01-01 01:00:00',1,31),(1435,'users',0,1800,'2023-04-19 19:16:24','1970-01-01 01:00:00',1,31),(1436,'users',0,1800,'2023-04-19 19:16:25','1970-01-01 01:00:00',1,32),(1437,'users',0,1800,'2023-04-19 19:16:27','1970-01-01 01:00:00',1,29),(1438,'users',0,1800,'2023-04-19 19:17:28','0000-00-00 00:00:00',1,52),(1439,'users',0,1801,'2023-04-19 21:20:50','1970-01-01 01:00:00',1,31),(1440,'users',0,1802,'2023-04-19 22:50:04','1970-01-01 01:00:00',1,31),(1441,'users',0,1803,'2023-04-19 23:26:16','1970-01-01 01:00:00',1,31),(1442,'users',0,1804,'2023-04-20 01:40:03','1970-01-01 01:00:00',1,31),(1443,'users',0,1805,'2023-04-20 02:02:15','1970-01-01 01:00:00',1,31),(1444,'users',0,1806,'2023-04-20 02:41:40','1970-01-01 01:00:00',1,31),(1445,'users',0,1807,'2023-04-20 08:43:30','1970-01-01 01:00:00',1,31),(1446,'users',0,1808,'2023-04-20 09:15:21','1970-01-01 01:00:00',1,31),(1447,'users',0,1809,'2023-04-20 13:56:42','1970-01-01 01:00:00',1,31),(1448,'users',0,1810,'2023-04-20 16:15:01','1970-01-01 01:00:00',1,31),(1449,'users',0,1811,'2023-04-20 18:44:52','1970-01-01 01:00:00',1,31),(1450,'users',0,1812,'2023-04-20 20:05:05','1970-01-01 01:00:00',1,31),(1451,'users',0,1813,'2023-04-20 22:10:21','1970-01-01 01:00:00',1,31),(1452,'users',0,1814,'2023-04-21 00:01:46','1970-01-01 01:00:00',1,31),(1453,'users',0,1815,'2023-04-21 01:20:23','1970-01-01 01:00:00',1,31),(1454,'users',0,1816,'2023-04-21 02:41:40','1970-01-01 01:00:00',1,31),(1455,'users',0,1817,'2023-04-21 04:02:53','1970-01-01 01:00:00',1,31),(1456,'users',0,1818,'2023-04-21 04:51:50','1970-01-01 01:00:00',1,31),(1457,'users',0,1819,'2023-04-21 05:43:52','1970-01-01 01:00:00',1,31),(1458,'users',0,1820,'2023-04-21 06:24:29','1970-01-01 01:00:00',1,31),(1459,'users',0,1820,'2023-04-21 06:24:30','1970-01-01 01:00:00',1,32),(1460,'users',0,1820,'2023-04-21 06:24:31','1970-01-01 01:00:00',1,29),(1461,'users',0,1820,'2023-04-21 06:26:50','0000-00-00 00:00:00',1,52),(1462,'users',0,1821,'2023-04-21 06:40:17','1970-01-01 01:00:00',1,31),(1463,'users',0,1822,'2023-04-21 06:57:26','1970-01-01 01:00:00',1,31),(1464,'users',0,1823,'2023-04-21 07:18:26','1970-01-01 01:00:00',1,31),(1465,'users',0,1824,'2023-04-21 09:21:43','1970-01-01 01:00:00',1,31),(1466,'users',0,1825,'2023-04-21 10:41:36','1970-01-01 01:00:00',1,31),(1467,'users',0,1826,'2023-04-21 10:44:44','1970-01-01 01:00:00',1,31),(1468,'users',0,1827,'2023-04-21 12:13:40','1970-01-01 01:00:00',1,31),(1469,'users',0,1828,'2023-04-21 12:16:27','1970-01-01 01:00:00',1,31),(1470,'users',0,1829,'2023-04-21 14:52:54','1970-01-01 01:00:00',1,31),(1471,'users',0,1830,'2023-04-21 15:29:45','1970-01-01 01:00:00',1,31),(1472,'users',0,1831,'2023-04-21 15:59:14','1970-01-01 01:00:00',1,31),(1473,'users',0,1832,'2023-04-21 16:26:11','1970-01-01 01:00:00',1,31),(1474,'users',0,1833,'2023-04-21 17:45:59','1970-01-01 01:00:00',1,31),(1475,'users',0,1834,'2023-04-21 17:49:17','1970-01-01 01:00:00',1,31),(1476,'users',0,1835,'2023-04-21 17:50:46','1970-01-01 01:00:00',1,31),(1477,'users',0,1836,'2023-04-21 18:13:34','1970-01-01 01:00:00',1,31),(1478,'users',0,1837,'2023-04-21 20:56:06','1970-01-01 01:00:00',1,31),(1479,'users',0,1838,'2023-04-21 21:21:30','1970-01-01 01:00:00',1,31),(1480,'users',0,1839,'2023-04-21 22:35:25','1970-01-01 01:00:00',1,31),(1481,'users',0,1840,'2023-04-21 22:35:48','1970-01-01 01:00:00',1,31),(1482,'users',0,1841,'2023-04-21 23:25:26','1970-01-01 01:00:00',1,31),(1483,'users',0,1842,'2023-04-21 23:25:53','1970-01-01 01:00:00',1,31),(1484,'users',0,1843,'2023-04-21 23:25:58','1970-01-01 01:00:00',1,31),(1485,'users',0,1844,'2023-04-22 01:08:09','1970-01-01 01:00:00',1,31),(1486,'users',0,1845,'2023-04-22 04:50:17','1970-01-01 01:00:00',1,31),(1487,'users',0,1846,'2023-04-22 06:23:04','1970-01-01 01:00:00',1,31),(1488,'users',0,1847,'2023-04-22 07:59:30','1970-01-01 01:00:00',1,31),(1489,'users',0,1848,'2023-04-22 09:27:08','1970-01-01 01:00:00',1,31),(1490,'users',0,1849,'2023-04-22 09:49:29','1970-01-01 01:00:00',1,31),(1491,'users',0,1850,'2023-04-22 09:54:43','1970-01-01 01:00:00',1,31),(1492,'users',0,1851,'2023-04-22 10:06:24','1970-01-01 01:00:00',1,31),(1493,'users',0,1852,'2023-04-22 12:06:20','1970-01-01 01:00:00',1,31),(1494,'users',0,1853,'2023-04-22 12:36:41','1970-01-01 01:00:00',1,31),(1495,'users',0,1854,'2023-04-22 12:37:26','1970-01-01 01:00:00',1,31),(1496,'users',1854,1854,'2023-04-22 12:49:09','1970-01-01 01:00:00',1,32),(1497,'users',1854,1854,'2023-04-22 12:49:10','1970-01-01 01:00:00',1,29),(1498,'users',1854,1854,'2023-04-22 12:51:43','1970-01-01 01:00:00',1,29),(1499,'users',1854,1854,'2023-04-22 12:51:43','1970-01-01 01:00:00',1,52),(1500,'users',0,1855,'2023-04-22 21:48:10','1970-01-01 01:00:00',1,31),(1501,'users',0,1856,'2023-04-22 23:04:54','1970-01-01 01:00:00',1,31),(1502,'users',0,1857,'2023-04-23 01:58:48','1970-01-01 01:00:00',1,31),(1503,'users',0,1858,'2023-04-23 02:50:43','1970-01-01 01:00:00',1,31),(1504,'users',0,1859,'2023-04-23 03:14:50','1970-01-01 01:00:00',1,31),(1505,'users',0,1860,'2023-04-23 06:47:16','1970-01-01 01:00:00',1,31),(1506,'users',0,1861,'2023-04-23 08:38:32','1970-01-01 01:00:00',1,31),(1507,'users',0,1862,'2023-04-23 12:37:55','1970-01-01 01:00:00',1,31),(1508,'users',0,1862,'2023-04-23 12:37:56','1970-01-01 01:00:00',1,32),(1509,'users',0,1862,'2023-04-23 12:37:58','1970-01-01 01:00:00',1,29),(1510,'users',0,1862,'2023-04-23 12:39:48','1970-01-01 01:00:00',1,29),(1511,'users',0,1862,'2023-04-23 12:39:48','1970-01-01 01:00:00',1,52),(1512,'users',0,1863,'2023-04-23 13:02:16','1970-01-01 01:00:00',1,31),(1513,'users',0,1864,'2023-04-23 15:25:32','1970-01-01 01:00:00',1,31),(1514,'users',0,1865,'2023-04-23 18:15:59','1970-01-01 01:00:00',1,31),(1515,'users',0,1866,'2023-04-23 18:49:00','1970-01-01 01:00:00',1,31),(1516,'users',0,1867,'2023-04-23 20:26:07','1970-01-01 01:00:00',1,31),(1517,'users',0,1868,'2023-04-23 22:30:20','1970-01-01 01:00:00',1,31),(1518,'users',0,1869,'2023-04-23 23:21:09','1970-01-01 01:00:00',1,31),(1519,'users',0,1870,'2023-04-23 23:35:07','1970-01-01 01:00:00',1,31),(1520,'users',0,1871,'2023-04-24 00:01:12','1970-01-01 01:00:00',1,31),(1521,'users',0,1872,'2023-04-24 00:46:50','1970-01-01 01:00:00',1,31),(1522,'users',0,1873,'2023-04-24 00:55:55','1970-01-01 01:00:00',1,31),(1523,'users',0,1874,'2023-04-24 04:26:09','1970-01-01 01:00:00',1,31),(1524,'users',0,1875,'2023-04-24 07:28:37','1970-01-01 01:00:00',1,31),(1525,'users',0,1876,'2023-04-24 08:08:59','1970-01-01 01:00:00',1,31),(1526,'users',0,1877,'2023-04-24 16:17:37','1970-01-01 01:00:00',1,31),(1527,'users',0,1878,'2023-04-24 18:48:09','1970-01-01 01:00:00',1,31),(1528,'users',0,1879,'2023-04-24 20:37:25','1970-01-01 01:00:00',1,31),(1529,'users',0,1880,'2023-04-24 21:11:40','1970-01-01 01:00:00',1,31),(1530,'users',0,1881,'2023-04-24 22:30:24','1970-01-01 01:00:00',1,31),(1531,'users',0,1882,'2023-04-25 05:20:32','1970-01-01 01:00:00',1,31),(1532,'users',0,1883,'2023-04-25 05:38:16','1970-01-01 01:00:00',1,31),(1533,'users',0,1884,'2023-04-25 05:50:15','1970-01-01 01:00:00',1,31),(1534,'users',0,1885,'2023-04-25 10:30:10','1970-01-01 01:00:00',1,31),(1535,'users',0,1886,'2023-04-25 12:05:00','1970-01-01 01:00:00',1,31),(1536,'users',0,1887,'2023-04-25 13:35:26','1970-01-01 01:00:00',1,31),(1537,'users',0,1888,'2023-04-25 15:39:55','1970-01-01 01:00:00',1,31),(1538,'users',0,1889,'2023-04-25 18:29:42','1970-01-01 01:00:00',1,31),(1539,'users',0,1890,'2023-04-25 19:37:54','1970-01-01 01:00:00',1,31),(1540,'users',0,1891,'2023-04-26 02:33:51','1970-01-01 01:00:00',1,31),(1541,'users',0,1892,'2023-04-26 02:36:45','1970-01-01 01:00:00',1,31),(1542,'users',0,1893,'2023-04-26 03:17:34','1970-01-01 01:00:00',1,31),(1543,'users',0,1894,'2023-04-26 12:37:45','1970-01-01 01:00:00',1,31),(1544,'users',0,1895,'2023-04-26 14:37:28','1970-01-01 01:00:00',1,31),(1545,'users',0,1896,'2023-04-26 22:08:28','1970-01-01 01:00:00',1,31),(1546,'users',0,1897,'2023-04-26 22:41:47','1970-01-01 01:00:00',1,31),(1547,'users',0,1898,'2023-04-26 23:56:57','1970-01-01 01:00:00',1,31),(1548,'users',0,1899,'2023-04-27 00:29:16','1970-01-01 01:00:00',1,31),(1549,'users',0,1900,'2023-04-27 02:38:00','1970-01-01 01:00:00',1,31),(1550,'users',0,1901,'2023-04-27 04:30:01','1970-01-01 01:00:00',1,31),(1551,'users',0,1902,'2023-04-27 15:35:49','1970-01-01 01:00:00',1,31),(1552,'users',0,1903,'2023-04-27 21:42:48','1970-01-01 01:00:00',1,31),(1553,'users',0,1904,'2023-04-27 21:45:56','1970-01-01 01:00:00',1,31),(1554,'users',0,1905,'2023-04-27 22:29:27','1970-01-01 01:00:00',1,31),(1555,'users',0,1906,'2023-04-27 23:20:00','1970-01-01 01:00:00',1,31),(1556,'users',0,1907,'2023-04-28 06:01:30','1970-01-01 01:00:00',1,31),(1557,'users',0,1908,'2023-04-28 06:46:02','1970-01-01 01:00:00',1,31),(1558,'users',0,1909,'2023-04-28 07:01:09','1970-01-01 01:00:00',1,31),(1559,'users',0,1910,'2023-04-28 10:26:14','1970-01-01 01:00:00',1,31),(1560,'users',0,1911,'2023-04-28 10:49:56','1970-01-01 01:00:00',1,31),(1561,'users',0,1912,'2023-04-28 15:53:27','1970-01-01 01:00:00',1,31),(1562,'users',0,1913,'2023-04-28 18:53:03','1970-01-01 01:00:00',1,31),(1563,'users',0,1914,'2023-04-28 19:56:18','1970-01-01 01:00:00',1,31),(1564,'users',0,1915,'2023-04-28 20:03:38','1970-01-01 01:00:00',1,31),(1565,'users',0,1916,'2023-04-28 23:02:03','1970-01-01 01:00:00',1,31),(1566,'users',0,1917,'2023-04-29 01:41:00','1970-01-01 01:00:00',1,31),(1567,'users',0,1918,'2023-04-29 12:21:25','1970-01-01 01:00:00',1,31),(1568,'users',0,1919,'2023-04-29 19:25:36','1970-01-01 01:00:00',1,31),(1569,'users',0,1920,'2023-04-29 22:25:59','1970-01-01 01:00:00',1,31),(1570,'users',0,1921,'2023-04-29 23:52:19','1970-01-01 01:00:00',1,31),(1571,'users',0,1922,'2023-04-30 00:14:14','1970-01-01 01:00:00',1,31),(1572,'users',0,1923,'2023-04-30 03:48:21','1970-01-01 01:00:00',1,31),(1573,'users',0,1924,'2023-04-30 05:38:53','1970-01-01 01:00:00',1,31),(1574,'users',0,1925,'2023-04-30 06:45:26','1970-01-01 01:00:00',1,31),(1575,'users',0,1926,'2023-04-30 13:23:49','1970-01-01 01:00:00',1,31),(1576,'users',0,1927,'2023-04-30 14:14:05','1970-01-01 01:00:00',1,31),(1577,'users',0,1928,'2023-04-30 14:31:44','1970-01-01 01:00:00',1,31),(1578,'users',0,1929,'2023-05-01 00:41:00','1970-01-01 01:00:00',1,31),(1579,'users',0,1930,'2023-05-01 01:11:59','1970-01-01 01:00:00',1,31),(1580,'users',0,1931,'2023-05-01 01:58:33','1970-01-01 01:00:00',1,31),(1581,'users',0,1932,'2023-05-01 04:39:00','1970-01-01 01:00:00',1,31),(1582,'users',0,1933,'2023-05-01 06:44:47','1970-01-01 01:00:00',1,31),(1583,'users',0,1934,'2023-05-01 12:11:40','1970-01-01 01:00:00',1,31),(1584,'users',0,1935,'2023-05-01 13:36:01','1970-01-01 01:00:00',1,31),(1585,'users',0,1936,'2023-05-01 14:31:10','1970-01-01 01:00:00',1,31),(1586,'users',0,1936,'2023-05-01 14:31:11','1970-01-01 01:00:00',1,32),(1587,'users',0,1936,'2023-05-01 14:31:13','1970-01-01 01:00:00',1,29),(1588,'users',0,1937,'2023-05-01 16:19:09','1970-01-01 01:00:00',1,31),(1589,'users',0,1938,'2023-05-01 19:42:48','1970-01-01 01:00:00',1,31),(1590,'users',0,1939,'2023-05-01 22:06:47','1970-01-01 01:00:00',1,31),(1591,'users',0,1940,'2023-05-01 22:28:21','1970-01-01 01:00:00',1,31),(1592,'users',0,1941,'2023-05-01 22:36:23','1970-01-01 01:00:00',1,31),(1593,'users',0,1942,'2023-05-02 06:34:12','1970-01-01 01:00:00',1,31),(1594,'users',0,1943,'2023-05-02 06:46:41','1970-01-01 01:00:00',1,31),(1595,'users',0,1944,'2023-05-02 11:48:03','1970-01-01 01:00:00',1,31),(1596,'users',0,1945,'2023-05-02 12:13:41','1970-01-01 01:00:00',1,31),(1597,'users',0,1945,'2023-05-02 12:13:42','1970-01-01 01:00:00',1,32),(1598,'users',0,1945,'2023-05-02 12:13:46','1970-01-01 01:00:00',1,29),(1599,'users',0,1946,'2023-05-02 15:04:17','1970-01-01 01:00:00',1,31),(1600,'users',0,1947,'2023-05-02 16:48:11','1970-01-01 01:00:00',1,31),(1601,'users',0,1948,'2023-05-02 19:46:15','1970-01-01 01:00:00',1,31),(1602,'users',0,1949,'2023-05-02 22:18:51','1970-01-01 01:00:00',1,31),(1603,'users',0,1950,'2023-05-02 23:21:43','1970-01-01 01:00:00',1,31),(1604,'users',0,1951,'2023-05-02 23:22:33','1970-01-01 01:00:00',1,31),(1605,'users',0,1952,'2023-05-02 23:39:57','1970-01-01 01:00:00',1,31),(1606,'users',0,1953,'2023-05-03 02:47:56','1970-01-01 01:00:00',1,31),(1607,'users',0,1954,'2023-05-03 05:16:29','1970-01-01 01:00:00',1,31),(1608,'users',0,1955,'2023-05-03 14:53:33','1970-01-01 01:00:00',1,31),(1609,'users',0,1956,'2023-05-03 15:45:19','1970-01-01 01:00:00',1,31),(1610,'users',0,1957,'2023-05-03 19:51:53','1970-01-01 01:00:00',1,31),(1611,'users',0,1958,'2023-05-03 23:43:47','1970-01-01 01:00:00',1,31),(1612,'users',0,1959,'2023-05-04 01:38:15','1970-01-01 01:00:00',1,31),(1613,'users',0,1960,'2023-05-04 13:19:25','1970-01-01 01:00:00',1,31),(1614,'users',0,1960,'2023-05-04 13:19:26','1970-01-01 01:00:00',1,32),(1615,'users',0,1960,'2023-05-04 13:19:28','1970-01-01 01:00:00',1,29),(1616,'users',0,1960,'2023-05-04 13:19:54','1970-01-01 01:00:00',1,29),(1617,'users',0,1960,'2023-05-04 13:19:54','1970-01-01 01:00:00',1,52),(1618,'users',0,1961,'2023-05-04 16:50:27','1970-01-01 01:00:00',1,31),(1619,'users',0,1962,'2023-05-04 17:52:40','1970-01-01 01:00:00',1,31),(1620,'users',0,1963,'2023-05-04 21:41:11','1970-01-01 01:00:00',1,31),(1621,'users',0,1964,'2023-05-04 22:21:22','1970-01-01 01:00:00',1,31),(1622,'users',0,1965,'2023-05-04 23:38:07','1970-01-01 01:00:00',1,31),(1623,'users',0,1966,'2023-05-05 00:29:14','1970-01-01 01:00:00',1,31),(1624,'users',0,1967,'2023-05-05 00:33:35','1970-01-01 01:00:00',1,31),(1625,'users',0,1968,'2023-05-05 11:47:58','1970-01-01 01:00:00',1,31),(1626,'users',0,1969,'2023-05-05 18:12:26','1970-01-01 01:00:00',1,31),(1627,'users',0,1970,'2023-05-05 18:40:47','1970-01-01 01:00:00',1,31),(1628,'users',0,1971,'2023-05-05 19:54:53','1970-01-01 01:00:00',1,31),(1629,'users',0,1972,'2023-05-05 21:00:40','1970-01-01 01:00:00',1,31),(1630,'users',0,1973,'2023-05-06 13:48:13','1970-01-01 01:00:00',1,31),(1631,'users',0,1974,'2023-05-07 00:44:30','1970-01-01 01:00:00',1,31),(1632,'users',0,1975,'2023-05-07 01:36:36','1970-01-01 01:00:00',1,31),(1633,'users',0,1976,'2023-05-07 02:07:26','1970-01-01 01:00:00',1,31),(1634,'users',0,1977,'2023-05-07 02:23:33','1970-01-01 01:00:00',1,31),(1635,'users',0,1978,'2023-05-07 07:48:36','1970-01-01 01:00:00',1,31),(1636,'users',0,1979,'2023-05-07 08:20:17','1970-01-01 01:00:00',1,31),(1637,'users',0,1980,'2023-05-07 20:21:51','1970-01-01 01:00:00',1,31),(1638,'users',0,1981,'2023-05-08 12:53:08','1970-01-01 01:00:00',1,31),(1639,'users',0,1981,'2023-05-08 12:53:09','1970-01-01 01:00:00',1,32),(1640,'users',0,1981,'2023-05-08 12:53:13','1970-01-01 01:00:00',1,29),(1641,'users',0,1981,'2023-05-08 12:53:48','1970-01-01 01:00:00',1,29),(1642,'users',0,1981,'2023-05-08 12:53:48','1970-01-01 01:00:00',1,52),(1643,'users',0,1982,'2023-05-08 14:25:50','1970-01-01 01:00:00',1,31),(1644,'users',0,1983,'2023-05-08 22:49:05','1970-01-01 01:00:00',1,31),(1645,'users',0,1984,'2023-05-09 05:27:34','1970-01-01 01:00:00',1,31),(1646,'users',0,1984,'2023-05-09 05:27:35','1970-01-01 01:00:00',1,32),(1647,'users',0,1984,'2023-05-09 05:27:37','1970-01-01 01:00:00',1,29),(1648,'users',0,1984,'2023-05-09 05:28:45','0000-00-00 00:00:00',1,52),(1649,'users',0,1985,'2023-05-09 10:10:51','1970-01-01 01:00:00',1,31),(1650,'users',0,1985,'2023-05-09 10:10:52','1970-01-01 01:00:00',1,32),(1651,'users',0,1985,'2023-05-09 10:10:55','1970-01-01 01:00:00',1,29),(1652,'users',0,1985,'2023-05-09 10:11:39','0000-00-00 00:00:00',1,52),(1653,'users',0,1986,'2023-05-09 10:23:43','1970-01-01 01:00:00',1,31),(1654,'users',0,1987,'2023-05-09 18:03:22','1970-01-01 01:00:00',1,31),(1655,'users',0,1988,'2023-05-09 18:38:53','1970-01-01 01:00:00',1,31),(1656,'users',0,1989,'2023-05-09 18:55:51','1970-01-01 01:00:00',1,31),(1657,'users',0,1990,'2023-05-09 22:31:11','1970-01-01 01:00:00',1,31),(1658,'users',0,1991,'2023-05-10 04:55:12','1970-01-01 01:00:00',1,31),(1659,'users',0,1992,'2023-05-10 11:30:35','1970-01-01 01:00:00',1,31),(1660,'users',0,1993,'2023-05-10 17:57:33','1970-01-01 01:00:00',1,31),(1661,'users',0,1994,'2023-05-10 21:58:27','1970-01-01 01:00:00',1,31),(1662,'users',0,1995,'2023-05-11 02:05:28','1970-01-01 01:00:00',1,31),(1663,'users',0,1996,'2023-05-11 02:43:00','1970-01-01 01:00:00',1,31),(1664,'users',0,1997,'2023-05-11 04:58:40','1970-01-01 01:00:00',1,31),(1665,'users',0,1998,'2023-05-11 05:46:06','1970-01-01 01:00:00',1,31),(1666,'users',0,1999,'2023-05-11 07:30:54','1970-01-01 01:00:00',1,31),(1667,'users',0,2000,'2023-05-11 12:24:44','1970-01-01 01:00:00',1,31),(1668,'users',0,2001,'2023-05-11 13:25:56','1970-01-01 01:00:00',1,31),(1669,'users',0,2002,'2023-05-11 15:15:37','1970-01-01 01:00:00',1,31),(1670,'users',0,2003,'2023-05-11 17:20:28','1970-01-01 01:00:00',1,31),(1671,'users',0,2004,'2023-05-11 17:56:39','1970-01-01 01:00:00',1,31),(1672,'users',0,2005,'2023-05-11 18:05:11','1970-01-01 01:00:00',1,31),(1673,'users',0,2006,'2023-05-11 18:06:38','1970-01-01 01:00:00',1,31),(1674,'users',0,2007,'2023-05-11 18:06:46','1970-01-01 01:00:00',1,31),(1675,'users',0,2008,'2023-05-11 19:02:04','1970-01-01 01:00:00',1,31),(1676,'users',0,2009,'2023-05-11 19:51:07','1970-01-01 01:00:00',1,31),(1677,'users',0,2010,'2023-05-11 20:59:45','1970-01-01 01:00:00',1,31),(1678,'users',0,2011,'2023-05-11 21:16:34','1970-01-01 01:00:00',1,31),(1679,'users',0,2012,'2023-05-11 21:21:02','1970-01-01 01:00:00',1,31),(1680,'users',0,2013,'2023-05-11 21:44:51','1970-01-01 01:00:00',1,31),(1681,'users',0,2014,'2023-05-11 22:05:03','1970-01-01 01:00:00',1,31),(1682,'users',0,2015,'2023-05-12 01:41:41','1970-01-01 01:00:00',1,31),(1683,'users',0,2016,'2023-05-12 03:32:33','1970-01-01 01:00:00',1,31),(1684,'users',0,2017,'2023-05-12 05:31:03','1970-01-01 01:00:00',1,31),(1685,'users',0,2018,'2023-05-12 09:03:13','1970-01-01 01:00:00',1,31),(1686,'users',0,2019,'2023-05-12 10:44:56','1970-01-01 01:00:00',1,31),(1687,'users',0,2020,'2023-05-12 11:01:31','1970-01-01 01:00:00',1,31),(1688,'users',0,2021,'2023-05-12 12:28:52','1970-01-01 01:00:00',1,31),(1689,'users',0,2021,'2023-05-12 12:28:53','1970-01-01 01:00:00',1,32),(1690,'users',0,2021,'2023-05-12 12:28:56','1970-01-01 01:00:00',1,29),(1691,'users',0,2022,'2023-05-12 13:54:39','1970-01-01 01:00:00',1,31),(1692,'users',0,2023,'2023-05-12 15:20:44','1970-01-01 01:00:00',1,31),(1693,'users',0,2024,'2023-05-12 19:14:35','1970-01-01 01:00:00',1,31),(1694,'users',0,2025,'2023-05-13 01:57:36','1970-01-01 01:00:00',1,31),(1695,'users',0,2026,'2023-05-13 06:28:20','1970-01-01 01:00:00',1,31),(1696,'users',0,2027,'2023-05-13 06:29:01','1970-01-01 01:00:00',1,31),(1697,'users',0,2028,'2023-05-13 13:09:12','1970-01-01 01:00:00',1,31),(1698,'users',0,2029,'2023-05-13 17:17:21','1970-01-01 01:00:00',1,31),(1699,'users',0,2030,'2023-05-13 17:53:31','1970-01-01 01:00:00',1,31),(1700,'users',0,2030,'2023-05-13 17:53:32','1970-01-01 01:00:00',1,32),(1701,'users',0,2030,'2023-05-13 17:53:35','1970-01-01 01:00:00',1,29),(1702,'users',0,2030,'2023-05-13 17:54:22','0000-00-00 00:00:00',1,52),(1703,'users',0,2031,'2023-05-13 21:19:40','1970-01-01 01:00:00',1,31),(1704,'users',0,2032,'2023-05-14 02:16:39','1970-01-01 01:00:00',1,31),(1705,'users',0,2033,'2023-05-14 03:07:23','1970-01-01 01:00:00',1,31),(1706,'users',0,2034,'2023-05-14 08:14:41','1970-01-01 01:00:00',1,31),(1707,'users',0,2035,'2023-05-14 08:19:24','1970-01-01 01:00:00',1,31),(1708,'users',0,2036,'2023-05-14 08:54:33','1970-01-01 01:00:00',1,31),(1709,'users',0,2037,'2023-05-14 15:37:24','1970-01-01 01:00:00',1,31),(1710,'users',0,2038,'2023-05-14 17:54:30','1970-01-01 01:00:00',1,31),(1711,'users',0,2039,'2023-05-14 18:47:25','1970-01-01 01:00:00',1,31),(1712,'users',0,2040,'2023-05-14 21:14:46','1970-01-01 01:00:00',1,31),(1713,'users',0,2041,'2023-05-14 22:27:50','1970-01-01 01:00:00',1,31),(1714,'users',0,2042,'2023-05-15 01:32:12','1970-01-01 01:00:00',1,31),(1715,'users',0,2043,'2023-05-15 03:31:08','1970-01-01 01:00:00',1,31),(1716,'users',0,2044,'2023-05-15 08:33:56','1970-01-01 01:00:00',1,31),(1717,'users',0,2045,'2023-05-15 11:40:34','1970-01-01 01:00:00',1,31),(1718,'users',0,2046,'2023-05-15 12:20:27','1970-01-01 01:00:00',1,31),(1719,'users',0,2047,'2023-05-15 15:45:07','1970-01-01 01:00:00',1,31),(1720,'users',0,2048,'2023-05-15 16:22:55','1970-01-01 01:00:00',1,31),(1721,'users',0,2049,'2023-05-15 17:32:13','1970-01-01 01:00:00',1,31),(1722,'users',0,2050,'2023-05-15 19:18:49','1970-01-01 01:00:00',1,31),(1723,'users',0,2051,'2023-05-15 19:42:00','1970-01-01 01:00:00',1,31),(1724,'users',0,2052,'2023-05-15 20:02:53','1970-01-01 01:00:00',1,31),(1725,'users',0,2053,'2023-05-15 21:06:08','1970-01-01 01:00:00',1,31),(1726,'users',0,2054,'2023-05-15 21:32:05','1970-01-01 01:00:00',1,31),(1727,'users',0,2055,'2023-05-15 22:59:30','1970-01-01 01:00:00',1,31),(1728,'users',0,2056,'2023-05-15 23:29:31','1970-01-01 01:00:00',1,31),(1729,'users',0,2057,'2023-05-15 23:31:36','1970-01-01 01:00:00',1,31),(1730,'users',0,2058,'2023-05-15 23:37:04','1970-01-01 01:00:00',1,31),(1731,'users',0,2059,'2023-05-16 00:22:41','1970-01-01 01:00:00',1,31),(1732,'users',0,2060,'2023-05-16 00:53:29','1970-01-01 01:00:00',1,31),(1733,'users',0,2061,'2023-05-16 05:14:10','1970-01-01 01:00:00',1,31),(1734,'users',0,2062,'2023-05-16 06:59:11','1970-01-01 01:00:00',1,31),(1735,'users',0,2063,'2023-05-16 14:56:28','1970-01-01 01:00:00',1,31),(1736,'users',0,2064,'2023-05-16 15:24:05','1970-01-01 01:00:00',1,31),(1737,'users',0,2065,'2023-05-16 16:43:49','1970-01-01 01:00:00',1,31),(1738,'users',0,2066,'2023-05-16 18:03:55','1970-01-01 01:00:00',1,31),(1739,'users',0,2067,'2023-05-16 18:17:35','1970-01-01 01:00:00',1,31),(1740,'users',0,2068,'2023-05-16 20:00:39','1970-01-01 01:00:00',1,31),(1741,'users',0,2069,'2023-05-16 20:44:56','1970-01-01 01:00:00',1,31),(1742,'users',0,2069,'2023-05-16 20:44:57','1970-01-01 01:00:00',1,32),(1743,'users',0,2069,'2023-05-16 20:45:02','1970-01-01 01:00:00',1,29),(1744,'users',0,2069,'2023-05-16 20:45:42','0000-00-00 00:00:00',1,52),(1745,'users',0,2070,'2023-05-16 21:46:43','1970-01-01 01:00:00',1,31),(1746,'users',0,2071,'2023-05-17 01:29:01','1970-01-01 01:00:00',1,31),(1747,'users',0,2072,'2023-05-17 01:40:40','1970-01-01 01:00:00',1,31),(1748,'users',0,2073,'2023-05-17 01:51:05','1970-01-01 01:00:00',1,31),(1749,'users',0,2074,'2023-05-17 02:23:28','1970-01-01 01:00:00',1,31),(1750,'users',0,2075,'2023-05-17 06:18:34','1970-01-01 01:00:00',1,31),(1751,'users',0,2076,'2023-05-17 07:14:16','1970-01-01 01:00:00',1,31),(1752,'users',0,2076,'2023-05-17 07:14:17','1970-01-01 01:00:00',1,32),(1753,'users',0,2076,'2023-05-17 07:14:20','1970-01-01 01:00:00',1,29),(1754,'users',0,2077,'2023-05-17 08:20:59','1970-01-01 01:00:00',1,31),(1755,'users',0,2078,'2023-05-17 12:25:02','1970-01-01 01:00:00',1,31),(1756,'users',0,2078,'2023-05-17 12:25:03','1970-01-01 01:00:00',1,32),(1757,'users',0,2078,'2023-05-17 12:25:06','1970-01-01 01:00:00',1,29),(1758,'users',0,2078,'2023-05-17 12:26:25','0000-00-00 00:00:00',1,52),(1759,'users',0,2079,'2023-05-17 12:35:26','1970-01-01 01:00:00',1,31),(1760,'users',0,2080,'2023-05-17 13:45:16','1970-01-01 01:00:00',1,31),(1761,'users',0,2081,'2023-05-17 23:05:54','1970-01-01 01:00:00',1,31),(1762,'users',0,2082,'2023-05-18 00:23:00','1970-01-01 01:00:00',1,31),(1763,'users',0,2083,'2023-05-18 00:34:36','1970-01-01 01:00:00',1,31),(1764,'users',0,2084,'2023-05-18 00:48:18','1970-01-01 01:00:00',1,31),(1765,'users',0,2085,'2023-05-18 03:50:59','1970-01-01 01:00:00',1,31),(1766,'users',0,2086,'2023-05-18 04:27:26','1970-01-01 01:00:00',1,31),(1767,'users',0,2087,'2023-05-18 07:38:42','1970-01-01 01:00:00',1,31),(1768,'users',0,2088,'2023-05-18 18:05:02','1970-01-01 01:00:00',1,31),(1769,'users',0,2089,'2023-05-18 19:38:08','1970-01-01 01:00:00',1,31),(1770,'users',0,2090,'2023-05-18 19:46:41','1970-01-01 01:00:00',1,31),(1771,'users',0,2091,'2023-05-18 20:09:55','1970-01-01 01:00:00',1,31),(1772,'users',0,2092,'2023-05-18 20:11:18','1970-01-01 01:00:00',1,31),(1773,'users',0,2093,'2023-05-18 22:52:02','1970-01-01 01:00:00',1,31),(1774,'users',0,2094,'2023-05-18 23:30:44','1970-01-01 01:00:00',1,31),(1775,'users',0,2095,'2023-05-18 23:34:56','1970-01-01 01:00:00',1,31),(1776,'users',0,2096,'2023-05-19 03:13:18','1970-01-01 01:00:00',1,31),(1777,'users',0,2097,'2023-05-19 05:02:10','1970-01-01 01:00:00',1,31),(1778,'users',0,2098,'2023-05-19 06:46:56','1970-01-01 01:00:00',1,31),(1779,'users',0,2099,'2023-05-19 08:33:41','1970-01-01 01:00:00',1,31),(1780,'users',0,2100,'2023-05-19 10:48:36','1970-01-01 01:00:00',1,31),(1781,'users',0,2101,'2023-05-19 12:47:52','1970-01-01 01:00:00',1,31),(1782,'users',0,2102,'2023-05-19 18:06:11','1970-01-01 01:00:00',1,31),(1783,'users',0,2103,'2023-05-19 18:30:00','1970-01-01 01:00:00',1,31),(1784,'users',0,2104,'2023-05-19 19:30:59','1970-01-01 01:00:00',1,31),(1785,'users',0,2105,'2023-05-19 21:42:18','1970-01-01 01:00:00',1,31),(1786,'users',0,2106,'2023-05-20 00:01:18','1970-01-01 01:00:00',1,31),(1787,'users',0,2107,'2023-05-20 00:07:04','1970-01-01 01:00:00',1,31),(1788,'users',0,2108,'2023-05-20 00:09:53','1970-01-01 01:00:00',1,31),(1789,'users',0,2109,'2023-05-20 02:32:34','1970-01-01 01:00:00',1,31),(1790,'users',0,2110,'2023-05-20 02:37:27','1970-01-01 01:00:00',1,31),(1791,'users',0,2111,'2023-05-20 02:48:24','1970-01-01 01:00:00',1,31),(1792,'users',0,2112,'2023-05-20 03:21:36','1970-01-01 01:00:00',1,31),(1793,'users',0,2113,'2023-05-20 04:01:34','1970-01-01 01:00:00',1,31),(1794,'users',0,2114,'2023-05-20 04:13:57','1970-01-01 01:00:00',1,31),(1795,'users',0,2115,'2023-05-20 07:06:30','1970-01-01 01:00:00',1,31),(1796,'users',0,2116,'2023-05-20 10:31:30','1970-01-01 01:00:00',1,31),(1797,'users',0,2117,'2023-05-20 11:17:27','1970-01-01 01:00:00',1,31),(1798,'users',0,2118,'2023-05-20 20:18:59','1970-01-01 01:00:00',1,31),(1799,'users',0,2119,'2023-05-21 01:21:21','1970-01-01 01:00:00',1,31),(1800,'users',0,2120,'2023-05-21 05:04:46','1970-01-01 01:00:00',1,31),(1801,'users',0,2121,'2023-05-21 17:37:27','1970-01-01 01:00:00',1,31),(1802,'users',0,2122,'2023-05-22 04:59:30','1970-01-01 01:00:00',1,31),(1803,'users',0,2123,'2023-05-22 05:11:54','1970-01-01 01:00:00',1,31),(1804,'users',0,2124,'2023-05-22 10:38:19','1970-01-01 01:00:00',1,31),(1805,'users',0,2125,'2023-05-22 10:53:24','1970-01-01 01:00:00',1,31),(1806,'users',0,2126,'2023-05-22 12:15:02','1970-01-01 01:00:00',1,31),(1807,'users',0,2127,'2023-05-22 16:08:02','1970-01-01 01:00:00',1,31),(1808,'users',0,2128,'2023-05-22 16:43:33','1970-01-01 01:00:00',1,31),(1809,'users',0,2129,'2023-05-23 11:34:31','1970-01-01 01:00:00',1,31),(1810,'users',0,2130,'2023-05-23 11:51:07','1970-01-01 01:00:00',1,31),(1811,'users',0,2131,'2023-05-23 13:51:47','1970-01-01 01:00:00',1,31),(1812,'users',0,2131,'2023-05-23 13:51:48','1970-01-01 01:00:00',1,32),(1813,'users',0,2131,'2023-05-23 13:51:51','1970-01-01 01:00:00',1,29),(1814,'users',0,2132,'2023-05-23 16:21:10','1970-01-01 01:00:00',1,31),(1815,'users',0,2132,'2023-05-23 16:21:11','1970-01-01 01:00:00',1,32),(1816,'users',0,2132,'2023-05-23 16:21:14','1970-01-01 01:00:00',1,29),(1817,'users',0,2132,'2023-05-23 16:21:34','0000-00-00 00:00:00',1,52),(1818,'users',0,2133,'2023-05-23 17:07:51','1970-01-01 01:00:00',1,31),(1819,'users',0,2134,'2023-05-23 22:30:41','1970-01-01 01:00:00',1,31),(1820,'users',0,2135,'2023-05-24 16:36:36','1970-01-01 01:00:00',1,31),(1821,'users',0,2136,'2023-05-24 18:15:15','1970-01-01 01:00:00',1,31),(1822,'users',0,2137,'2023-05-25 02:02:51','1970-01-01 01:00:00',1,31),(1823,'users',0,2138,'2023-05-25 02:40:49','1970-01-01 01:00:00',1,31),(1824,'users',0,2139,'2023-05-25 14:41:38','1970-01-01 01:00:00',1,31),(1825,'users',0,2140,'2023-05-25 18:14:41','1970-01-01 01:00:00',1,31),(1826,'users',0,2141,'2023-05-25 20:56:23','1970-01-01 01:00:00',1,31),(1827,'users',0,2142,'2023-05-25 21:01:36','1970-01-01 01:00:00',1,31),(1828,'users',0,2143,'2023-05-25 21:02:31','1970-01-01 01:00:00',1,31),(1829,'users',0,2144,'2023-05-26 09:17:09','1970-01-01 01:00:00',1,31),(1830,'users',0,2145,'2023-05-27 03:53:18','1970-01-01 01:00:00',1,31),(1831,'users',0,2146,'2023-05-27 04:00:02','1970-01-01 01:00:00',1,31),(1832,'users',0,2147,'2023-05-27 22:28:33','1970-01-01 01:00:00',1,31),(1833,'users',2147,2147,'2023-05-27 22:31:17','1970-01-01 01:00:00',1,32),(1834,'users',2147,2147,'2023-05-27 22:31:20','1970-01-01 01:00:00',1,29),(1835,'users',0,2148,'2023-05-28 17:02:14','1970-01-01 01:00:00',1,31),(1836,'users',0,2149,'2023-05-28 21:55:34','1970-01-01 01:00:00',1,31),(1837,'users',0,2150,'2023-05-29 02:26:12','1970-01-01 01:00:00',1,31),(1838,'users',0,2151,'2023-05-29 03:54:21','1970-01-01 01:00:00',1,31),(1839,'users',0,2152,'2023-05-29 08:47:54','1970-01-01 01:00:00',1,31),(1840,'users',0,2153,'2023-05-29 13:11:28','1970-01-01 01:00:00',1,31),(1841,'users',0,2154,'2023-05-29 18:14:54','1970-01-01 01:00:00',1,31),(1842,'users',0,2155,'2023-05-29 19:14:16','1970-01-01 01:00:00',1,31),(1843,'users',0,2156,'2023-05-30 00:00:00','1970-01-01 01:00:00',1,31),(1844,'users',0,2157,'2023-05-30 00:40:14','1970-01-01 01:00:00',1,31),(1845,'users',0,2158,'2023-05-30 00:45:10','1970-01-01 01:00:00',1,31),(1846,'users',0,2159,'2023-05-30 02:28:30','1970-01-01 01:00:00',1,31),(1847,'users',0,2160,'2023-05-30 05:57:52','1970-01-01 01:00:00',1,31),(1848,'users',0,2161,'2023-05-30 06:38:33','1970-01-01 01:00:00',1,31),(1849,'users',0,2162,'2023-05-30 07:46:49','1970-01-01 01:00:00',1,31),(1850,'users',0,2163,'2023-05-30 08:17:55','1970-01-01 01:00:00',1,31),(1851,'users',0,2164,'2023-05-30 12:05:12','1970-01-01 01:00:00',1,31),(1852,'users',0,2165,'2023-05-30 15:38:00','1970-01-01 01:00:00',1,31),(1853,'users',0,2166,'2023-05-30 17:55:17','1970-01-01 01:00:00',1,31),(1854,'users',0,2167,'2023-05-30 18:28:14','1970-01-01 01:00:00',1,31),(1855,'users',0,2168,'2023-05-30 18:50:52','1970-01-01 01:00:00',1,31),(1856,'users',0,2169,'2023-05-30 22:40:41','1970-01-01 01:00:00',1,31),(1857,'users',0,2170,'2023-05-31 00:37:34','1970-01-01 01:00:00',1,31),(1858,'users',0,2171,'2023-05-31 00:52:52','1970-01-01 01:00:00',1,31),(1859,'users',0,2172,'2023-05-31 03:05:40','1970-01-01 01:00:00',1,31),(1860,'users',0,2173,'2023-05-31 03:42:13','1970-01-01 01:00:00',1,31),(1861,'users',0,2174,'2023-05-31 09:03:13','1970-01-01 01:00:00',1,31),(1862,'users',0,2175,'2023-05-31 12:14:57','1970-01-01 01:00:00',1,31),(1863,'users',0,2176,'2023-05-31 13:56:57','1970-01-01 01:00:00',1,31),(1864,'users',0,2177,'2023-05-31 15:23:43','1970-01-01 01:00:00',1,31),(1865,'users',0,2178,'2023-05-31 16:28:41','1970-01-01 01:00:00',1,31),(1866,'users',0,2178,'2023-05-31 16:28:42','1970-01-01 01:00:00',1,32),(1867,'users',0,2178,'2023-05-31 16:28:45','1970-01-01 01:00:00',1,29),(1868,'users',0,2178,'2023-05-31 16:29:13','1970-01-01 01:00:00',1,29),(1869,'users',0,2178,'2023-05-31 16:29:13','1970-01-01 01:00:00',1,52),(1870,'users',0,2179,'2023-05-31 17:29:16','1970-01-01 01:00:00',1,31),(1871,'users',0,2180,'2023-05-31 17:30:18','1970-01-01 01:00:00',1,31),(1872,'users',0,2181,'2023-05-31 17:39:42','1970-01-01 01:00:00',1,31),(1873,'users',0,2182,'2023-05-31 17:50:51','1970-01-01 01:00:00',1,31),(1874,'users',0,2183,'2023-05-31 18:43:39','1970-01-01 01:00:00',1,31),(1875,'users',0,2184,'2023-05-31 20:24:49','1970-01-01 01:00:00',1,31),(1876,'users',0,2185,'2023-05-31 20:45:46','1970-01-01 01:00:00',1,31),(1877,'users',0,2186,'2023-05-31 20:49:39','1970-01-01 01:00:00',1,31),(1878,'users',0,2187,'2023-05-31 21:40:17','1970-01-01 01:00:00',1,31),(1879,'users',0,2188,'2023-05-31 21:55:14','1970-01-01 01:00:00',1,31),(1880,'users',0,2189,'2023-05-31 22:16:15','1970-01-01 01:00:00',1,31),(1881,'users',0,2190,'2023-05-31 22:18:31','1970-01-01 01:00:00',1,31),(1882,'users',0,2191,'2023-05-31 22:21:22','1970-01-01 01:00:00',1,31),(1883,'users',0,2192,'2023-05-31 22:39:24','1970-01-01 01:00:00',1,31),(1884,'users',0,2193,'2023-06-01 01:01:31','1970-01-01 01:00:00',1,31),(1885,'users',0,2194,'2023-06-01 01:39:45','1970-01-01 01:00:00',1,31),(1886,'users',0,2195,'2023-06-01 03:54:01','1970-01-01 01:00:00',1,31),(1887,'users',0,2196,'2023-06-01 07:20:00','1970-01-01 01:00:00',1,31),(1888,'users',0,2197,'2023-06-01 07:48:03','1970-01-01 01:00:00',1,31),(1889,'users',0,2198,'2023-06-01 11:20:46','1970-01-01 01:00:00',1,31),(1890,'users',0,2199,'2023-06-01 16:25:53','1970-01-01 01:00:00',1,31),(1891,'users',0,2200,'2023-06-01 19:37:35','1970-01-01 01:00:00',1,31),(1892,'users',0,2201,'2023-06-01 21:01:29','1970-01-01 01:00:00',1,31),(1893,'users',0,2202,'2023-06-01 21:35:41','1970-01-01 01:00:00',1,31),(1894,'users',0,2203,'2023-06-01 22:00:23','1970-01-01 01:00:00',1,31),(1895,'users',0,2204,'2023-06-01 22:14:53','1970-01-01 01:00:00',1,31),(1896,'users',0,2205,'2023-06-01 22:41:50','1970-01-01 01:00:00',1,31),(1897,'users',0,2206,'2023-06-01 23:02:56','1970-01-01 01:00:00',1,31),(1898,'users',0,2207,'2023-06-01 23:49:24','1970-01-01 01:00:00',1,31),(1899,'users',0,2208,'2023-06-01 23:59:45','1970-01-01 01:00:00',1,31),(1900,'users',0,2209,'2023-06-02 00:21:49','1970-01-01 01:00:00',1,31),(1901,'users',0,2210,'2023-06-02 01:00:59','1970-01-01 01:00:00',1,31),(1902,'users',0,2211,'2023-06-02 01:27:42','1970-01-01 01:00:00',1,31),(1903,'users',0,2212,'2023-06-02 01:50:39','1970-01-01 01:00:00',1,31),(1904,'users',0,2213,'2023-06-02 02:27:31','1970-01-01 01:00:00',1,31),(1905,'users',0,2214,'2023-06-02 08:38:35','1970-01-01 01:00:00',1,31),(1906,'users',0,2215,'2023-06-02 08:55:30','1970-01-01 01:00:00',1,31),(1907,'users',0,2216,'2023-06-02 08:59:21','1970-01-01 01:00:00',1,31),(1908,'users',0,2217,'2023-06-02 09:05:56','1970-01-01 01:00:00',1,31),(1909,'users',0,2217,'2023-06-02 09:05:57','1970-01-01 01:00:00',1,32),(1910,'users',0,2218,'2023-06-02 09:08:07','1970-01-01 01:00:00',1,31),(1911,'users',0,2217,'2023-06-02 09:13:55','1970-01-01 01:00:00',1,29),(1912,'users',0,2217,'2023-06-02 09:15:04','1970-01-01 01:00:00',1,29),(1913,'users',0,2217,'2023-06-02 09:15:04','1970-01-01 01:00:00',1,52),(1914,'users',0,2219,'2023-06-02 09:42:28','1970-01-01 01:00:00',1,31),(1915,'users',0,2220,'2023-06-02 10:14:46','1970-01-01 01:00:00',1,31),(1916,'users',0,2221,'2023-06-02 10:42:46','1970-01-01 01:00:00',1,31),(1917,'users',0,2222,'2023-06-02 12:18:15','1970-01-01 01:00:00',1,31),(1918,'users',0,2223,'2023-06-02 17:06:51','1970-01-01 01:00:00',1,31),(1919,'users',0,2223,'2023-06-02 17:06:52','1970-01-01 01:00:00',1,32),(1920,'users',0,2223,'2023-06-02 17:06:54','1970-01-01 01:00:00',1,29),(1921,'users',0,2223,'2023-06-02 17:08:45','0000-00-00 00:00:00',1,52),(1922,'users',0,2224,'2023-06-02 17:15:16','1970-01-01 01:00:00',1,31),(1923,'users',0,2225,'2023-06-02 17:39:14','1970-01-01 01:00:00',1,31),(1924,'users',0,2226,'2023-06-02 20:00:30','1970-01-01 01:00:00',1,31),(1925,'users',0,2227,'2023-06-02 22:53:53','1970-01-01 01:00:00',1,31),(1926,'users',0,2228,'2023-06-02 23:24:28','1970-01-01 01:00:00',1,31),(1927,'users',0,2229,'2023-06-02 23:31:47','1970-01-01 01:00:00',1,31),(1928,'users',0,2230,'2023-06-02 23:43:14','1970-01-01 01:00:00',1,31),(1929,'users',0,2231,'2023-06-03 01:54:42','1970-01-01 01:00:00',1,31),(1930,'users',0,2232,'2023-06-03 14:47:57','1970-01-01 01:00:00',1,31),(1931,'users',0,2233,'2023-06-03 16:10:31','1970-01-01 01:00:00',1,31),(1932,'users',0,2234,'2023-06-03 16:50:44','1970-01-01 01:00:00',1,31),(1933,'users',0,2235,'2023-06-03 21:53:09','1970-01-01 01:00:00',1,31),(1934,'users',0,2236,'2023-06-03 22:23:49','1970-01-01 01:00:00',1,31),(1935,'users',0,2237,'2023-06-04 00:39:36','1970-01-01 01:00:00',1,31),(1936,'users',0,2238,'2023-06-04 09:55:30','1970-01-01 01:00:00',1,31),(1937,'users',0,2239,'2023-06-04 10:27:45','1970-01-01 01:00:00',1,31),(1938,'users',0,2240,'2023-06-04 15:46:11','1970-01-01 01:00:00',1,31),(1939,'users',0,2241,'2023-06-04 17:48:09','1970-01-01 01:00:00',1,31),(1940,'users',0,2242,'2023-06-05 08:11:55','1970-01-01 01:00:00',1,31),(1941,'users',0,2243,'2023-06-05 16:36:22','1970-01-01 01:00:00',1,31),(1942,'users',0,2243,'2023-06-05 16:36:24','1970-01-01 01:00:00',1,32),(1943,'users',0,2243,'2023-06-05 16:36:32','1970-01-01 01:00:00',1,29),(1944,'users',0,2243,'2023-06-05 16:39:42','0000-00-00 00:00:00',1,52),(1945,'users',0,2244,'2023-06-05 16:41:17','1970-01-01 01:00:00',1,31),(1946,'users',0,2245,'2023-06-05 19:30:30','1970-01-01 01:00:00',1,31),(1947,'users',0,2246,'2023-06-05 19:40:32','1970-01-01 01:00:00',1,31),(1948,'users',0,2247,'2023-06-05 20:35:01','1970-01-01 01:00:00',1,31),(1949,'users',0,2248,'2023-06-05 20:35:20','1970-01-01 01:00:00',1,31),(1950,'users',0,2249,'2023-06-05 21:24:35','1970-01-01 01:00:00',1,31),(1951,'users',0,2250,'2023-06-05 21:25:27','1970-01-01 01:00:00',1,31),(1952,'users',0,2251,'2023-06-05 22:09:25','1970-01-01 01:00:00',1,31),(1953,'users',0,2252,'2023-06-05 22:09:49','1970-01-01 01:00:00',1,31),(1954,'users',0,2253,'2023-06-05 23:07:21','1970-01-01 01:00:00',1,31),(1955,'users',0,2254,'2023-06-06 02:32:08','1970-01-01 01:00:00',1,31),(1956,'users',0,2255,'2023-06-06 02:52:05','1970-01-01 01:00:00',1,31),(1957,'users',0,2256,'2023-06-06 03:22:56','1970-01-01 01:00:00',1,31),(1958,'users',0,2257,'2023-06-06 03:31:11','1970-01-01 01:00:00',1,31),(1959,'users',0,2258,'2023-06-06 08:33:44','1970-01-01 01:00:00',1,31),(1960,'users',0,2259,'2023-06-06 10:06:37','1970-01-01 01:00:00',1,31),(1961,'users',0,2260,'2023-06-06 10:18:25','1970-01-01 01:00:00',1,31),(1962,'users',0,2261,'2023-06-06 10:19:44','1970-01-01 01:00:00',1,31),(1963,'users',0,2262,'2023-06-06 11:03:37','1970-01-01 01:00:00',1,31),(1964,'users',0,2263,'2023-06-06 11:09:22','1970-01-01 01:00:00',1,31),(1965,'users',0,2264,'2023-06-06 13:23:38','1970-01-01 01:00:00',1,31),(1966,'users',0,2265,'2023-06-06 13:42:55','1970-01-01 01:00:00',1,31),(1967,'users',0,2266,'2023-06-06 13:46:30','1970-01-01 01:00:00',1,31),(1968,'users',0,2267,'2023-06-06 14:51:34','1970-01-01 01:00:00',1,31),(1969,'users',0,2268,'2023-06-06 17:02:32','1970-01-01 01:00:00',1,31),(1970,'users',0,2269,'2023-06-06 17:06:53','1970-01-01 01:00:00',1,31),(1971,'users',0,2270,'2023-06-06 19:23:54','1970-01-01 01:00:00',1,31),(1972,'users',0,2270,'2023-06-06 19:23:55','1970-01-01 01:00:00',1,32),(1973,'users',0,2270,'2023-06-06 19:23:59','1970-01-01 01:00:00',1,29),(1974,'users',0,2270,'2023-06-06 19:24:47','1970-01-01 01:00:00',1,29),(1975,'users',0,2270,'2023-06-06 19:24:47','1970-01-01 01:00:00',1,52),(1976,'users',0,2271,'2023-06-06 20:32:11','1970-01-01 01:00:00',1,31),(1977,'users',0,2272,'2023-06-06 20:49:50','1970-01-01 01:00:00',1,31),(1978,'users',0,2273,'2023-06-06 21:21:35','1970-01-01 01:00:00',1,31),(1979,'users',0,2274,'2023-06-07 00:16:30','1970-01-01 01:00:00',1,31),(1980,'users',0,2275,'2023-06-07 00:34:50','1970-01-01 01:00:00',1,31),(1981,'users',0,2276,'2023-06-07 00:44:28','1970-01-01 01:00:00',1,31),(1982,'users',0,2277,'2023-06-07 01:23:09','1970-01-01 01:00:00',1,31),(1983,'users',0,2278,'2023-06-07 04:26:05','1970-01-01 01:00:00',1,31),(1984,'users',0,2279,'2023-06-07 06:16:30','1970-01-01 01:00:00',1,31),(1985,'users',0,2280,'2023-06-07 07:00:46','1970-01-01 01:00:00',1,31),(1986,'users',0,2281,'2023-06-07 07:21:45','1970-01-01 01:00:00',1,31),(1987,'users',0,2282,'2023-06-07 07:32:12','1970-01-01 01:00:00',1,31),(1988,'users',0,2283,'2023-06-07 08:09:01','1970-01-01 01:00:00',1,31),(1989,'users',0,2284,'2023-06-07 08:14:25','1970-01-01 01:00:00',1,31),(1990,'users',0,2285,'2023-06-07 08:22:48','1970-01-01 01:00:00',1,31),(1991,'users',0,2286,'2023-06-07 09:03:14','1970-01-01 01:00:00',1,31),(1992,'users',0,2287,'2023-06-07 09:49:22','1970-01-01 01:00:00',1,31),(1993,'users',0,2288,'2023-06-07 10:42:47','1970-01-01 01:00:00',1,31),(1994,'users',0,2289,'2023-06-07 10:51:56','1970-01-01 01:00:00',1,31),(1995,'users',0,2290,'2023-06-07 11:12:22','1970-01-01 01:00:00',1,31),(1996,'users',0,2291,'2023-06-07 11:41:25','1970-01-01 01:00:00',1,31),(1997,'users',0,2292,'2023-06-07 12:16:15','1970-01-01 01:00:00',1,31),(1998,'users',0,2293,'2023-06-07 12:33:39','1970-01-01 01:00:00',1,31),(1999,'users',0,2294,'2023-06-07 14:17:23','1970-01-01 01:00:00',1,31),(2000,'users',0,2294,'2023-06-07 14:17:24','1970-01-01 01:00:00',1,32),(2001,'users',0,2294,'2023-06-07 14:17:27','1970-01-01 01:00:00',1,29),(2002,'users',0,2295,'2023-06-07 15:28:26','1970-01-01 01:00:00',1,31),(2003,'users',0,2294,'2023-06-07 16:23:01','1970-01-01 01:00:00',1,29),(2004,'users',0,2294,'2023-06-07 16:23:34','1970-01-01 01:00:00',1,29),(2005,'users',0,2294,'2023-06-07 16:23:34','1970-01-01 01:00:00',1,52),(2006,'users',0,2296,'2023-06-07 16:24:21','1970-01-01 01:00:00',1,31),(2007,'users',0,2297,'2023-06-07 17:06:33','1970-01-01 01:00:00',1,31),(2008,'users',0,2298,'2023-06-07 17:11:32','1970-01-01 01:00:00',1,31),(2009,'users',0,2299,'2023-06-07 17:33:16','1970-01-01 01:00:00',1,31),(2010,'users',0,2300,'2023-06-07 18:08:21','1970-01-01 01:00:00',1,31),(2011,'users',0,2301,'2023-06-07 18:09:55','1970-01-01 01:00:00',1,31),(2012,'users',0,2302,'2023-06-07 18:40:30','1970-01-01 01:00:00',1,31),(2013,'users',0,2303,'2023-06-07 18:51:54','1970-01-01 01:00:00',1,31),(2014,'users',0,2304,'2023-06-07 18:59:43','1970-01-01 01:00:00',1,31),(2015,'users',0,2305,'2023-06-07 19:56:47','1970-01-01 01:00:00',1,31),(2016,'users',0,2306,'2023-06-07 21:15:47','1970-01-01 01:00:00',1,31),(2017,'users',0,2307,'2023-06-07 22:01:08','1970-01-01 01:00:00',1,31),(2018,'users',0,2308,'2023-06-07 22:20:11','1970-01-01 01:00:00',1,31),(2019,'users',0,2309,'2023-06-07 23:02:49','1970-01-01 01:00:00',1,31),(2020,'users',0,2310,'2023-06-07 23:03:33','1970-01-01 01:00:00',1,31),(2021,'users',0,2311,'2023-06-07 23:08:18','1970-01-01 01:00:00',1,31),(2022,'users',0,2312,'2023-06-07 23:17:14','1970-01-01 01:00:00',1,31),(2023,'users',0,2313,'2023-06-07 23:28:21','1970-01-01 01:00:00',1,31),(2024,'users',0,2314,'2023-06-07 23:43:02','1970-01-01 01:00:00',1,31),(2025,'users',0,2315,'2023-06-07 23:50:15','1970-01-01 01:00:00',1,31),(2026,'users',0,2316,'2023-06-08 00:03:38','1970-01-01 01:00:00',1,31),(2027,'users',0,2317,'2023-06-08 00:04:12','1970-01-01 01:00:00',1,31),(2028,'users',0,2318,'2023-06-08 00:33:22','1970-01-01 01:00:00',1,31),(2029,'users',0,2319,'2023-06-08 02:06:36','1970-01-01 01:00:00',1,31),(2030,'users',0,2320,'2023-06-08 03:51:15','1970-01-01 01:00:00',1,31),(2031,'users',0,2321,'2023-06-08 03:56:03','1970-01-01 01:00:00',1,31),(2032,'users',0,2322,'2023-06-08 05:33:09','1970-01-01 01:00:00',1,31),(2033,'users',0,2323,'2023-06-08 07:00:32','1970-01-01 01:00:00',1,31),(2034,'users',0,2324,'2023-06-08 10:22:15','1970-01-01 01:00:00',1,31),(2035,'users',0,2325,'2023-06-08 11:00:41','1970-01-01 01:00:00',1,31),(2036,'users',0,2326,'2023-06-08 12:29:20','1970-01-01 01:00:00',1,31),(2037,'users',0,2327,'2023-06-08 15:14:52','1970-01-01 01:00:00',1,31),(2038,'users',0,2328,'2023-06-08 17:11:57','1970-01-01 01:00:00',1,31),(2039,'users',0,2329,'2023-06-08 17:34:56','1970-01-01 01:00:00',1,31),(2040,'users',0,2330,'2023-06-08 20:59:03','1970-01-01 01:00:00',1,31),(2041,'users',0,2331,'2023-06-08 21:18:28','1970-01-01 01:00:00',1,31),(2042,'users',0,2332,'2023-06-09 04:19:33','1970-01-01 01:00:00',1,31),(2043,'users',0,2333,'2023-06-09 06:05:07','1970-01-01 01:00:00',1,31),(2044,'users',0,2334,'2023-06-09 13:42:55','1970-01-01 01:00:00',1,31),(2045,'users',0,2335,'2023-06-09 13:58:07','1970-01-01 01:00:00',1,31),(2046,'users',0,2336,'2023-06-09 15:45:06','1970-01-01 01:00:00',1,31),(2047,'users',0,2337,'2023-06-09 17:09:17','1970-01-01 01:00:00',1,31),(2048,'users',0,2338,'2023-06-09 18:37:39','1970-01-01 01:00:00',1,31),(2049,'users',0,2339,'2023-06-09 18:49:16','1970-01-01 01:00:00',1,31),(2050,'users',0,2340,'2023-06-09 18:54:34','1970-01-01 01:00:00',1,31),(2051,'users',0,2341,'2023-06-09 18:56:36','1970-01-01 01:00:00',1,31),(2052,'users',0,2342,'2023-06-10 00:01:23','1970-01-01 01:00:00',1,31),(2053,'users',0,2343,'2023-06-10 00:37:08','1970-01-01 01:00:00',1,31),(2054,'users',0,2344,'2023-06-10 01:58:07','1970-01-01 01:00:00',1,31),(2055,'users',0,2345,'2023-06-10 23:47:47','1970-01-01 01:00:00',1,31),(2056,'users',0,2346,'2023-06-11 01:22:43','1970-01-01 01:00:00',1,31),(2057,'users',0,2347,'2023-06-11 14:01:55','1970-01-01 01:00:00',1,31),(2058,'users',0,2348,'2023-06-11 22:29:55','1970-01-01 01:00:00',1,31),(2059,'users',0,2349,'2023-06-11 22:39:40','1970-01-01 01:00:00',1,31),(2060,'users',0,2350,'2023-06-12 02:13:32','1970-01-01 01:00:00',1,31),(2061,'users',0,2351,'2023-06-12 02:25:29','1970-01-01 01:00:00',1,31),(2062,'users',0,2352,'2023-06-12 15:42:56','1970-01-01 01:00:00',1,31),(2063,'users',0,2353,'2023-06-12 17:14:35','1970-01-01 01:00:00',1,31),(2064,'users',0,2354,'2023-06-12 17:29:58','1970-01-01 01:00:00',1,31),(2065,'users',0,2355,'2023-06-13 07:40:00','1970-01-01 01:00:00',1,31),(2066,'users',0,2356,'2023-06-13 07:40:32','1970-01-01 01:00:00',1,31),(2067,'users',0,2357,'2023-06-13 12:10:07','1970-01-01 01:00:00',1,31),(2068,'users',0,2358,'2023-06-13 16:31:16','1970-01-01 01:00:00',1,31),(2069,'users',0,2358,'2023-06-13 16:31:17','1970-01-01 01:00:00',1,32),(2070,'users',0,2358,'2023-06-13 16:31:26','1970-01-01 01:00:00',1,29),(2071,'users',0,2358,'2023-06-13 16:32:47','1970-01-01 01:00:00',1,29),(2072,'users',0,2358,'2023-06-13 16:32:47','1970-01-01 01:00:00',1,52),(2073,'users',0,2358,'2023-06-13 16:32:54','1970-01-01 01:00:00',1,29),(2074,'users',0,2358,'2023-06-13 16:32:54','1970-01-01 01:00:00',1,52),(2075,'users',0,2359,'2023-06-13 18:33:55','1970-01-01 01:00:00',1,31),(2076,'users',0,2360,'2023-06-13 20:21:50','1970-01-01 01:00:00',1,31),(2077,'users',0,2361,'2023-06-13 21:49:36','1970-01-01 01:00:00',1,31),(2078,'users',0,2362,'2023-06-13 23:26:12','1970-01-01 01:00:00',1,31),(2079,'users',0,2363,'2023-06-14 01:20:06','1970-01-01 01:00:00',1,31),(2080,'users',0,2364,'2023-06-14 03:24:00','1970-01-01 01:00:00',1,31),(2081,'users',0,2365,'2023-06-14 08:03:32','1970-01-01 01:00:00',1,31),(2082,'users',0,2366,'2023-06-14 11:34:31','1970-01-01 01:00:00',1,31),(2083,'users',0,2367,'2023-06-14 12:25:48','1970-01-01 01:00:00',1,31),(2084,'users',0,2368,'2023-06-14 12:46:22','1970-01-01 01:00:00',1,31),(2085,'users',0,2369,'2023-06-14 13:06:10','1970-01-01 01:00:00',1,31),(2086,'users',0,2370,'2023-06-14 14:31:33','1970-01-01 01:00:00',1,31),(2087,'users',0,2371,'2023-06-14 18:20:16','1970-01-01 01:00:00',1,31),(2088,'users',0,2372,'2023-06-14 18:38:15','1970-01-01 01:00:00',1,31),(2089,'users',0,2373,'2023-06-14 22:16:35','1970-01-01 01:00:00',1,31),(2090,'users',0,2373,'2023-06-14 22:16:36','1970-01-01 01:00:00',1,32),(2091,'users',0,2373,'2023-06-14 22:16:40','1970-01-01 01:00:00',1,29),(2092,'users',0,2373,'2023-06-14 22:17:46','1970-01-01 01:00:00',1,29),(2093,'users',0,2373,'2023-06-14 22:17:46','1970-01-01 01:00:00',1,52),(2094,'users',0,2374,'2023-06-15 04:08:03','1970-01-01 01:00:00',1,31),(2095,'users',0,2375,'2023-06-15 19:19:05','1970-01-01 01:00:00',1,31),(2096,'users',0,2376,'2023-06-15 19:55:27','1970-01-01 01:00:00',1,31),(2097,'users',0,1982,'2023-06-15 20:19:14','0000-00-00 00:00:00',1,61),(2098,'users',0,1982,'2023-06-15 20:19:32','1970-01-01 01:00:00',1,62),(2099,'users',0,1982,'2023-06-15 20:22:35','0000-00-00 00:00:00',1,61),(2100,'users',0,1982,'2023-06-15 20:23:13','1970-01-01 01:00:00',1,62),(2101,'users',0,2377,'2023-06-15 20:23:51','1970-01-01 01:00:00',1,31),(2102,'users',0,2378,'2023-06-15 22:34:25','1970-01-01 01:00:00',1,31),(2103,'users',0,2379,'2023-06-16 02:30:49','1970-01-01 01:00:00',1,31),(2104,'users',0,2380,'2023-06-16 02:57:48','1970-01-01 01:00:00',1,31),(2105,'users',0,2381,'2023-06-16 03:21:30','1970-01-01 01:00:00',1,31),(2106,'users',0,2382,'2023-06-16 07:01:09','1970-01-01 01:00:00',1,31),(2107,'users',0,2383,'2023-06-16 07:05:57','1970-01-01 01:00:00',1,31),(2108,'users',0,2384,'2023-06-16 09:46:31','1970-01-01 01:00:00',1,31),(2109,'users',0,2385,'2023-06-16 17:15:43','1970-01-01 01:00:00',1,31),(2110,'users',0,2386,'2023-06-16 17:26:57','1970-01-01 01:00:00',1,31),(2111,'users',0,2387,'2023-06-16 17:31:34','1970-01-01 01:00:00',1,31),(2112,'users',0,2388,'2023-06-16 18:24:39','1970-01-01 01:00:00',1,31),(2113,'users',0,2389,'2023-06-16 19:54:17','1970-01-01 01:00:00',1,31),(2114,'users',0,2390,'2023-06-16 22:50:08','1970-01-01 01:00:00',1,31),(2115,'users',0,2390,'2023-06-16 22:50:09','1970-01-01 01:00:00',1,32),(2116,'users',0,2390,'2023-06-16 22:50:13','1970-01-01 01:00:00',1,29),(2117,'users',0,2390,'2023-06-16 22:52:49','0000-00-00 00:00:00',1,52),(2118,'users',0,2391,'2023-06-17 00:25:12','1970-01-01 01:00:00',1,31),(2119,'users',0,2392,'2023-06-17 01:35:08','1970-01-01 01:00:00',1,31),(2120,'users',0,2393,'2023-06-17 04:25:29','1970-01-01 01:00:00',1,31),(2121,'users',0,2394,'2023-06-17 12:08:23','1970-01-01 01:00:00',1,31),(2122,'users',0,2395,'2023-06-17 18:50:37','1970-01-01 01:00:00',1,31),(2123,'users',0,2396,'2023-06-18 07:51:54','1970-01-01 01:00:00',1,31),(2124,'users',0,2397,'2023-06-18 17:07:39','1970-01-01 01:00:00',1,31),(2125,'users',0,2398,'2023-06-19 09:11:03','1970-01-01 01:00:00',1,31),(2126,'users',0,2399,'2023-06-19 19:12:03','1970-01-01 01:00:00',1,31),(2127,'users',0,2399,'2023-06-19 19:17:02','1970-01-01 01:00:00',1,32),(2128,'users',0,2399,'2023-06-19 19:17:05','1970-01-01 01:00:00',1,29),(2129,'users',0,2399,'2023-06-19 19:18:31','1970-01-01 01:00:00',1,29),(2130,'users',0,2399,'2023-06-19 19:18:31','1970-01-01 01:00:00',1,52),(2131,'users',0,2400,'2023-06-20 05:49:15','1970-01-01 01:00:00',1,31),(2132,'users',0,2401,'2023-06-20 08:33:26','1970-01-01 01:00:00',1,31),(2133,'users',0,2402,'2023-06-20 09:02:27','1970-01-01 01:00:00',1,31),(2134,'users',0,2403,'2023-06-20 14:13:36','1970-01-01 01:00:00',1,31),(2135,'users',0,2404,'2023-06-20 15:06:16','1970-01-01 01:00:00',1,31),(2136,'users',0,2405,'2023-06-20 15:18:21','1970-01-01 01:00:00',1,31),(2137,'users',0,2405,'2023-06-20 15:18:22','1970-01-01 01:00:00',1,32),(2138,'users',0,2405,'2023-06-20 15:18:25','1970-01-01 01:00:00',1,29),(2139,'users',0,2406,'2023-06-20 19:37:44','1970-01-01 01:00:00',1,31),(2140,'users',0,2407,'2023-06-20 20:00:41','1970-01-01 01:00:00',1,31),(2141,'users',0,2408,'2023-06-20 21:23:19','1970-01-01 01:00:00',1,31),(2142,'users',0,2409,'2023-06-20 21:34:09','1970-01-01 01:00:00',1,31),(2143,'users',0,2410,'2023-06-20 22:14:24','1970-01-01 01:00:00',1,31),(2144,'users',0,2411,'2023-06-20 22:39:28','1970-01-01 01:00:00',1,31),(2145,'users',0,2412,'2023-06-20 23:03:29','1970-01-01 01:00:00',1,31),(2146,'users',0,2413,'2023-06-21 01:27:46','1970-01-01 01:00:00',1,31),(2147,'users',0,2414,'2023-06-21 01:42:27','1970-01-01 01:00:00',1,31),(2148,'users',0,2415,'2023-06-21 01:47:51','1970-01-01 01:00:00',1,31),(2149,'users',0,2416,'2023-06-21 11:13:47','1970-01-01 01:00:00',1,31),(2150,'users',0,2417,'2023-06-21 11:54:04','1970-01-01 01:00:00',1,31),(2151,'users',0,2418,'2023-06-21 12:08:37','1970-01-01 01:00:00',1,31),(2152,'users',0,2419,'2023-06-21 12:14:52','1970-01-01 01:00:00',1,31),(2153,'users',0,2420,'2023-06-21 13:31:39','1970-01-01 01:00:00',1,31),(2154,'users',0,2421,'2023-06-21 13:32:13','1970-01-01 01:00:00',1,31),(2155,'users',0,2422,'2023-06-21 13:36:23','1970-01-01 01:00:00',1,31),(2156,'users',0,2423,'2023-06-21 15:14:08','1970-01-01 01:00:00',1,31),(2157,'users',0,2424,'2023-06-21 16:46:25','1970-01-01 01:00:00',1,31),(2158,'users',0,2424,'2023-06-21 16:46:26','1970-01-01 01:00:00',1,32),(2159,'users',0,2424,'2023-06-21 16:46:28','1970-01-01 01:00:00',1,29),(2160,'users',0,2424,'2023-06-21 16:47:25','1970-01-01 01:00:00',1,29),(2161,'users',0,2424,'2023-06-21 16:47:25','1970-01-01 01:00:00',1,52),(2162,'users',0,2425,'2023-06-21 17:24:24','1970-01-01 01:00:00',1,31),(2163,'users',0,2426,'2023-06-21 19:32:40','1970-01-01 01:00:00',1,31),(2164,'users',0,2427,'2023-06-21 19:41:36','1970-01-01 01:00:00',1,31),(2165,'users',0,2428,'2023-06-21 19:45:22','1970-01-01 01:00:00',1,31),(2166,'users',0,2429,'2023-06-21 20:22:28','1970-01-01 01:00:00',1,31),(2167,'users',0,2430,'2023-06-21 22:26:00','1970-01-01 01:00:00',1,31),(2168,'users',0,2431,'2023-06-21 23:49:27','1970-01-01 01:00:00',1,31),(2169,'users',0,2432,'2023-06-22 04:46:46','1970-01-01 01:00:00',1,31),(2170,'users',0,2433,'2023-06-22 05:44:51','1970-01-01 01:00:00',1,31),(2171,'users',0,2434,'2023-06-22 12:04:55','1970-01-01 01:00:00',1,31),(2172,'users',0,2435,'2023-06-22 14:55:03','1970-01-01 01:00:00',1,31),(2173,'users',0,2436,'2023-06-22 16:04:09','1970-01-01 01:00:00',1,31),(2174,'users',0,2437,'2023-06-22 16:32:00','1970-01-01 01:00:00',1,31),(2175,'users',0,2438,'2023-06-22 17:12:13','1970-01-01 01:00:00',1,31),(2176,'users',0,2439,'2023-06-22 18:53:23','1970-01-01 01:00:00',1,31),(2177,'users',0,2440,'2023-06-22 19:06:00','1970-01-01 01:00:00',1,31),(2178,'users',0,2441,'2023-06-22 21:11:05','1970-01-01 01:00:00',1,31),(2179,'users',0,2442,'2023-06-22 21:16:58','1970-01-01 01:00:00',1,31),(2180,'users',0,2443,'2023-06-22 21:47:36','1970-01-01 01:00:00',1,31),(2181,'users',0,2444,'2023-06-22 22:33:03','1970-01-01 01:00:00',1,31),(2182,'users',0,2445,'2023-06-22 22:45:18','1970-01-01 01:00:00',1,31),(2183,'users',0,2446,'2023-06-22 23:23:22','1970-01-01 01:00:00',1,31),(2184,'users',0,2447,'2023-06-23 05:52:46','1970-01-01 01:00:00',1,31),(2185,'users',0,2448,'2023-06-23 11:25:36','1970-01-01 01:00:00',1,31),(2186,'users',0,2449,'2023-06-23 12:20:52','1970-01-01 01:00:00',1,31),(2187,'users',0,2449,'2023-06-23 12:20:53','1970-01-01 01:00:00',1,32),(2188,'users',0,2449,'2023-06-23 12:20:57','1970-01-01 01:00:00',1,29),(2189,'users',0,2449,'2023-06-23 12:21:27','0000-00-00 00:00:00',1,52),(2190,'users',0,2450,'2023-06-23 12:42:58','1970-01-01 01:00:00',1,31),(2191,'users',0,2451,'2023-06-23 16:56:30','1970-01-01 01:00:00',1,31),(2192,'users',0,2452,'2023-06-23 17:11:46','1970-01-01 01:00:00',1,31),(2193,'users',0,2453,'2023-06-23 18:16:13','1970-01-01 01:00:00',1,31),(2194,'users',0,2454,'2023-06-23 18:55:46','1970-01-01 01:00:00',1,31),(2195,'users',0,2455,'2023-06-23 18:56:37','1970-01-01 01:00:00',1,31),(2196,'users',0,2456,'2023-06-23 20:53:52','1970-01-01 01:00:00',1,31),(2197,'users',0,2457,'2023-06-23 21:11:39','1970-01-01 01:00:00',1,31),(2198,'users',0,2458,'2023-06-23 21:48:20','1970-01-01 01:00:00',1,31),(2199,'users',0,2458,'2023-06-23 21:48:21','1970-01-01 01:00:00',1,32),(2200,'users',0,2458,'2023-06-23 21:48:25','1970-01-01 01:00:00',1,29),(2201,'users',0,2458,'2023-06-23 21:50:02','0000-00-00 00:00:00',1,52),(2202,'users',0,2459,'2023-06-23 21:55:24','1970-01-01 01:00:00',1,31),(2203,'users',0,2460,'2023-06-23 22:35:55','1970-01-01 01:00:00',1,31),(2204,'users',0,2461,'2023-06-23 23:45:35','1970-01-01 01:00:00',1,31),(2205,'users',0,2462,'2023-06-24 11:24:27','1970-01-01 01:00:00',1,31),(2206,'users',0,2463,'2023-06-24 12:04:50','1970-01-01 01:00:00',1,31),(2207,'users',0,2464,'2023-06-24 22:03:45','1970-01-01 01:00:00',1,31),(2208,'users',0,2464,'2023-06-24 22:03:46','1970-01-01 01:00:00',1,32),(2209,'users',0,2464,'2023-06-24 22:03:49','1970-01-01 01:00:00',1,29),(2210,'users',0,2464,'2023-06-24 22:07:31','1970-01-01 01:00:00',1,29),(2211,'users',0,2464,'2023-06-24 22:07:31','1970-01-01 01:00:00',1,52),(2212,'users',0,2465,'2023-06-25 02:58:48','1970-01-01 01:00:00',1,31),(2213,'users',0,2466,'2023-06-25 06:20:17','1970-01-01 01:00:00',1,31),(2214,'users',0,2467,'2023-06-25 17:18:58','1970-01-01 01:00:00',1,31),(2215,'users',0,2468,'2023-06-25 19:19:49','1970-01-01 01:00:00',1,31),(2216,'users',0,2469,'2023-06-25 19:50:51','1970-01-01 01:00:00',1,31),(2217,'users',0,2470,'2023-06-25 20:13:33','1970-01-01 01:00:00',1,31),(2218,'users',0,2471,'2023-06-25 20:17:24','1970-01-01 01:00:00',1,31),(2219,'users',0,2472,'2023-06-25 20:18:01','1970-01-01 01:00:00',1,31),(2220,'users',0,2473,'2023-06-25 21:03:49','1970-01-01 01:00:00',1,31),(2221,'users',0,2474,'2023-06-25 22:35:20','1970-01-01 01:00:00',1,31),(2222,'users',0,2475,'2023-06-26 04:20:08','1970-01-01 01:00:00',1,31),(2223,'users',0,2476,'2023-06-26 04:30:13','1970-01-01 01:00:00',1,31),(2224,'users',0,2477,'2023-06-26 12:13:12','1970-01-01 01:00:00',1,31),(2225,'users',0,2478,'2023-06-26 12:30:26','1970-01-01 01:00:00',1,31),(2226,'users',0,2479,'2023-06-26 14:44:09','1970-01-01 01:00:00',1,31),(2227,'users',2478,2478,'2023-06-26 15:44:20','1970-01-01 01:00:00',1,32),(2228,'users',2478,2478,'2023-06-26 15:44:23','1970-01-01 01:00:00',1,29),(2229,'users',2478,2478,'2023-06-26 15:45:00','1970-01-01 01:00:00',1,29),(2230,'users',2478,2478,'2023-06-26 15:45:00','1970-01-01 01:00:00',1,52),(2231,'users',0,2480,'2023-06-26 16:42:26','1970-01-01 01:00:00',1,31),(2232,'users',0,2481,'2023-06-26 18:34:34','1970-01-01 01:00:00',1,31),(2233,'users',0,2482,'2023-06-26 20:03:35','1970-01-01 01:00:00',1,31),(2234,'users',0,2483,'2023-06-26 20:59:41','1970-01-01 01:00:00',1,31),(2235,'users',0,2484,'2023-06-26 22:42:48','1970-01-01 01:00:00',1,31),(2236,'users',0,2485,'2023-06-26 22:54:10','1970-01-01 01:00:00',1,31),(2237,'users',0,2486,'2023-06-26 23:38:44','1970-01-01 01:00:00',1,31),(2238,'users',0,2487,'2023-06-26 23:59:28','1970-01-01 01:00:00',1,31),(2239,'users',0,2488,'2023-06-27 00:38:01','1970-01-01 01:00:00',1,31),(2240,'users',0,2489,'2023-06-27 02:46:50','1970-01-01 01:00:00',1,31),(2241,'users',0,2490,'2023-06-27 06:12:23','1970-01-01 01:00:00',1,31),(2242,'users',0,2491,'2023-06-27 08:21:04','1970-01-01 01:00:00',1,31),(2243,'users',0,2492,'2023-06-27 08:48:51','1970-01-01 01:00:00',1,31),(2244,'users',0,2493,'2023-06-27 13:19:40','1970-01-01 01:00:00',1,31),(2245,'users',0,2493,'2023-06-27 13:19:41','1970-01-01 01:00:00',1,32),(2246,'users',0,2493,'2023-06-27 13:19:43','1970-01-01 01:00:00',1,29),(2247,'users',0,2494,'2023-06-27 15:45:50','1970-01-01 01:00:00',1,31),(2248,'users',0,2495,'2023-06-27 15:47:04','1970-01-01 01:00:00',1,31),(2249,'users',0,2496,'2023-06-27 16:16:55','1970-01-01 01:00:00',1,31),(2250,'users',0,2497,'2023-06-27 16:37:26','1970-01-01 01:00:00',1,31),(2251,'users',0,2498,'2023-06-27 16:40:48','1970-01-01 01:00:00',1,31),(2252,'users',0,2499,'2023-06-27 18:23:21','1970-01-01 01:00:00',1,31),(2253,'users',0,2500,'2023-06-27 20:59:35','1970-01-01 01:00:00',1,31),(2254,'users',0,2501,'2023-06-27 21:05:05','1970-01-01 01:00:00',1,31),(2255,'users',0,2502,'2023-06-28 05:49:39','1970-01-01 01:00:00',1,31),(2256,'users',0,2503,'2023-06-28 07:01:33','1970-01-01 01:00:00',1,31),(2257,'users',0,2503,'2023-06-28 07:01:34','1970-01-01 01:00:00',1,32),(2258,'users',0,2503,'2023-06-28 07:01:36','1970-01-01 01:00:00',1,29),(2259,'users',0,2493,'2023-06-28 10:46:49','1970-01-01 01:00:00',1,29),(2260,'users',0,2504,'2023-06-28 13:00:31','1970-01-01 01:00:00',1,31),(2261,'users',0,2505,'2023-06-28 13:17:23','1970-01-01 01:00:00',1,31),(2262,'users',2505,2505,'2023-06-28 13:19:02','1970-01-01 01:00:00',1,32),(2263,'users',2505,2505,'2023-06-28 13:19:06','1970-01-01 01:00:00',1,29),(2264,'users',2505,2505,'2023-06-28 13:19:52','1970-01-01 01:00:00',1,29),(2265,'users',2505,2505,'2023-06-28 13:19:52','1970-01-01 01:00:00',1,52),(2266,'users',0,2506,'2023-06-28 14:46:12','1970-01-01 01:00:00',1,31),(2267,'users',0,2507,'2023-06-28 15:53:57','1970-01-01 01:00:00',1,31),(2268,'users',0,2508,'2023-06-28 16:18:52','1970-01-01 01:00:00',1,31),(2269,'users',0,2509,'2023-06-28 16:43:48','1970-01-01 01:00:00',1,31),(2270,'users',0,2510,'2023-06-28 18:01:04','1970-01-01 01:00:00',1,31),(2271,'users',0,2511,'2023-06-28 18:22:48','1970-01-01 01:00:00',1,31),(2272,'users',0,2512,'2023-06-28 21:34:05','1970-01-01 01:00:00',1,31),(2273,'users',0,2513,'2023-06-28 21:41:50','1970-01-01 01:00:00',1,31),(2274,'users',0,2514,'2023-06-29 00:05:50','1970-01-01 01:00:00',1,31),(2275,'users',0,2515,'2023-06-29 00:55:45','1970-01-01 01:00:00',1,31),(2276,'users',0,2516,'2023-06-29 17:08:30','1970-01-01 01:00:00',1,31),(2277,'users',0,2517,'2023-06-29 18:14:11','1970-01-01 01:00:00',1,31),(2278,'users',0,2518,'2023-06-29 19:06:54','1970-01-01 01:00:00',1,31),(2279,'users',0,2519,'2023-06-29 19:54:22','1970-01-01 01:00:00',1,31),(2280,'users',0,2520,'2023-06-29 20:36:19','1970-01-01 01:00:00',1,31),(2281,'users',0,2521,'2023-06-29 23:07:09','1970-01-01 01:00:00',1,31),(2282,'users',0,2522,'2023-06-29 23:14:44','1970-01-01 01:00:00',1,31),(2283,'users',0,2523,'2023-06-29 23:50:08','1970-01-01 01:00:00',1,31),(2284,'users',0,2524,'2023-06-30 00:26:05','1970-01-01 01:00:00',1,31),(2285,'users',0,2525,'2023-06-30 01:30:31','1970-01-01 01:00:00',1,31),(2286,'users',0,2526,'2023-06-30 01:37:37','1970-01-01 01:00:00',1,31),(2287,'users',0,2527,'2023-06-30 03:21:09','1970-01-01 01:00:00',1,31),(2288,'users',0,2528,'2023-06-30 06:32:43','1970-01-01 01:00:00',1,31),(2289,'users',0,2529,'2023-06-30 06:45:48','1970-01-01 01:00:00',1,31),(2290,'users',0,2530,'2023-06-30 06:57:20','1970-01-01 01:00:00',1,31),(2291,'users',0,2531,'2023-06-30 08:39:21','1970-01-01 01:00:00',1,31),(2292,'users',0,2532,'2023-06-30 10:41:45','1970-01-01 01:00:00',1,31),(2293,'users',0,2533,'2023-06-30 16:08:07','1970-01-01 01:00:00',1,31),(2294,'users',0,2534,'2023-06-30 16:17:57','1970-01-01 01:00:00',1,31),(2295,'users',0,2535,'2023-06-30 17:32:42','1970-01-01 01:00:00',1,31),(2296,'users',0,2536,'2023-06-30 17:50:57','1970-01-01 01:00:00',1,31),(2297,'users',0,2537,'2023-06-30 21:59:15','1970-01-01 01:00:00',1,31),(2298,'users',0,2538,'2023-07-01 01:54:33','1970-01-01 01:00:00',1,31),(2299,'users',0,2539,'2023-07-01 10:24:42','1970-01-01 01:00:00',1,31),(2300,'users',2539,2539,'2023-07-01 10:31:03','1970-01-01 01:00:00',1,32),(2301,'users',2539,2539,'2023-07-01 10:31:08','1970-01-01 01:00:00',1,29),(2302,'users',2539,2539,'2023-07-01 10:32:24','1970-01-01 01:00:00',1,29),(2303,'users',2539,2539,'2023-07-01 10:32:24','1970-01-01 01:00:00',1,52),(2304,'users',0,2540,'2023-07-01 10:41:55','1970-01-01 01:00:00',1,31),(2305,'users',0,2541,'2023-07-01 15:35:01','1970-01-01 01:00:00',1,31),(2306,'users',0,2542,'2023-07-01 17:32:35','1970-01-01 01:00:00',1,31),(2307,'users',0,2543,'2023-07-01 23:20:24','1970-01-01 01:00:00',1,31),(2308,'users',0,2544,'2023-07-01 23:21:01','1970-01-01 01:00:00',1,31),(2309,'users',0,2545,'2023-07-01 23:26:09','1970-01-01 01:00:00',1,31),(2310,'users',0,2546,'2023-07-02 02:47:15','1970-01-01 01:00:00',1,31),(2311,'users',0,2547,'2023-07-02 03:20:39','1970-01-01 01:00:00',1,31),(2312,'users',0,2548,'2023-07-02 05:28:34','1970-01-01 01:00:00',1,31),(2313,'users',0,2549,'2023-07-02 09:16:56','1970-01-01 01:00:00',1,31),(2314,'users',0,2549,'2023-07-02 09:16:57','1970-01-01 01:00:00',1,32),(2315,'users',0,2549,'2023-07-02 09:16:59','1970-01-01 01:00:00',1,29),(2316,'users',0,2549,'2023-07-02 09:17:29','1970-01-01 01:00:00',1,29),(2317,'users',0,2549,'2023-07-02 09:17:29','1970-01-01 01:00:00',1,52),(2318,'users',0,2550,'2023-07-02 14:08:57','1970-01-01 01:00:00',1,31),(2319,'users',0,2551,'2023-07-02 15:27:56','1970-01-01 01:00:00',1,31),(2320,'users',0,2552,'2023-07-02 15:56:17','1970-01-01 01:00:00',1,31),(2321,'users',0,2553,'2023-07-02 17:32:09','1970-01-01 01:00:00',1,31),(2322,'users',0,2554,'2023-07-02 18:23:58','1970-01-01 01:00:00',1,31),(2323,'users',0,2555,'2023-07-03 01:27:15','1970-01-01 01:00:00',1,31),(2324,'users',0,2556,'2023-07-03 02:25:42','1970-01-01 01:00:00',1,31),(2325,'users',0,2557,'2023-07-03 02:38:52','1970-01-01 01:00:00',1,31),(2326,'users',0,2558,'2023-07-03 04:14:33','1970-01-01 01:00:00',1,31),(2327,'users',0,2559,'2023-07-03 05:52:56','1970-01-01 01:00:00',1,31),(2328,'users',0,2560,'2023-07-03 13:37:38','1970-01-01 01:00:00',1,31),(2329,'users',0,2561,'2023-07-03 15:44:48','1970-01-01 01:00:00',1,31),(2330,'users',0,2562,'2023-07-03 16:09:08','1970-01-01 01:00:00',1,31),(2331,'users',0,2563,'2023-07-03 16:54:42','1970-01-01 01:00:00',1,31),(2332,'users',0,2564,'2023-07-03 17:07:19','1970-01-01 01:00:00',1,31),(2333,'users',0,2565,'2023-07-03 18:06:32','1970-01-01 01:00:00',1,31),(2334,'users',0,2566,'2023-07-03 18:10:30','1970-01-01 01:00:00',1,31),(2335,'users',0,2567,'2023-07-03 18:16:16','1970-01-01 01:00:00',1,31),(2336,'users',0,2568,'2023-07-03 18:48:26','1970-01-01 01:00:00',1,31),(2337,'users',0,2569,'2023-07-03 18:52:00','1970-01-01 01:00:00',1,31),(2338,'users',0,2570,'2023-07-03 19:22:07','1970-01-01 01:00:00',1,31),(2339,'users',0,2571,'2023-07-03 19:24:26','1970-01-01 01:00:00',1,31),(2340,'users',0,2572,'2023-07-03 21:02:38','1970-01-01 01:00:00',1,31),(2341,'users',0,2573,'2023-07-03 21:44:13','1970-01-01 01:00:00',1,31),(2342,'users',0,2574,'2023-07-03 22:00:23','1970-01-01 01:00:00',1,31),(2343,'users',0,2575,'2023-07-03 23:09:37','1970-01-01 01:00:00',1,31),(2344,'users',0,2576,'2023-07-03 23:11:37','1970-01-01 01:00:00',1,31),(2345,'users',0,2577,'2023-07-04 00:57:14','1970-01-01 01:00:00',1,31),(2346,'users',0,2578,'2023-07-04 01:23:03','1970-01-01 01:00:00',1,31),(2347,'users',0,2579,'2023-07-04 01:36:18','1970-01-01 01:00:00',1,31),(2348,'users',0,2580,'2023-07-04 03:59:52','1970-01-01 01:00:00',1,31),(2349,'users',0,2581,'2023-07-04 04:16:40','1970-01-01 01:00:00',1,31),(2350,'users',0,2582,'2023-07-04 05:19:52','1970-01-01 01:00:00',1,31),(2351,'users',0,2583,'2023-07-04 06:00:36','1970-01-01 01:00:00',1,31),(2352,'users',0,2584,'2023-07-04 10:46:11','1970-01-01 01:00:00',1,31),(2353,'users',0,2585,'2023-07-04 15:38:08','1970-01-01 01:00:00',1,31),(2354,'users',0,2586,'2023-07-04 16:13:27','1970-01-01 01:00:00',1,31),(2355,'users',0,2587,'2023-07-04 16:28:40','1970-01-01 01:00:00',1,31),(2356,'users',0,2588,'2023-07-04 17:27:55','1970-01-01 01:00:00',1,31),(2357,'users',0,2589,'2023-07-04 17:29:51','1970-01-01 01:00:00',1,31),(2358,'users',0,2590,'2023-07-04 18:19:16','1970-01-01 01:00:00',1,31),(2359,'users',0,2591,'2023-07-04 18:23:02','1970-01-01 01:00:00',1,31),(2360,'users',0,2592,'2023-07-04 18:24:42','1970-01-01 01:00:00',1,31),(2361,'users',0,2593,'2023-07-04 18:30:38','1970-01-01 01:00:00',1,31),(2362,'users',0,2594,'2023-07-04 18:55:45','1970-01-01 01:00:00',1,31),(2363,'users',0,2595,'2023-07-04 20:11:07','1970-01-01 01:00:00',1,31),(2364,'users',0,2596,'2023-07-04 20:36:18','1970-01-01 01:00:00',1,31),(2365,'users',0,2597,'2023-07-04 22:50:09','1970-01-01 01:00:00',1,31),(2366,'users',0,2598,'2023-07-05 00:36:22','1970-01-01 01:00:00',1,31),(2367,'users',0,2599,'2023-07-05 03:31:38','1970-01-01 01:00:00',1,31),(2368,'users',0,2600,'2023-07-05 05:09:00','1970-01-01 01:00:00',1,31),(2369,'users',0,2601,'2023-07-05 05:22:04','1970-01-01 01:00:00',1,31),(2370,'users',0,2602,'2023-07-05 12:40:14','1970-01-01 01:00:00',1,31),(2371,'users',0,2603,'2023-07-05 12:43:58','1970-01-01 01:00:00',1,31),(2372,'users',0,2604,'2023-07-05 18:16:40','1970-01-01 01:00:00',1,31),(2373,'users',0,2605,'2023-07-05 18:51:02','1970-01-01 01:00:00',1,31),(2374,'users',0,2606,'2023-07-05 18:58:38','1970-01-01 01:00:00',1,31),(2375,'users',0,2607,'2023-07-05 21:08:51','1970-01-01 01:00:00',1,31),(2376,'users',0,2608,'2023-07-05 22:18:11','1970-01-01 01:00:00',1,31),(2377,'users',0,2609,'2023-07-05 22:44:02','1970-01-01 01:00:00',1,31),(2378,'users',0,2610,'2023-07-05 22:59:46','1970-01-01 01:00:00',1,31),(2379,'users',0,2611,'2023-07-05 22:59:51','1970-01-01 01:00:00',1,31),(2380,'users',0,2612,'2023-07-05 23:26:32','1970-01-01 01:00:00',1,31),(2381,'users',0,2613,'2023-07-05 23:40:59','1970-01-01 01:00:00',1,31),(2382,'users',0,2614,'2023-07-06 01:50:16','1970-01-01 01:00:00',1,31),(2383,'users',0,1281,'2023-07-06 13:45:37','1970-01-01 01:00:00',1,32),(2384,'users',0,1281,'2023-07-06 13:45:41','1970-01-01 01:00:00',1,29),(2385,'users',0,1281,'2023-07-06 13:47:46','0000-00-00 00:00:00',1,52),(2386,'users',0,2615,'2023-07-06 14:51:58','1970-01-01 01:00:00',1,31),(2387,'users',0,2616,'2023-07-06 18:00:26','1970-01-01 01:00:00',1,31),(2388,'users',0,2617,'2023-07-06 20:39:45','1970-01-01 01:00:00',1,31),(2389,'users',0,2618,'2023-07-06 20:42:49','1970-01-01 01:00:00',1,31),(2390,'users',0,2619,'2023-07-06 20:56:30','1970-01-01 01:00:00',1,31),(2391,'users',0,2620,'2023-07-06 21:03:55','1970-01-01 01:00:00',1,31),(2392,'users',0,2621,'2023-07-06 21:56:14','1970-01-01 01:00:00',1,31),(2393,'users',0,2622,'2023-07-06 23:41:45','1970-01-01 01:00:00',1,31),(2394,'users',0,2623,'2023-07-07 02:12:21','1970-01-01 01:00:00',1,31),(2395,'users',0,2624,'2023-07-07 20:15:31','1970-01-01 01:00:00',1,31),(2396,'users',0,2625,'2023-07-07 20:52:21','1970-01-01 01:00:00',1,31),(2397,'users',0,2626,'2023-07-07 21:45:28','1970-01-01 01:00:00',1,31),(2398,'users',0,2627,'2023-07-07 22:15:23','1970-01-01 01:00:00',1,31),(2399,'users',0,2628,'2023-07-07 22:42:31','1970-01-01 01:00:00',1,31),(2400,'users',0,2629,'2023-07-07 22:56:44','1970-01-01 01:00:00',1,31),(2401,'users',0,2630,'2023-07-08 02:27:22','1970-01-01 01:00:00',1,31),(2402,'users',0,2631,'2023-07-08 06:57:21','1970-01-01 01:00:00',1,31),(2403,'users',0,2632,'2023-07-08 09:05:06','1970-01-01 01:00:00',1,31),(2404,'users',0,2633,'2023-07-08 11:24:45','1970-01-01 01:00:00',1,31),(2405,'users',0,2634,'2023-07-08 12:17:56','1970-01-01 01:00:00',1,31),(2406,'users',0,2634,'2023-07-08 12:17:57','1970-01-01 01:00:00',1,32),(2407,'users',0,2634,'2023-07-08 12:17:59','1970-01-01 01:00:00',1,29),(2408,'users',0,2634,'2023-07-08 12:19:38','1970-01-01 01:00:00',1,29),(2409,'users',0,2634,'2023-07-08 12:19:38','1970-01-01 01:00:00',1,52),(2410,'users',0,2635,'2023-07-08 13:30:30','1970-01-01 01:00:00',1,31),(2411,'users',0,2636,'2023-07-08 13:55:50','1970-01-01 01:00:00',1,31),(2412,'users',0,2637,'2023-07-08 16:06:28','1970-01-01 01:00:00',1,31),(2413,'users',0,2638,'2023-07-08 16:53:01','1970-01-01 01:00:00',1,31),(2414,'users',0,2639,'2023-07-08 19:37:31','1970-01-01 01:00:00',1,31),(2415,'users',0,2640,'2023-07-08 21:45:36','1970-01-01 01:00:00',1,31),(2416,'users',0,2641,'2023-07-09 06:44:08','1970-01-01 01:00:00',1,31),(2417,'users',0,2642,'2023-07-09 12:45:37','1970-01-01 01:00:00',1,31),(2418,'users',0,2643,'2023-07-09 13:47:26','1970-01-01 01:00:00',1,31),(2419,'users',2643,2643,'2023-07-09 13:50:27','1970-01-01 01:00:00',1,32),(2420,'users',2643,2643,'2023-07-09 13:50:32','1970-01-01 01:00:00',1,29),(2421,'users',2643,2643,'2023-07-09 13:51:28','1970-01-01 01:00:00',1,29),(2422,'users',2643,2643,'2023-07-09 13:51:28','1970-01-01 01:00:00',1,52),(2423,'users',0,2644,'2023-07-09 15:42:34','1970-01-01 01:00:00',1,31),(2424,'users',0,2645,'2023-07-09 19:58:27','1970-01-01 01:00:00',1,31),(2425,'users',0,2646,'2023-07-09 21:16:10','1970-01-01 01:00:00',1,31),(2426,'users',0,2647,'2023-07-10 00:11:42','1970-01-01 01:00:00',1,31),(2427,'users',0,2648,'2023-07-10 09:21:45','1970-01-01 01:00:00',1,31),(2428,'users',0,2649,'2023-07-10 10:48:28','1970-01-01 01:00:00',1,31),(2429,'users',0,2650,'2023-07-10 11:00:16','1970-01-01 01:00:00',1,31),(2430,'users',0,2651,'2023-07-10 11:33:53','1970-01-01 01:00:00',1,31),(2431,'users',0,2652,'2023-07-10 11:57:48','1970-01-01 01:00:00',1,31),(2432,'users',0,2653,'2023-07-10 12:17:19','1970-01-01 01:00:00',1,31),(2433,'users',0,2654,'2023-07-10 13:43:09','1970-01-01 01:00:00',1,31),(2434,'users',0,2655,'2023-07-10 15:20:52','1970-01-01 01:00:00',1,31),(2435,'users',0,2656,'2023-07-10 15:39:27','1970-01-01 01:00:00',1,31),(2436,'users',0,2657,'2023-07-10 15:53:16','1970-01-01 01:00:00',1,31),(2437,'users',0,2658,'2023-07-10 17:12:40','1970-01-01 01:00:00',1,31),(2438,'users',0,2659,'2023-07-10 17:21:57','1970-01-01 01:00:00',1,31),(2439,'users',0,2660,'2023-07-10 17:33:44','1970-01-01 01:00:00',1,31),(2440,'users',0,2661,'2023-07-10 17:46:03','1970-01-01 01:00:00',1,31),(2441,'users',0,2662,'2023-07-10 19:07:21','1970-01-01 01:00:00',1,31),(2442,'users',0,2663,'2023-07-10 20:07:56','1970-01-01 01:00:00',1,31),(2443,'users',0,2664,'2023-07-10 20:29:44','1970-01-01 01:00:00',1,31),(2444,'users',0,2665,'2023-07-10 20:48:27','1970-01-01 01:00:00',1,31),(2445,'users',0,2666,'2023-07-10 21:17:17','1970-01-01 01:00:00',1,31),(2446,'users',0,2667,'2023-07-10 21:33:08','1970-01-01 01:00:00',1,31),(2447,'users',0,2668,'2023-07-10 22:02:36','1970-01-01 01:00:00',1,31),(2448,'users',0,2669,'2023-07-10 22:06:13','1970-01-01 01:00:00',1,31),(2449,'users',0,2669,'2023-07-10 22:06:14','1970-01-01 01:00:00',1,32),(2450,'users',0,2669,'2023-07-10 22:06:16','1970-01-01 01:00:00',1,29),(2451,'users',0,2669,'2023-07-10 22:07:17','0000-00-00 00:00:00',1,52),(2452,'users',0,2670,'2023-07-10 22:32:49','1970-01-01 01:00:00',1,31),(2453,'users',0,2671,'2023-07-11 01:20:13','1970-01-01 01:00:00',1,31),(2454,'users',0,2672,'2023-07-11 01:29:15','1970-01-01 01:00:00',1,31),(2455,'users',0,2673,'2023-07-11 06:46:30','1970-01-01 01:00:00',1,31),(2456,'users',2505,2505,'2023-07-11 06:47:10','1970-01-01 01:00:00',1,29),(2457,'users',2505,2505,'2023-07-11 06:50:03','1970-01-01 01:00:00',1,29),(2458,'users',2505,2505,'2023-07-11 06:50:03','1970-01-01 01:00:00',1,52),(2459,'users',0,2674,'2023-07-11 08:29:06','1970-01-01 01:00:00',1,31),(2460,'users',0,2674,'2023-07-11 08:29:07','1970-01-01 01:00:00',1,32),(2461,'users',0,2674,'2023-07-11 08:29:08','1970-01-01 01:00:00',1,29),(2462,'users',0,2675,'2023-07-11 09:14:26','1970-01-01 01:00:00',1,31),(2463,'users',2675,2675,'2023-07-11 09:15:42','1970-01-01 01:00:00',1,32),(2464,'users',2675,2675,'2023-07-11 09:15:46','1970-01-01 01:00:00',1,29),(2465,'users',2675,2675,'2023-07-11 09:17:04','1970-01-01 01:00:00',1,29),(2466,'users',2675,2675,'2023-07-11 09:17:04','1970-01-01 01:00:00',1,52),(2467,'users',0,2676,'2023-07-11 13:10:32','1970-01-01 01:00:00',1,31),(2468,'users',0,2677,'2023-07-11 13:13:04','1970-01-01 01:00:00',1,31),(2469,'users',0,2678,'2023-07-11 13:48:40','1970-01-01 01:00:00',1,31),(2470,'users',0,2678,'2023-07-11 13:48:42','1970-01-01 01:00:00',1,32),(2471,'users',0,2678,'2023-07-11 13:48:45','1970-01-01 01:00:00',1,29),(2472,'users',0,2679,'2023-07-11 15:00:04','1970-01-01 01:00:00',1,31),(2473,'users',0,2680,'2023-07-11 15:00:41','1970-01-01 01:00:00',1,31),(2474,'users',0,2681,'2023-07-11 15:10:59','1970-01-01 01:00:00',1,31),(2475,'users',0,2682,'2023-07-11 15:51:57','1970-01-01 01:00:00',1,31),(2476,'users',0,2682,'2023-07-11 15:51:58','1970-01-01 01:00:00',1,32),(2477,'users',0,2682,'2023-07-11 15:52:01','1970-01-01 01:00:00',1,29),(2478,'users',0,2683,'2023-07-11 17:49:08','1970-01-01 01:00:00',1,31),(2479,'users',0,2684,'2023-07-11 20:01:53','1970-01-01 01:00:00',1,31),(2480,'users',0,2685,'2023-07-11 20:40:34','1970-01-01 01:00:00',1,31),(2481,'users',0,2686,'2023-07-11 20:50:05','1970-01-01 01:00:00',1,31),(2482,'users',0,2687,'2023-07-11 22:35:16','1970-01-01 01:00:00',1,31),(2483,'users',0,2688,'2023-07-11 22:45:48','1970-01-01 01:00:00',1,31),(2484,'users',0,2689,'2023-07-12 01:28:36','1970-01-01 01:00:00',1,31),(2485,'users',0,2690,'2023-07-12 12:54:35','1970-01-01 01:00:00',1,31),(2486,'users',0,2691,'2023-07-12 16:39:09','1970-01-01 01:00:00',1,31),(2487,'users',0,2692,'2023-07-12 17:02:35','1970-01-01 01:00:00',1,31),(2488,'users',0,2693,'2023-07-12 18:42:18','1970-01-01 01:00:00',1,31),(2489,'users',0,2693,'2023-07-12 18:42:19','1970-01-01 01:00:00',1,32),(2490,'users',0,2693,'2023-07-12 18:42:21','1970-01-01 01:00:00',1,29),(2491,'users',0,2693,'2023-07-12 18:42:57','1970-01-01 01:00:00',1,29),(2492,'users',0,2693,'2023-07-12 18:42:57','1970-01-01 01:00:00',1,52),(2493,'users',0,2694,'2023-07-12 21:15:35','1970-01-01 01:00:00',1,31),(2494,'users',0,2695,'2023-07-13 01:21:24','1970-01-01 01:00:00',1,31),(2495,'users',0,2696,'2023-07-13 11:28:50','1970-01-01 01:00:00',1,31),(2496,'users',0,2697,'2023-07-13 17:36:17','1970-01-01 01:00:00',1,31),(2497,'users',0,2698,'2023-07-13 18:32:22','1970-01-01 01:00:00',1,31),(2498,'users',0,2698,'2023-07-13 18:32:23','1970-01-01 01:00:00',1,32),(2499,'users',0,2698,'2023-07-13 18:32:25','1970-01-01 01:00:00',1,29),(2500,'users',0,2698,'2023-07-13 18:34:06','1970-01-01 01:00:00',1,29),(2501,'users',0,2698,'2023-07-13 18:34:06','1970-01-01 01:00:00',1,52),(2502,'users',0,2699,'2023-07-13 18:44:36','1970-01-01 01:00:00',1,31),(2503,'users',0,2700,'2023-07-13 19:04:29','1970-01-01 01:00:00',1,31),(2504,'users',0,2701,'2023-07-13 19:06:10','1970-01-01 01:00:00',1,31),(2505,'users',0,2702,'2023-07-13 21:47:10','1970-01-01 01:00:00',1,31),(2506,'users',0,2703,'2023-07-13 23:10:28','1970-01-01 01:00:00',1,31),(2507,'users',0,2704,'2023-07-13 23:19:16','1970-01-01 01:00:00',1,31),(2508,'users',0,2705,'2023-07-13 23:22:38','1970-01-01 01:00:00',1,31),(2509,'users',0,2706,'2023-07-14 02:02:05','1970-01-01 01:00:00',1,31),(2510,'users',0,2707,'2023-07-14 03:31:04','1970-01-01 01:00:00',1,31),(2511,'users',0,2708,'2023-07-14 04:19:26','1970-01-01 01:00:00',1,31),(2512,'users',0,2709,'2023-07-14 05:57:37','1970-01-01 01:00:00',1,31),(2513,'users',0,2710,'2023-07-14 08:41:33','1970-01-01 01:00:00',1,31),(2514,'users',0,2711,'2023-07-14 09:28:02','1970-01-01 01:00:00',1,31),(2515,'users',0,2712,'2023-07-14 14:16:19','1970-01-01 01:00:00',1,31),(2516,'users',0,2713,'2023-07-14 14:48:53','1970-01-01 01:00:00',1,31),(2517,'users',0,2714,'2023-07-14 14:56:56','1970-01-01 01:00:00',1,31),(2518,'users',0,2715,'2023-07-14 16:18:42','1970-01-01 01:00:00',1,31),(2519,'users',0,2716,'2023-07-14 16:18:43','1970-01-01 01:00:00',1,31),(2520,'users',0,2717,'2023-07-14 16:34:59','1970-01-01 01:00:00',1,31),(2521,'users',0,2718,'2023-07-14 17:19:05','1970-01-01 01:00:00',1,31),(2522,'users',0,2719,'2023-07-14 17:37:12','1970-01-01 01:00:00',1,31),(2523,'users',0,2720,'2023-07-14 17:57:15','1970-01-01 01:00:00',1,31),(2524,'users',0,2721,'2023-07-14 18:41:44','1970-01-01 01:00:00',1,31),(2525,'users',0,2722,'2023-07-14 20:23:35','1970-01-01 01:00:00',1,31),(2526,'users',0,2723,'2023-07-14 21:31:32','1970-01-01 01:00:00',1,31),(2527,'users',0,2724,'2023-07-14 21:32:27','1970-01-01 01:00:00',1,31),(2528,'users',0,2725,'2023-07-15 00:14:40','1970-01-01 01:00:00',1,31),(2529,'users',0,2726,'2023-07-15 02:10:57','1970-01-01 01:00:00',1,31),(2530,'users',0,2727,'2023-07-15 02:28:23','1970-01-01 01:00:00',1,31),(2531,'users',0,2728,'2023-07-15 02:47:06','1970-01-01 01:00:00',1,31),(2532,'users',0,2729,'2023-07-15 03:12:30','1970-01-01 01:00:00',1,31),(2533,'users',0,2730,'2023-07-15 08:12:19','1970-01-01 01:00:00',1,31),(2534,'users',0,2731,'2023-07-15 09:18:36','1970-01-01 01:00:00',1,31),(2535,'users',0,2732,'2023-07-15 18:42:49','1970-01-01 01:00:00',1,31),(2536,'users',0,2733,'2023-07-15 21:14:47','1970-01-01 01:00:00',1,31),(2537,'users',0,2734,'2023-07-15 21:41:42','1970-01-01 01:00:00',1,31),(2538,'users',0,2735,'2023-07-16 04:17:28','1970-01-01 01:00:00',1,31),(2539,'users',0,2736,'2023-07-16 05:57:03','1970-01-01 01:00:00',1,31),(2540,'users',0,2737,'2023-07-16 08:36:54','1970-01-01 01:00:00',1,31),(2541,'users',2643,2643,'2023-07-16 11:21:23','1970-01-01 01:00:00',1,29),(2542,'users',2643,2643,'2023-07-16 11:22:36','1970-01-01 01:00:00',1,29),(2543,'users',2643,2643,'2023-07-16 11:22:36','1970-01-01 01:00:00',1,52),(2544,'users',0,2738,'2023-07-16 11:33:33','1970-01-01 01:00:00',1,31),(2545,'users',0,2738,'2023-07-16 11:33:34','1970-01-01 01:00:00',1,32),(2546,'users',0,2738,'2023-07-16 11:33:36','1970-01-01 01:00:00',1,29),(2547,'users',0,2739,'2023-07-16 13:47:54','1970-01-01 01:00:00',1,31),(2548,'users',0,2740,'2023-07-16 14:36:24','1970-01-01 01:00:00',1,31),(2549,'users',0,2741,'2023-07-16 14:41:21','1970-01-01 01:00:00',1,31),(2550,'users',0,928,'2023-07-16 16:29:22','1970-01-01 01:00:00',1,32),(2551,'users',0,928,'2023-07-16 16:29:23','1970-01-01 01:00:00',1,29),(2552,'users',0,928,'2023-07-16 16:29:58','1970-01-01 01:00:00',1,29),(2553,'users',0,928,'2023-07-16 16:29:58','1970-01-01 01:00:00',1,52),(2554,'users',0,2742,'2023-07-16 19:29:51','1970-01-01 01:00:00',1,31),(2555,'users',0,2743,'2023-07-16 20:52:39','1970-01-01 01:00:00',1,31),(2556,'users',0,2744,'2023-07-17 01:28:39','1970-01-01 01:00:00',1,31),(2557,'users',0,2745,'2023-07-17 06:11:20','1970-01-01 01:00:00',1,31),(2558,'users',0,2746,'2023-07-17 09:08:19','1970-01-01 01:00:00',1,31),(2559,'users',0,2747,'2023-07-17 10:51:32','1970-01-01 01:00:00',1,31),(2560,'users',0,2748,'2023-07-17 12:06:35','1970-01-01 01:00:00',1,31),(2561,'users',0,2749,'2023-07-17 12:17:25','1970-01-01 01:00:00',1,31),(2562,'users',0,2750,'2023-07-17 17:48:33','1970-01-01 01:00:00',1,31),(2563,'users',0,2751,'2023-07-17 18:57:57','1970-01-01 01:00:00',1,31),(2564,'users',0,2752,'2023-07-17 20:07:00','1970-01-01 01:00:00',1,31),(2565,'users',0,2753,'2023-07-17 20:07:29','1970-01-01 01:00:00',1,31),(2566,'users',0,2754,'2023-07-17 20:31:10','1970-01-01 01:00:00',1,31),(2567,'users',0,2755,'2023-07-17 20:34:55','1970-01-01 01:00:00',1,31),(2568,'users',0,2756,'2023-07-17 21:44:13','1970-01-01 01:00:00',1,31),(2569,'users',0,2757,'2023-07-17 21:57:25','1970-01-01 01:00:00',1,31),(2570,'users',0,2758,'2023-07-17 22:06:36','1970-01-01 01:00:00',1,31),(2571,'users',0,2759,'2023-07-17 22:09:05','1970-01-01 01:00:00',1,31),(2572,'users',0,2760,'2023-07-17 23:38:00','1970-01-01 01:00:00',1,31),(2573,'users',0,2761,'2023-07-17 23:38:56','1970-01-01 01:00:00',1,31),(2574,'users',0,2762,'2023-07-18 00:38:51','1970-01-01 01:00:00',1,31),(2575,'users',0,2763,'2023-07-18 03:40:14','1970-01-01 01:00:00',1,31),(2576,'users',0,2764,'2023-07-18 07:13:19','1970-01-01 01:00:00',1,31),(2577,'users',0,2765,'2023-07-18 07:21:17','1970-01-01 01:00:00',1,31),(2578,'users',0,2766,'2023-07-18 10:17:11','1970-01-01 01:00:00',1,31),(2579,'users',0,2767,'2023-07-18 11:20:32','1970-01-01 01:00:00',1,31),(2580,'users',0,2768,'2023-07-18 14:46:26','1970-01-01 01:00:00',1,31),(2581,'users',0,2769,'2023-07-18 17:15:03','1970-01-01 01:00:00',1,31),(2582,'users',0,2770,'2023-07-18 17:19:17','1970-01-01 01:00:00',1,31),(2583,'users',0,2771,'2023-07-18 19:56:28','1970-01-01 01:00:00',1,31),(2584,'users',0,2772,'2023-07-18 20:19:11','1970-01-01 01:00:00',1,31),(2585,'users',0,2773,'2023-07-18 20:27:24','1970-01-01 01:00:00',1,31),(2586,'users',0,2774,'2023-07-18 21:38:05','1970-01-01 01:00:00',1,31),(2587,'users',0,2775,'2023-07-18 22:45:49','1970-01-01 01:00:00',1,31),(2588,'users',0,2776,'2023-07-18 23:27:33','1970-01-01 01:00:00',1,31),(2589,'users',0,2777,'2023-07-18 23:31:25','1970-01-01 01:00:00',1,31),(2590,'users',0,2778,'2023-07-19 00:21:18','1970-01-01 01:00:00',1,31),(2591,'users',0,2779,'2023-07-19 00:52:32','1970-01-01 01:00:00',1,31),(2592,'users',0,2780,'2023-07-19 00:58:45','1970-01-01 01:00:00',1,31),(2593,'users',0,2781,'2023-07-19 01:02:27','1970-01-01 01:00:00',1,31),(2594,'users',0,2782,'2023-07-19 01:22:57','1970-01-01 01:00:00',1,31),(2595,'users',0,2783,'2023-07-19 01:31:45','1970-01-01 01:00:00',1,31),(2596,'users',0,2784,'2023-07-19 02:58:25','1970-01-01 01:00:00',1,31),(2597,'users',0,2785,'2023-07-19 03:01:54','1970-01-01 01:00:00',1,31),(2598,'users',0,2786,'2023-07-19 03:16:59','1970-01-01 01:00:00',1,31),(2599,'users',0,2787,'2023-07-19 03:19:22','1970-01-01 01:00:00',1,31),(2600,'users',0,2788,'2023-07-19 04:20:16','1970-01-01 01:00:00',1,31),(2601,'users',0,2789,'2023-07-19 04:22:19','1970-01-01 01:00:00',1,31),(2602,'users',0,2790,'2023-07-19 05:03:26','1970-01-01 01:00:00',1,31),(2603,'users',0,2791,'2023-07-19 06:53:42','1970-01-01 01:00:00',1,31),(2604,'users',0,2792,'2023-07-19 07:01:53','1970-01-01 01:00:00',1,31),(2605,'users',0,2793,'2023-07-19 07:10:27','1970-01-01 01:00:00',1,31),(2606,'users',0,2794,'2023-07-19 09:23:45','1970-01-01 01:00:00',1,31),(2607,'users',0,2795,'2023-07-19 09:34:49','1970-01-01 01:00:00',1,31),(2608,'users',0,2796,'2023-07-19 10:33:51','1970-01-01 01:00:00',1,31),(2609,'users',0,2797,'2023-07-19 10:35:14','1970-01-01 01:00:00',1,31),(2610,'users',0,2798,'2023-07-19 10:37:33','1970-01-01 01:00:00',1,31),(2611,'users',0,2799,'2023-07-19 10:46:57','1970-01-01 01:00:00',1,31),(2612,'users',0,2800,'2023-07-19 12:26:26','1970-01-01 01:00:00',1,31),(2613,'users',0,2801,'2023-07-19 12:38:38','1970-01-01 01:00:00',1,31),(2614,'users',0,2802,'2023-07-19 12:57:08','1970-01-01 01:00:00',1,31),(2615,'users',0,2803,'2023-07-19 13:03:10','1970-01-01 01:00:00',1,31),(2616,'users',0,2804,'2023-07-19 13:24:39','1970-01-01 01:00:00',1,31),(2617,'users',0,2805,'2023-07-19 15:01:34','1970-01-01 01:00:00',1,31),(2618,'users',0,2806,'2023-07-19 15:13:12','1970-01-01 01:00:00',1,31),(2619,'users',0,2807,'2023-07-19 16:07:13','1970-01-01 01:00:00',1,31),(2620,'users',2807,2807,'2023-07-19 16:10:23','1970-01-01 01:00:00',1,32),(2621,'users',2807,2807,'2023-07-19 16:10:26','1970-01-01 01:00:00',1,29),(2622,'users',0,2808,'2023-07-19 22:45:07','1970-01-01 01:00:00',1,31),(2623,'users',0,2809,'2023-07-19 23:16:02','1970-01-01 01:00:00',1,31),(2624,'users',0,2810,'2023-07-19 23:33:56','1970-01-01 01:00:00',1,31),(2625,'users',0,2811,'2023-07-19 23:55:26','1970-01-01 01:00:00',1,31),(2626,'users',0,2812,'2023-07-20 00:40:31','1970-01-01 01:00:00',1,31),(2627,'users',0,2813,'2023-07-20 01:18:18','1970-01-01 01:00:00',1,31),(2628,'users',0,2814,'2023-07-20 02:00:40','1970-01-01 01:00:00',1,31),(2629,'users',0,2815,'2023-07-20 02:39:12','1970-01-01 01:00:00',1,31),(2630,'users',0,2816,'2023-07-20 04:55:07','1970-01-01 01:00:00',1,31),(2631,'users',0,2817,'2023-07-20 05:53:09','1970-01-01 01:00:00',1,31),(2632,'users',0,2818,'2023-07-20 13:30:22','1970-01-01 01:00:00',1,31),(2633,'users',0,2819,'2023-07-20 18:23:53','1970-01-01 01:00:00',1,31),(2634,'users',0,2819,'2023-07-20 18:23:54','1970-01-01 01:00:00',1,32),(2635,'users',0,2819,'2023-07-20 18:23:58','1970-01-01 01:00:00',1,29),(2636,'users',0,2819,'2023-07-20 18:24:35','1970-01-01 01:00:00',1,29),(2637,'users',0,2819,'2023-07-20 18:24:35','1970-01-01 01:00:00',1,52),(2638,'users',0,2820,'2023-07-20 19:29:12','1970-01-01 01:00:00',1,31),(2639,'users',0,2821,'2023-07-20 21:28:11','1970-01-01 01:00:00',1,31),(2640,'users',0,2822,'2023-07-20 23:13:38','1970-01-01 01:00:00',1,31),(2641,'users',0,2823,'2023-07-20 23:18:25','1970-01-01 01:00:00',1,31),(2642,'users',0,2824,'2023-07-21 03:05:05','1970-01-01 01:00:00',1,31),(2643,'users',0,2825,'2023-07-21 03:08:21','1970-01-01 01:00:00',1,31),(2644,'users',0,2826,'2023-07-21 10:35:36','1970-01-01 01:00:00',1,31),(2645,'users',0,2827,'2023-07-21 11:17:59','1970-01-01 01:00:00',1,31),(2646,'users',0,2828,'2023-07-21 11:19:39','1970-01-01 01:00:00',1,31),(2647,'users',0,2829,'2023-07-21 11:41:32','1970-01-01 01:00:00',1,31),(2648,'users',0,2830,'2023-07-21 12:49:19','1970-01-01 01:00:00',1,31),(2649,'users',0,2831,'2023-07-21 12:50:44','1970-01-01 01:00:00',1,31),(2650,'users',0,2832,'2023-07-21 13:54:25','1970-01-01 01:00:00',1,31),(2651,'users',0,2833,'2023-07-21 18:18:41','1970-01-01 01:00:00',1,31),(2652,'users',0,2834,'2023-07-21 23:57:59','1970-01-01 01:00:00',1,31),(2653,'users',0,2835,'2023-07-22 00:51:26','1970-01-01 01:00:00',1,31),(2654,'users',0,2836,'2023-07-22 01:12:35','1970-01-01 01:00:00',1,31),(2655,'users',0,2837,'2023-07-22 02:53:58','1970-01-01 01:00:00',1,31),(2656,'users',0,2838,'2023-07-22 08:43:50','1970-01-01 01:00:00',1,31),(2657,'users',0,2838,'2023-07-22 08:43:51','1970-01-01 01:00:00',1,32),(2658,'users',0,2838,'2023-07-22 08:43:53','1970-01-01 01:00:00',1,29),(2659,'users',0,2838,'2023-07-22 08:44:36','1970-01-01 01:00:00',1,29),(2660,'users',0,2838,'2023-07-22 08:44:36','1970-01-01 01:00:00',1,52),(2661,'users',0,2839,'2023-07-22 09:33:53','1970-01-01 01:00:00',1,31),(2662,'users',0,2840,'2023-07-22 16:02:00','1970-01-01 01:00:00',1,31),(2663,'users',0,2841,'2023-07-23 04:09:51','1970-01-01 01:00:00',1,31),(2664,'users',0,2842,'2023-07-23 14:47:47','1970-01-01 01:00:00',1,31),(2665,'users',0,2842,'2023-07-23 14:47:48','1970-01-01 01:00:00',1,32),(2666,'users',0,2842,'2023-07-23 14:47:52','1970-01-01 01:00:00',1,29),(2667,'users',0,2842,'2023-07-23 14:48:28','1970-01-01 01:00:00',1,29),(2668,'users',0,2842,'2023-07-23 14:48:28','1970-01-01 01:00:00',1,52),(2669,'users',0,2843,'2023-07-23 16:59:09','1970-01-01 01:00:00',1,31),(2670,'users',0,2844,'2023-07-24 00:43:17','1970-01-01 01:00:00',1,31),(2671,'users',0,2845,'2023-07-24 11:58:10','1970-01-01 01:00:00',1,31),(2672,'users',0,2846,'2023-07-24 12:01:05','1970-01-01 01:00:00',1,31),(2673,'users',0,2847,'2023-07-24 13:15:49','1970-01-01 01:00:00',1,31),(2674,'users',0,2848,'2023-07-24 13:34:15','1970-01-01 01:00:00',1,31),(2675,'users',0,2849,'2023-07-24 13:46:51','1970-01-01 01:00:00',1,31),(2676,'users',0,2850,'2023-07-24 15:27:26','1970-01-01 01:00:00',1,31),(2677,'users',0,2850,'2023-07-24 15:27:27','1970-01-01 01:00:00',1,32),(2678,'users',0,2850,'2023-07-24 15:27:29','1970-01-01 01:00:00',1,29),(2679,'users',0,2851,'2023-07-24 20:45:31','1970-01-01 01:00:00',1,31),(2680,'users',0,2852,'2023-07-24 21:45:31','1970-01-01 01:00:00',1,31),(2681,'users',0,2853,'2023-07-25 01:30:34','1970-01-01 01:00:00',1,31),(2682,'users',0,2854,'2023-07-25 02:42:44','1970-01-01 01:00:00',1,31),(2683,'users',0,2855,'2023-07-25 02:56:32','1970-01-01 01:00:00',1,31),(2684,'users',0,2856,'2023-07-25 04:28:29','1970-01-01 01:00:00',1,31),(2685,'users',0,2857,'2023-07-25 16:36:44','1970-01-01 01:00:00',1,31),(2686,'users',0,2858,'2023-07-25 17:42:34','1970-01-01 01:00:00',1,31),(2687,'users',0,2859,'2023-07-25 19:21:26','1970-01-01 01:00:00',1,31),(2688,'users',0,2860,'2023-07-25 20:52:05','1970-01-01 01:00:00',1,31),(2689,'users',0,2861,'2023-07-25 21:49:26','1970-01-01 01:00:00',1,31),(2690,'users',0,2862,'2023-07-25 23:09:03','1970-01-01 01:00:00',1,31),(2691,'users',0,2863,'2023-07-25 23:57:59','1970-01-01 01:00:00',1,31),(2692,'users',0,2864,'2023-07-26 00:47:34','1970-01-01 01:00:00',1,31),(2693,'users',0,2865,'2023-07-26 01:04:45','1970-01-01 01:00:00',1,31),(2694,'users',0,2866,'2023-07-26 02:07:50','1970-01-01 01:00:00',1,31),(2695,'users',0,2867,'2023-07-26 05:16:43','1970-01-01 01:00:00',1,31),(2696,'users',0,2868,'2023-07-26 09:59:51','1970-01-01 01:00:00',1,31),(2697,'users',0,2868,'2023-07-26 09:59:52','1970-01-01 01:00:00',1,32),(2698,'users',0,2868,'2023-07-26 09:59:56','1970-01-01 01:00:00',1,29),(2699,'users',0,2868,'2023-07-26 10:01:01','0000-00-00 00:00:00',1,52),(2700,'users',0,2869,'2023-07-26 11:03:24','1970-01-01 01:00:00',1,31),(2701,'users',0,2870,'2023-07-26 16:53:08','1970-01-01 01:00:00',1,31),(2702,'users',0,2871,'2023-07-26 18:36:42','1970-01-01 01:00:00',1,31),(2703,'users',0,2872,'2023-07-26 18:37:13','1970-01-01 01:00:00',1,31),(2704,'users',0,2873,'2023-07-26 19:24:00','1970-01-01 01:00:00',1,31),(2705,'users',0,2874,'2023-07-26 19:32:50','1970-01-01 01:00:00',1,31),(2706,'users',0,2875,'2023-07-26 21:20:28','1970-01-01 01:00:00',1,31),(2707,'users',0,2876,'2023-07-26 22:29:26','1970-01-01 01:00:00',1,31),(2708,'users',0,2877,'2023-07-26 23:14:25','1970-01-01 01:00:00',1,31),(2709,'users',0,2877,'2023-07-26 23:14:26','1970-01-01 01:00:00',1,32),(2710,'users',0,2877,'2023-07-26 23:14:28','1970-01-01 01:00:00',1,29),(2711,'users',0,2877,'2023-07-26 23:15:49','1970-01-01 01:00:00',1,29),(2712,'users',0,2877,'2023-07-26 23:15:49','1970-01-01 01:00:00',1,52),(2713,'users',0,2878,'2023-07-27 13:10:12','1970-01-01 01:00:00',1,31),(2714,'users',0,2879,'2023-07-27 13:38:54','1970-01-01 01:00:00',1,31),(2715,'users',0,2879,'2023-07-27 13:38:55','1970-01-01 01:00:00',1,32),(2716,'users',0,2879,'2023-07-27 13:38:57','1970-01-01 01:00:00',1,29),(2717,'users',0,2880,'2023-07-27 15:02:18','1970-01-01 01:00:00',1,31),(2718,'users',0,2881,'2023-07-27 16:06:21','1970-01-01 01:00:00',1,31),(2719,'users',0,2882,'2023-07-27 16:17:38','1970-01-01 01:00:00',1,31),(2720,'users',0,2883,'2023-07-28 00:12:28','1970-01-01 01:00:00',1,31),(2721,'users',0,2884,'2023-07-28 02:12:58','1970-01-01 01:00:00',1,31),(2722,'users',0,2885,'2023-07-28 04:08:02','1970-01-01 01:00:00',1,31),(2723,'users',0,2886,'2023-07-28 10:20:57','1970-01-01 01:00:00',1,31),(2724,'users',0,2887,'2023-07-28 10:22:37','1970-01-01 01:00:00',1,31),(2725,'users',0,2888,'2023-07-28 14:02:25','1970-01-01 01:00:00',1,31),(2726,'users',0,2889,'2023-07-28 16:35:51','1970-01-01 01:00:00',1,31),(2727,'users',0,2890,'2023-07-28 18:33:37','1970-01-01 01:00:00',1,31),(2728,'users',0,2891,'2023-07-28 18:43:37','1970-01-01 01:00:00',1,31),(2729,'users',0,2892,'2023-07-28 21:16:32','1970-01-01 01:00:00',1,31),(2730,'users',0,2893,'2023-07-29 01:26:15','1970-01-01 01:00:00',1,31),(2731,'users',0,2894,'2023-07-29 04:44:06','1970-01-01 01:00:00',1,31),(2732,'users',0,2895,'2023-07-29 18:37:59','1970-01-01 01:00:00',1,31),(2733,'users',0,2896,'2023-07-29 20:42:43','1970-01-01 01:00:00',1,31),(2734,'users',0,2897,'2023-07-29 22:05:22','1970-01-01 01:00:00',1,31),(2735,'users',0,2898,'2023-07-30 05:45:57','1970-01-01 01:00:00',1,31),(2736,'users',0,2899,'2023-07-30 07:49:47','1970-01-01 01:00:00',1,31),(2737,'users',0,2900,'2023-07-30 12:40:31','1970-01-01 01:00:00',1,31),(2738,'users',0,2901,'2023-07-30 15:26:13','1970-01-01 01:00:00',1,31),(2739,'users',0,2902,'2023-07-30 16:51:34','1970-01-01 01:00:00',1,31),(2740,'users',0,2903,'2023-07-30 18:10:18','1970-01-01 01:00:00',1,31),(2741,'users',0,2904,'2023-07-30 19:01:36','1970-01-01 01:00:00',1,31),(2742,'users',0,2905,'2023-07-30 19:16:58','1970-01-01 01:00:00',1,31),(2743,'users',0,2906,'2023-07-30 20:34:46','1970-01-01 01:00:00',1,31),(2744,'users',0,2907,'2023-07-30 21:02:10','1970-01-01 01:00:00',1,31),(2745,'users',0,2908,'2023-07-30 22:24:01','1970-01-01 01:00:00',1,31),(2746,'users',0,2909,'2023-07-30 23:41:34','1970-01-01 01:00:00',1,31),(2747,'users',0,2910,'2023-07-31 00:51:10','1970-01-01 01:00:00',1,31),(2748,'users',0,2911,'2023-07-31 01:41:30','1970-01-01 01:00:00',1,31),(2749,'users',0,2912,'2023-07-31 04:18:36','1970-01-01 01:00:00',1,31),(2750,'users',0,2913,'2023-07-31 05:22:57','1970-01-01 01:00:00',1,31),(2751,'users',0,2914,'2023-07-31 12:01:26','1970-01-01 01:00:00',1,31),(2752,'users',0,2915,'2023-07-31 13:08:19','1970-01-01 01:00:00',1,31),(2753,'users',0,2916,'2023-07-31 14:50:27','1970-01-01 01:00:00',1,31),(2754,'users',0,2917,'2023-07-31 16:16:49','1970-01-01 01:00:00',1,31),(2755,'users',0,2918,'2023-07-31 17:55:42','1970-01-01 01:00:00',1,31),(2756,'users',0,2919,'2023-07-31 18:08:04','1970-01-01 01:00:00',1,31),(2757,'users',0,2920,'2023-07-31 19:21:27','1970-01-01 01:00:00',1,31),(2758,'users',0,2921,'2023-07-31 19:46:32','1970-01-01 01:00:00',1,31),(2759,'users',2921,2921,'2023-07-31 19:56:10','1970-01-01 01:00:00',1,32),(2760,'users',2921,2921,'2023-07-31 19:56:13','1970-01-01 01:00:00',1,29),(2761,'users',2921,2921,'2023-07-31 19:56:52','1970-01-01 01:00:00',1,29),(2762,'users',2921,2921,'2023-07-31 19:56:52','1970-01-01 01:00:00',1,52),(2763,'users',0,2922,'2023-07-31 20:16:45','1970-01-01 01:00:00',1,31),(2764,'users',0,2923,'2023-07-31 20:30:04','1970-01-01 01:00:00',1,31),(2765,'users',0,2924,'2023-07-31 21:34:58','1970-01-01 01:00:00',1,31),(2766,'users',0,2925,'2023-08-01 00:05:14','1970-01-01 01:00:00',1,31),(2767,'users',0,2926,'2023-08-01 00:30:33','1970-01-01 01:00:00',1,31),(2768,'users',0,2927,'2023-08-01 03:10:37','1970-01-01 01:00:00',1,31),(2769,'users',0,2928,'2023-08-01 10:48:19','1970-01-01 01:00:00',1,31),(2770,'users',0,2929,'2023-08-01 11:38:49','1970-01-01 01:00:00',1,31),(2771,'users',0,2930,'2023-08-01 12:48:04','1970-01-01 01:00:00',1,31),(2772,'users',0,2931,'2023-08-01 15:26:29','1970-01-01 01:00:00',1,31),(2773,'users',0,2932,'2023-08-01 16:14:34','1970-01-01 01:00:00',1,31),(2774,'users',0,2933,'2023-08-01 16:44:57','1970-01-01 01:00:00',1,31),(2775,'users',0,2934,'2023-08-01 17:00:58','1970-01-01 01:00:00',1,31),(2776,'users',0,2935,'2023-08-01 17:10:47','1970-01-01 01:00:00',1,31),(2777,'users',0,2936,'2023-08-01 18:51:45','1970-01-01 01:00:00',1,31),(2778,'users',0,2937,'2023-08-01 20:27:00','1970-01-01 01:00:00',1,31),(2779,'users',0,2938,'2023-08-01 21:06:24','1970-01-01 01:00:00',1,31),(2780,'users',0,2939,'2023-08-01 21:17:04','1970-01-01 01:00:00',1,31),(2781,'users',0,2940,'2023-08-01 23:43:46','1970-01-01 01:00:00',1,31),(2782,'users',0,2941,'2023-08-02 00:55:11','1970-01-01 01:00:00',1,31),(2783,'users',0,2942,'2023-08-02 01:51:10','1970-01-01 01:00:00',1,31),(2784,'users',0,2943,'2023-08-02 08:14:20','1970-01-01 01:00:00',1,31),(2785,'users',0,2943,'2023-08-02 08:14:21','1970-01-01 01:00:00',1,32),(2786,'users',0,2943,'2023-08-02 08:14:25','1970-01-01 01:00:00',1,29),(2787,'users',0,2943,'2023-08-02 08:15:18','1970-01-01 01:00:00',1,29),(2788,'users',0,2943,'2023-08-02 08:15:18','1970-01-01 01:00:00',1,52),(2789,'users',0,2944,'2023-08-02 08:44:48','1970-01-01 01:00:00',1,31),(2790,'users',0,2945,'2023-08-02 10:56:23','1970-01-01 01:00:00',1,31),(2791,'users',0,2946,'2023-08-02 13:54:06','1970-01-01 01:00:00',1,31),(2792,'users',0,2947,'2023-08-02 15:21:12','1970-01-01 01:00:00',1,31),(2793,'users',0,2948,'2023-08-02 15:21:49','1970-01-01 01:00:00',1,31),(2794,'users',0,2949,'2023-08-02 16:56:51','1970-01-01 01:00:00',1,31),(2795,'users',0,2950,'2023-08-02 17:12:04','1970-01-01 01:00:00',1,31),(2796,'users',0,2951,'2023-08-02 17:50:45','1970-01-01 01:00:00',1,31),(2797,'users',0,2952,'2023-08-02 18:35:51','1970-01-01 01:00:00',1,31),(2798,'users',0,2953,'2023-08-02 18:49:25','1970-01-01 01:00:00',1,31),(2799,'users',0,2954,'2023-08-02 18:51:29','1970-01-01 01:00:00',1,31),(2800,'users',0,2955,'2023-08-02 19:50:55','1970-01-01 01:00:00',1,31),(2801,'users',0,2956,'2023-08-02 20:21:53','1970-01-01 01:00:00',1,31),(2802,'users',0,2957,'2023-08-02 20:24:38','1970-01-01 01:00:00',1,31),(2803,'users',0,2958,'2023-08-02 21:01:13','1970-01-01 01:00:00',1,31),(2804,'users',0,2959,'2023-08-02 23:07:34','1970-01-01 01:00:00',1,31),(2805,'users',0,2960,'2023-08-03 00:46:42','1970-01-01 01:00:00',1,31),(2806,'users',0,2961,'2023-08-03 01:15:13','1970-01-01 01:00:00',1,31),(2807,'users',0,2961,'2023-08-03 01:15:14','1970-01-01 01:00:00',1,32),(2808,'users',0,2961,'2023-08-03 01:15:17','1970-01-01 01:00:00',1,29),(2809,'users',0,2961,'2023-08-03 01:15:41','1970-01-01 01:00:00',1,29),(2810,'users',0,2961,'2023-08-03 01:15:41','1970-01-01 01:00:00',1,52),(2811,'users',0,2962,'2023-08-03 01:49:24','1970-01-01 01:00:00',1,31),(2812,'users',0,2963,'2023-08-03 02:09:13','1970-01-01 01:00:00',1,31),(2813,'users',0,2964,'2023-08-03 02:31:54','1970-01-01 01:00:00',1,31),(2814,'users',0,2965,'2023-08-03 08:47:44','1970-01-01 01:00:00',1,31),(2815,'users',0,2966,'2023-08-03 09:42:15','1970-01-01 01:00:00',1,31),(2816,'users',0,2967,'2023-08-03 12:28:24','1970-01-01 01:00:00',1,31),(2817,'users',0,2967,'2023-08-03 12:28:25','1970-01-01 01:00:00',1,32),(2818,'users',0,2967,'2023-08-03 12:28:28','1970-01-01 01:00:00',1,29),(2819,'users',0,2967,'2023-08-03 12:29:10','1970-01-01 01:00:00',1,29),(2820,'users',0,2967,'2023-08-03 12:29:10','1970-01-01 01:00:00',1,52),(2821,'users',0,2968,'2023-08-03 12:30:08','1970-01-01 01:00:00',1,31),(2822,'users',0,2969,'2023-08-03 12:58:09','1970-01-01 01:00:00',1,31),(2823,'users',0,2970,'2023-08-03 16:01:36','1970-01-01 01:00:00',1,31),(2824,'users',0,2971,'2023-08-03 16:18:02','1970-01-01 01:00:00',1,31),(2825,'users',0,2972,'2023-08-03 17:10:10','1970-01-01 01:00:00',1,31),(2826,'users',0,2973,'2023-08-03 18:19:07','1970-01-01 01:00:00',1,31),(2827,'users',0,2974,'2023-08-03 18:22:52','1970-01-01 01:00:00',1,31),(2828,'users',0,2975,'2023-08-03 18:47:32','1970-01-01 01:00:00',1,31),(2829,'users',0,2976,'2023-08-03 18:47:52','1970-01-01 01:00:00',1,31),(2830,'users',0,2977,'2023-08-03 19:22:03','1970-01-01 01:00:00',1,31),(2831,'users',0,2978,'2023-08-03 19:27:52','1970-01-01 01:00:00',1,31),(2832,'users',0,2979,'2023-08-03 20:35:28','1970-01-01 01:00:00',1,31),(2833,'users',0,2980,'2023-08-03 22:10:16','1970-01-01 01:00:00',1,31),(2834,'users',0,2981,'2023-08-03 22:21:41','1970-01-01 01:00:00',1,31),(2835,'users',0,2982,'2023-08-03 22:26:34','1970-01-01 01:00:00',1,31),(2836,'users',0,2983,'2023-08-03 22:43:25','1970-01-01 01:00:00',1,31),(2837,'users',0,2984,'2023-08-03 23:18:30','1970-01-01 01:00:00',1,31),(2838,'users',0,2985,'2023-08-03 23:58:27','1970-01-01 01:00:00',1,31),(2839,'users',0,2986,'2023-08-03 23:59:15','1970-01-01 01:00:00',1,31),(2840,'users',0,2987,'2023-08-04 00:05:22','1970-01-01 01:00:00',1,31),(2841,'users',0,2988,'2023-08-04 00:24:31','1970-01-01 01:00:00',1,31),(2842,'users',0,2989,'2023-08-04 01:02:54','1970-01-01 01:00:00',1,31),(2843,'users',0,2990,'2023-08-04 01:03:07','1970-01-01 01:00:00',1,31),(2844,'users',0,2991,'2023-08-04 01:14:03','1970-01-01 01:00:00',1,31),(2845,'users',0,2992,'2023-08-04 01:34:56','1970-01-01 01:00:00',1,31),(2846,'users',0,2993,'2023-08-04 01:43:54','1970-01-01 01:00:00',1,31),(2847,'users',0,2994,'2023-08-04 01:49:06','1970-01-01 01:00:00',1,31),(2848,'users',0,2995,'2023-08-04 02:31:39','1970-01-01 01:00:00',1,31),(2849,'users',0,2996,'2023-08-04 03:13:28','1970-01-01 01:00:00',1,31),(2850,'users',0,2997,'2023-08-04 04:45:11','1970-01-01 01:00:00',1,31),(2851,'users',0,2998,'2023-08-04 06:21:56','1970-01-01 01:00:00',1,31),(2852,'users',0,2999,'2023-08-04 09:26:09','1970-01-01 01:00:00',1,31),(2853,'users',0,3000,'2023-08-04 10:55:48','1970-01-01 01:00:00',1,31),(2854,'users',0,3001,'2023-08-04 12:38:53','1970-01-01 01:00:00',1,31),(2855,'users',0,3001,'2023-08-04 12:38:54','1970-01-01 01:00:00',1,32),(2856,'users',0,3001,'2023-08-04 12:38:56','1970-01-01 01:00:00',1,29),(2857,'users',0,3001,'2023-08-04 12:40:01','1970-01-01 01:00:00',1,29),(2858,'users',0,3001,'2023-08-04 12:40:01','1970-01-01 01:00:00',1,52),(2859,'users',0,3002,'2023-08-04 12:49:18','1970-01-01 01:00:00',1,31),(2860,'users',0,3003,'2023-08-04 13:33:03','1970-01-01 01:00:00',1,31),(2861,'users',0,3003,'2023-08-04 13:33:04','1970-01-01 01:00:00',1,32),(2862,'users',0,3003,'2023-08-04 13:33:08','1970-01-01 01:00:00',1,29),(2863,'users',0,3004,'2023-08-04 15:29:15','1970-01-01 01:00:00',1,31),(2864,'users',0,3005,'2023-08-04 15:53:27','1970-01-01 01:00:00',1,31),(2865,'users',0,3006,'2023-08-04 16:30:46','1970-01-01 01:00:00',1,31),(2866,'users',0,3007,'2023-08-04 17:57:12','1970-01-01 01:00:00',1,31),(2867,'users',0,3008,'2023-08-04 18:29:13','1970-01-01 01:00:00',1,31),(2868,'users',0,3009,'2023-08-04 18:36:40','1970-01-01 01:00:00',1,31),(2869,'users',0,3010,'2023-08-04 19:26:56','1970-01-01 01:00:00',1,31),(2870,'users',0,3011,'2023-08-04 19:46:02','1970-01-01 01:00:00',1,31),(2871,'users',0,3012,'2023-08-04 21:41:59','1970-01-01 01:00:00',1,31),(2872,'users',0,3013,'2023-08-04 22:04:22','1970-01-01 01:00:00',1,31),(2873,'users',0,3014,'2023-08-04 22:44:00','1970-01-01 01:00:00',1,31),(2874,'users',0,3015,'2023-08-05 00:06:50','1970-01-01 01:00:00',1,31),(2875,'users',0,3015,'2023-08-05 00:06:51','1970-01-01 01:00:00',1,32),(2876,'users',0,3015,'2023-08-05 00:06:55','1970-01-01 01:00:00',1,29),(2877,'users',0,3015,'2023-08-05 00:07:34','0000-00-00 00:00:00',1,52),(2878,'users',0,3016,'2023-08-05 02:22:13','1970-01-01 01:00:00',1,31),(2879,'users',0,3017,'2023-08-05 02:42:24','1970-01-01 01:00:00',1,31),(2880,'users',0,3018,'2023-08-05 03:13:50','1970-01-01 01:00:00',1,31),(2881,'users',0,3019,'2023-08-05 03:59:57','1970-01-01 01:00:00',1,31),(2882,'users',0,3020,'2023-08-05 05:47:26','1970-01-01 01:00:00',1,31),(2883,'users',0,3020,'2023-08-05 05:47:27','1970-01-01 01:00:00',1,32),(2884,'users',0,3020,'2023-08-05 05:47:30','1970-01-01 01:00:00',1,29),(2885,'users',0,3020,'2023-08-05 05:48:54','0000-00-00 00:00:00',1,52),(2886,'users',0,3021,'2023-08-05 06:20:12','1970-01-01 01:00:00',1,31),(2887,'users',0,3022,'2023-08-05 08:08:45','1970-01-01 01:00:00',1,31),(2888,'users',0,3023,'2023-08-05 08:18:26','1970-01-01 01:00:00',1,31),(2889,'users',0,3024,'2023-08-05 08:48:31','1970-01-01 01:00:00',1,31),(2890,'users',0,3025,'2023-08-05 10:37:41','1970-01-01 01:00:00',1,31),(2891,'users',0,3026,'2023-08-05 12:07:31','1970-01-01 01:00:00',1,31),(2892,'users',0,3027,'2023-08-05 13:53:13','1970-01-01 01:00:00',1,31),(2893,'users',0,3028,'2023-08-05 17:12:32','1970-01-01 01:00:00',1,31),(2894,'users',0,3029,'2023-08-05 17:17:44','1970-01-01 01:00:00',1,31),(2895,'users',0,3030,'2023-08-05 18:16:05','1970-01-01 01:00:00',1,31),(2896,'users',0,3031,'2023-08-05 18:43:33','1970-01-01 01:00:00',1,31),(2897,'users',0,3032,'2023-08-05 19:32:50','1970-01-01 01:00:00',1,31),(2898,'users',0,3033,'2023-08-05 20:04:51','1970-01-01 01:00:00',1,31),(2899,'users',0,3034,'2023-08-05 20:12:20','1970-01-01 01:00:00',1,31),(2900,'users',0,3035,'2023-08-05 22:28:30','1970-01-01 01:00:00',1,31),(2901,'users',0,3036,'2023-08-05 23:26:45','1970-01-01 01:00:00',1,31),(2902,'users',0,3037,'2023-08-06 00:22:28','1970-01-01 01:00:00',1,31),(2903,'users',0,3038,'2023-08-06 01:12:50','1970-01-01 01:00:00',1,31),(2904,'users',0,3039,'2023-08-06 03:20:43','1970-01-01 01:00:00',1,31),(2905,'users',0,3040,'2023-08-06 07:39:11','1970-01-01 01:00:00',1,31),(2906,'users',0,3041,'2023-08-06 10:21:07','1970-01-01 01:00:00',1,31),(2907,'users',0,3042,'2023-08-06 13:52:45','1970-01-01 01:00:00',1,31),(2908,'users',0,3042,'2023-08-06 13:52:46','1970-01-01 01:00:00',1,32),(2909,'users',0,3042,'2023-08-06 13:52:50','1970-01-01 01:00:00',1,29),(2910,'users',0,3042,'2023-08-06 13:53:39','1970-01-01 01:00:00',1,29),(2911,'users',0,3042,'2023-08-06 13:53:39','1970-01-01 01:00:00',1,52),(2912,'users',0,3043,'2023-08-06 19:16:01','1970-01-01 01:00:00',1,31),(2913,'users',0,3044,'2023-08-06 19:39:02','1970-01-01 01:00:00',1,31),(2914,'users',0,3045,'2023-08-06 20:26:12','1970-01-01 01:00:00',1,31),(2915,'users',0,3046,'2023-08-06 23:16:24','1970-01-01 01:00:00',1,31),(2916,'users',0,3047,'2023-08-07 00:44:30','1970-01-01 01:00:00',1,31),(2917,'users',0,3048,'2023-08-07 02:25:49','1970-01-01 01:00:00',1,31),(2918,'users',0,3049,'2023-08-07 02:49:56','1970-01-01 01:00:00',1,31),(2919,'users',0,3050,'2023-08-07 05:11:43','1970-01-01 01:00:00',1,31),(2920,'users',0,3051,'2023-08-07 09:50:24','1970-01-01 01:00:00',1,31),(2921,'users',0,3052,'2023-08-07 15:16:33','1970-01-01 01:00:00',1,31),(2922,'users',0,3053,'2023-08-07 17:51:07','1970-01-01 01:00:00',1,31),(2923,'users',0,3054,'2023-08-07 18:41:09','1970-01-01 01:00:00',1,31),(2924,'users',0,3055,'2023-08-07 21:26:03','1970-01-01 01:00:00',1,31),(2925,'users',0,3056,'2023-08-08 02:54:57','1970-01-01 01:00:00',1,31),(2926,'users',0,3057,'2023-08-08 04:21:30','1970-01-01 01:00:00',1,31),(2927,'users',0,3058,'2023-08-08 09:08:47','1970-01-01 01:00:00',1,31),(2928,'users',0,3059,'2023-08-08 09:44:45','1970-01-01 01:00:00',1,31),(2929,'users',0,3059,'2023-08-08 09:44:46','1970-01-01 01:00:00',1,32),(2930,'users',0,3059,'2023-08-08 09:44:50','1970-01-01 01:00:00',1,29),(2931,'users',0,3059,'2023-08-08 09:46:22','1970-01-01 01:00:00',1,29),(2932,'users',0,3059,'2023-08-08 09:46:22','1970-01-01 01:00:00',1,52),(2933,'users',0,3060,'2023-08-08 14:27:40','1970-01-01 01:00:00',1,31),(2934,'users',0,3060,'2023-08-08 14:27:41','1970-01-01 01:00:00',1,32),(2935,'users',0,3060,'2023-08-08 14:27:44','1970-01-01 01:00:00',1,29),(2936,'users',0,3060,'2023-08-08 14:28:48','0000-00-00 00:00:00',1,52),(2937,'users',0,3061,'2023-08-08 14:52:20','1970-01-01 01:00:00',1,31),(2938,'users',0,3062,'2023-08-08 15:35:18','1970-01-01 01:00:00',1,31),(2939,'users',0,3063,'2023-08-08 17:31:56','1970-01-01 01:00:00',1,31),(2940,'users',0,3064,'2023-08-08 18:28:38','1970-01-01 01:00:00',1,31),(2941,'users',0,3065,'2023-08-08 23:14:32','1970-01-01 01:00:00',1,31),(2942,'users',0,3066,'2023-08-09 02:02:56','1970-01-01 01:00:00',1,31),(2943,'users',0,3067,'2023-08-09 02:26:06','1970-01-01 01:00:00',1,31),(2944,'users',0,3068,'2023-08-09 03:40:12','1970-01-01 01:00:00',1,31),(2945,'users',0,3069,'2023-08-09 05:09:40','1970-01-01 01:00:00',1,31),(2946,'users',0,3070,'2023-08-09 12:07:26','1970-01-01 01:00:00',1,31),(2947,'users',0,3071,'2023-08-09 12:18:46','1970-01-01 01:00:00',1,31),(2948,'users',0,3072,'2023-08-09 12:41:06','1970-01-01 01:00:00',1,31),(2949,'users',0,3073,'2023-08-09 13:30:35','1970-01-01 01:00:00',1,31),(2950,'users',0,3074,'2023-08-09 14:43:02','1970-01-01 01:00:00',1,31),(2951,'users',0,3075,'2023-08-09 15:08:17','1970-01-01 01:00:00',1,31),(2952,'users',0,3076,'2023-08-09 20:40:20','1970-01-01 01:00:00',1,31),(2953,'users',0,3077,'2023-08-09 21:19:53','1970-01-01 01:00:00',1,31),(2954,'users',0,3078,'2023-08-09 22:04:37','1970-01-01 01:00:00',1,31),(2955,'users',0,3079,'2023-08-09 22:37:28','1970-01-01 01:00:00',1,31),(2956,'users',0,3079,'2023-08-09 22:37:29','1970-01-01 01:00:00',1,32),(2957,'users',0,3079,'2023-08-09 22:37:32','1970-01-01 01:00:00',1,29),(2958,'users',0,3080,'2023-08-09 23:18:50','1970-01-01 01:00:00',1,31),(2959,'users',0,3081,'2023-08-09 23:42:08','1970-01-01 01:00:00',1,31),(2960,'users',0,3082,'2023-08-10 00:21:27','1970-01-01 01:00:00',1,31),(2961,'users',0,3083,'2023-08-10 01:45:57','1970-01-01 01:00:00',1,31),(2962,'users',0,3084,'2023-08-10 02:06:31','1970-01-01 01:00:00',1,31),(2963,'users',0,3085,'2023-08-10 03:42:13','1970-01-01 01:00:00',1,31),(2964,'users',0,3086,'2023-08-10 16:06:20','1970-01-01 01:00:00',1,31),(2965,'users',0,3087,'2023-08-10 17:16:31','1970-01-01 01:00:00',1,31),(2966,'users',0,3088,'2023-08-10 22:28:50','1970-01-01 01:00:00',1,31),(2967,'users',0,3089,'2023-08-10 23:44:15','1970-01-01 01:00:00',1,31),(2968,'users',0,3090,'2023-08-11 03:52:50','1970-01-01 01:00:00',1,31),(2969,'users',0,3091,'2023-08-11 05:42:48','1970-01-01 01:00:00',1,31),(2970,'users',0,3092,'2023-08-11 06:13:29','1970-01-01 01:00:00',1,31),(2971,'users',0,3093,'2023-08-11 08:54:01','1970-01-01 01:00:00',1,31),(2972,'users',0,3094,'2023-08-11 14:48:09','1970-01-01 01:00:00',1,31),(2973,'users',0,3095,'2023-08-11 17:41:24','1970-01-01 01:00:00',1,31),(2974,'users',0,3096,'2023-08-11 18:42:21','1970-01-01 01:00:00',1,31),(2975,'users',0,3097,'2023-08-11 20:34:33','1970-01-01 01:00:00',1,31),(2976,'users',0,3098,'2023-08-11 20:59:17','1970-01-01 01:00:00',1,31),(2977,'users',0,3099,'2023-08-11 21:00:21','1970-01-01 01:00:00',1,31),(2978,'users',0,3100,'2023-08-11 21:28:21','1970-01-01 01:00:00',1,31),(2979,'users',0,3101,'2023-08-11 21:40:09','1970-01-01 01:00:00',1,31),(2980,'users',0,3102,'2023-08-11 21:40:48','1970-01-01 01:00:00',1,31),(2981,'users',0,3103,'2023-08-11 23:29:32','1970-01-01 01:00:00',1,31),(2982,'users',0,3104,'2023-08-12 00:45:59','1970-01-01 01:00:00',1,31),(2983,'users',0,3105,'2023-08-12 00:57:13','1970-01-01 01:00:00',1,31),(2984,'users',0,3106,'2023-08-12 01:23:18','1970-01-01 01:00:00',1,31),(2985,'users',0,3107,'2023-08-12 02:39:18','1970-01-01 01:00:00',1,31),(2986,'users',0,3108,'2023-08-12 10:57:39','1970-01-01 01:00:00',1,31),(2987,'users',0,3109,'2023-08-12 11:17:23','1970-01-01 01:00:00',1,31),(2988,'users',0,3110,'2023-08-12 12:36:16','1970-01-01 01:00:00',1,31),(2989,'users',0,3111,'2023-08-12 12:41:40','1970-01-01 01:00:00',1,31),(2990,'users',0,3112,'2023-08-12 13:21:31','1970-01-01 01:00:00',1,31),(2991,'users',0,3113,'2023-08-12 13:49:33','1970-01-01 01:00:00',1,31),(2992,'users',0,3114,'2023-08-12 17:51:06','1970-01-01 01:00:00',1,31),(2993,'users',0,3115,'2023-08-12 18:45:56','1970-01-01 01:00:00',1,31),(2994,'users',0,3116,'2023-08-12 21:37:44','1970-01-01 01:00:00',1,31),(2995,'users',0,3117,'2023-08-12 22:17:28','1970-01-01 01:00:00',1,31),(2996,'users',0,3117,'2023-08-12 22:17:29','1970-01-01 01:00:00',1,32),(2997,'users',0,3117,'2023-08-12 22:17:31','1970-01-01 01:00:00',1,29),(2998,'users',0,3118,'2023-08-13 01:11:46','1970-01-01 01:00:00',1,31),(2999,'users',0,3119,'2023-08-13 03:18:11','1970-01-01 01:00:00',1,31),(3000,'users',0,3120,'2023-08-13 11:04:53','1970-01-01 01:00:00',1,31),(3001,'users',0,3121,'2023-08-13 14:46:54','1970-01-01 01:00:00',1,31),(3002,'users',0,3122,'2023-08-13 16:50:13','1970-01-01 01:00:00',1,31),(3003,'users',0,3123,'2023-08-13 18:28:49','1970-01-01 01:00:00',1,31),(3004,'users',0,3124,'2023-08-13 20:55:41','1970-01-01 01:00:00',1,31),(3005,'users',0,3125,'2023-08-13 22:46:06','1970-01-01 01:00:00',1,31),(3006,'users',0,3126,'2023-08-14 00:52:15','1970-01-01 01:00:00',1,31),(3007,'users',0,3127,'2023-08-14 01:25:52','1970-01-01 01:00:00',1,31),(3008,'users',0,3128,'2023-08-14 07:33:12','1970-01-01 01:00:00',1,31),(3009,'users',0,3129,'2023-08-14 08:20:23','1970-01-01 01:00:00',1,31),(3010,'users',0,3130,'2023-08-14 11:58:03','1970-01-01 01:00:00',1,31),(3011,'users',0,3130,'2023-08-14 11:58:04','1970-01-01 01:00:00',1,32),(3012,'users',0,3130,'2023-08-14 11:58:06','1970-01-01 01:00:00',1,29),(3013,'users',0,3130,'2023-08-14 12:01:13','0000-00-00 00:00:00',1,52),(3014,'users',0,3131,'2023-08-14 12:34:15','1970-01-01 01:00:00',1,31),(3015,'users',0,3132,'2023-08-14 13:35:46','1970-01-01 01:00:00',1,31),(3016,'users',0,3133,'2023-08-14 16:52:33','1970-01-01 01:00:00',1,31),(3017,'users',0,3134,'2023-08-14 17:17:19','1970-01-01 01:00:00',1,31),(3018,'users',0,3135,'2023-08-14 19:52:45','1970-01-01 01:00:00',1,31),(3019,'users',0,3136,'2023-08-14 21:04:14','1970-01-01 01:00:00',1,31),(3020,'users',0,3137,'2023-08-14 21:24:26','1970-01-01 01:00:00',1,31),(3021,'users',0,3137,'2023-08-14 21:24:28','1970-01-01 01:00:00',1,32),(3022,'users',0,3137,'2023-08-14 21:24:30','1970-01-01 01:00:00',1,29),(3023,'users',0,3137,'2023-08-14 21:25:36','0000-00-00 00:00:00',1,52),(3024,'users',0,3138,'2023-08-14 22:14:06','1970-01-01 01:00:00',1,31),(3025,'users',0,3139,'2023-08-14 22:30:01','1970-01-01 01:00:00',1,31),(3026,'users',0,3140,'2023-08-15 00:49:22','1970-01-01 01:00:00',1,31),(3027,'users',0,3141,'2023-08-15 07:55:42','1970-01-01 01:00:00',1,31),(3028,'users',0,3142,'2023-08-15 09:13:02','1970-01-01 01:00:00',1,31),(3029,'users',0,3143,'2023-08-15 09:17:42','1970-01-01 01:00:00',1,31),(3030,'users',0,3144,'2023-08-15 09:24:04','1970-01-01 01:00:00',1,31),(3031,'users',0,3145,'2023-08-15 09:46:39','1970-01-01 01:00:00',1,31),(3032,'users',0,3146,'2023-08-15 12:32:43','1970-01-01 01:00:00',1,31),(3033,'users',0,3147,'2023-08-15 12:42:59','1970-01-01 01:00:00',1,31),(3034,'users',0,3148,'2023-08-15 16:18:24','1970-01-01 01:00:00',1,31),(3035,'users',0,3149,'2023-08-15 16:31:47','1970-01-01 01:00:00',1,31),(3036,'users',0,3150,'2023-08-15 17:05:49','1970-01-01 01:00:00',1,31),(3037,'users',0,3151,'2023-08-15 19:59:27','1970-01-01 01:00:00',1,31),(3038,'users',0,3152,'2023-08-15 20:14:09','1970-01-01 01:00:00',1,31),(3039,'users',0,3153,'2023-08-15 20:31:49','1970-01-01 01:00:00',1,31),(3040,'users',0,3154,'2023-08-15 20:39:56','1970-01-01 01:00:00',1,31),(3041,'users',0,3155,'2023-08-15 23:55:28','1970-01-01 01:00:00',1,31),(3042,'users',0,3156,'2023-08-16 00:59:59','1970-01-01 01:00:00',1,31),(3043,'users',0,3157,'2023-08-16 04:57:20','1970-01-01 01:00:00',1,31),(3044,'users',0,3158,'2023-08-16 05:39:39','1970-01-01 01:00:00',1,31),(3045,'users',0,3159,'2023-08-16 05:39:51','1970-01-01 01:00:00',1,31),(3046,'users',0,3160,'2023-08-16 05:52:39','1970-01-01 01:00:00',1,31),(3047,'users',0,3161,'2023-08-16 06:09:42','1970-01-01 01:00:00',1,31),(3048,'users',0,3162,'2023-08-16 06:19:04','1970-01-01 01:00:00',1,31);

--
