-- Table structure for table `ngn_offers_links`
--

CREATE TABLE `ngn_offers_links` (
  `news_id` int(11) NOT NULL,
  `link_id` int(11) NOT NULL,
  `news_position` int(11) NOT NULL DEFAULT 0,
  `link_position` int(11) NOT NULL,
  `link_date` int(11) NOT NULL,
  PRIMARY KEY (`news_id`,`link_id`),
  KEY `link_position` (`link_position`),
  KEY `link_id` (`link_id`),
  KEY `news_position` (`news_position`)
) ENGINE=InnoDB DEFAULT CHARSET=utf8;

--
-- Dumping data for table `ngn_offers_links`
--


--
-- Table structure for table `ngn_offers_media`
--

CREATE TABLE `ngn_offers_media` (
  `gallery_id` int(11) NOT NULL AUTO_INCREMENT,
  `module` varchar(50) NOT NULL,
  `id` int(11) NOT NULL,
  `template` int(11) NOT NULL,
  PRIMARY KEY (`gallery_id`)
) ENGINE=InnoDB DEFAULT CHARSET=utf8;

--
-- Dumping data for table `ngn_offers_media`
--


--
-- Table structure for table `ngn_offers_media_gallery`
--

CREATE TABLE `ngn_offers_media_gallery` (
  `gallery_id` int(11) NOT NULL,
  `photo_id` int(11) NOT NULL,
  `position` int(11) NOT NULL,
  PRIMARY KEY (`gallery_id`,`photo_id`),
  KEY `position` (`position`)
) ENGINE=InnoDB DEFAULT CHARSET=utf8;

--
-- Dumping data for table `ngn_offers_media_gallery`
--


--
-- Table structure for table `ngn_offers_pages`
--

CREATE TABLE `ngn_offers_pages` (
  `news_id` int(11) NOT NULL,
  `link_id` int(11) NOT NULL,
  `language_id` int(11) NOT NULL,
  `news_position` int(11) NOT NULL DEFAULT 0,
  `link_position` int(11) NOT NULL,
  `link_date` int(11) NOT NULL,
  PRIMARY KEY (`news_id`,`link_id`,`language_id`),
  KEY `link_position` (`link_position`),
  KEY `link_id` (`link_id`),
  KEY `news_position` (`news_position`)
) ENGINE=InnoDB DEFAULT CHARSET=utf8;

--
-- Dumping data for table `ngn_offers_pages`
--


--
-- Table structure for table `ngn_offers_photo`
--

CREATE TABLE `ngn_offers_photo` (
  `photo_id` int(11) NOT NULL AUTO_INCREMENT,
  `news_id` int(11) DEFAULT NULL,
  `photo_order` int(11) NOT NULL,
  `photo_gallery` int(11) NOT NULL DEFAULT 1,
  `photo_photo` varchar(100) DEFAULT NULL,
  `photo_path` varchar(200) NOT NULL,
  `photo_owner` int(11) NOT NULL,
  `photo_date` datetime NOT NULL,
  `photo_source` varchar(255) NOT NULL,
  PRIMARY KEY (`photo_id`),
  KEY `news_id` (`news_id`),
  KEY `photo_date` (`photo_date`),
  KEY `photo_owner` (`photo_owner`),
  KEY `photo_source` (`photo_source`)
) ENGINE=InnoDB DEFAULT CHARSET=utf8;

--
-- Dumping data for table `ngn_offers_photo`
--


--
-- Table structure for table `ngn_offers_photo_gallery`
--

CREATE TABLE `ngn_offers_photo_gallery` (
  `photo_id` int(11) NOT NULL,
  `news_id` int(11) NOT NULL,
  `photo_gallery` int(11) NOT NULL,
  `photo_order` int(11) NOT NULL,
  PRIMARY KEY (`news_id`,`photo_id`)
) ENGINE=InnoDB DEFAULT CHARSET=utf8;

--
-- Dumping data for table `ngn_offers_photo_gallery`
--


--
-- Table structure for table `ngn_offers_photo_gallery_language`
--

CREATE TABLE `ngn_offers_photo_gallery_language` (
  `photo_id` int(11) NOT NULL,
  `news_id` int(11) NOT NULL,
  `language_id` int(11) NOT NULL,
  `editdate` datetime NOT NULL,
  `enable` int(11) NOT NULL,
  PRIMARY KEY (`photo_id`,`news_id`,`language_id`),
  KEY `editdate` (`editdate`)
) ENGINE=InnoDB DEFAULT CHARSET=utf8;

--
-- Dumping data for table `ngn_offers_photo_gallery_language`
--


--
-- Table structure for table `ngn_offers_photo_language`
--

CREATE TABLE `ngn_offers_photo_language` (
  `photo_id` int(11) NOT NULL,
  `language_id` int(11) NOT NULL DEFAULT 0,
  `editdate` datetime NOT NULL,
  `enable` int(11) NOT NULL,
  `approved` int(1) NOT NULL DEFAULT 0,
  `language_name` varchar(200) DEFAULT NULL,
  `language_description` text DEFAULT NULL,
  `language_meta` text DEFAULT NULL,
  `language_keywords` varchar(100) DEFAULT NULL,
  `language_url` varchar(100) DEFAULT NULL,
  `language_photo` varchar(100) NOT NULL DEFAULT '',
  PRIMARY KEY (`photo_id`,`language_id`),
  KEY `language_id` (`language_id`),
  KEY `editdate` (`editdate`),
  CONSTRAINT `ngn_offers_photo_language_id1` FOREIGN KEY (`photo_id`) REFERENCES `ngn_offers_photo` (`photo_id`) ON DELETE NO ACTION ON UPDATE NO ACTION
) ENGINE=InnoDB DEFAULT CHARSET=utf8;

--
-- Dumping data for table `ngn_offers_photo_language`
--


--
-- Table structure for table `ngn_offers_photo_sizes`
--

CREATE TABLE `ngn_offers_photo_sizes` (
  `photo_id` int(11) NOT NULL,
  `size_id` int(11) NOT NULL,
  `photo_width` int(11) NOT NULL,
  `photo_height` int(11) NOT NULL,
  `photo_photo` varchar(100) NOT NULL,
  `photo_path` varchar(200) NOT NULL,
  PRIMARY KEY (`photo_id`,`size_id`)
) ENGINE=InnoDB DEFAULT CHARSET=utf8;

--
-- Dumping data for table `ngn_offers_photo_sizes`
--


--
-- Table structure for table `ngn_offers_photo_usage`
--

CREATE TABLE `ngn_offers_photo_usage` (
  `photo_id` int(11) NOT NULL,
  `module_name` varchar(50) NOT NULL,
  `usage_type` varchar(50) NOT NULL,
  `link_id` int(11) NOT NULL,
  PRIMARY KEY (`photo_id`,`module_name`,`usage_type`,`link_id`)
) ENGINE=InnoDB DEFAULT CHARSET=utf8;

--
-- Dumping data for table `ngn_offers_photo_usage`
--


--
-- Table structure for table `ngn_offers_restrictions`
--

CREATE TABLE `ngn_offers_restrictions` (
  `restrictions_id` int(11) NOT NULL AUTO_INCREMENT,
  `restrictions_name` varchar(100) NOT NULL,
  `restrictions_default` int(11) NOT NULL,
  PRIMARY KEY (`restrictions_id`),
  FULLTEXT KEY `restrictions_name` (`restrictions_name`),
  FULLTEXT KEY `restrictions_name_2` (`restrictions_name`)
) ENGINE=InnoDB AUTO_INCREMENT=2 DEFAULT CHARSET=utf8;

--
-- Dumping data for table `ngn_offers_restrictions`
--

INSERT INTO `ngn_offers_restrictions` VALUES (1,'Default',1);

--
-- Table structure for table `ngn_offers_restrictions_groups`
--

CREATE TABLE `ngn_offers_restrictions_groups` (
  `id` int(11) NOT NULL AUTO_INCREMENT,
  `restriction_id` int(11) NOT NULL,
  `group_id` int(11) NOT NULL,
  `position` int(11) NOT NULL,
  `transfer` int(11) NOT NULL DEFAULT 1,
  `category` int(11) NOT NULL DEFAULT 0,
  PRIMARY KEY (`id`),
  UNIQUE KEY `restriction_id_2` (`restriction_id`,`group_id`),
  KEY `group_id` (`group_id`),
  KEY `restriction_id` (`restriction_id`),
  KEY `position` (`position`)
) ENGINE=InnoDB DEFAULT CHARSET=utf8;

--
-- Dumping data for table `ngn_offers_restrictions_groups`
--


--
-- Table structure for table `ngn_offers_restrictions_settings`
--

CREATE TABLE `ngn_offers_restrictions_settings` (
  `restriction_id` int(11) NOT NULL,
  `restriction_var` varchar(100) NOT NULL,
  `restriction_value_int` int(11) NOT NULL,
  `restriction_value_text` text NOT NULL,
  `restriction_value_float` float NOT NULL,
  PRIMARY KEY (`restriction_id`,`restriction_var`),
  KEY `restriction_var` (`restriction_var`),
  KEY `restriction_id` (`restriction_id`)
) ENGINE=InnoDB DEFAULT CHARSET=utf8;

--
-- Dumping data for table `ngn_offers_restrictions_settings`
--


--
-- Table structure for table `ngn_offers_restrictions_settings_multi`
--

CREATE TABLE `ngn_offers_restrictions_settings_multi` (
  `restriction_id` int(11) NOT NULL,
  `restriction_var` varchar(100) NOT NULL,
  `valueInt` int(11) NOT NULL,
  `position` int(11) NOT NULL,
  PRIMARY KEY (`restriction_id`,`restriction_var`,`valueInt`)
) ENGINE=InnoDB DEFAULT CHARSET=utf8;

--
-- Dumping data for table `ngn_offers_restrictions_settings_multi`
--


--
-- Table structure for table `ngn_offers_roles`
--

CREATE TABLE `ngn_offers_roles` (
  `role_id` int(11) NOT NULL,
  `news_id` int(11) NOT NULL,
  `news_edit` tinyint(11) NOT NULL DEFAULT 0,
  `news_delete` tinyint(11) NOT NULL DEFAULT 0,
  PRIMARY KEY (`role_id`,`news_id`),
  KEY `category_id` (`news_id`)
) ENGINE=InnoDB DEFAULT CHARSET=utf8;

--
-- Dumping data for table `ngn_offers_roles`
--


--
-- Table structure for table `ngn_offers_stock`
--

CREATE TABLE `ngn_offers_stock` (
  `stock_id` int(11) NOT NULL AUTO_INCREMENT,
  `news_id` int(11) DEFAULT NULL,
  `user_id` varchar(45) DEFAULT NULL,
  `stock_createdate` datetime DEFAULT NULL,
  `stock_editdate` datetime DEFAULT NULL,
  `stock_type` int(11) DEFAULT NULL,
  `stock_value` double DEFAULT NULL,
  PRIMARY KEY (`stock_id`),
  KEY `news_id` (`news_id`),
  KEY `user_id` (`user_id`),
  KEY `stock_type` (`stock_type`)
) ENGINE=InnoDB DEFAULT CHARSET=utf8;

--
-- Dumping data for table `ngn_offers_stock`
--


--
-- Table structure for table `ngn_offers_tags`
--

CREATE TABLE `ngn_offers_tags` (
  `tag_id` int(11) NOT NULL AUTO_INCREMENT,
  `tag_createdate` datetime DEFAULT NULL,
  `tag_showdate` datetime DEFAULT NULL,
  `tag_hidedate` datetime DEFAULT NULL,
  `tag_hide` int(11) NOT NULL,
  `tag_editdate` datetime DEFAULT NULL,
  `tag_owner` int(11) NOT NULL,
  `tag_order` int(11) NOT NULL,
  PRIMARY KEY (`tag_id`),
  KEY `tag_hide` (`tag_hide`),
  KEY `tag_order` (`tag_order`),
  KEY `tag_owner` (`tag_owner`),
  KEY `tag_createdate` (`tag_createdate`),
  KEY `tag_editdate` (`tag_editdate`),
  KEY `tag_hidedate` (`tag_hidedate`),
  KEY `tag_showdate` (`tag_showdate`)
) ENGINE=InnoDB DEFAULT CHARSET=utf8;

--
-- Dumping data for table `ngn_offers_tags`
--


--
-- Table structure for table `ngn_offers_tags_language`
--

CREATE TABLE `ngn_offers_tags_language` (
  `tag_id` int(11) NOT NULL,
  `language_id` int(11) NOT NULL DEFAULT 0,
  `editdate` datetime NOT NULL,
  `enable` int(11) NOT NULL,
  `approved` int(1) NOT NULL DEFAULT 0,
  `language_name` varchar(200) DEFAULT NULL,
  `language_description` text DEFAULT NULL,
  `language_meta` text DEFAULT NULL,
  `language_keywords` varchar(100) DEFAULT NULL,
  `language_url` varchar(100) DEFAULT NULL,
  `language_photo` varchar(100) NOT NULL DEFAULT '',
  PRIMARY KEY (`tag_id`,`language_id`),
  KEY `language_id` (`language_id`),
  KEY `editdate` (`editdate`),
  CONSTRAINT `ngn_offers_tags_language_ibfk_1` FOREIGN KEY (`tag_id`) REFERENCES `ngn_offers_tags` (`tag_id`) ON DELETE CASCADE ON UPDATE CASCADE
) ENGINE=InnoDB DEFAULT CHARSET=utf8;

--
-- Dumping data for table `ngn_offers_tags_language`
--


--
-- Table structure for table `ngn_offers_tags_links`
--

CREATE TABLE `ngn_offers_tags_links` (
  `tag_id` int(11) NOT NULL,
  `news_id` int(11) NOT NULL,
  `language_id` int(11) NOT NULL,
  PRIMARY KEY (`tag_id`,`news_id`,`language_id`),
  KEY `news_id` (`news_id`),
  CONSTRAINT `ngn_offers_tags_links_ibfk_1` FOREIGN KEY (`tag_id`) REFERENCES `ngn_offers_tags` (`tag_id`) ON DELETE CASCADE ON UPDATE CASCADE
) ENGINE=InnoDB DEFAULT CHARSET=utf8;

--
-- Dumping data for table `ngn_offers_tags_links`
--


--
-- Table structure for table `ngn_offers_topnews`
--

CREATE TABLE `ngn_offers_topnews` (
  `news_id` int(11) NOT NULL AUTO_INCREMENT,
  `news_owner` int(11) NOT NULL DEFAULT 0,
  `temp_createdate` datetime DEFAULT NULL,
  `temp_showdate` datetime DEFAULT NULL,
  `temp_hidedate` datetime DEFAULT NULL,
  `news_hide` tinyint(4) NOT NULL DEFAULT 0,
  `temp_editdate` datetime DEFAULT NULL,
  `news_editdate` datetime DEFAULT NULL,
  `news_removedate` datetime NOT NULL,
  `news_category` int(11) NOT NULL DEFAULT 0,
  `news_enable` int(11) NOT NULL DEFAULT 0,
  `news_order` int(11) NOT NULL DEFAULT 0,
  `news_viewed` int(11) NOT NULL DEFAULT 0,
  PRIMARY KEY (`news_id`),
  KEY `news_category` (`news_category`),
  KEY `news_enable` (`news_enable`),
  KEY `news_hide` (`news_hide`),
  KEY `news_order` (`news_order`),
  KEY `news_editdate` (`news_editdate`),
  KEY `news_removedate` (`news_removedate`)
) ENGINE=InnoDB DEFAULT CHARSET=utf8;

--
-- Dumping data for table `ngn_offers_topnews`
--


--
-- Table structure for table `ngn_offers_topnews_language`
--

CREATE TABLE `ngn_offers_topnews_language` (
  `news_id` int(11) NOT NULL,
  `language_id` int(11) NOT NULL DEFAULT 0,
  `editdate` datetime NOT NULL,
  `enable` int(11) NOT NULL,
  `approved` int(1) NOT NULL DEFAULT 0,
  `language_name` varchar(200) DEFAULT NULL,
  `language_description` text DEFAULT NULL,
  `language_meta` text DEFAULT NULL,
  `language_keywords` varchar(100) DEFAULT NULL,
  `language_url` varchar(100) DEFAULT NULL,
  `language_photo1` varchar(200) NOT NULL,
  `language_photo2` varchar(200) NOT NULL,
  `language_html` text NOT NULL,
  PRIMARY KEY (`news_id`,`language_id`),
  KEY `language_id` (`language_id`),
  KEY `editdate` (`editdate`),
  FULLTEXT KEY `language_html` (`language_html`),
  CONSTRAINT `ngn_offers_topnews_language_ibfk_1` FOREIGN KEY (`news_id`) REFERENCES `ngn_offers_topnews` (`news_id`) ON DELETE CASCADE ON UPDATE CASCADE
) ENGINE=InnoDB DEFAULT CHARSET=utf8;

--
-- Dumping data for table `ngn_offers_topnews_language`
--


--
-- Table structure for table `ngn_offers_topnews_positions`
--

CREATE TABLE `ngn_offers_topnews_positions` (
  `news_id` int(11) NOT NULL,
  `element_id` int(11) NOT NULL,
  `dimX` int(11) NOT NULL,
  `dimY` int(11) NOT NULL,
  `width` int(11) NOT NULL,
  `height` int(11) NOT NULL,
  `linked_id` int(11) NOT NULL,
  PRIMARY KEY (`news_id`,`element_id`),
  KEY `linked_id` (`linked_id`),
  CONSTRAINT `ngn_offers_topnews_positions_ibfk_1` FOREIGN KEY (`news_id`) REFERENCES `ngn_offers_topnews` (`news_id`) ON DELETE CASCADE ON UPDATE CASCADE
) ENGINE=InnoDB DEFAULT CHARSET=utf8;

--
-- Dumping data for table `ngn_offers_topnews_positions`
--


--
-- Table structure for table `ngn_offers_videos`
--

CREATE TABLE `ngn_offers_videos` (
  `file_id` int(11) NOT NULL AUTO_INCREMENT,
  `news_id` int(11) NOT NULL DEFAULT 0,
  `file_photo` varchar(200) NOT NULL,
  `file_size` int(11) NOT NULL DEFAULT 0,
  `file_file` varchar(100) NOT NULL DEFAULT '',
  `file_original_name` varchar(200) NOT NULL DEFAULT '0',
  PRIMARY KEY (`file_id`),
  KEY `news_id` (`news_id`)
) ENGINE=InnoDB DEFAULT CHARSET=utf8;

--
-- Dumping data for table `ngn_offers_videos`
--


--
-- Table structure for table `ngn_offers_videos_language`
--

CREATE TABLE `ngn_offers_videos_language` (
  `file_id` int(11) NOT NULL,
  `language_id` int(11) NOT NULL DEFAULT 0,
  `enable` int(11) NOT NULL,
  `language_name` varchar(200) DEFAULT NULL,
  `language_description` text DEFAULT NULL,
  `language_meta` text DEFAULT NULL,
  `language_keywords` varchar(100) DEFAULT NULL,
  `language_url` varchar(100) DEFAULT NULL,
  `language_photo` varchar(100) NOT NULL DEFAULT '',
  PRIMARY KEY (`file_id`,`language_id`),
  KEY `language_id` (`language_id`)
) ENGINE=InnoDB DEFAULT CHARSET=utf8;

--
-- Dumping data for table `ngn_offers_videos_language`
--


--
-- Table structure for table `ngn_pages`
--

CREATE TABLE `ngn_pages` (
  `news_id` int(11) NOT NULL AUTO_INCREMENT,
  `news_order` int(11) NOT NULL,
  `news_type` int(11) NOT NULL,
  `news_owner` int(11) NOT NULL DEFAULT 0,
  `news_createdate` datetime DEFAULT NULL,
  `news_showdate` datetime DEFAULT NULL,
  `news_hidedate` datetime DEFAULT NULL,
  `news_removedate` datetime NOT NULL,
  `news_hide` tinyint(4) NOT NULL DEFAULT 0,
  `news_editdate` datetime DEFAULT NULL,
  `news_category` int(11) NOT NULL DEFAULT 0,
  `news_photo1` varchar(100) NOT NULL DEFAULT '',
  `news_photo2` varchar(100) NOT NULL DEFAULT '',
  `news_photo_language1` int(11) NOT NULL DEFAULT 0,
  `news_photo_language2` int(11) NOT NULL DEFAULT 0,
  `news_enable` int(11) NOT NULL DEFAULT 0,
  `news_source` varchar(200) NOT NULL DEFAULT '',
  `news_source_url` varchar(200) NOT NULL DEFAULT '',
  `news_viewed` int(11) NOT NULL DEFAULT 0,
  `news_template` int(11) NOT NULL,
  PRIMARY KEY (`news_id`),
  KEY `news_category` (`news_category`),
  KEY `news_enable` (`news_enable`),
  KEY `news_hide` (`news_hide`),
  KEY `news_template` (`news_template`),
  KEY `news_removedate` (`news_removedate`),
  KEY `news_createdate` (`news_createdate`),
  KEY `news_editdate` (`news_editdate`),
  KEY `news_hidedate` (`news_hidedate`),
  KEY `news_showdate` (`news_showdate`)
) ENGINE=InnoDB AUTO_INCREMENT=280 DEFAULT CHARSET=utf8;

--
-- Dumping data for table `ngn_pages`
--

INSERT INTO `ngn_pages` VALUES (1,0,0,718,'2022-03-14 16:19:21','2022-03-14 16:19:21','2022-03-14 16:19:21','2022-03-14 16:27:33',0,'2023-01-20 10:58:21',9,'','',0,0,1,'','',0,4),(2,0,0,718,'2022-03-14 16:23:32','2022-03-14 16:23:32','2022-03-14 16:23:32','2022-03-14 16:27:33',0,'2023-01-20 11:00:02',12,'','',0,0,1,'','',0,6),(3,0,0,718,'2022-03-15 09:07:00','2022-03-15 09:07:00','2022-03-15 09:07:00','2022-06-23 15:04:36',0,'2023-01-20 11:02:12',7,'','',0,0,1,'','',0,2),(4,0,0,718,'2022-03-15 09:16:31','2022-03-15 09:16:31','2022-03-15 09:16:31','2022-06-23 15:04:36',0,'2023-01-20 11:07:06',6,'','',0,0,1,'','',0,1),(5,0,0,718,'2022-03-15 09:18:16','2022-03-15 09:18:16','2022-03-15 09:18:16','2022-06-23 15:04:36',0,'2023-01-20 11:10:38',8,'','',0,0,1,'','',0,3),(6,0,0,718,'2022-03-15 09:21:34','2022-03-15 09:21:34','2022-03-15 09:21:34','2022-06-23 15:04:36',0,'2023-01-20 11:13:10',9,'','',0,0,1,'','',0,4),(7,0,0,718,'2022-03-15 09:24:22','2022-03-15 09:24:22','2022-03-15 09:24:22','2022-06-23 15:04:36',0,'2023-01-20 11:14:41',10,'','',0,0,1,'','',0,5),(8,0,0,718,'2022-03-15 09:36:25','2022-03-15 09:36:25','2022-03-15 09:36:25','2022-06-23 15:04:36',0,'2022-09-29 00:00:00',11,'','',0,0,1,'','',0,10),(9,0,0,718,'2022-03-15 09:49:06','2022-03-15 09:49:06','2022-03-15 09:49:06','2022-06-23 15:04:36',0,'2022-09-29 00:00:00',12,'','',0,0,1,'','',0,6),(10,0,0,718,'2022-03-15 10:26:34','2022-03-15 10:26:34','2022-03-15 10:26:34','2022-06-23 15:04:36',0,'2022-09-29 00:00:00',13,'4','',0,0,1,'','',0,7),(11,0,0,718,'2022-03-15 10:30:55','2022-03-15 10:30:55','2022-03-15 10:30:55','2022-06-23 15:04:36',0,'2022-09-29 00:00:00',18,'','',0,0,1,'','',0,13),(12,10,0,718,'2022-03-15 10:37:00','2022-03-15 10:37:00','2022-03-15 10:37:28','0000-00-00 00:00:00',0,'2022-09-29 00:00:00',21,'','',0,0,0,'','',0,30),(13,0,0,718,'2022-03-15 10:39:21','2022-03-15 10:39:21','2022-03-15 10:39:21','2022-06-23 15:04:36',0,'2022-09-29 00:00:00',21,'','',0,0,1,'','',0,30),(14,0,0,718,'2022-03-15 11:31:09','2022-03-15 11:31:09','2022-03-15 11:31:09','2022-03-15 11:34:13',0,'2022-09-29 00:00:00',13,'','',0,0,1,'','',0,7),(15,0,0,718,'2022-03-16 09:57:00','2022-03-16 09:57:00','2022-03-16 09:57:00','2022-06-23 15:04:36',0,'2022-09-29 00:00:00',22,'','',0,0,1,'','',0,31),(16,0,0,718,'2022-03-16 14:23:00','2022-03-16 14:23:00','2022-03-16 14:23:46','2022-03-17 11:49:14',0,'2022-09-29 00:00:00',23,'','',0,0,1,'','',0,32),(17,0,0,718,'2022-03-16 14:56:44','2022-03-16 14:56:44','2022-03-16 14:56:44','2022-06-23 15:04:36',0,'2022-09-29 00:00:00',24,'','',0,0,1,'','',0,33),(18,0,0,718,'2022-03-16 15:27:04','2022-03-16 15:27:04','2022-03-16 15:27:04','2022-06-23 15:04:36',0,'2022-09-29 00:00:00',25,'','',0,0,1,'','',0,34),(19,0,0,718,'2022-03-17 08:59:49','2022-03-17 08:59:49','2022-03-17 08:59:49','2022-06-23 15:04:36',0,'2022-09-29 00:00:00',26,'','',0,0,1,'','',0,35),(20,0,0,718,'2022-03-17 11:48:10','2022-03-17 11:48:10','2022-03-17 11:48:10','2022-06-23 15:04:36',0,'2022-09-29 00:00:00',23,'','',0,0,1,'','',0,32),(21,0,0,718,'2022-03-24 15:38:22','2022-03-24 15:38:22','2022-03-24 15:38:22','2022-06-23 15:04:36',0,'2022-09-29 00:00:00',14,'','',0,0,1,'','',0,8),(22,0,0,718,'2022-03-24 15:38:26','2022-03-24 15:38:26','2022-03-24 15:38:26','2022-03-24 15:40:44',0,'2022-09-29 00:00:00',22,'','',0,0,1,'','',0,31),(23,0,0,718,'2022-03-28 09:14:56','2022-03-28 09:14:56','2022-03-28 09:14:56','2022-03-28 09:15:03',0,'2022-09-29 00:00:00',14,'','',0,0,1,'','',0,8),(24,0,0,718,'2022-04-07 10:06:51','2022-04-07 10:06:51','2022-04-07 10:06:51','2022-04-07 10:07:17',0,'2022-09-29 00:00:00',6,'','',0,0,1,'','',0,1),(25,0,0,718,'2022-04-07 11:55:39','2022-04-07 11:55:39','2022-04-07 11:55:39','2022-09-27 14:43:34',0,'2023-06-06 13:27:35',6,'','',0,0,1,'','',0,1),(26,0,0,718,'2022-04-07 11:56:18','2022-04-07 11:56:18','2022-04-07 11:56:18','2022-09-27 14:43:34',0,'2022-09-29 00:00:00',9,'','',0,0,1,'','',0,4),(27,0,0,718,'2022-04-07 14:31:28','2022-04-07 14:31:28','2022-04-07 14:31:28','2022-09-27 14:43:34',0,'2022-09-29 00:00:00',28,'','',0,0,1,'','',0,36),(28,0,0,719,'2022-06-23 15:03:01','2022-06-23 15:03:01','2022-06-23 15:03:01','2023-03-13 11:49:07',0,'2022-09-29 00:00:00',14,'','',0,0,1,'','',0,8),(29,0,0,719,'2022-06-23 15:05:57','2022-06-23 15:05:57','2022-06-23 15:05:57','0000-00-00 00:00:00',0,'2022-09-29 00:00:00',14,'','',0,0,1,'','',0,8),(30,0,0,719,'2022-06-23 15:06:24','2022-06-23 15:06:24','2022-06-23 15:06:24','2022-06-23 15:13:17',0,'2022-09-29 00:00:00',6,'','',0,0,1,'','',0,1),(31,0,0,719,'2022-06-23 15:10:14','2022-06-23 15:10:14','2022-06-23 15:10:14','0000-00-00 00:00:00',0,'2022-09-29 00:00:00',14,'','',0,0,1,'','',0,8),(32,0,0,719,'2022-06-23 15:12:02','2022-06-23 15:12:02','2022-06-23 15:12:02','2022-06-23 15:24:00',0,'2022-09-29 00:00:00',12,'','',0,0,1,'','',0,6),(33,0,0,719,'2022-06-23 15:19:40','2022-06-23 15:19:40','2022-06-23 15:19:40','0000-00-00 00:00:00',0,'2022-09-29 00:00:00',11,'','',0,0,1,'','',0,10),(34,0,0,719,'2022-06-23 15:23:51','2022-06-23 15:23:51','2022-06-23 15:23:51','0000-00-00 00:00:00',0,'2022-09-29 00:00:00',14,'','',0,0,1,'','',0,8),(35,0,0,719,'2022-06-23 15:25:34','2022-06-23 15:25:34','2022-06-23 15:25:34','0000-00-00 00:00:00',0,'2022-09-29 00:00:00',14,'','',0,0,1,'','',0,8),(36,0,0,719,'2022-06-23 15:29:29','2022-06-23 15:29:29','2022-06-23 15:29:29','2022-06-24 14:11:29',0,'2022-09-29 00:00:00',9,'','',0,0,1,'','',0,4),(37,0,0,719,'2022-06-23 15:29:35','2022-06-23 15:29:35','2022-06-23 15:29:35','0000-00-00 00:00:00',0,'2022-09-29 00:00:00',14,'','',0,0,1,'','',0,8),(38,0,0,719,'2022-06-23 15:33:16','2022-06-23 15:33:16','2022-06-23 15:33:16','0000-00-00 00:00:00',0,'2022-09-29 00:00:00',9,'','',0,0,1,'','',0,4),(39,0,0,719,'2022-06-23 15:33:35','2022-06-23 15:33:35','2022-06-23 15:33:35','0000-00-00 00:00:00',0,'2022-09-29 00:00:00',14,'','',0,0,1,'','',0,8),(40,0,0,719,'2022-06-23 16:01:10','2022-06-23 16:01:10','2022-06-23 16:01:10','0000-00-00 00:00:00',0,'2022-09-29 00:00:00',14,'','',0,0,1,'','',0,8),(41,0,0,719,'2022-06-24 10:06:38','2022-06-24 10:06:38','2022-06-24 10:06:38','2022-06-24 13:27:30',0,'2022-09-29 00:00:00',9,'','',0,0,1,'','',0,4),(42,0,0,719,'2022-06-24 11:26:31','2022-06-24 11:26:31','2022-06-24 11:26:31','0000-00-00 00:00:00',0,'2022-09-29 00:00:00',23,'47','',0,0,1,'','',0,32),(43,0,0,719,'2022-06-24 11:27:56','2022-06-24 11:27:56','2022-06-24 11:27:56','0000-00-00 00:00:00',0,'2023-01-20 11:37:59',23,'','',0,0,1,'','',0,32),(44,0,0,719,'2022-06-24 11:30:00','2022-06-24 11:30:00','2022-06-24 11:30:18','0000-00-00 00:00:00',0,'2022-09-29 00:00:00',25,'45','',0,0,1,'','',0,34),(45,0,0,719,'2022-06-24 11:32:00','2022-06-24 11:32:00','2022-06-24 11:32:17','0000-00-00 00:00:00',0,'2022-09-29 00:00:00',25,'74','',0,0,1,'','',0,34),(46,0,0,719,'2022-06-24 11:33:00','2022-06-24 11:33:00','2022-06-24 11:33:47','0000-00-00 00:00:00',0,'2022-09-29 00:00:00',25,'75','',0,0,1,'','',0,34),(47,0,0,719,'2022-06-24 11:34:00','2022-06-24 11:34:00','2022-06-24 11:34:57','0000-00-00 00:00:00',0,'2022-09-29 00:00:00',25,'76','',0,0,1,'','',0,34),(48,0,0,719,'2022-06-24 13:15:34','2022-06-24 13:15:34','2022-06-24 13:15:34','0000-00-00 00:00:00',0,'2022-09-29 00:00:00',23,'77','',0,0,1,'','',0,32),(49,0,0,719,'2022-06-24 13:26:00','2022-06-24 13:26:00','2022-06-24 13:26:22','0000-00-00 00:00:00',0,'2023-06-02 09:37:10',25,'','',0,0,1,'','',0,34),(50,0,0,719,'2022-06-24 14:10:00','2022-06-24 14:10:00','2022-06-24 14:10:52','0000-00-00 00:00:00',0,'2022-09-29 00:00:00',25,'64','',0,0,1,'','',0,34),(51,0,0,718,'2022-07-04 16:24:00','2022-07-04 16:24:00','2022-07-04 16:24:42','2022-07-04 16:30:55',0,'2022-09-29 00:00:00',29,'','',0,0,1,'','',0,37),(52,0,0,718,'2022-07-04 16:31:11','2022-07-04 16:31:11','2022-07-04 16:31:11','2022-07-05 10:47:26',0,'2022-09-29 00:00:00',29,'','',0,0,1,'','',0,37),(53,20,0,718,'2022-07-07 13:51:00','2022-07-07 13:51:00','2022-07-07 13:51:47','0000-00-00 00:00:00',0,'2022-09-29 00:00:00',29,'','',0,0,0,'','',0,37),(54,0,0,718,'2022-07-07 13:53:25','2022-07-07 13:53:25','2022-07-07 13:53:25','0000-00-00 00:00:00',0,'2022-09-29 00:00:00',29,'','',0,0,1,'','',0,37),(55,0,0,719,'2022-07-08 09:49:28','2022-07-08 09:49:28','2022-07-08 09:49:28','0000-00-00 00:00:00',0,'2022-09-29 00:00:00',29,'','',0,0,1,'','',0,37),(56,0,0,719,'2022-07-08 10:26:27','2022-07-08 10:26:27','2022-07-08 10:26:27','0000-00-00 00:00:00',0,'2022-09-29 00:00:00',9,'','',0,0,1,'','',0,4),(57,0,0,719,'2022-07-08 10:27:05','2022-07-08 10:27:05','2022-07-08 10:27:05','0000-00-00 00:00:00',0,'2022-09-29 00:00:00',14,'','',0,0,1,'','',0,8),(58,0,0,719,'2022-07-08 10:28:58','2022-07-08 10:28:58','2022-07-08 10:28:58','0000-00-00 00:00:00',0,'2022-09-29 00:00:00',29,'','',0,0,1,'','',0,37),(59,0,0,719,'2022-07-08 10:41:17','2022-07-08 10:41:17','2022-07-08 10:41:17','2022-07-08 10:48:56',0,'2023-06-14 09:15:46',6,'','',0,0,1,'','',0,1),(60,0,0,719,'2022-07-08 10:41:35','2022-07-08 10:41:35','2022-07-08 10:41:35','2022-07-08 10:48:56',0,'2023-06-02 09:36:42',9,'','',0,0,1,'','',0,4),(61,0,0,719,'2022-07-08 10:41:59','2022-07-08 10:41:59','2022-07-08 10:41:59','2022-07-08 10:42:13',0,'2022-09-29 00:00:00',29,'','',0,0,1,'','',0,37),(62,0,0,719,'2022-07-08 10:46:00','2022-07-08 10:46:00','2022-07-08 10:46:26','0000-00-00 00:00:00',0,'2023-01-20 11:41:14',25,'','',0,0,1,'','',0,34),(63,0,0,719,'2022-07-08 10:47:36','2022-07-08 10:47:36','2022-07-08 10:47:36','0000-00-00 00:00:00',0,'2023-01-20 11:43:47',14,'','',0,0,1,'','',0,8),(64,0,0,718,'2022-08-19 15:35:44','2022-08-19 15:35:44','2022-08-19 15:35:44','2022-08-25 14:04:22',0,'2023-01-20 11:04:16',12,'','',0,0,1,'','',0,6),(65,0,0,718,'2022-08-19 15:52:23','2022-08-19 15:52:23','2022-08-19 15:52:23','2023-02-24 08:59:37',0,'2022-10-06 15:06:41',12,'144','',0,0,1,'','',0,6),(66,0,0,718,'2022-08-19 15:52:24','2022-08-19 15:52:24','2022-08-19 15:52:24','0000-00-00 00:00:00',0,'2023-03-10 13:22:53',12,'112','',0,0,1,'','',0,6),(67,0,0,718,'2022-08-19 15:52:25','2022-08-19 15:52:25','2022-08-19 15:52:25','0000-00-00 00:00:00',0,'2022-09-29 00:00:00',12,'113','',0,0,1,'','',0,6),(68,0,0,718,'2022-08-19 15:52:26','2022-08-19 15:52:26','2022-08-19 15:52:26','0000-00-00 00:00:00',0,'2022-09-29 00:00:00',12,'114','',0,0,1,'','',0,6),(69,0,0,718,'2022-08-19 15:52:27','2022-08-19 15:52:27','2022-08-19 15:52:27','0000-00-00 00:00:00',0,'2022-09-29 00:00:00',12,'140','',0,0,1,'','',0,6),(70,0,0,718,'2022-08-19 15:52:28','2022-08-19 15:52:28','2022-08-19 15:52:28','0000-00-00 00:00:00',0,'2022-09-29 00:00:00',12,'116','',0,0,1,'','',0,6),(71,0,0,718,'2022-08-19 15:52:29','2022-08-19 15:52:29','2022-08-19 15:52:29','0000-00-00 00:00:00',0,'2022-09-29 00:00:00',12,'118','',0,0,1,'','',0,6),(72,0,0,718,'2022-08-25 08:14:18','2022-08-25 08:14:18','2022-08-25 08:14:18','2022-08-25 08:14:43',0,'2022-09-29 00:00:00',30,'','',0,0,1,'','',0,40),(73,0,0,718,'2022-08-25 08:14:47','2022-08-25 08:14:47','2022-08-25 08:14:47','2022-08-25 08:21:59',0,'2022-09-29 00:00:00',30,'','',0,0,1,'','',0,40),(74,0,0,718,'2022-09-06 14:05:12','2022-09-06 14:05:12','2022-09-06 14:05:12','2022-09-06 14:06:54',0,'2022-09-29 00:00:00',6,'','',0,0,1,'','',0,1),(75,0,0,718,'2022-09-06 14:05:36','2022-09-06 14:05:36','2022-09-06 14:05:36','2022-09-06 14:06:54',0,'2022-10-24 13:05:45',12,'','',0,0,1,'','',0,6),(76,0,0,718,'2022-09-06 14:06:19','2022-09-06 14:06:19','2022-09-06 14:06:19','2022-09-06 14:06:54',0,'2023-01-06 11:47:25',10,'','',0,0,1,'','',0,5),(77,0,0,718,'2022-09-06 14:07:57','2022-09-06 14:07:57','2022-09-06 14:07:57','0000-00-00 00:00:00',0,'2022-10-24 13:05:51',6,'','',0,0,1,'','',0,1),(78,0,0,718,'2022-09-06 14:07:58','2022-09-06 14:07:58','2022-09-06 14:07:58','0000-00-00 00:00:00',0,'2022-10-24 13:07:40',6,'','',0,0,1,'','',0,1),(79,0,0,718,'2022-09-20 14:39:00','2022-09-20 14:39:00','2022-09-20 14:39:40','2022-10-28 11:28:16',0,'2022-10-24 13:08:12',12,'','',0,0,1,'','',0,6),(80,0,0,718,'2022-09-20 14:47:00','2022-09-20 14:47:00','2022-09-20 14:47:50','2022-10-28 11:28:16',0,'2022-10-24 13:08:57',12,'','',0,0,1,'','',0,6),(81,0,0,718,'2022-09-22 14:59:33','2022-09-22 14:59:33','2022-09-22 14:59:33','2022-10-13 12:06:35',0,'2022-10-24 13:09:35',6,'','',0,0,1,'','',0,1),(82,0,0,718,'2022-09-22 15:14:12','2022-09-22 15:14:12','2022-09-22 15:14:12','2022-10-13 12:06:35',0,'2022-09-29 00:00:00',7,'','',0,0,1,'','',0,2),(83,0,0,718,'2022-09-22 15:14:13','2022-09-22 15:14:13','2022-09-22 15:14:13','2022-10-13 12:06:35',0,'2022-09-29 00:00:00',8,'','',0,0,1,'','',0,3),(84,0,0,718,'2022-09-22 15:14:15','2022-09-22 15:14:15','2022-09-22 15:14:15','2022-09-22 15:15:47',0,'2022-10-28 13:10:01',28,'','',0,0,1,'','',0,36),(85,0,0,718,'2022-09-22 15:14:16','2022-09-22 15:14:16','2022-09-22 15:14:16','2022-10-13 12:06:35',0,'2022-11-09 15:27:21',9,'','',0,0,1,'','',0,4),(86,0,0,718,'2022-09-22 15:14:16','2022-09-22 15:14:16','2022-09-22 15:14:16','2022-10-13 12:06:35',0,'2022-09-29 00:00:00',10,'','',0,0,1,'','',0,5),(87,0,0,718,'2022-09-22 15:14:17','2022-09-22 15:14:17','2022-09-22 15:14:17','2022-10-13 12:06:35',0,'2023-01-09 11:57:54',11,'','',0,0,1,'','',0,10),(88,0,0,718,'2022-09-22 15:19:15','2022-09-22 15:19:15','2022-09-22 15:19:15','2022-10-13 12:06:35',0,'2023-01-09 11:49:33',12,'','',0,0,1,'','',0,6),(89,0,0,718,'2022-09-22 15:20:12','2022-09-22 15:20:12','2022-09-22 15:20:12','2022-10-13 12:06:35',0,'2023-01-09 12:06:36',25,'','',0,0,1,'','',0,34),(90,0,0,718,'2022-09-22 15:20:14','2022-09-22 15:20:14','2022-09-22 15:20:14','2022-10-13 12:06:35',0,'2023-01-09 12:20:48',13,'','',0,0,1,'','',0,7),(91,0,0,718,'2022-09-27 10:09:40','2022-09-27 10:09:40','2022-09-27 10:09:40','2022-09-27 10:10:39',0,'2023-01-09 11:55:31',12,'','',0,0,1,'','',0,6),(92,0,0,718,'2022-09-28 14:53:02','2022-09-28 14:53:02','2022-09-28 14:53:02','2022-10-13 11:58:15',0,'2023-01-09 14:28:09',6,'','',0,0,1,'','',0,1),(93,0,0,719,'2022-10-11 10:34:08','2022-10-11 10:34:08','2022-10-11 10:34:08','0000-00-00 00:00:00',0,'2023-01-09 14:56:28',9,'','',0,0,1,'','',0,4),(94,0,0,719,'2022-10-17 10:33:02','2022-10-17 10:33:02','2022-10-17 10:33:02','2022-10-20 15:30:38',0,'2022-10-17 11:07:10',12,'133','',0,0,1,'','',0,6),(95,0,0,719,'2022-10-17 10:33:02','2022-10-17 10:33:02','2022-10-17 10:33:02','2022-10-20 15:30:38',0,'2023-01-25 10:40:04',12,'','',0,0,1,'','',0,6),(96,0,0,719,'2022-10-17 10:33:02','2022-10-17 10:33:02','2022-10-17 10:33:02','2022-10-20 15:30:38',0,'2022-10-17 11:07:25',12,'135','',0,0,1,'','',0,6),(97,0,0,719,'2022-10-17 10:33:03','2022-10-17 10:33:03','2022-10-17 10:33:03','2022-10-20 15:30:38',0,'2022-10-17 11:07:28',12,'136','',0,0,1,'','',0,6),(98,0,0,719,'2022-10-17 10:37:28','2022-10-17 10:37:28','2022-10-17 10:37:28','2022-10-20 15:32:18',0,'2023-01-06 14:34:17',12,'','',0,0,1,'','',0,6),(99,0,0,719,'2022-10-17 10:37:29','2022-10-17 10:37:29','2022-10-17 10:37:29','2022-10-20 15:32:18',0,'2023-01-09 14:14:25',12,'','',0,0,1,'','',0,6),(100,0,0,719,'2022-10-17 10:37:29','2022-10-17 10:37:29','2022-10-17 10:37:29','2022-10-20 15:32:18',0,'2023-01-09 12:01:25',12,'','',0,0,1,'','',0,6),(101,0,0,719,'2022-10-17 10:37:32','2022-10-17 10:37:32','2022-10-17 10:37:32','2022-10-20 15:32:18',0,'2022-10-17 14:40:00',12,'139','',0,0,1,'','',0,6),(102,0,0,719,'2022-10-18 14:07:57','2022-10-18 14:07:57','2022-10-18 14:07:57','0000-00-00 00:00:00',0,'2023-02-23 10:51:31',12,'133','',0,0,1,'','',0,6),(103,0,0,719,'2022-10-18 14:10:11','2022-10-18 14:10:11','2022-10-18 14:10:11','0000-00-00 00:00:00',0,'2023-02-23 10:52:17',12,'134','',0,0,1,'','',0,6),(104,0,0,719,'2022-10-18 14:10:50','2022-10-18 14:10:50','2022-10-18 14:10:50','0000-00-00 00:00:00',0,'2023-02-23 10:52:52',12,'135','',0,0,1,'','',0,6),(105,0,0,719,'2022-10-18 14:11:24','2022-10-18 14:11:24','2022-10-18 14:11:24','0000-00-00 00:00:00',0,'2022-10-27 10:13:23',12,'136','',0,0,1,'','',0,6),(106,0,0,719,'2022-10-18 14:14:23','2022-10-18 14:14:23','2022-10-18 14:14:23','0000-00-00 00:00:00',0,'2022-10-27 10:16:06',12,'137','',0,0,1,'','',0,6),(107,0,0,719,'2022-10-18 14:15:00','2022-10-18 14:15:00','2022-10-18 14:15:00','0000-00-00 00:00:00',0,'2022-10-27 10:13:58',12,'155','',0,0,1,'','',0,6),(108,0,0,719,'2022-10-18 14:15:47','2022-10-18 14:15:47','2022-10-18 14:15:47','0000-00-00 00:00:00',0,'2022-10-27 10:14:35',12,'131','',0,0,1,'','',0,6),(109,0,0,719,'2022-10-18 14:16:45','2022-10-18 14:16:45','2022-10-18 14:16:45','0000-00-00 00:00:00',0,'2022-10-27 10:14:54',12,'139','',0,0,1,'','',0,6),(110,0,0,719,'2022-10-20 08:42:02','2022-10-20 08:42:02','2022-10-20 08:42:02','0000-00-00 00:00:00',0,'2022-11-07 14:46:02',12,'165','173',0,0,1,'','',0,6),(111,0,0,719,'2022-10-20 08:49:47','2022-10-20 08:49:47','2022-10-20 08:49:47','0000-00-00 00:00:00',0,'2022-11-07 14:44:33',12,'159','171',0,0,1,'','',0,6),(112,0,0,719,'2022-10-20 08:51:49','2022-10-20 08:51:49','2022-10-20 08:51:49','0000-00-00 00:00:00',0,'2022-11-07 14:39:43',12,'160','167',0,0,1,'','',0,6),(113,0,0,719,'2022-10-20 08:59:00','2022-10-20 08:59:00','2022-10-20 08:59:37','2023-02-23 10:54:12',0,'2023-02-23 10:53:54',12,'156','168',0,0,1,'','',0,30),(114,0,0,718,'2022-10-21 15:25:35','2022-10-21 15:25:35','2022-10-21 15:25:35','2022-10-21 15:31:43',0,NULL,14,'','',0,0,1,'','',0,8),(115,0,0,719,'2022-10-24 11:11:13','2022-10-24 11:11:13','2022-10-24 11:11:13','2022-10-24 11:11:30',0,NULL,10,'','',0,0,1,'','',0,5),(116,0,0,719,'2022-10-24 11:11:14','2022-10-24 11:11:14','2022-10-24 11:11:14','0000-00-00 00:00:00',0,'2022-10-24 11:12:05',9,'','',0,0,1,'','',0,4),(117,0,0,718,'2022-10-27 13:42:23','2022-10-27 13:42:23','2022-10-27 13:42:23','2022-10-27 16:01:54',0,'2022-10-27 13:43:35',10,'','',0,0,1,'','',0,5),(118,0,0,718,'2022-10-27 13:42:31','2022-10-27 13:42:31','2022-10-27 13:42:31','2022-10-27 16:01:54',0,'2022-10-27 13:43:06',13,'123','',0,0,1,'','',0,7),(119,0,0,719,'2022-10-27 15:32:08','2022-10-27 15:32:08','2022-10-27 15:32:08','0000-00-00 00:00:00',0,'2022-10-27 15:34:09',12,'158','',0,0,1,'','',0,6),(120,0,0,719,'2022-10-27 15:58:12','2022-10-27 15:58:12','2022-10-27 15:58:12','2022-10-28 08:21:38',0,'2022-10-28 08:14:45',12,'161','',0,0,1,'','',0,6),(121,0,0,719,'2022-10-27 15:59:14','2022-10-27 15:59:14','2022-10-27 15:59:14','2022-10-28 08:21:38',0,'2022-10-28 08:15:09',12,'162','',0,0,1,'','',0,6),(122,0,0,719,'2022-10-27 16:00:45','2022-10-27 16:00:45','2022-10-27 16:00:45','0000-00-00 00:00:00',0,'2022-11-07 14:45:15',12,'163','172',0,0,1,'','',0,6),(123,0,0,719,'2022-10-27 16:01:37','2022-10-27 16:01:37','2022-10-27 16:01:37','0000-00-00 00:00:00',0,'2022-11-04 14:35:44',12,'164','166',0,0,1,'','',0,6),(124,0,0,719,'2022-10-28 08:21:58','2022-10-28 08:21:58','2022-10-28 08:21:58','0000-00-00 00:00:00',0,'2022-11-07 14:41:19',12,'161','169',0,0,1,'','',0,6),(125,0,0,719,'2022-10-28 08:22:00','2022-10-28 08:22:00','2022-10-28 08:22:00','0000-00-00 00:00:00',0,'2022-11-07 14:43:32',12,'162','170',0,0,1,'','',0,6),(126,0,0,719,'2023-01-06 09:34:18','2023-01-06 09:34:18','2023-01-06 09:34:18','2023-01-06 09:37:18',0,'2023-01-06 09:36:53',12,'165','',0,0,1,'','',0,6),(127,0,0,945,'2023-01-06 11:29:21','2023-01-06 11:29:21','2023-01-06 11:29:21','2023-03-01 08:37:04',0,'2023-01-06 11:30:09',28,'','',0,0,1,'','',0,36),(128,0,0,719,'2023-01-06 15:47:29','2023-01-06 15:47:29','2023-01-06 15:47:29','2023-05-03 14:22:51',0,'2023-01-16 08:12:56',12,'200','',0,0,1,'','',0,6),(129,0,0,897,'2023-01-07 17:54:28','2023-01-07 17:54:28','2023-01-07 17:54:28','2023-02-23 10:19:51',0,NULL,13,'','',0,0,1,'','',0,7),(130,0,0,897,'2023-01-07 17:54:36','2023-01-07 17:54:36','2023-01-07 17:54:36','2023-02-23 10:19:51',0,NULL,13,'','',0,0,1,'','',0,7),(131,0,0,719,'2023-01-09 10:51:29','2023-01-09 10:51:29','2023-01-09 10:51:29','2023-01-09 10:52:10',0,'2023-01-09 10:52:05',12,'178','',0,0,1,'','',0,6),(132,0,0,719,'2023-01-09 10:52:13','2023-01-09 10:52:13','2023-01-09 10:52:13','0000-00-00 00:00:00',0,'2023-01-09 10:52:34',12,'178','',0,0,1,'','',0,6),(133,0,0,719,'2023-01-09 10:53:56','2023-01-09 10:53:56','2023-01-09 10:53:56','0000-00-00 00:00:00',0,'2023-01-09 10:54:42',12,'179','',0,0,1,'','',0,6),(134,0,0,719,'2023-01-09 10:54:47','2023-01-09 10:54:47','2023-01-09 10:54:47','0000-00-00 00:00:00',0,'2023-01-09 10:55:14',12,'180','',0,0,1,'','',0,6),(135,0,0,719,'2023-01-09 10:55:20','2023-01-09 10:55:20','2023-01-09 10:55:20','0000-00-00 00:00:00',0,'2023-01-09 10:56:15',12,'182','',0,0,1,'','',0,6),(136,0,0,719,'2023-01-09 10:57:42','2023-01-09 10:57:42','2023-01-09 10:57:42','2023-01-09 11:00:09',0,NULL,9,'','',0,0,1,'','',0,4),(137,0,0,719,'2023-01-09 10:58:21','2023-01-09 10:58:21','2023-01-09 10:58:21','0000-00-00 00:00:00',0,'2023-01-09 10:59:05',12,'183','',0,0,1,'','',0,6),(138,0,0,719,'2023-01-09 10:59:08','2023-01-09 10:59:08','2023-01-09 10:59:08','0000-00-00 00:00:00',0,'2023-01-09 10:59:57',12,'184','',0,0,1,'','',0,6),(139,0,0,719,'2023-01-09 10:59:29','2023-01-09 10:59:29','2023-01-09 10:59:29','0000-00-00 00:00:00',0,'2023-01-09 10:59:53',12,'185','',0,0,1,'','',0,6),(140,0,0,719,'2023-01-09 11:25:53','2023-01-09 11:25:53','2023-01-09 11:25:53','0000-00-00 00:00:00',0,'2023-05-03 15:19:05',9,'','',0,0,1,'','',0,4),(141,0,0,719,'2023-01-11 13:54:46','2023-01-11 13:54:46','2023-01-11 13:54:46','0000-00-00 00:00:00',0,'2023-01-16 09:13:13',9,'','',0,0,1,'','',0,4),(142,0,0,719,'2023-01-11 13:54:47','2023-01-11 13:54:47','2023-01-11 13:54:47','0000-00-00 00:00:00',0,'2023-01-11 13:55:39',12,'186','',0,0,1,'','',0,6),(143,0,0,945,'2023-01-14 11:51:59','2023-01-14 11:51:59','2023-01-14 11:51:59','2023-01-14 15:23:15',0,NULL,14,'','',0,0,1,'','',0,8),(144,0,0,945,'2023-01-14 11:52:12','2023-01-14 11:52:12','2023-01-14 11:52:12','2023-01-14 15:19:38',0,NULL,22,'','',0,0,1,'','',0,31),(145,0,0,945,'2023-01-14 15:19:14','2023-01-14 15:19:14','2023-01-14 15:19:14','2023-01-14 15:23:15',0,NULL,13,'','',0,0,1,'','',0,7),(146,0,0,945,'2023-01-14 15:21:25','2023-01-14 15:21:25','2023-01-14 15:21:25','2023-01-14 15:23:15',0,NULL,14,'','',0,0,1,'','',0,8),(147,0,0,945,'2023-01-14 15:23:09','2023-01-14 15:23:09','2023-01-14 15:23:09','2023-01-16 10:36:51',0,NULL,14,'','',0,0,1,'','',0,8),(148,0,0,945,'2023-01-14 15:23:11','2023-01-14 15:23:11','2023-01-14 15:23:11','2023-01-16 10:36:51',0,NULL,14,'','',0,0,1,'','',0,8),(149,0,0,719,'2023-01-17 13:22:59','2023-01-17 13:22:59','2023-01-17 13:22:59','0000-00-00 00:00:00',0,'2023-01-17 13:23:35',9,'','',0,0,1,'','',0,4),(150,0,0,719,'2023-01-17 13:25:31','2023-01-17 13:25:31','2023-01-17 13:25:31','2023-01-17 13:26:36',0,NULL,6,'','',0,0,1,'','',0,1),(151,0,0,719,'2023-01-17 13:25:33','2023-01-17 13:25:33','2023-01-17 13:25:33','0000-00-00 00:00:00',0,'2023-01-17 13:27:54',9,'','',0,0,1,'','',0,4),(152,0,0,945,'2023-01-25 11:05:18','2023-01-25 11:05:18','2023-01-25 11:05:18','2023-03-13 11:24:50',0,'2023-03-13 11:25:17',12,'215','201',0,0,1,'','',0,6),(153,0,0,719,'2023-01-26 11:48:20','2023-01-26 11:48:20','2023-01-26 11:48:20','0000-00-00 00:00:00',0,'2023-01-27 10:23:48',29,'','',0,0,1,'','',0,37),(154,0,0,719,'2023-01-26 11:49:34','2023-01-26 11:49:34','2023-01-26 11:49:34','0000-00-00 00:00:00',0,'2023-03-13 10:53:53',14,'','',0,0,1,'','',0,8),(155,0,0,719,'2023-01-26 11:57:32','2023-01-26 11:57:32','2023-01-26 11:57:32','0000-00-00 00:00:00',0,'2023-01-26 11:58:19',9,'','',0,0,1,'','',0,4),(156,0,0,719,'2023-01-26 11:58:23','2023-01-26 11:58:23','2023-01-26 11:58:23','0000-00-00 00:00:00',0,'2023-01-26 12:02:48',14,'','',0,0,1,'','',0,8),(157,0,0,719,'2023-02-23 10:08:42','2023-02-23 10:08:42','2023-02-23 10:08:42','2023-02-23 10:09:43',0,'2023-02-23 10:09:18',12,'207','',0,0,1,'','',0,6),(158,0,0,719,'2023-02-23 10:22:50','2023-02-23 10:22:50','2023-02-23 10:22:50','2023-02-23 10:23:04',0,'2023-02-23 10:22:55',12,'214','',0,0,1,'','',0,6),(159,0,0,719,'2023-02-23 10:23:55','2023-02-23 10:23:55','2023-02-23 10:23:55','2023-02-23 10:24:09',0,NULL,12,'','',0,0,1,'','',0,6),(160,0,0,719,'2023-02-23 10:33:41','2023-02-23 10:33:41','2023-02-23 10:33:41','2023-02-23 10:33:54',0,'2023-02-23 10:33:48',12,'211','',0,0,1,'','',0,6),(161,0,0,719,'2023-02-23 10:47:45','2023-02-23 10:47:45','2023-02-23 10:47:45','2023-02-23 10:57:36',0,NULL,22,'','',0,0,1,'','',0,31),(162,0,0,945,'2023-02-24 08:59:46','2023-02-24 08:59:46','2023-02-24 08:59:46','2023-02-24 10:13:13',0,NULL,12,'','',0,0,1,'','',0,6),(163,0,0,945,'2023-02-24 08:59:49','2023-02-24 08:59:49','2023-02-24 08:59:49','2023-02-24 10:13:13',0,NULL,12,'','',0,0,1,'','',0,6),(164,0,0,945,'2023-02-24 08:59:50','2023-02-24 08:59:50','2023-02-24 08:59:50','2023-02-24 10:13:13',0,NULL,12,'','',0,0,1,'','',0,6),(165,0,0,945,'2023-02-24 08:59:51','2023-02-24 08:59:51','2023-02-24 08:59:51','2023-02-24 10:13:13',0,NULL,12,'','',0,0,1,'','',0,6),(166,0,0,945,'2023-02-24 09:05:14','2023-02-24 09:05:14','2023-02-24 09:05:14','2023-02-24 10:13:13',0,'2023-02-24 10:07:05',12,'','',0,0,1,'','',0,6),(167,0,0,945,'2023-02-24 09:05:17','2023-02-24 09:05:17','2023-02-24 09:05:17','2023-02-24 10:13:13',0,NULL,12,'','',0,0,1,'','',0,6),(168,0,0,945,'2023-02-24 09:05:18','2023-02-24 09:05:18','2023-02-24 09:05:18','2023-02-24 10:13:13',0,NULL,12,'','',0,0,1,'','',0,6),(169,0,0,945,'2023-02-24 09:11:09','2023-02-24 09:11:09','2023-02-24 09:11:09','2023-02-24 10:13:13',0,NULL,12,'','',0,0,1,'','',0,6),(170,0,0,945,'2023-02-24 09:17:21','2023-02-24 09:17:21','2023-02-24 09:17:21','2023-02-24 10:13:13',0,'2023-02-24 09:17:47',12,'','',0,0,1,'','',0,6),(171,0,0,945,'2023-02-24 10:01:01','2023-02-24 10:01:01','2023-02-24 10:01:01','2023-02-24 10:13:13',0,NULL,12,'','',0,0,1,'','',0,6),(172,0,0,719,'2023-02-24 10:07:10','2023-02-24 10:07:10','2023-02-24 10:07:10','0000-00-00 00:00:00',0,'2023-02-24 10:07:15',9,'','',0,0,1,'','',0,4),(173,0,0,945,'2023-02-24 10:09:07','2023-02-24 10:09:07','2023-02-24 10:09:07','2023-02-24 10:13:13',0,NULL,12,'','',0,0,1,'','',0,6),(174,0,0,945,'2023-02-24 10:13:23','2023-02-24 10:13:23','2023-02-24 10:13:23','2023-02-27 13:18:14',0,NULL,12,'','',0,0,1,'','',0,6),(175,0,0,945,'2023-02-24 10:55:28','2023-02-24 10:55:28','2023-02-24 10:55:28','2023-02-27 13:17:50',0,'2023-02-24 11:04:08',12,'','',0,0,1,'','',0,6),(176,0,0,945,'2023-02-24 11:22:19','2023-02-24 11:22:19','2023-02-24 11:22:19','2023-02-27 13:18:14',0,NULL,12,'','',0,0,1,'','',0,6),(177,0,0,945,'2023-02-24 11:22:21','2023-02-24 11:22:21','2023-02-24 11:22:21','2023-02-27 13:18:14',0,NULL,12,'','',0,0,1,'','',0,6),(178,0,0,945,'2023-02-24 11:22:28','2023-02-24 11:22:28','2023-02-24 11:22:28','2023-02-27 13:18:14',0,NULL,12,'','',0,0,1,'','',0,6),(179,0,0,945,'2023-02-24 12:26:52','2023-02-24 12:26:52','2023-02-24 12:26:52','2023-02-27 13:17:50',0,NULL,12,'','',0,0,1,'','',0,6),(180,0,0,719,'2023-02-28 15:05:37','2023-02-28 15:05:37','2023-02-28 15:05:37','2023-05-03 14:22:51',0,'2023-02-28 15:06:00',12,'200','',0,0,1,'','',0,6),(181,0,0,945,'2023-03-10 13:15:38','2023-03-10 13:15:38','2023-03-10 13:15:38','2023-03-10 13:23:52',0,'2023-03-10 13:16:39',12,'218','218',0,0,1,'','',0,6),(182,0,0,945,'2023-03-10 13:22:47','2023-03-10 13:22:47','2023-03-10 13:22:47','0000-00-00 00:00:00',0,NULL,12,'','',0,0,1,'','',0,6),(183,0,0,945,'2023-03-10 13:24:00','2023-03-10 13:24:00','2023-03-10 13:24:00','2023-03-20 11:51:52',0,'2023-03-20 11:48:03',12,'218','',0,0,1,'','',0,6),(184,0,0,945,'2023-03-10 13:24:02','2023-03-10 13:24:02','2023-03-10 13:24:02','2023-03-20 13:15:19',0,'2023-03-20 13:14:53',12,'218','',0,0,1,'','',0,6),(185,0,0,945,'2023-03-10 13:24:04','2023-03-10 13:24:04','2023-03-10 13:24:04','2023-03-20 13:15:46',0,NULL,12,'','',0,0,1,'','',0,6),(186,0,0,945,'2023-03-10 13:27:37','2023-03-10 13:27:37','2023-03-10 13:27:37','0000-00-00 00:00:00',0,'2023-03-10 13:28:11',12,'','',0,0,1,'','',0,6),(187,0,0,945,'2023-03-13 08:54:32','2023-03-13 08:54:32','2023-03-13 08:54:32','2023-03-20 11:45:56',0,NULL,12,'','',0,0,1,'','',0,6),(188,0,0,945,'2023-03-13 08:54:33','2023-03-13 08:54:33','2023-03-13 08:54:33','2023-03-20 11:45:56',0,NULL,12,'','',0,0,1,'','',0,6),(189,0,0,719,'2023-03-13 11:17:59','2023-03-13 11:17:59','2023-03-13 11:17:59','2023-03-13 11:24:50',0,NULL,10,'','',0,0,1,'','',0,5),(190,0,0,719,'2023-03-13 11:18:25','2023-03-13 11:18:25','2023-03-13 11:18:25','2023-03-13 11:24:50',0,NULL,10,'','',0,0,1,'','',0,5),(191,0,0,718,'2023-03-13 11:19:53','2023-03-13 11:19:53','2023-03-13 11:19:53','2023-03-13 11:20:01',0,NULL,6,'','',0,0,1,'','',0,1),(192,0,0,719,'2023-03-13 11:22:42','2023-03-13 11:22:42','2023-03-13 11:22:42','0000-00-00 00:00:00',0,'2023-06-01 16:12:46',8,'','',0,0,1,'','',0,3),(193,0,0,719,'2023-03-13 11:22:45','2023-03-13 11:22:45','2023-03-13 11:22:45','0000-00-00 00:00:00',0,'2023-03-13 11:23:35',31,'','',0,0,1,'','',0,45),(194,0,0,719,'2023-03-13 11:24:24','2023-03-13 11:24:24','2023-03-13 11:24:24','0000-00-00 00:00:00',0,'2023-03-13 13:34:59',8,'','',0,0,1,'','',0,3),(195,0,0,719,'2023-03-13 11:24:41','2023-03-13 11:24:41','2023-03-13 11:24:41','0000-00-00 00:00:00',0,'2023-03-13 11:35:44',31,'','',0,0,1,'','',0,45),(196,0,0,719,'2023-03-13 11:38:50','2023-03-13 11:38:50','2023-03-13 11:38:50','0000-00-00 00:00:00',0,'2023-03-13 13:35:12',8,'','',0,0,1,'','',0,3),(197,0,0,719,'2023-03-13 11:39:14','2023-03-13 11:39:14','2023-03-13 11:39:14','0000-00-00 00:00:00',0,'2023-03-13 11:40:18',31,'','',0,0,1,'','',0,45),(198,0,0,719,'2023-03-13 11:41:10','2023-03-13 11:41:10','2023-03-13 11:41:10','0000-00-00 00:00:00',0,'2023-03-13 13:35:38',8,'','',0,0,1,'','',0,3),(199,0,0,719,'2023-03-13 11:41:12','2023-03-13 11:41:12','2023-03-13 11:41:12','0000-00-00 00:00:00',0,'2023-03-13 11:41:29',31,'','',0,0,1,'','',0,45),(200,0,0,719,'2023-03-13 11:42:25','2023-03-13 11:42:25','2023-03-13 11:42:25','0000-00-00 00:00:00',0,'2023-03-13 13:35:21',8,'','',0,0,1,'','',0,3),(201,0,0,719,'2023-03-13 11:42:27','2023-03-13 11:42:27','2023-03-13 11:42:27','0000-00-00 00:00:00',0,'2023-03-13 11:43:02',31,'','',0,0,1,'','',0,45),(202,0,0,718,'2023-03-13 11:42:52','2023-03-13 11:42:52','2023-03-13 11:42:52','2023-03-13 11:48:59',0,NULL,33,'','',0,0,1,'','',0,46),(203,0,0,719,'2023-03-13 11:43:31','2023-03-13 11:43:31','2023-03-13 11:43:31','0000-00-00 00:00:00',0,'2023-03-13 13:36:04',8,'','',0,0,1,'','',0,3),(204,0,0,719,'2023-03-13 11:43:35','2023-03-13 11:43:35','2023-03-13 11:43:35','0000-00-00 00:00:00',0,'2023-03-13 11:43:53',31,'','',0,0,1,'','',0,45),(205,0,0,719,'2023-03-13 11:44:16','2023-03-13 11:44:16','2023-03-13 11:44:16','0000-00-00 00:00:00',0,'2023-03-13 13:36:22',8,'','',0,0,1,'','',0,3),(206,0,0,719,'2023-03-13 11:44:18','2023-03-13 11:44:18','2023-03-13 11:44:18','0000-00-00 00:00:00',0,'2023-03-13 11:44:35',31,'','',0,0,1,'','',0,45),(207,0,0,718,'2023-03-13 11:49:03','2023-03-13 11:49:03','2023-03-13 11:49:03','0000-00-00 00:00:00',0,NULL,33,'','',0,0,1,'','',0,46),(208,0,0,718,'2023-03-13 11:50:14','2023-03-13 11:50:14','2023-03-13 11:50:14','0000-00-00 00:00:00',0,NULL,33,'','',0,0,1,'','',0,46),(209,0,0,718,'2023-03-13 13:20:27','2023-03-13 13:20:27','2023-03-13 13:20:27','2023-03-13 13:20:49',0,NULL,33,'','',0,0,1,'','',0,46),(210,0,0,719,'2023-03-13 13:37:41','2023-03-13 13:37:41','2023-03-13 13:37:41','0000-00-00 00:00:00',0,NULL,33,'','',0,0,1,'','',0,46),(211,0,0,945,'2023-03-20 11:44:40','2023-03-20 11:44:40','2023-03-20 11:44:40','2023-03-20 11:47:08',0,'2023-03-20 11:47:03',12,'','218',0,0,1,'','',0,6),(212,0,0,945,'2023-03-20 11:51:09','2023-03-20 11:51:09','2023-03-20 11:51:09','2023-03-20 11:51:52',0,'2023-03-20 11:51:19',12,'','',0,0,1,'','',0,6),(213,0,0,719,'2023-03-20 13:12:40','2023-03-20 13:12:40','2023-03-20 13:12:40','0000-00-00 00:00:00',0,NULL,12,'232','',0,0,1,'','',0,6),(214,0,0,719,'2023-03-20 13:13:15','2023-03-20 13:13:15','2023-03-20 13:13:15','0000-00-00 00:00:00',0,NULL,12,'224','',0,0,1,'','',0,6),(215,0,0,945,'2023-03-20 13:14:07','2023-03-20 13:14:07','2023-03-20 13:14:07','2023-03-20 13:29:37',0,'2023-03-20 13:28:02',12,'218','',0,0,1,'','',0,6),(216,0,0,1292,'2023-03-20 13:28:53','2023-03-20 13:28:53','2023-03-20 13:28:53','2023-03-20 13:29:37',0,'2023-03-20 13:29:02',12,'217','',0,0,1,'','',0,6),(217,0,0,1292,'2023-03-20 13:29:14','2023-03-20 13:29:14','2023-03-20 13:29:14','2023-03-20 13:29:37',0,'2023-03-20 13:29:25',12,'219','',0,0,1,'','',0,6),(218,0,0,1292,'2023-03-20 13:43:04','2023-03-20 13:43:04','2023-03-20 13:43:04','0000-00-00 00:00:00',0,'2023-03-20 13:43:40',31,'','',0,0,1,'','',0,45),(219,0,0,1292,'2023-03-20 13:44:18','2023-03-20 13:44:18','2023-03-20 13:44:18','2023-03-20 13:47:51',0,'2023-03-20 13:47:25',12,'234','',0,0,1,'','',0,6),(220,0,0,1292,'2023-03-20 13:47:42','2023-03-20 13:47:42','2023-03-20 13:47:42','0000-00-00 00:00:00',0,'2023-03-20 13:47:49',31,'','',0,0,1,'','',0,45),(221,0,0,1292,'2023-03-20 13:48:45','2023-03-20 13:48:45','2023-03-20 13:48:45','0000-00-00 00:00:00',0,'2023-03-20 13:48:59',31,'','',0,0,1,'','',0,45),(222,0,0,945,'2023-04-06 09:02:22','2023-04-06 09:02:22','2023-04-06 09:02:22','2023-04-06 09:03:04',0,NULL,12,'','',0,0,1,'','',0,6),(223,0,0,945,'2023-04-17 08:47:28','2023-04-17 08:47:28','2023-04-17 08:47:28','2023-04-18 08:44:44',0,NULL,12,'','',0,0,1,'','',0,6),(224,0,0,1292,'2023-04-18 13:18:42','2023-04-18 13:18:42','2023-04-18 13:18:42','2023-06-05 09:41:35',0,'2023-04-18 13:19:37',12,'236','',0,0,1,'','',0,6),(225,0,0,1292,'2023-04-18 13:24:14','2023-04-18 13:24:14','2023-04-18 13:24:14','2023-06-02 09:59:14',0,'2023-06-02 09:59:11',12,'247','',0,0,1,'','',0,6),(226,0,0,945,'2023-05-03 14:22:09','2023-05-03 14:22:09','2023-05-03 14:22:09','2023-05-03 14:46:37',0,NULL,12,'','',0,0,1,'','',0,6),(227,0,0,945,'2023-05-03 14:22:12','2023-05-03 14:22:12','2023-05-03 14:22:12','2023-05-03 14:22:51',0,NULL,12,'','',0,0,1,'','',0,6),(228,0,0,945,'2023-05-03 14:22:14','2023-05-03 14:22:14','2023-05-03 14:22:14','2023-05-03 14:22:51',0,NULL,12,'','',0,0,1,'','',0,6),(229,0,0,718,'2023-05-18 22:56:47','2023-05-18 22:56:47','2023-05-18 22:56:47','2023-05-18 22:57:53',0,NULL,10,'','',0,0,1,'','',0,5),(230,0,0,718,'2023-05-18 22:56:48','2023-05-18 22:56:48','2023-05-18 22:56:48','2023-05-18 22:57:53',0,NULL,28,'','',0,0,1,'','',0,36),(231,0,0,718,'2023-05-18 22:56:50','2023-05-18 22:56:50','2023-05-18 22:56:50','2023-05-18 22:57:53',0,NULL,23,'','',0,0,1,'','',0,32),(232,0,0,718,'2023-05-18 22:56:52','2023-05-18 22:56:52','2023-05-18 22:56:52','2023-05-18 22:57:53',0,NULL,25,'','',0,0,1,'','',0,34),(233,0,0,718,'2023-05-18 22:56:52','2023-05-18 22:56:52','2023-05-18 22:56:52','2023-05-18 22:57:53',0,'2023-05-18 22:57:07',13,'','',0,0,1,'','',0,7),(234,0,0,718,'2023-05-18 22:57:38','2023-05-18 22:57:38','2023-05-18 22:57:38','2023-05-18 22:57:53',0,NULL,25,'','',0,0,1,'','',0,34),(235,0,0,718,'2023-05-18 22:57:41','2023-05-18 22:57:41','2023-05-18 22:57:41','2023-05-18 22:57:53',0,NULL,22,'','',0,0,1,'','',0,31),(236,0,0,719,'2023-06-01 13:54:10','2023-06-01 13:54:10','2023-06-01 13:54:10','2023-06-06 13:19:27',0,'2023-06-05 08:40:55',9,'','',0,0,1,'','',0,4),(237,0,0,719,'2023-06-01 13:55:33','2023-06-01 13:55:33','2023-06-01 13:55:33','2023-06-06 08:49:12',0,'2023-06-01 13:55:38',9,'','',0,0,1,'','',0,4),(238,0,0,719,'2023-06-01 13:56:15','2023-06-01 13:56:15','2023-06-01 13:56:15','2023-06-06 14:38:10',0,'2023-06-01 13:56:29',9,'','',0,0,1,'','',0,4),(239,0,0,719,'2023-06-01 13:56:42','2023-06-01 13:56:42','2023-06-01 13:56:42','2023-06-05 09:41:35',0,'2023-06-01 13:56:48',9,'','',0,0,1,'','',0,4),(240,0,0,719,'2023-06-01 16:07:49','2023-06-01 16:07:49','2023-06-01 16:07:49','0000-00-00 00:00:00',0,'2023-06-01 16:07:55',8,'','',0,0,1,'','',0,3),(241,0,0,719,'2023-06-01 16:07:59','2023-06-01 16:07:59','2023-06-01 16:07:59','0000-00-00 00:00:00',0,'2023-06-01 16:08:34',31,'','',0,0,1,'','',0,45),(242,0,0,719,'2023-06-01 16:09:27','2023-06-01 16:09:27','2023-06-01 16:09:27','0000-00-00 00:00:00',0,'2023-06-01 16:09:34',8,'','',0,0,1,'','',0,3),(243,0,0,719,'2023-06-01 16:09:37','2023-06-01 16:09:37','2023-06-01 16:09:37','0000-00-00 00:00:00',0,'2023-06-01 16:09:51',31,'','',0,0,1,'','',0,45),(244,0,0,719,'2023-06-01 16:10:05','2023-06-01 16:10:05','2023-06-01 16:10:05','0000-00-00 00:00:00',0,'2023-06-01 16:10:11',8,'','',0,0,1,'','',0,3),(245,0,0,719,'2023-06-01 16:10:14','2023-06-01 16:10:14','2023-06-01 16:10:14','0000-00-00 00:00:00',0,'2023-06-01 16:10:42',31,'','',0,0,1,'','',0,45),(246,0,0,719,'2023-06-01 16:10:53','2023-06-01 16:10:53','2023-06-01 16:10:53','0000-00-00 00:00:00',0,'2023-06-01 16:11:03',8,'','',0,0,1,'','',0,3),(247,0,0,719,'2023-06-01 16:10:56','2023-06-01 16:10:56','2023-06-01 16:10:56','0000-00-00 00:00:00',0,'2023-06-01 16:11:16',31,'','',0,0,1,'','',0,45),(248,0,0,719,'2023-06-01 16:11:37','2023-06-01 16:11:37','2023-06-01 16:11:37','0000-00-00 00:00:00',0,'2023-06-01 16:11:47',8,'','',0,0,1,'','',0,3),(249,0,0,719,'2023-06-01 16:11:41','2023-06-01 16:11:41','2023-06-01 16:11:41','0000-00-00 00:00:00',0,'2023-06-01 16:11:59',31,'','',0,0,1,'','',0,45),(250,0,0,718,'2023-06-05 09:23:19','2023-06-05 09:23:19','2023-06-05 09:23:19','0000-00-00 00:00:00',0,'2023-06-05 09:24:37',12,'247','',0,0,1,'','',0,6),(251,0,0,719,'2023-06-05 09:42:08','2023-06-05 09:42:08','2023-06-05 09:42:08','2023-06-05 09:42:22',0,NULL,9,'','',0,0,1,'','',0,4),(252,0,0,718,'2023-06-06 08:49:17','2023-06-06 08:49:17','2023-06-06 08:49:17','0000-00-00 00:00:00',0,'2023-06-06 08:49:20',9,'','',0,0,1,'','',0,4),(253,0,0,719,'2023-06-06 13:24:00','2023-06-06 13:24:00','2023-06-06 13:24:00','0000-00-00 00:00:00',0,'2023-06-06 13:24:24',6,'','',0,0,1,'','',0,1),(254,0,0,719,'2023-06-06 13:24:05','2023-06-06 13:24:05','2023-06-06 13:24:05','0000-00-00 00:00:00',0,'2023-06-06 13:24:40',31,'','',0,0,1,'','',0,45),(255,0,0,719,'2023-06-06 13:24:54','2023-06-06 13:24:54','2023-06-06 13:24:54','0000-00-00 00:00:00',0,'2023-06-06 13:25:00',6,'','',0,0,1,'','',0,1),(256,0,0,719,'2023-06-06 13:25:03','2023-06-06 13:25:03','2023-06-06 13:25:03','0000-00-00 00:00:00',0,'2023-06-06 13:25:10',31,'','',0,0,1,'','',0,45),(257,0,0,719,'2023-06-06 13:25:51','2023-06-06 13:25:51','2023-06-06 13:25:51','0000-00-00 00:00:00',0,'2023-06-06 13:26:01',6,'','',0,0,1,'','',0,1),(258,0,0,719,'2023-06-06 13:25:54','2023-06-06 13:25:54','2023-06-06 13:25:54','0000-00-00 00:00:00',0,'2023-06-06 13:26:17',31,'','',0,0,1,'','',0,45),(259,0,0,719,'2023-06-06 13:26:24','2023-06-06 13:26:24','2023-06-06 13:26:24','0000-00-00 00:00:00',0,'2023-06-06 13:26:40',6,'','',0,0,1,'','',0,1),(260,0,0,719,'2023-06-06 13:26:29','2023-06-06 13:26:29','2023-06-06 13:26:29','0000-00-00 00:00:00',0,'2023-06-06 13:26:46',31,'','',0,0,1,'','',0,45),(261,0,0,719,'2023-06-06 13:27:38','2023-06-06 13:27:38','2023-06-06 13:27:38','0000-00-00 00:00:00',0,'2023-06-06 13:27:52',31,'','',0,0,1,'','',0,45),(262,0,0,719,'2023-06-06 13:28:00','2023-06-06 13:28:00','2023-06-06 13:28:00','0000-00-00 00:00:00',0,'2023-06-06 13:28:10',6,'','',0,0,1,'','',0,1),(263,0,0,719,'2023-06-06 13:28:12','2023-06-06 13:28:12','2023-06-06 13:28:12','0000-00-00 00:00:00',0,'2023-06-06 13:28:18',31,'','',0,0,1,'','',0,45),(264,0,0,719,'2023-06-06 13:29:22','2023-06-06 13:29:22','2023-06-06 13:29:22','0000-00-00 00:00:00',0,'2023-06-06 13:29:31',6,'','',0,0,1,'','',0,1),(265,0,0,719,'2023-06-06 13:29:24','2023-06-06 13:29:24','2023-06-06 13:29:24','0000-00-00 00:00:00',0,'2023-06-06 13:29:39',31,'','',0,0,1,'','',0,45),(266,0,0,718,'2023-06-06 14:08:33','2023-06-06 14:08:33','2023-06-06 14:08:33','2023-06-06 14:15:11',0,NULL,6,'','',0,0,1,'','',0,1),(267,0,0,718,'2023-06-06 14:13:01','2023-06-06 14:13:01','2023-06-06 14:13:01','0000-00-00 00:00:00',0,NULL,6,'','',0,0,1,'','',0,1),(268,0,0,718,'2023-06-06 14:13:02','2023-06-06 14:13:02','2023-06-06 14:13:02','2023-06-06 14:13:08',0,NULL,10,'','',0,0,1,'','',0,5),(269,0,0,718,'2023-06-06 14:13:04','2023-06-06 14:13:04','2023-06-06 14:13:04','0000-00-00 00:00:00',0,NULL,9,'','',0,0,1,'','',0,4),(270,0,0,718,'2023-06-06 14:15:03','2023-06-06 14:15:03','2023-06-06 14:15:03','2023-06-06 14:15:11',0,NULL,9,'','',0,0,1,'','',0,4),(271,0,0,718,'2023-06-06 14:15:10','2023-06-06 14:15:10','2023-06-06 14:15:10','2023-06-06 14:34:55',0,NULL,8,'','',0,0,1,'','',0,3),(272,0,0,718,'2023-06-06 14:34:40','2023-06-06 14:34:40','2023-06-06 14:34:40','2023-06-06 14:35:17',0,'2023-06-06 14:34:44',6,'','',0,0,1,'','',0,1),(273,0,0,718,'2023-06-06 14:38:25','2023-06-06 14:38:25','2023-06-06 14:38:25','0000-00-00 00:00:00',0,'2023-06-06 14:38:27',9,'','',0,0,1,'','',0,4),(274,0,0,719,'2023-06-06 15:15:01','2023-06-06 15:15:01','2023-06-06 15:15:01','0000-00-00 00:00:00',0,'2023-06-06 15:15:36',9,'','',0,0,1,'','',0,4),(275,0,0,719,'2023-06-06 15:16:03','2023-06-06 15:16:03','2023-06-06 15:16:03','0000-00-00 00:00:00',0,'2023-06-06 15:16:36',9,'','',0,0,1,'','',0,4),(276,0,0,719,'2023-06-07 14:21:41','2023-06-07 14:21:41','2023-06-07 14:21:41','0000-00-00 00:00:00',0,'2023-06-07 14:21:51',6,'','',0,0,1,'','',0,1),(277,0,0,719,'2023-06-07 14:21:44','2023-06-07 14:21:44','2023-06-07 14:21:44','0000-00-00 00:00:00',0,'2023-06-07 14:22:09',31,'','',0,0,1,'','',0,45),(278,0,0,719,'2023-06-07 14:22:20','2023-06-07 14:22:20','2023-06-07 14:22:20','0000-00-00 00:00:00',0,'2023-06-07 14:22:30',6,'','',0,0,1,'','',0,1),(279,0,0,719,'2023-06-07 14:22:24','2023-06-07 14:22:24','2023-06-07 14:22:24','0000-00-00 00:00:00',0,'2023-06-07 14:22:36',31,'','',0,0,1,'','',0,45);

--
-- Table structure for table `ngn_pages_atribute`
--

CREATE TABLE `ngn_pages_atribute` (
  `atribute_id` int(11) NOT NULL AUTO_INCREMENT,
  `atribute_type` int(11) DEFAULT NULL,
  `atribute_link` int(11) DEFAULT NULL,
  `atribute_color` varchar(10) NOT NULL,
  `atribute_font` varchar(10) NOT NULL,
  `atribute_condition` varchar(200) NOT NULL,
  `atribute_default` varchar(200) NOT NULL,
  `atribute_priority` int(11) NOT NULL,
  `atribute_required` int(11) DEFAULT NULL,
  `atribute_var` varchar(50) DEFAULT NULL,
  `atribute_format` varchar(50) NOT NULL,
  `atribute_prefix` varchar(100) NOT NULL,
  `atribute_postfix` varchar(100) NOT NULL,
  `atribute_language` tinyint(1) NOT NULL DEFAULT 0,
  `atribute_editdate` datetime NOT NULL,
  PRIMARY KEY (`atribute_id`),
  KEY `atribute_var` (`atribute_var`)
) ENGINE=InnoDB AUTO_INCREMENT=26 DEFAULT CHARSET=utf8;

--
-- Dumping data for table `ngn_pages_atribute`
--

INSERT INTO `ngn_pages_atribute` VALUES (1,7,NULL,'','','','',1,0,'column_left','','','',1,'0000-00-00 00:00:00'),(2,7,NULL,'','','','',1,0,'column_right','','','',1,'0000-00-00 00:00:00'),(3,8,NULL,'','','','',1,0,'twist','','','',1,'0000-00-00 00:00:00'),(4,8,NULL,'','','','',1,0,'text_center','','','',1,'0000-00-00 00:00:00'),(5,0,NULL,'','','','',1,0,'title','','','',1,'0000-00-00 00:00:00'),(6,7,NULL,'','','','',1,0,'text','','','',1,'0000-00-00 00:00:00'),(7,0,NULL,'','','','',1,0,'btn_text','','','',0,'2022-03-15 10:34:33'),(8,0,NULL,'','','','',1,0,'btn_url','','','',0,'2022-03-15 10:34:41'),(10,7,NULL,'','','','',1,0,'upper_text','','','',0,'2022-03-16 15:26:02'),(11,7,NULL,'','','','',1,0,'lower_text','','','',0,'2022-03-16 15:26:14'),(12,1,NULL,'','','','',1,0,'number_1','','','',0,'2022-03-17 08:56:13'),(13,0,NULL,'','','','',1,0,'text_1','','','',0,'2022-03-17 08:56:26'),(14,1,NULL,'','','','',1,0,'number_2','','','',0,'2022-03-17 08:56:41'),(15,0,NULL,'','','','',1,0,'text_2','','','',0,'2022-03-17 08:56:51'),(16,1,NULL,'','','','',1,0,'number_3','','','',0,'2022-03-17 08:57:07'),(17,0,NULL,'','','','',1,0,'text_3','','','',0,'2022-03-17 08:57:18'),(18,1,NULL,'','','','',1,0,'number_4','','','',0,'2022-03-17 08:57:26'),(19,0,NULL,'','','','',1,0,'text_4','','','',0,'2022-03-17 08:57:43'),(20,0,NULL,'','','','',1,0,'video_url','','','',0,'2022-07-04 16:16:57'),(21,5,NULL,'','','','1',1,0,'text_color','','','',0,'2022-07-07 13:38:07'),(22,16,NULL,'','','','',1,0,'iframe','','','',0,'2022-07-07 13:49:02'),(23,8,NULL,'','','','',1,0,'wide','','','',0,'2022-08-19 15:40:41'),(24,8,NULL,'','','','',1,0,'disable_space','','','',0,'2022-08-19 15:59:15'),(25,5,NULL,'','','','4',1,0,'btn_position','','','',0,'2022-10-20 11:04:23');

--
-- Table structure for table `ngn_pages_atribute_language`
--

CREATE TABLE `ngn_pages_atribute_language` (
  `atribute_id` int(11) NOT NULL,
  `language_id` int(11) NOT NULL DEFAULT 0,
  `editdate` datetime NOT NULL,
  `enable` int(11) NOT NULL,
  `approved` int(1) NOT NULL DEFAULT 0,
  `language_name` varchar(200) DEFAULT NULL,
  `language_description` text DEFAULT NULL,
  `language_meta` text DEFAULT NULL,
  `language_keywords` varchar(100) DEFAULT NULL,
  `language_url` varchar(100) DEFAULT NULL,
  `language_photo` varchar(100) NOT NULL DEFAULT '',
  PRIMARY KEY (`atribute_id`,`language_id`),
  KEY `language_id` (`language_id`),
  KEY `editdate` (`editdate`)
) ENGINE=InnoDB DEFAULT CHARSET=utf8;

--
-- Dumping data for table `ngn_pages_atribute_language`
--

INSERT INTO `ngn_pages_atribute_language` VALUES (1,1,'2021-02-01 13:19:44',0,1,'Levi stolpec','','','','',''),(1,2,'2021-02-01 13:19:44',0,1,'Levi stolpec','','','','',''),(2,1,'2021-02-01 13:19:44',0,1,'Desni stolpec','','','','',''),(2,2,'2021-02-01 13:19:44',0,1,'Desni stolpec','','','','',''),(3,1,'2021-02-01 13:19:44',0,1,'Obrni','','','','',''),(3,2,'2021-02-01 13:19:44',0,1,'Obrni','','','','',''),(4,1,'2021-02-01 13:19:44',0,1,'Centriraj','','','','',''),(4,2,'2021-02-01 13:19:44',0,1,'Centriraj','','','','',''),(5,1,'2021-02-01 13:19:44',0,1,'Naslov','','','','',''),(5,2,'2021-02-01 13:19:44',0,1,'Naslov','','','','',''),(6,1,'2021-02-01 13:19:44',0,1,'Vsebina','','','','',''),(6,2,'2021-02-01 13:19:44',0,1,'Vsebina','','','','',''),(7,1,'2022-03-15 10:34:33',0,1,'Gumb tekst','','','','',''),(7,2,'2022-03-15 10:34:33',0,1,'Gumb tekst','','','','',''),(8,1,'2022-03-15 10:34:41',0,1,'Gumb url','','','','',''),(8,2,'2022-03-15 10:34:41',0,1,'Gumb url','','','','',''),(9,1,'2022-03-16 13:55:03',0,1,'test','','','','',''),(9,2,'2022-03-16 13:55:03',0,1,'test','','','','',''),(10,1,'2022-03-16 15:26:02',0,1,'Zgornji tekst','','','','',''),(10,2,'2022-03-16 15:26:02',0,1,'Zgornji tekst','','','','',''),(11,1,'2022-03-16 15:26:14',0,1,'Spodnji tekst','','','','',''),(11,2,'2022-03-16 15:26:14',0,1,'Spodnji tekst','','','','',''),(12,1,'2022-03-17 08:56:13',0,1,'Številka','','','','',''),(12,2,'2022-03-17 08:56:13',0,1,'Številka','','','','',''),(13,1,'2022-03-17 08:56:26',0,1,'Tekst','','','','',''),(13,2,'2022-03-17 08:56:26',0,1,'Tekst','','','','',''),(14,1,'2022-03-17 08:56:41',0,1,'Številka (2)','','','','',''),(14,2,'2022-03-17 08:56:41',0,1,'Številka (2)','','','','',''),(15,1,'2022-03-17 08:56:51',0,1,'Tekst (2)','','','','',''),(15,2,'2022-03-17 08:56:51',0,1,'Tekst (2)','','','','',''),(16,1,'2022-03-17 08:57:07',0,1,'Številka (3)','','','','',''),(16,2,'2022-03-17 08:57:07',0,1,'Številka (3)','','','','',''),(17,1,'2022-03-17 08:57:18',0,1,'Tekst (3)','','','','',''),(17,2,'2022-03-17 08:57:18',0,1,'Tekst (3)','','','','',''),(18,1,'2022-03-17 08:57:26',0,1,'Številka (4)','','','','',''),(18,2,'2022-03-17 08:57:26',0,1,'Številka (4)','','','','',''),(19,1,'2022-03-17 08:57:43',0,1,'Tekst (4)','','','','',''),(19,2,'2022-03-17 08:57:43',0,1,'Tekst (4)','','','','',''),(20,1,'2022-07-04 16:16:57',0,1,'Url','','','','',''),(20,2,'2022-07-04 16:16:57',0,1,'Url','','','','',''),(21,1,'2022-07-07 13:38:07',0,1,'Barva teksta','','','','',''),(21,2,'2022-07-07 13:38:07',0,1,'Barva teksta','','','','',''),(22,1,'2022-07-07 13:49:02',0,1,'Iframe','','','','',''),(22,2,'2022-07-07 13:49:02',0,1,'Iframe','','','','',''),(23,1,'2022-08-19 15:40:33',0,1,'Širše','','','','',''),(23,2,'2022-08-19 15:40:41',0,1,'Wide','','','','',''),(24,1,'2022-08-19 15:59:14',0,1,'Zožaj razmak','','','','',''),(24,2,'2022-08-19 15:59:15',0,1,'Zožaj razmak','','','','',''),(25,1,'2022-08-29 10:07:55',0,1,'Pozicija gumba','','','','',''),(25,2,'2022-10-20 11:04:23',0,1,'Pozicija gumba','','','','','');

--
-- Table structure for table `ngn_pages_atribute_links`
--

CREATE TABLE `ngn_pages_atribute_links` (
  `atribute_id` int(11) NOT NULL,
  `link_id` int(11) NOT NULL,
  `position` int(11) NOT NULL,
  `link_date` datetime NOT NULL,
  PRIMARY KEY (`atribute_id`,`link_id`),
  KEY `atribute_id_idx` (`link_id`)
) ENGINE=InnoDB DEFAULT CHARSET=utf8;

--
-- Dumping data for table `ngn_pages_atribute_links`
--


--
-- Table structure for table `ngn_pages_atribute_values`
--

CREATE TABLE `ngn_pages_atribute_values` (
  `value_id` int(11) NOT NULL AUTO_INCREMENT,
  `atribute_id` int(11) NOT NULL,
  `value_same` int(11) NOT NULL,
  `value_value` varchar(50) DEFAULT NULL,
  `value_photo` varchar(100) NOT NULL,
  `value_order` int(11) NOT NULL,
  PRIMARY KEY (`value_id`,`atribute_id`),
  KEY `atribute_id` (`atribute_id`),
  KEY `value_order` (`value_order`)
) ENGINE=InnoDB AUTO_INCREMENT=6 DEFAULT CHARSET=utf8;

--
-- Dumping data for table `ngn_pages_atribute_values`
--

INSERT INTO `ngn_pages_atribute_values` VALUES (1,21,1,'black','',0),(2,21,1,'white','',0),(3,21,1,'green','',0),(4,25,1,'left','',0),(5,25,1,'right','',0);

--
-- Table structure for table `ngn_pages_atribute_values_language`
--

CREATE TABLE `ngn_pages_atribute_values_language` (
  `value_id` int(11) NOT NULL,
  `language_id` int(11) NOT NULL DEFAULT 0,
  `editdate` datetime NOT NULL,
  `enable` int(11) NOT NULL,
  `approved` int(1) NOT NULL DEFAULT 0,
  `language_name` varchar(200) DEFAULT NULL,
  `language_description` text DEFAULT NULL,
  `language_meta` text DEFAULT NULL,
  `language_keywords` varchar(100) DEFAULT NULL,
  `language_url` varchar(100) DEFAULT NULL,
  `language_photo` varchar(100) NOT NULL DEFAULT '',
  PRIMARY KEY (`value_id`,`language_id`),
  KEY `language_id` (`language_id`),
  KEY `editdate` (`editdate`)
) ENGINE=InnoDB DEFAULT CHARSET=utf8;

--
-- Dumping data for table `ngn_pages_atribute_values_language`
--

INSERT INTO `ngn_pages_atribute_values_language` VALUES (1,1,'2022-07-07 13:38:07',0,0,'črna',NULL,NULL,NULL,'crna',''),(1,2,'2022-07-07 13:38:07',0,0,'črna',NULL,NULL,NULL,'crna',''),(2,1,'2022-07-07 13:38:07',0,0,'bela',NULL,NULL,NULL,'bela',''),(2,2,'2022-07-07 13:38:07',0,0,'bela',NULL,NULL,NULL,'bela',''),(3,1,'2022-07-07 13:38:07',0,0,'zelena',NULL,NULL,NULL,'zelena',''),(3,2,'2022-07-07 13:38:07',0,0,'zelena',NULL,NULL,NULL,'zelena',''),(4,1,'2022-10-20 11:04:23',0,0,'levo spodaj',NULL,NULL,NULL,'levo-spodaj',''),(4,2,'2022-10-20 11:04:23',0,0,'levo spodaj',NULL,NULL,NULL,'levo-spodaj',''),(5,1,'2022-10-20 11:04:23',0,0,'desno spodaj',NULL,NULL,NULL,'desno-spodaj',''),(5,2,'2022-10-20 11:04:23',0,0,'desno spodaj',NULL,NULL,NULL,'desno-spodaj','');

--
-- Table structure for table `ngn_pages_categories`
--

CREATE TABLE `ngn_pages_categories` (
  `news_id` int(11) NOT NULL,
  `category_id` int(11) NOT NULL,
  `position` int(11) NOT NULL DEFAULT 0,
  PRIMARY KEY (`news_id`,`category_id`),
  KEY `category_id` (`category_id`)
) ENGINE=InnoDB DEFAULT CHARSET=utf8;

--
-- Dumping data for table `ngn_pages_categories`
--

INSERT INTO `ngn_pages_categories` VALUES (1,9,-1),(2,12,-1),(3,7,-1),(4,6,-1),(5,8,-1),(6,9,-1),(7,10,-1),(8,11,-1),(9,12,-1),(10,13,-1),(11,18,-1),(12,21,-1),(13,21,-1),(14,13,-1),(15,22,-1),(16,23,-1),(17,24,-1),(18,25,-1),(19,26,-1),(20,23,-1),(21,14,-1),(22,22,-1),(23,14,-1),(24,6,-1),(25,6,-1),(26,9,-1),(27,28,-1),(28,14,-1),(29,14,-1),(30,6,-1),(31,14,-1),(32,12,-1),(33,11,-1),(34,14,-1),(35,14,-1),(36,9,-1),(37,14,-1),(38,9,-1),(39,14,-1),(40,14,-1),(41,9,-1),(42,23,-1),(43,23,-1),(44,25,-1),(45,25,-1),(46,25,-1),(47,25,-1),(48,23,-1),(49,25,-1),(50,25,-1),(51,29,-1),(52,29,-1),(53,29,-1),(54,29,-1),(55,29,-1),(56,9,-1),(57,14,-1),(58,29,-1),(59,6,-1),(60,9,-1),(61,29,-1),(62,25,-1),(63,14,-1),(64,12,-1),(65,12,-1),(66,12,-1),(67,12,-1),(68,12,-1),(69,12,-1),(70,12,-1),(71,12,-1),(72,30,-1),(73,30,-1),(74,6,-1),(75,12,-1),(76,10,-1),(77,6,-1),(78,6,-1),(79,12,-1),(80,12,-1),(81,6,-1),(82,7,-1),(83,8,-1),(84,28,-1),(85,9,-1),(86,10,-1),(87,11,-1),(88,12,-1),(89,25,-1),(90,13,-1),(91,12,-1),(92,6,-1),(93,9,-1),(94,12,-1),(95,12,-1),(96,12,-1),(97,12,-1),(98,12,-1),(99,12,-1),(100,12,-1),(101,12,-1),(102,12,-1),(103,12,-1),(104,12,-1),(105,12,-1),(106,12,-1),(107,12,-1),(108,12,-1),(109,12,-1),(110,12,-1),(111,12,-1),(112,12,-1),(113,12,-1),(114,14,-1),(115,10,-1),(116,9,-1),(117,10,-1),(118,13,-1),(119,12,-1),(120,12,-1),(121,12,-1),(122,12,-1),(123,12,-1),(124,12,-1),(125,12,-1),(126,12,-1),(127,28,-1),(128,12,-1),(129,13,-1),(130,13,-1),(131,12,-1),(132,12,-1),(133,12,-1),(134,12,-1),(135,12,-1),(136,9,-1),(137,12,-1),(138,12,-1),(139,12,-1),(140,9,-1),(141,9,-1),(142,12,-1),(143,14,-1),(144,22,-1),(145,13,-1),(146,14,-1),(147,14,-1),(148,14,-1),(149,9,-1),(150,6,-1),(151,9,-1),(152,12,-1),(153,29,-1),(154,14,-1),(155,9,-1),(156,14,-1),(157,12,-1),(158,12,-1),(159,12,-1),(160,12,-1),(161,22,-1),(162,12,-1),(163,12,-1),(164,12,-1),(165,12,-1),(166,12,-1),(167,12,-1),(168,12,-1),(169,12,-1),(170,12,-1),(171,12,-1),(172,9,-1),(173,12,-1),(174,12,-1),(175,12,-1),(176,12,-1),(177,12,-1),(178,12,-1),(179,12,-1),(180,12,-1),(181,12,-1),(182,12,-1),(183,12,-1),(184,12,-1),(185,12,-1),(186,12,-1),(187,12,-1),(188,12,-1),(189,10,-1),(190,10,-1),(191,6,-1),(192,8,-1),(193,31,-1),(194,8,-1),(195,31,-1),(196,8,-1),(197,31,-1),(198,8,-1),(199,31,-1),(200,8,-1),(201,31,-1),(202,33,-1),(203,8,-1),(204,31,-1),(205,8,-1),(206,31,-1),(207,33,-1),(208,33,-1),(209,33,-1),(210,33,-1),(211,12,-1),(212,12,-1),(213,12,-1),(214,12,-1),(215,12,-1),(216,12,-1),(217,12,-1),(218,31,-1),(219,12,-1),(220,31,-1),(221,31,-1),(222,12,-1),(223,12,-1),(224,12,-1),(225,12,-1),(226,12,-1),(227,12,-1),(228,12,-1),(229,10,-1),(230,28,-1),(231,23,-1),(232,25,-1),(233,13,-1),(234,25,-1),(235,22,-1),(236,9,-1),(237,9,-1),(238,9,-1),(239,9,-1),(240,8,-1),(241,31,-1),(242,8,-1),(243,31,-1),(244,8,-1),(245,31,-1),(246,8,-1),(247,31,-1),(248,8,-1),(249,31,-1),(250,12,-1),(251,9,-1),(252,9,-1),(253,6,-1),(254,31,-1),(255,6,-1),(256,31,-1),(257,6,-1),(258,31,-1),(259,6,-1),(260,31,-1),(261,31,-1),(262,6,-1),(263,31,-1),(264,6,-1),(265,31,-1),(266,6,-1),(267,6,-1),(268,10,-1),(269,9,-1),(270,9,-1),(271,8,-1),(272,6,-1),(273,9,-1),(274,9,-1),(275,9,-1),(276,6,-1),(277,31,-1),(278,6,-1),(279,31,-1);

--
-- Table structure for table `ngn_pages_category`
--

CREATE TABLE `ngn_pages_category` (
  `category_id` int(11) NOT NULL AUTO_INCREMENT,
  `category_enable` int(11) DEFAULT NULL,
  `category_createdate` datetime DEFAULT NULL,
  `category_showdate` datetime DEFAULT NULL,
  `category_hidedate` datetime DEFAULT NULL,
  `category_hide` tinyint(1) NOT NULL,
  `category_editdate` datetime DEFAULT NULL,
  `category_position` int(11) DEFAULT NULL,
  `category_type` int(11) NOT NULL,
  `category_parent` int(11) DEFAULT NULL,
  `category_photo` int(11) DEFAULT NULL,
  `category_restriction` int(11) NOT NULL,
  `category_template` int(11) NOT NULL,
  `category_template_news` int(11) NOT NULL,
  `category_source` varchar(200) NOT NULL,
  `category_source_url` varchar(200) NOT NULL,
  `category_photo2` int(11) DEFAULT NULL,
  `category_photo_language1` int(11) NOT NULL,
  `category_photo_language2` int(11) NOT NULL,
  PRIMARY KEY (`category_id`),
  KEY `category_enable` (`category_enable`),
  KEY `category_template` (`category_template`),
  KEY `category_template_news` (`category_template_news`),
  KEY `category_createdate` (`category_createdate`),
  KEY `category_editdate` (`category_editdate`),
  KEY `category_hidedate` (`category_hidedate`),
  KEY `category_showdate` (`category_showdate`)
) ENGINE=InnoDB AUTO_INCREMENT=34 DEFAULT CHARSET=utf8;

--
-- Dumping data for table `ngn_pages_category`
--

INSERT INTO `ngn_pages_category` VALUES (1,1,'2021-02-01 12:22:58',NULL,NULL,0,'2022-08-18 00:00:00',0,0,0,0,1,0,0,'','',NULL,0,0),(2,1,'2021-02-01 12:26:56',NULL,NULL,0,'2022-08-18 00:00:00',0,0,1,0,1,0,0,'','',NULL,0,0),(3,1,'2021-02-01 12:26:56',NULL,NULL,0,'2022-08-18 00:00:00',2,0,1,0,1,0,0,'','',NULL,0,0),(4,1,'2021-02-01 12:26:56',NULL,NULL,0,'2022-08-18 00:00:00',3,0,1,0,1,0,0,'','',NULL,0,0),(5,1,'2021-02-01 12:26:56',NULL,NULL,0,'2022-08-18 00:00:00',5,0,1,0,1,0,0,'','',NULL,0,0),(6,1,'2021-02-01 12:26:56',NULL,NULL,0,'2022-08-18 00:00:00',0,1,2,31,1,1,1,'','',NULL,0,0),(7,1,'2021-02-01 12:26:56',NULL,NULL,0,'2022-08-18 00:00:00',1,1,2,30,1,2,2,'','',NULL,0,0),(8,1,'2021-02-01 12:26:56',NULL,NULL,0,'2022-08-18 00:00:00',2,1,2,29,1,3,3,'','',NULL,0,0),(9,1,'2021-02-01 12:26:56',NULL,NULL,0,'2022-08-18 00:00:00',0,1,3,28,1,4,4,'','',NULL,0,0),(10,1,'2021-02-01 12:26:56',NULL,NULL,0,'2022-08-18 00:00:00',1,1,3,27,1,5,5,'','',NULL,0,0),(11,1,'2021-02-01 12:26:56',NULL,NULL,0,'2022-08-18 00:00:00',2,0,3,26,1,10,10,'','',NULL,0,0),(12,1,'2021-02-01 12:26:56',NULL,NULL,0,'2022-09-29 13:25:37',0,1,4,25,1,6,6,'','',NULL,0,0),(13,1,'2021-02-01 12:26:56',NULL,NULL,0,'2022-08-25 08:12:01',9,1,4,24,1,7,7,'','',NULL,0,0),(14,1,'2021-02-01 12:26:56',NULL,NULL,0,'2022-08-18 00:00:00',10,0,4,37,1,8,8,'','',NULL,0,0),(15,0,'2021-02-01 12:26:56',NULL,NULL,0,'2022-08-18 00:00:00',11,0,4,0,1,9,9,'','',NULL,0,0),(16,1,'2021-02-01 12:26:56',NULL,NULL,0,'2022-08-18 00:00:00',1,0,5,32,1,11,11,'','',NULL,0,0),(17,1,'2021-02-01 12:26:56',NULL,NULL,0,'2022-08-18 00:00:00',2,0,5,33,1,12,12,'','',NULL,0,0),(18,1,'2021-02-01 12:26:56',NULL,NULL,0,'2022-08-18 00:00:00',3,0,5,34,1,13,13,'','',NULL,0,0),(21,1,'2022-03-15 10:33:43',NULL,NULL,0,'2022-08-18 00:00:00',2,1,4,23,1,30,30,'','',NULL,0,0),(22,1,'2022-03-16 09:54:52',NULL,NULL,0,'2022-08-25 08:10:45',3,1,4,35,1,31,31,'','',NULL,0,0),(23,1,'2022-03-16 13:35:16',NULL,NULL,0,'2022-08-25 08:10:55',4,1,4,22,1,32,32,'','',NULL,0,0),(24,1,'2022-03-16 14:56:04',NULL,NULL,0,'2022-08-18 00:00:00',5,0,4,21,1,33,33,'','',NULL,0,0),(25,1,'2022-03-16 15:20:28',NULL,NULL,0,'2022-08-25 08:11:19',6,1,4,20,1,34,34,'','',NULL,0,0),(26,1,'2022-03-17 08:55:31',NULL,NULL,0,'2022-08-25 08:11:23',7,1,4,19,1,35,35,'','',NULL,0,0),(27,1,'2022-04-07 14:30:44',NULL,NULL,0,'2023-02-21 14:09:19',1,0,1,0,1,36,36,'','',NULL,0,0),(28,1,'2022-04-07 14:31:01',NULL,NULL,0,'2023-02-21 14:09:20',0,0,27,38,1,36,36,'','',NULL,0,0),(29,1,'2022-07-04 16:17:27',NULL,NULL,0,'2022-08-25 08:11:27',8,1,4,79,1,37,37,'','',NULL,0,0),(30,1,'2022-08-25 08:07:39',NULL,NULL,0,'2022-08-25 08:21:25',0,1,5,110,1,40,40,'','',NULL,0,0),(31,1,'2023-03-13 10:38:51',NULL,NULL,0,'2023-03-13 13:34:52',1,1,4,231,1,45,45,'','',NULL,0,0),(32,1,'2023-03-13 11:16:22',NULL,NULL,0,'2023-03-13 11:16:41',4,1,1,0,1,1,1,'','',NULL,0,0),(33,1,'2023-03-13 11:16:59',NULL,NULL,0,'2023-03-13 11:25:59',0,1,32,230,1,46,46,'','',NULL,0,0);

--
-- Table structure for table `ngn_pages_category_file`
--

CREATE TABLE `ngn_pages_category_file` (
  `type_id` int(11) NOT NULL AUTO_INCREMENT,
  `type_name` varchar(200) NOT NULL DEFAULT '',
  `type_extension` varchar(200) NOT NULL DEFAULT '',
  `type_type` varchar(200) NOT NULL DEFAULT '',
  `type_enable` int(11) NOT NULL DEFAULT 0,
  `type_photo` varchar(200) NOT NULL DEFAULT '',
  PRIMARY KEY (`type_id`)
) ENGINE=InnoDB DEFAULT CHARSET=utf8;

--
-- Dumping data for table `ngn_pages_category_file`
--


--
-- Table structure for table `ngn_pages_category_files`
--

CREATE TABLE `ngn_pages_category_files` (
  `file_id` int(11) NOT NULL AUTO_INCREMENT,
  `category_id` int(11) NOT NULL DEFAULT 0,
  `file_type` int(11) NOT NULL DEFAULT 0,
  `file_group` int(11) NOT NULL,
  `file_size` int(11) NOT NULL DEFAULT 0,
  `file_list` int(11) NOT NULL DEFAULT 1,
  `file_file` varchar(100) NOT NULL DEFAULT '',
  `file_original_name` varchar(200) NOT NULL DEFAULT '0',
  `file_createdate` datetime NOT NULL,
  `file_showdate` datetime NOT NULL,
  `file_hidedate` datetime NOT NULL,
  `file_hide` smallint(1) NOT NULL,
  `file_owner` int(11) NOT NULL,
  `file_order` int(11) NOT NULL,
  PRIMARY KEY (`file_id`),
  KEY `category_id` (`category_id`),
  KEY `file_type` (`file_type`),
  KEY `file_createdate` (`file_createdate`),
  KEY `file_owner` (`file_owner`),
  KEY `file_group` (`file_group`),
  KEY `file_showdate` (`file_showdate`),
  KEY `file_hidedate` (`file_hidedate`),
  KEY `file_hide` (`file_hide`),
  KEY `file_order` (`file_order`),
  CONSTRAINT `ngn_pages_category_files_ibfk_1` FOREIGN KEY (`category_id`) REFERENCES `ngn_pages_category` (`category_id`) ON DELETE CASCADE ON UPDATE CASCADE
) ENGINE=InnoDB DEFAULT CHARSET=utf8;

--
-- Dumping data for table `ngn_pages_category_files`
--


--
-- Table structure for table `ngn_pages_category_files_language`
--

CREATE TABLE `ngn_pages_category_files_language` (
  `file_id` int(11) NOT NULL,
  `language_id` int(11) NOT NULL DEFAULT 0,
  `editdate` datetime NOT NULL,
  `enable` int(11) NOT NULL,
  `approved` int(1) NOT NULL DEFAULT 0,
  `language_name` varchar(200) DEFAULT NULL,
  `language_description` text DEFAULT NULL,
  `language_meta` text DEFAULT NULL,
  `language_keywords` varchar(100) DEFAULT NULL,
  `language_url` varchar(100) DEFAULT NULL,
  `language_photo` varchar(100) NOT NULL DEFAULT '',
  PRIMARY KEY (`file_id`,`language_id`),
  KEY `language_id` (`language_id`),
  KEY `editdate` (`editdate`),
  CONSTRAINT `ngn_pages_category_files_languageibfk_1` FOREIGN KEY (`file_id`) REFERENCES `ngn_pages_category_files` (`file_id`) ON DELETE CASCADE ON UPDATE CASCADE
) ENGINE=InnoDB DEFAULT CHARSET=utf8;

--
-- Dumping data for table `ngn_pages_category_files_language`
--


--
-- Table structure for table `ngn_pages_category_groups`
--

CREATE TABLE `ngn_pages_category_groups` (
  `id` int(11) NOT NULL AUTO_INCREMENT,
  `category_id` int(11) NOT NULL,
  `group_id` int(11) NOT NULL,
  `position` int(11) NOT NULL,
  `transfer` int(11) NOT NULL DEFAULT 1,
  `category` int(11) NOT NULL DEFAULT 0,
  PRIMARY KEY (`id`),
  UNIQUE KEY `category_id_2` (`category_id`,`group_id`),
  KEY `group_id` (`group_id`),
  KEY `category_id` (`category_id`),
  KEY `position` (`position`),
  CONSTRAINT `ngn_pages_category_groups_ibfk_1` FOREIGN KEY (`category_id`) REFERENCES `ngn_pages_category` (`category_id`) ON DELETE CASCADE ON UPDATE CASCADE,
  CONSTRAINT `ngn_pages_category_groups_ibfk_2` FOREIGN KEY (`group_id`) REFERENCES `ngn_pages_groups` (`group_id`) ON DELETE CASCADE ON UPDATE CASCADE
) ENGINE=InnoDB AUTO_INCREMENT=37 DEFAULT CHARSET=utf8;

--
-- Dumping data for table `ngn_pages_category_groups`
--

INSERT INTO `ngn_pages_category_groups` VALUES (25,6,2,0,1,0),(26,7,2,0,1,0),(27,8,2,0,1,0),(28,10,1,0,1,0),(29,12,10,0,1,1),(30,21,4,0,1,0),(31,22,5,0,1,0),(32,23,6,0,1,0),(33,25,7,0,1,0),(34,26,8,0,1,0),(35,29,9,0,1,0),(36,13,3,0,1,0);

--
-- Table structure for table `ngn_pages_category_groups_atribute`
--

CREATE TABLE `ngn_pages_category_groups_atribute` (
  `cgid` int(11) NOT NULL,
  `gaid` int(11) NOT NULL,
  `language_id` int(11) NOT NULL,
  `valueInt` int(11) NOT NULL DEFAULT 0,
  `valueFloat` double NOT NULL DEFAULT 0,
  `valueText` text NOT NULL,
  PRIMARY KEY (`cgid`,`gaid`,`language_id`),
  KEY `language_id` (`language_id`),
  KEY `gaid` (`gaid`),
  KEY `cgid` (`cgid`),
  KEY `valueInt` (`valueInt`)
) ENGINE=InnoDB DEFAULT CHARSET=utf8;

--
-- Dumping data for table `ngn_pages_category_groups_atribute`
--

INSERT INTO `ngn_pages_category_groups_atribute` VALUES (29,38,1,0,0,''),(29,39,1,0,0,''),(29,40,1,0,0,''),(29,41,1,0,0,''),(29,42,1,0,0,''),(31,13,1,0,0,''),(31,14,1,0,0,''),(36,5,1,0,0,''),(36,6,1,0,0,'');

--
-- Table structure for table `ngn_pages_category_groups_atribute_multi`
--

CREATE TABLE `ngn_pages_category_groups_atribute_multi` (
  `cgid` int(11) NOT NULL,
  `category_id` int(11) NOT NULL,
  `gaid` int(11) NOT NULL,
  `language_id` int(11) NOT NULL,
  `valueInt` int(11) NOT NULL,
  `item_order` int(11) NOT NULL,
  PRIMARY KEY (`cgid`,`gaid`,`language_id`,`valueInt`),
  KEY `item_order` (`item_order`)
) ENGINE=InnoDB DEFAULT CHARSET=utf8;

--
-- Dumping data for table `ngn_pages_category_groups_atribute_multi`
--


--
-- Table structure for table `ngn_pages_category_language`
--

CREATE TABLE `ngn_pages_category_language` (
  `category_id` int(11) NOT NULL,
  `language_id` int(11) NOT NULL DEFAULT 0,
  `editdate` datetime NOT NULL,
  `enable` int(11) NOT NULL,
  `approved` int(1) NOT NULL DEFAULT 0,
  `language_name` varchar(200) DEFAULT NULL,
  `language_description` text DEFAULT NULL,
  `language_meta` text DEFAULT NULL,
  `language_keywords` varchar(100) DEFAULT NULL,
  `language_url` varchar(100) DEFAULT NULL,
  `photo1` int(11) NOT NULL,
  `photo2` int(11) NOT NULL,
  `language_photo` varchar(100) NOT NULL DEFAULT '',
  `language_photo2` varchar(100) NOT NULL DEFAULT '',
  `language_html` text NOT NULL,
  PRIMARY KEY (`category_id`,`language_id`),
  KEY `language_id` (`language_id`),
  KEY `editdate` (`editdate`),
  FULLTEXT KEY `language_html` (`language_html`),
  CONSTRAINT `ngn_pages_category_language_ibfk_1` FOREIGN KEY (`category_id`) REFERENCES `ngn_pages_category` (`category_id`) ON DELETE CASCADE ON UPDATE CASCADE
) ENGINE=InnoDB DEFAULT CHARSET=utf8;

--
-- Dumping data for table `ngn_pages_category_language`
--

INSERT INTO `ngn_pages_category_language` VALUES (1,1,'2021-02-01 12:22:58',1,1,'Gradniki','','','','gradniki',0,0,'','',''),(1,2,'2021-02-01 12:22:58',1,1,'Gradniki','','','','gradniki',0,0,'','',''),(2,1,'2021-02-01 12:26:56',1,1,'Naslov','','','','naslov',0,0,'','',''),(2,2,'2021-02-01 12:26:56',1,1,'Naslov','','','','naslov',0,0,'','',''),(3,1,'2021-02-01 12:26:56',1,1,'Tekstovni odseki','','','','tekstovni-odseki',0,0,'','',''),(3,2,'2021-02-01 12:26:56',1,1,'Tekstovni odseki','','','','tekstovni-odseki',0,0,'','',''),(4,1,'2021-02-01 12:26:56',1,1,'Bogata vsebina','','','','bogata-vsebina',0,0,'','',''),(4,2,'2021-02-01 12:26:56',1,1,'Bogata vsebina','','','','bogata-vsebina',0,0,'','',''),(5,1,'2021-02-01 12:26:56',1,1,'Razmaki','','','','razmaki',0,0,'','',''),(5,2,'2021-02-01 12:26:56',1,1,'Razmaki','','','','razmaki',0,0,'','',''),(6,1,'2022-07-04 16:21:58',1,1,'Naslov H1','','','','naslov-h1',0,0,'','',''),(6,2,'2022-07-04 16:21:58',1,1,'Naslov H1','','','','naslov-h1',0,0,'','',''),(7,1,'2022-07-04 16:22:25',1,1,'Naslov H2','','','','naslov-h2',0,0,'','',''),(7,2,'2022-07-04 16:22:25',1,1,'Naslov H2','','','','naslov-h2',0,0,'','',''),(8,1,'2022-07-04 16:22:36',1,1,'Naslov H3','','','','naslov-h3',0,0,'','',''),(8,2,'2022-07-04 16:22:36',1,1,'Naslov H3','','','','naslov-h3',0,0,'','',''),(9,1,'2022-07-04 16:22:52',1,1,'En stolpec','','','','en-stolpec',0,0,'','',''),(9,2,'2022-07-04 16:22:52',1,1,'En stolpec','','','','en-stolpec',0,0,'','',''),(10,1,'2022-07-04 16:23:00',1,1,'Dva stolpca','','','','dva-stolpca',0,0,'','',''),(10,2,'2022-07-04 16:23:00',1,1,'Dva stolpca','','','','dva-stolpca',0,0,'','',''),(11,1,'2021-03-03 15:30:34',1,1,'Citat','','','','citat',0,0,'','',''),(11,2,'2021-03-03 15:30:34',1,1,'Citat','','','','citat',0,0,'','',''),(12,1,'2022-09-29 13:25:37',1,1,'Slika','','','','slika',0,0,'','',''),(12,2,'2021-03-03 15:31:30',1,1,'Slika','','','','slika',0,0,'','',''),(13,1,'2022-08-25 08:12:01',1,1,'Tekst - Slika','','','','tekst-slika',0,0,'','',''),(13,2,'2022-07-04 16:23:58',1,1,'Tekst - Slika','','','','tekst-slika',0,0,'','',''),(14,1,'2022-03-28 09:39:58',1,1,'Galerija','','','','galerija',0,0,'','',''),(14,2,'2022-03-28 09:39:58',1,1,'Galerija','','','','galerija',0,0,'','',''),(15,1,'2022-03-24 15:13:08',0,1,'Datoteke','','','','datoteke',0,0,'','',''),(15,2,'2022-03-24 15:13:08',0,1,'Datoteke','','','','datoteke',0,0,'','',''),(16,1,'2021-03-03 15:31:04',1,1,'Majhen razmak','','','','majhen-razmak',0,0,'','',''),(16,2,'2021-03-03 15:31:04',1,1,'Majhen razmak','','','','majhen-razmak',0,0,'','',''),(17,1,'2021-03-03 15:31:11',1,1,'Srednji razmak','','','','srednji-razmak',0,0,'','',''),(17,2,'2021-03-03 15:31:11',1,1,'Srednji razmak','','','','srednji-razmak',0,0,'','',''),(18,1,'2021-03-03 15:31:23',1,1,'Velik razmak','','','','velik-razmak',0,0,'','',''),(18,2,'2021-03-03 15:31:23',1,1,'Velik razmak','','','','velik-razmak',0,0,'','',''),(21,1,'2022-07-04 16:23:28',1,1,'Tekst - Slika (2)','','','','tekst-slika-2',0,0,'','',''),(21,2,'2022-07-04 16:23:28',1,1,'Tekst - Slika (2)','','','','tekst-slika-2',0,0,'','',''),(22,1,'2022-08-25 08:10:45',1,1,'Tekst - Slika s povezavami','','','','tekst-slika-s-povezavami',0,0,'','',''),(22,2,'2022-07-04 16:23:35',1,1,'Tekst - Slika s povezavami','','','','tekst-slika-s-povezavami',0,0,'','',''),(23,1,'2022-08-25 08:10:55',1,1,'Velik tekst - Slika','','','','velik-tekst-slika',0,0,'','',''),(23,2,'2022-07-04 16:23:41',1,1,'Velik tekst - Slika','','','','velik-tekst-slika',0,0,'','',''),(24,1,'2022-03-16 14:56:04',1,1,'Povezana vsebina','','','','povezana-vsebina',0,0,'','',''),(24,2,'2022-03-16 14:56:04',1,1,'Povezana vsebina','','','','povezana-vsebina',0,0,'','',''),(25,1,'2022-08-25 08:11:19',1,1,'Tekst - Slika (3)','','','','tekst-slika-3',0,0,'','',''),(25,2,'2022-07-04 16:23:45',1,1,'Tekst - Slika (3)','','','','tekst-slika-3',0,0,'','',''),(26,1,'2022-08-25 08:11:23',1,1,'Statistika','','','','statistika',0,0,'','',''),(26,2,'2022-07-04 16:23:46',1,1,'Statistika','','','','statistika',0,0,'','',''),(27,1,'2022-04-07 14:30:49',1,1,'Produkt','','','','produkt',0,0,'','',''),(27,2,'2022-04-07 14:30:49',1,1,'Produkt','','','','produkt',0,0,'','',''),(28,1,'2022-04-07 14:31:01',1,1,'Produkt','','','','28-produkt',0,0,'','',''),(28,2,'2022-04-07 14:31:01',1,1,'Produkt','','','','28-produkt',0,0,'','',''),(29,1,'2022-08-25 08:11:27',1,1,'Video','','','','video',0,0,'','',''),(29,2,'2022-07-04 16:27:42',1,1,'Video','','','','video',0,0,'','',''),(30,1,'2022-08-25 08:21:22',1,1,'Divider','','','','divider',0,0,'','',''),(30,2,'2022-08-25 08:21:25',1,1,'Divider','','','','divider',0,0,'','',''),(31,1,'2023-03-13 10:38:57',1,1,'Galerija za recepte','','','','galerija-za-recepte',0,0,'','',''),(31,2,'2023-03-13 13:27:17',1,1,'Galerija za recepte','','','','galerija-za-recepte',0,0,'','',''),(32,1,'2023-03-13 11:16:37',1,1,'Obrazec','','','','obrazec',0,0,'','',''),(32,2,'2023-03-13 11:16:41',1,1,'Obrazec','','','','obrazec',0,0,'','',''),(33,1,'2023-03-13 11:25:56',1,1,'Obrazec za rezervacijo','','','','obrazec-za-rezervacijo',0,0,'','',''),(33,2,'2023-03-13 11:25:59',1,1,'Obrazec za rezervacijo','','','','obrazec-za-rezervacijo',0,0,'','','');

--
-- Table structure for table `ngn_pages_category_links`
--

CREATE TABLE `ngn_pages_category_links` (
  `category_id` int(11) NOT NULL,
  `link_id` int(11) NOT NULL,
  `category_position` int(11) NOT NULL DEFAULT 0,
  `link_position` int(11) NOT NULL,
  `link_date` int(11) NOT NULL,
  PRIMARY KEY (`category_id`,`link_id`),
  KEY `link_position` (`link_position`),
  KEY `link_id` (`link_id`),
  KEY `category_position` (`category_position`)
) ENGINE=InnoDB DEFAULT CHARSET=utf8;

--
-- Dumping data for table `ngn_pages_category_links`
--


--
-- Table structure for table `ngn_pages_category_multi`
--

CREATE TABLE `ngn_pages_category_multi` (
  `news_id` int(11) NOT NULL,
  `category_id` int(11) NOT NULL,
  `position` int(11) NOT NULL DEFAULT 0,
  PRIMARY KEY (`news_id`,`category_id`),
  KEY `category_id` (`category_id`),
  CONSTRAINT `ngn_pages_category_multi_ibfk_2` FOREIGN KEY (`category_id`) REFERENCES `ngn_pages_category` (`category_id`) ON DELETE CASCADE ON UPDATE CASCADE
) ENGINE=InnoDB DEFAULT CHARSET=utf8;

--
-- Dumping data for table `ngn_pages_category_multi`
--


--
-- Table structure for table `ngn_pages_category_pages`
--

CREATE TABLE `ngn_pages_category_pages` (
  `category_id` int(11) NOT NULL,
  `link_id` int(11) NOT NULL,
  `language_id` int(11) NOT NULL,
  `category_position` int(11) NOT NULL DEFAULT 0,
  `link_position` int(11) NOT NULL,
  `link_date` int(11) NOT NULL,
  PRIMARY KEY (`category_id`,`link_id`,`language_id`),
  KEY `link_position` (`link_position`),
  KEY `link_id` (`link_id`),
  KEY `category_position` (`category_position`)
) ENGINE=InnoDB DEFAULT CHARSET=utf8;

--
-- Dumping data for table `ngn_pages_category_pages`
--

INSERT INTO `ngn_pages_category_pages` VALUES (0,65,1,0,2,1678450967),(0,66,1,0,3,1678450967),(0,67,1,0,4,1678450967),(0,68,1,0,5,1678450967),(0,69,1,0,6,1678450967),(0,70,1,0,8,1678450967),(0,71,1,0,9,1678450967),(0,79,1,0,7,1678450967),(0,80,1,0,10,1678450967),(0,89,2,0,1,1663852812),(0,90,2,0,2,1663852814),(0,134,2,0,3,1673258087),(0,135,2,0,4,1673258120),(0,138,2,0,5,1673258348),(0,139,2,0,6,1673258369),(0,172,1,0,11,1678450967),(0,182,1,0,0,1678450967),(0,186,2,0,7,1678451257),(0,216,1,0,12,1679315333),(0,217,1,0,13,1679315354);

--
-- Table structure for table `ngn_pages_category_photo`
--

CREATE TABLE `ngn_pages_category_photo` (
  `photo_id` int(11) NOT NULL AUTO_INCREMENT,
  `category_id` int(11) DEFAULT NULL,
  `photo_order` int(11) NOT NULL,
  `photo_gallery` int(11) NOT NULL DEFAULT 1,
  `photo_photo` varchar(100) DEFAULT NULL,
  `photo_path` varchar(200) NOT NULL,
  `photo_owner` int(11) NOT NULL,
  `photo_date` datetime NOT NULL,
  `photo_source` varchar(255) NOT NULL,
  PRIMARY KEY (`photo_id`),
  KEY `category_id` (`category_id`),
  KEY `photo_date` (`photo_date`),
  KEY `photo_owner` (`photo_owner`),
  KEY `photo_source` (`photo_source`),
  CONSTRAINT `ngn_pages_category_photo_ibfk_1` FOREIGN KEY (`category_id`) REFERENCES `ngn_pages_category` (`category_id`) ON DELETE CASCADE ON UPDATE CASCADE
) ENGINE=InnoDB DEFAULT CHARSET=utf8;

--
-- Dumping data for table `ngn_pages_category_photo`
--


--
-- Table structure for table `ngn_pages_category_photo_gallery`
--

CREATE TABLE `ngn_pages_category_photo_gallery` (
  `photo_id` int(11) NOT NULL,
  `category_id` int(11) NOT NULL,
  `photo_gallery` int(11) NOT NULL,
  `photo_order` int(11) NOT NULL,
  PRIMARY KEY (`category_id`,`photo_id`)
) ENGINE=InnoDB DEFAULT CHARSET=utf8;

--
-- Dumping data for table `ngn_pages_category_photo_gallery`
--


--
-- Table structure for table `ngn_pages_category_photo_gallery_language`
--

CREATE TABLE `ngn_pages_category_photo_gallery_language` (
  `photo_id` int(11) NOT NULL,
  `category_id` int(11) NOT NULL,
  `language_id` int(11) NOT NULL,
  `editdate` datetime NOT NULL,
  `enable` int(11) NOT NULL,
  PRIMARY KEY (`photo_id`,`category_id`,`language_id`),
  KEY `editdate` (`editdate`)
) ENGINE=InnoDB DEFAULT CHARSET=utf8;

--
-- Dumping data for table `ngn_pages_category_photo_gallery_language`
--


--
-- Table structure for table `ngn_pages_category_photo_language`
--

CREATE TABLE `ngn_pages_category_photo_language` (
  `photo_id` int(11) NOT NULL,
  `language_id` int(11) NOT NULL DEFAULT 0,
  `editdate` datetime NOT NULL,
  `enable` int(11) NOT NULL,
  `approved` int(1) NOT NULL DEFAULT 0,
  `language_name` varchar(200) DEFAULT NULL,
  `language_description` text DEFAULT NULL,
  `language_meta` text DEFAULT NULL,
  `language_keywords` varchar(100) DEFAULT NULL,
  `language_url` varchar(100) DEFAULT NULL,
  `language_photo` varchar(100) NOT NULL DEFAULT '',
  PRIMARY KEY (`photo_id`,`language_id`),
  KEY `language_id` (`language_id`),
  KEY `editdate` (`editdate`),
  CONSTRAINT `ngn_pages_category_photo_language_ibfk_1` FOREIGN KEY (`photo_id`) REFERENCES `ngn_pages_category_photo` (`photo_id`) ON DELETE CASCADE ON UPDATE CASCADE
) ENGINE=InnoDB DEFAULT CHARSET=utf8;

--
-- Dumping data for table `ngn_pages_category_photo_language`
--


--
-- Table structure for table `ngn_pages_category_roles`
--

CREATE TABLE `ngn_pages_category_roles` (
  `role_id` int(11) NOT NULL,
  `category_id` int(11) NOT NULL,
  `childs` int(11) NOT NULL,
  `exclude` int(11) NOT NULL,
  PRIMARY KEY (`role_id`,`category_id`),
  KEY `category_id` (`category_id`)
) ENGINE=InnoDB DEFAULT CHARSET=utf8;

--
-- Dumping data for table `ngn_pages_category_roles`
--


--
-- Table structure for table `ngn_pages_comments`
--

CREATE TABLE `ngn_pages_comments` (
  `comment_id` int(11) NOT NULL AUTO_INCREMENT,
  `parent_id` int(11) NOT NULL DEFAULT 0,
  `user_id` int(11) NOT NULL DEFAULT 0,
  `category_id` int(11) NOT NULL DEFAULT 0,
  `user_ip` varchar(60) NOT NULL,
  `date` datetime NOT NULL,
  `votes` int(11) NOT NULL,
  `reported` int(11) NOT NULL,
  `enable` int(11) NOT NULL DEFAULT 1,
  `owner_id` int(11) NOT NULL,
  PRIMARY KEY (`comment_id`),
  KEY `news_id` (`parent_id`),
  KEY `user_id` (`user_id`),
  KEY `category_id` (`category_id`),
  KEY `owner_id` (`owner_id`)
) ENGINE=InnoDB DEFAULT CHARSET=utf8;

--
-- Dumping data for table `ngn_pages_comments`
--


--
-- Table structure for table `ngn_pages_comments_admin`
--

CREATE TABLE `ngn_pages_comments_admin` (
  `comment_id` int(11) NOT NULL,
  `role_id` int(11) NOT NULL,
  PRIMARY KEY (`comment_id`,`role_id`),
  KEY `role_id` (`role_id`)
) ENGINE=InnoDB DEFAULT CHARSET=utf8;

--
-- Dumping data for table `ngn_pages_comments_admin`
--


--
-- Table structure for table `ngn_pages_comments_files`
--

CREATE TABLE `ngn_pages_comments_files` (
  `file_id` int(11) NOT NULL AUTO_INCREMENT,
  `comment_id` int(11) NOT NULL DEFAULT 0,
  `file_type` int(11) NOT NULL DEFAULT 0,
  `file_group` int(11) NOT NULL,
  `file_size` int(11) NOT NULL DEFAULT 0,
  `file_list` int(11) NOT NULL DEFAULT 1,
  `file_file` varchar(100) NOT NULL DEFAULT '',
  `file_original_name` varchar(200) NOT NULL DEFAULT '0',
  `file_createdate` datetime NOT NULL,
  `file_showdate` datetime NOT NULL,
  `file_hidedate` datetime NOT NULL,
  `file_hide` smallint(1) NOT NULL,
  `file_owner` int(11) NOT NULL,
  `file_order` int(11) NOT NULL,
  PRIMARY KEY (`file_id`),
  KEY `comment_id` (`comment_id`),
  KEY `file_type` (`file_type`),
  KEY `file_createdate` (`file_createdate`),
  KEY `file_owner` (`file_owner`),
  KEY `file_group` (`file_group`),
  KEY `file_showdate` (`file_showdate`),
  KEY `file_hidedate` (`file_hidedate`),
  KEY `file_hide` (`file_hide`),
  KEY `file_order` (`file_order`)
) ENGINE=InnoDB DEFAULT CHARSET=utf8;

--
-- Dumping data for table `ngn_pages_comments_files`
--


--
-- Table structure for table `ngn_pages_comments_files_language`
--

CREATE TABLE `ngn_pages_comments_files_language` (
  `file_id` int(11) NOT NULL,
  `language_id` int(11) NOT NULL DEFAULT 0,
  `editdate` datetime NOT NULL,
  `enable` int(11) NOT NULL,
  `approved` int(1) NOT NULL DEFAULT 0,
  `language_name` varchar(200) DEFAULT NULL,
  `language_description` text DEFAULT NULL,
  `language_meta` text DEFAULT NULL,
  `language_keywords` varchar(100) DEFAULT NULL,
  `language_url` varchar(100) DEFAULT NULL,
  `language_photo` varchar(100) NOT NULL DEFAULT '',
  PRIMARY KEY (`file_id`,`language_id`),
  KEY `language_id` (`language_id`),
  KEY `editdate` (`editdate`),
  CONSTRAINT `ngn_pages_comments_files_language_ibfk_1` FOREIGN KEY (`file_id`) REFERENCES `ngn_pages_comments_files` (`file_id`) ON DELETE CASCADE ON UPDATE CASCADE
) ENGINE=InnoDB DEFAULT CHARSET=utf8;

--
-- Dumping data for table `ngn_pages_comments_files_language`
--


--
-- Table structure for table `ngn_pages_comments_language`
--

CREATE TABLE `ngn_pages_comments_language` (
  `comment_id` int(11) NOT NULL,
  `language_id` int(11) NOT NULL DEFAULT 0,
  `editdate` datetime NOT NULL,
  `enable` int(11) NOT NULL,
  `approved` int(1) NOT NULL DEFAULT 0,
  `language_name` varchar(200) DEFAULT NULL,
  `language_description` text DEFAULT NULL,
  `language_meta` text DEFAULT NULL,
  `language_keywords` varchar(100) DEFAULT NULL,
  `language_url` varchar(100) DEFAULT NULL,
  `language_photo` varchar(100) NOT NULL DEFAULT '',
  PRIMARY KEY (`comment_id`,`language_id`),
  KEY `language_id` (`language_id`),
  KEY `editdate` (`editdate`),
  CONSTRAINT `ngn_pages_comments_language_ibfk_1` FOREIGN KEY (`comment_id`) REFERENCES `ngn_pages_comments` (`comment_id`) ON DELETE CASCADE ON UPDATE CASCADE
) ENGINE=InnoDB DEFAULT CHARSET=utf8;

--
-- Dumping data for table `ngn_pages_comments_language`
--


--
-- Table structure for table `ngn_pages_comments_votes`
--

CREATE TABLE `ngn_pages_comments_votes` (
  `comment_id` int(11) NOT NULL,
  `vote_date` datetime DEFAULT NULL,
  `vote_ip` varchar(50) NOT NULL,
  `vote_value` int(11) NOT NULL,
  PRIMARY KEY (`comment_id`,`vote_ip`),
  CONSTRAINT `ngn_pages_comments_votes_ibfk_1` FOREIGN KEY (`comment_id`) REFERENCES `ngn_pages_comments` (`comment_id`) ON DELETE CASCADE ON UPDATE CASCADE
) ENGINE=InnoDB DEFAULT CHARSET=utf8;

--
-- Dumping data for table `ngn_pages_comments_votes`
--


--
-- Table structure for table `ngn_pages_custom_values`
--

CREATE TABLE `ngn_pages_custom_values` (
  `news_id` int(11) NOT NULL,
  `category_id` int(11) NOT NULL,
  `gaid` int(11) NOT NULL,
  `language_id` int(11) NOT NULL,
  `valueAutomatic` int(11) NOT NULL DEFAULT 0,
  `valueInt` int(11) NOT NULL,
  `valueFloat` double NOT NULL,
  `valueText` text NOT NULL,
  PRIMARY KEY (`news_id`,`category_id`,`gaid`,`language_id`),
  KEY `category_id` (`category_id`),
  KEY `gaid` (`gaid`),
  KEY `language_id` (`language_id`),
  KEY `valueInt` (`valueInt`)
) ENGINE=InnoDB DEFAULT CHARSET=utf8;

--
-- Dumping data for table `ngn_pages_custom_values`
--

INSERT INTO `ngn_pages_custom_values` VALUES (0,0,0,1,0,0,0,''),(3,7,3,1,0,0,0,'To mark the first show'),(3,7,3,2,0,0,0,'To mark the first show'),(3,7,4,1,0,1,0,''),(3,7,4,2,0,1,0,''),(4,6,3,1,0,0,0,'To mark the first show'),(4,6,3,2,0,0,0,'To mark the first show'),(4,6,4,1,0,1,0,''),(4,6,4,2,0,1,0,''),(5,8,3,1,0,0,0,'To mark the first show'),(5,8,3,2,0,0,0,'To mark the first show'),(5,8,4,1,0,1,0,''),(5,8,4,2,0,1,0,''),(7,10,1,1,0,0,0,'&lt;div class=&quot;single-post__text aos-init aos-animate&quot; data-aos=&quot;fade-up&quot;&gt;\r\n&lt;p&gt;This response is important for our ability to learn from mistakes, but it alsogives rise to self-criticism, because it is part of the threat-protection system. In other words, what keeps us safe can go too far, and keep us too safe. In fact it can trigger self-censoring.&lt;/p&gt;\r\n&lt;/div&gt;'),(7,10,1,2,0,0,0,'&lt;div class=&quot;single-post__text aos-init aos-animate&quot; data-aos=&quot;fade-up&quot;&gt;\r\n&lt;p&gt;This response is important for our ability to learn from mistakes, but it alsogives rise to self-criticism, because it is part of the threat-protection system. In other words, what keeps us safe can go too far, and keep us too safe. In fact it can trigger self-censoring.&lt;/p&gt;\r\n&lt;/div&gt;'),(7,10,2,1,0,0,0,'&lt;div class=&quot;single-post__text aos-init aos-animate&quot; data-aos=&quot;fade-up&quot;&gt;\r\n&lt;p&gt;This response is important for our ability to learn from mistakes, but it alsogives rise to self-criticism, because it is part of the threat-protection system. In other words, what keeps us safe can go too far, and keep us too safe. In fact it can trigger self-censoring.&lt;/p&gt;\r\n&lt;/div&gt;'),(7,10,2,2,0,0,0,'&lt;div class=&quot;single-post__text aos-init aos-animate&quot; data-aos=&quot;fade-up&quot;&gt;\r\n&lt;p&gt;This response is important for our ability to learn from mistakes, but it alsogives rise to self-criticism, because it is part of the threat-protection system. In other words, what keeps us safe can go too far, and keep us too safe. In fact it can trigger self-censoring.&lt;/p&gt;\r\n&lt;/div&gt;'),(10,13,5,1,0,1,0,''),(10,13,5,2,0,1,0,''),(10,13,6,1,0,0,0,'&lt;div class=&quot;single-post__text aos-init aos-animate&quot; data-aos=&quot;fade-up&quot;&gt;\r\n&lt;p&gt;This response is important for our ability to learn from mistakes, but it alsogives rise to self-criticism, because it is part of the threat-protection system. In other words, what keeps us safe can go too far, and keep us too safe. In fact it can trigger self-censoring.&lt;/p&gt;\r\n&lt;/div&gt;'),(10,13,6,2,0,0,0,'&lt;div class=&quot;single-post__text aos-init aos-animate&quot; data-aos=&quot;fade-up&quot;&gt;\r\n&lt;p&gt;This response is important for our ability to learn from mistakes, but it alsogives rise to self-criticism, because it is part of the threat-protection system. In other words, what keeps us safe can go too far, and keep us too safe. In fact it can trigger self-censoring.&lt;/p&gt;\r\n&lt;/div&gt;'),(13,21,7,1,0,0,0,''),(13,21,7,2,0,0,0,''),(13,21,8,1,0,0,0,' VINTAGE TOUR WITH OLIVER '),(13,21,8,2,0,0,0,' VINTAGE TOUR WITH OLIVER '),(13,21,9,1,0,0,0,'&lt;p&gt;Alienum phaedrum torquatos nec eu, detr periculis ex, nihil expetendis in mei. Mei an pericula euripidis hinc partem ei est. Eos ei nisl graecis, vix aperiri consequat an. Eius lorem tincidunt vix at, vel pertinax sensibus id, error epicurei mea et. Mea facilisis urbanitas moderatius id. Vis ei rationibus definiebas.&lt;/p&gt;'),(13,21,9,2,0,0,0,'&lt;p&gt;Alienum phaedrum torquatos nec eu, detr periculis ex, nihil expetendis in mei. Mei an pericula euripidis hinc partem ei est. Eos ei nisl graecis, vix aperiri consequat an. Eius lorem tincidunt vix at, vel pertinax sensibus id, error epicurei mea et. Mea facilisis urbanitas moderatius id. Vis ei rationibus definiebas.&lt;/p&gt;'),(15,22,1,1,0,943916400,0,''),(15,22,1,2,0,943916400,0,''),(15,22,3,1,0,943916400,0,''),(15,22,3,2,0,943916400,0,''),(15,22,12,1,0,0,0,''),(15,22,13,1,0,0,0,'Services'),(15,22,13,2,0,0,0,'Services'),(15,22,14,1,0,0,0,'&lt;p&gt;Alienum phaedrum torquatos nec eu, detr periculis ex, nihil expetendis in mei. Mei an pericula euripidis hinc partem ei est. Eos ei nisl graecis, vix aperiri consequat an. Eius lorem tincidunt vix at&lt;/p&gt;'),(15,22,14,2,0,0,0,'&lt;p&gt;Alienum phaedrum torquatos nec eu, detr periculis ex, nihil expetendis in mei. Mei an pericula euripidis hinc partem ei est. Eos ei nisl graecis, vix aperiri consequat an. Eius lorem tincidunt vix at&lt;/p&gt;'),(15,22,15,1,0,943398000,0,''),(16,23,1,1,0,943916400,0,''),(16,23,1,2,0,943916400,0,''),(16,23,3,1,0,943916400,0,''),(16,23,3,2,0,943916400,0,''),(16,23,16,1,0,0,0,'Undertake projects of any complexity'),(16,23,16,2,0,0,0,'Undertake projects of any complexity'),(16,23,17,1,0,0,0,'Join now'),(16,23,18,1,0,0,0,''),(16,23,31,1,0,1,0,''),(16,23,31,2,0,1,0,''),(18,25,19,1,0,0,0,'&lt;p&gt;Our team consists of practitioners who have 15 years of experience in launching and managing projects.&lt;br /&gt;worked with a wide array of clients across the globe to&lt;br /&gt;apply design fundamentals of elegance, simplicity&lt;/p&gt;'),(18,25,20,1,0,0,0,'&lt;p&gt;We make our customers &#039; products valuable in the eyes of customers. To do this, we analyze and study people, build long-term strategies for interacting with them, develop creative ideas and create a bright design. We use all opportunities to solve business problems.&lt;/p&gt;'),(18,25,21,1,0,0,0,'About us'),(18,25,22,1,0,0,0,''),(18,25,32,1,0,0,0,''),(18,25,32,2,0,0,0,''),(19,26,23,1,0,25,0,''),(19,26,24,1,0,0,0,'managers'),(19,26,25,1,0,200,0,''),(19,26,26,1,0,0,0,'the person in the team'),(19,26,27,1,0,15,0,''),(19,26,28,1,0,0,0,'years experience'),(19,26,29,1,0,7,0,''),(19,26,30,1,0,0,0,'awards and accolades '),(20,23,16,1,0,0,0,'Undertake projects of any complexity'),(20,23,16,2,0,0,0,'Undertake projects of any complexity'),(20,23,17,1,0,0,0,'Join now'),(20,23,18,1,0,0,0,''),(20,23,31,1,0,0,0,''),(20,23,31,2,0,0,0,''),(25,6,3,1,0,0,0,'Recepti'),(25,6,3,2,0,0,0,'Naslov'),(25,6,4,1,0,1,0,''),(25,6,4,2,0,1,0,''),(30,6,3,1,0,0,0,'Vintage tours'),(30,6,3,2,0,0,0,'Vintage tours'),(30,6,4,1,0,1,0,''),(30,6,4,2,0,1,0,''),(42,23,16,1,0,0,0,'THE BEST DROP'),(42,23,16,2,0,0,0,'THE BEST DROP'),(42,23,17,1,0,0,0,''),(42,23,18,1,0,0,0,''),(42,23,31,1,0,1,0,''),(42,23,31,2,0,1,0,''),(42,23,34,1,0,3,0,''),(43,23,16,1,0,0,0,'EXCELENCE IS OBTAINED BY EXPERIENCE'),(43,23,16,2,0,0,0,'EXCELENCE IS OBTAINED BY EXPERIENCE'),(43,23,17,1,0,0,0,''),(43,23,18,1,0,0,0,''),(43,23,31,1,0,0,0,''),(43,23,31,2,0,0,0,''),(43,23,34,1,0,0,0,''),(44,25,1,1,0,943916400,0,''),(44,25,1,2,0,943916400,0,''),(44,25,3,1,0,943916400,0,''),(44,25,3,2,0,943916400,0,''),(44,25,19,1,0,0,0,''),(44,25,20,1,0,0,0,'&lt;h4&gt;BOBIČI TYPICAL ISTRIAN SOUP COOKED 24 HOURS&lt;/h4&gt;\r\n&lt;h4&gt;RECIPE BY GRAND GRAND FATHER ANGELO&lt;/h4&gt;\r\n&lt;p&gt;&lt;/p&gt;'),(44,25,21,1,0,0,0,''),(44,25,22,1,0,0,0,''),(44,25,32,1,0,0,0,''),(44,25,32,2,0,0,0,''),(45,25,1,1,0,943916400,0,''),(45,25,1,2,0,943916400,0,''),(45,25,3,1,0,943916400,0,''),(45,25,3,2,0,943916400,0,''),(45,25,19,1,0,0,0,''),(45,25,20,1,0,0,0,'&lt;h4&gt;FUŽI TRUFFLE TYPICAL ISTRIAN PASTA WITH FRESH SEASONAL TRUFFLES&lt;/h4&gt;\r\n&lt;h4&gt;RECIPE BY GRAND GRAND FATHER ANGELO&lt;/h4&gt;\r\n&lt;p&gt;&lt;/p&gt;'),(45,25,21,1,0,0,0,''),(45,25,22,1,0,0,0,''),(45,25,32,1,0,1,0,''),(45,25,32,2,0,1,0,''),(46,25,1,1,0,943916400,0,''),(46,25,1,2,0,943916400,0,''),(46,25,3,1,0,943916400,0,''),(46,25,3,2,0,943916400,0,''),(46,25,19,1,0,0,0,''),(46,25,20,1,0,0,0,'&lt;h4&gt;ISTRSKI NAREZEK - ISTRIAN COLD CUTS BASED ON LOCAL MEAT AND CHEESE&lt;/h4&gt;\r\n&lt;p&gt;&lt;/p&gt;'),(46,25,21,1,0,0,0,''),(46,25,22,1,0,0,0,''),(46,25,32,1,0,0,0,''),(46,25,32,2,0,0,0,''),(47,25,1,1,0,943916400,0,''),(47,25,1,2,0,943916400,0,''),(47,25,3,1,0,943916400,0,''),(47,25,3,2,0,943916400,0,''),(47,25,19,1,0,0,0,''),(47,25,20,1,0,0,0,'&lt;h4&gt;OLIVE IS IN OUR ROOTS&lt;/h4&gt;\r\n&lt;p&gt;&lt;/p&gt;'),(47,25,21,1,0,0,0,''),(47,25,22,1,0,0,0,''),(47,25,32,1,0,1,0,''),(47,25,32,2,0,1,0,''),(48,23,16,1,0,0,0,'STORAGE OF GREEN GOLD'),(48,23,16,2,0,0,0,'STORAGE OF GREEN GOLD'),(48,23,17,1,0,0,0,''),(48,23,18,1,0,0,0,''),(48,23,31,1,0,1,0,''),(48,23,31,2,0,1,0,''),(49,25,1,1,0,943916400,0,''),(49,25,1,2,0,943916400,0,''),(49,25,3,1,0,943916400,0,''),(49,25,3,2,0,943916400,0,''),(49,25,19,1,0,0,0,'&lt;p&gt;&lt;a href=&quot;mailto:matej@lisjak.com&quot;&gt;&lt;/a&gt;&lt;/p&gt;\r\n&lt;p&gt;&lt;/p&gt;'),(49,25,20,1,0,0,0,'&lt;h4&gt;Contact us for more information&lt;/h4&gt;\r\n&lt;p&gt;&lt;a href=&quot;tel:0038631893378&quot;&gt;00386 31 893 378&lt;/a&gt;&lt;br /&gt;&lt;a href=&quot;mailto:matej@lisjak.com&quot;&gt;matej@lisjak.com&lt;/a&gt;&lt;/p&gt;\r\n&lt;p&gt;&lt;/p&gt;'),(49,25,21,1,0,0,0,''),(49,25,22,1,0,0,0,''),(49,25,32,1,0,0,0,''),(49,25,32,2,0,0,0,''),(50,25,1,1,0,943916400,0,''),(50,25,1,2,0,943916400,0,''),(50,25,3,1,0,943916400,0,''),(50,25,3,2,0,943916400,0,''),(50,25,19,1,0,0,0,''),(50,25,20,1,0,0,0,'&lt;p style=&quot;text-align: justify;&quot;&gt;Mezzalana: The best mixture of Malvazija and Refo&amp;scaron;k grapes, accurately picked and pressed 5 years of secondary fermentation in bottle, ZERO dosage makes this sparkling wine a perfect combination between freshness and traditional tastiness.&lt;/p&gt;\r\n&lt;p&gt;&lt;/p&gt;'),(50,25,21,1,0,0,0,''),(50,25,22,1,0,0,0,''),(50,25,32,1,0,0,0,''),(50,25,32,2,0,0,0,''),(51,29,1,1,0,943916400,0,''),(51,29,1,2,0,943916400,0,''),(51,29,3,1,0,943916400,0,''),(51,29,3,2,0,943916400,0,''),(51,29,33,1,0,0,0,'https://player.vimeo.com/video/723706801?h=9828ce9476&amp;badge=0&amp;autopause=0&amp;player_id=0&amp;app_id=58479'),(52,29,33,1,0,0,0,'https://player.vimeo.com/video/723706801?h=9828ce9476&amp;badge=0&amp;autopause=0&amp;player_id=0&amp;app_id=58479'),(55,29,35,1,0,0,0,'&lt;div style=&quot;padding:56.25% 0 0 0;position:relative;&quot;&gt;&lt;iframe src=&quot;https://player.vimeo.com/video/728044951?h=5c4b3f9a78&amp;amp;badge=0&amp;amp;autopause=0&amp;amp;player_id=0&amp;amp;app_id=58479&quot; frameborder=&quot;0&quot; allow=&quot;autoplay; fullscreen; picture-in-picture&quot; allowfullscreen style=&quot;position:absolute;top:0;left:0;width:100%;height:100%;&quot; title=&quot;Foodtruck Lisjak&quot;&gt;&lt;/iframe&gt;&lt;/div&gt;&lt;script src=&quot;https://player.vimeo.com/api/player.js&quot;&gt;&lt;/script&gt;'),(58,29,35,1,0,0,0,'&lt;div style=&quot;padding:56.6% 0 0 0;position:relative;&quot;&gt;&lt;iframe src=&quot;https://player.vimeo.com/video/728054583?h=19ef728a03&amp;amp;badge=0&amp;amp;autopause=0&amp;amp;player_id=0&amp;amp;app_id=58479&quot; frameborder=&quot;0&quot; allow=&quot;autoplay; fullscreen; picture-in-picture&quot; allowfullscreen style=&quot;position:absolute;top:0;left:0;width:100%;height:100%;&quot; title=&quot;1834&quot;&gt;&lt;/iframe&gt;&lt;/div&gt;&lt;script src=&quot;https://player.vimeo.com/api/player.js&quot;&gt;&lt;/script&gt;'),(59,6,3,1,0,0,0,'Coming soon at Lisjak estates'),(59,6,3,2,0,0,0,'Coming soon at Lisjak estates'),(59,6,4,1,0,0,0,''),(59,6,4,2,0,0,0,''),(62,25,1,1,0,943916400,0,''),(62,25,1,2,0,943916400,0,''),(62,25,3,1,0,943916400,0,''),(62,25,3,2,0,943916400,0,''),(62,25,19,1,0,0,0,''),(62,25,20,1,0,0,0,'&lt;p style=&quot;text-align: justify;&quot;&gt;Have you ever dream to overnight in a vintage american RV? Now you can do that at Lisjak Olive estate. Fully restored RVs with a touch of Olivewood.&lt;/p&gt;\r\n&lt;p style=&quot;text-align: justify;&quot;&gt;80.000m2 of olives, grapes, cherries, figs, persimmons and wild nature will surround your leaving.&lt;/p&gt;\r\n&lt;p style=&quot;text-align: justify;&quot;&gt;Relax of wild nature and facilities from the cities that is away less than 2km.&lt;/p&gt;'),(62,25,21,1,0,0,0,''),(62,25,22,1,0,0,0,''),(62,25,32,1,0,0,0,''),(62,25,32,2,0,0,0,''),(62,25,37,1,0,0,0,'Coming soon at Lisjak estates'),(62,25,37,2,0,0,0,'Coming soon at Lisjak estates'),(64,12,38,1,0,1,0,''),(64,12,39,1,0,1,0,''),(65,12,38,1,0,1,0,''),(65,12,39,1,0,1,0,''),(65,12,40,1,0,0,0,''),(65,12,41,1,0,0,0,''),(65,12,42,1,0,0,0,''),(66,12,38,1,0,1,0,''),(66,12,39,1,0,1,0,''),(66,12,40,1,0,0,0,''),(66,12,41,1,0,0,0,''),(66,12,42,1,0,0,0,''),(67,12,38,1,0,1,0,''),(67,12,39,1,0,1,0,''),(68,12,38,1,0,1,0,''),(68,12,39,1,0,1,0,''),(69,12,38,1,0,1,0,''),(69,12,39,1,0,1,0,''),(70,12,38,1,0,1,0,''),(70,12,39,1,0,1,0,''),(71,12,38,1,0,1,0,''),(71,12,39,1,0,1,0,''),(74,6,3,1,0,0,0,'Naslov 1'),(74,6,4,1,0,1,0,''),(76,10,1,1,0,0,0,'&lt;p&gt;fgdfsgdsgds&lt;/p&gt;'),(76,10,2,1,0,0,0,'&lt;p&gt;bdsbdf sdbf dfsbdsd&lt;/p&gt;'),(78,6,3,1,0,0,0,'Novica 1'),(78,6,4,1,0,0,0,''),(79,12,1,1,0,943916400,0,''),(79,12,1,2,0,943916400,0,''),(79,12,3,1,0,943916400,0,''),(79,12,3,2,0,943916400,0,''),(79,12,38,1,0,1,0,''),(79,12,39,1,0,1,0,''),(79,12,40,1,0,4,0,''),(79,12,41,1,0,0,0,''),(79,12,42,1,0,0,0,''),(80,12,1,1,0,943916400,0,''),(80,12,1,2,0,943916400,0,''),(80,12,3,1,0,943916400,0,''),(80,12,3,2,0,943916400,0,''),(80,12,38,1,0,1,0,''),(80,12,39,1,0,1,0,''),(80,12,40,1,0,0,0,''),(80,12,41,1,0,0,0,''),(80,12,42,1,0,0,0,''),(81,6,3,2,0,0,0,'Test'),(81,6,4,2,0,0,0,''),(82,7,3,2,0,0,0,'Test2'),(82,7,4,2,0,0,0,''),(83,8,3,2,0,0,0,'test3'),(83,8,4,2,0,0,0,''),(86,10,1,2,0,0,0,'&lt;p&gt;Dolor id ultrices tellus fringilla et augue torquent. Convallis et platea nostra laoreet. Nulla erat luctus phasellus molestie cursus ociosqu suscipit iaculis. Dolor adipiscing lacus nec dignissim.&lt;/p&gt;'),(86,10,2,2,0,0,0,'&lt;p&gt;Dolor id ultrices tellus fringilla et augue torquent. Convallis et platea nostra laoreet. Nulla erat luctus phasellus molestie cursus ociosqu suscipit iaculis. Dolor adipiscing lacus nec dignissim.&lt;/p&gt;'),(89,25,20,1,0,0,0,'&lt;p&gt;pad-tb-150ppad-tb-150ppad-tb-150ppad-tb-150ppad-tb-150ppad-tb-150ppad-tb-150ppad-tb-150ppad-tb-150ppad-tb-150ppad-tb-150ppad-tb-150ppad-tb-150ppad-tb-150ppad-tb-150ppad-tb-150ppad-tb-150ppad-tb-150ppad-tb-150ppad-tb-150p&lt;/p&gt;'),(89,25,21,1,0,0,0,''),(89,25,22,1,0,0,0,''),(89,25,32,2,0,0,0,''),(89,25,37,2,0,0,0,'pad-tb-150p'),(90,13,5,2,0,1,0,''),(90,13,6,2,0,0,0,'&lt;p&gt;pad-tb-150ppad-tb-150ppad-tb-150ppad-tb-150ppad-tb-150ppad-tb-150ppad-tb-150ppad-tb-150ppad-tb-150ppad-tb-150ppad-tb-150ppad-tb-150ppad-tb-150ppad-tb-150ppad-tb-150ppad-tb-150ppad-tb-150ppad-tb-150ppad-tb-150ppad-tb-150ppad-tb-150ppad-tb-150ppad-tb-150ppad-tb-150ppad-tb-150ppad-tb-150p&lt;/p&gt;'),(92,6,3,1,0,0,0,'Family'),(92,6,4,1,0,0,0,''),(94,12,38,1,0,0,0,''),(94,12,39,1,0,1,0,''),(94,12,40,1,0,0,0,''),(94,12,41,1,0,0,0,''),(94,12,42,1,0,0,0,''),(95,12,38,1,0,0,0,''),(95,12,39,1,0,1,0,''),(95,12,40,1,0,0,0,''),(95,12,41,1,0,0,0,''),(95,12,42,1,0,0,0,''),(96,12,38,1,0,0,0,''),(96,12,39,1,0,1,0,''),(96,12,40,1,0,0,0,''),(96,12,41,1,0,0,0,''),(96,12,42,1,0,0,0,''),(97,12,38,1,0,0,0,''),(97,12,39,1,0,1,0,''),(97,12,40,1,0,0,0,''),(97,12,41,1,0,0,0,''),(97,12,42,1,0,0,0,''),(98,12,38,1,0,0,0,''),(98,12,39,1,0,1,0,''),(98,12,40,1,0,0,0,''),(98,12,41,1,0,0,0,''),(98,12,42,1,0,0,0,''),(99,12,38,1,0,0,0,''),(99,12,39,1,0,1,0,''),(99,12,40,1,0,0,0,''),(99,12,41,1,0,0,0,''),(99,12,42,1,0,0,0,''),(100,12,38,1,0,0,0,''),(100,12,39,1,0,1,0,''),(100,12,40,1,0,0,0,''),(100,12,41,1,0,0,0,''),(100,12,42,1,0,0,0,''),(101,12,38,1,0,0,0,''),(101,12,39,1,0,1,0,''),(101,12,40,1,0,0,0,''),(101,12,41,1,0,0,0,''),(101,12,42,1,0,0,0,''),(102,12,38,1,0,1,0,''),(102,12,39,1,0,1,0,''),(102,12,40,1,0,0,0,''),(102,12,41,1,0,0,0,''),(102,12,42,1,0,0,0,''),(103,12,38,1,0,1,0,''),(103,12,39,1,0,1,0,''),(103,12,40,1,0,0,0,''),(103,12,41,1,0,0,0,''),(103,12,42,1,0,0,0,''),(104,12,38,1,0,1,0,''),(104,12,39,1,0,1,0,''),(104,12,40,1,0,0,0,''),(104,12,41,1,0,0,0,''),(104,12,42,1,0,0,0,''),(105,12,38,1,0,1,0,''),(105,12,39,1,0,1,0,''),(105,12,40,1,0,0,0,''),(105,12,41,1,0,0,0,''),(105,12,42,1,0,0,0,''),(106,12,38,1,0,1,0,''),(106,12,39,1,0,1,0,''),(106,12,40,1,0,0,0,''),(106,12,41,1,0,0,0,''),(106,12,42,1,0,0,0,''),(107,12,38,1,0,1,0,''),(107,12,39,1,0,1,0,''),(107,12,40,1,0,0,0,''),(107,12,41,1,0,0,0,''),(107,12,42,1,0,0,0,''),(108,12,38,1,0,1,0,''),(108,12,39,1,0,1,0,''),(108,12,40,1,0,0,0,''),(108,12,41,1,0,0,0,''),(108,12,42,1,0,0,0,''),(109,12,38,1,0,1,0,''),(109,12,39,1,0,1,0,''),(109,12,40,1,0,0,0,''),(109,12,41,1,0,0,0,''),(109,12,42,1,0,0,0,''),(110,12,38,1,0,1,0,''),(110,12,39,1,0,1,0,''),(110,12,40,1,0,0,0,''),(110,12,41,1,0,0,0,''),(110,12,42,1,0,0,0,''),(111,12,38,1,0,1,0,''),(111,12,39,1,0,1,0,''),(111,12,40,1,0,0,0,''),(111,12,41,1,0,0,0,''),(111,12,42,1,0,0,0,''),(112,12,38,1,0,1,0,''),(112,12,39,1,0,1,0,''),(112,12,40,1,0,0,0,''),(112,12,41,1,0,0,0,''),(112,12,42,1,0,0,0,''),(113,12,1,1,0,943916400,0,''),(113,12,3,1,0,943916400,0,''),(113,12,38,1,0,1,0,''),(113,12,39,1,0,1,0,''),(113,12,40,1,0,0,0,''),(113,12,41,1,0,0,0,''),(113,12,42,1,0,0,0,''),(117,10,1,2,0,0,0,'&lt;p&gt;dgsdfgsdgdfg dsfk gnčls gjdfsgdfsčldfs čgdčflsgjdsgčljsdčlgjdsčlgjčlsdčlgj fdkl&lt;/p&gt;\r\n&lt;p&gt;dgsdfgsdgdfg dsfk gnčls gjdfsgdfsčldfs čgdčflsgjdsgčljsdčlgjdsčlgjčlsdčlgj fdkl&lt;/p&gt;\r\n&lt;p&gt;dgsdfgsdgdfg dsfk gnčls gjdfsgdfsčldfs čgdčflsgjdsgčljsdčlgjdsčlgjčlsdčlgj fdkl&lt;/p&gt;\r\n&lt;p&gt;dgsdfgsdgdfg dsfk gnčls gjdfsgdfsčldfs čgdčflsgjdsgčljsdčlgjdsčlgjčlsdčlgj fdkl&lt;/p&gt;\r\n&lt;p&gt;dgsdfgsdgdfg dsfk gnčls gjdfsgdfsčldfs čgdčflsgjdsgčljsdčlgjdsčlgjčlsdčlgj fdkl&lt;/p&gt;\r\n&lt;p&gt;dgsdfgsdgdfg dsfk gnčls gjdfsgdfsčldfs čgdčflsgjdsgčljsdčlgjdsčlgjčlsdčlgj fdkl&lt;/p&gt;\r\n&lt;p&gt;dgsdfgsdgdfg dsfk gnčls gjdfsgdfsčldfs čgdčflsgjdsgčljsdčlgjdsčlgjčlsdčlgj fdkl&lt;/p&gt;'),(117,10,2,2,0,0,0,'&lt;p&gt;dgsdfgsdgdfg dsfk gnčls gjdfsgdfsčldfs čgdčflsgjdsgčljsdčlgjdsčlgjčlsdčlgj fdkl&lt;/p&gt;\r\n&lt;p&gt;dgsdfgsdgdfg dsfk gnčls gjdfgdfsldfs čgdčflsgjdsgčljsdčlgjdsčlgjčlsdčlgj fdkl&lt;/p&gt;\r\n&lt;p&gt;dgsdfgsdgdfg dsfk gnčls gjdfsgdfsčldfs čgdlsgjdsgčljsdčlgjdsčlgjčlsdčlgj fdkl&lt;/p&gt;\r\n&lt;p&gt;dgsdfgsdgdfg dsfk gnčls gjdfsgdfsčldfs čgdčflsgjdsgčljsdčlgjdsčlgjčlsdčlgj fdkl&lt;/p&gt;\r\n&lt;p&gt;dgsdfgsdgdfg dsfk gnčls gjdfdfsčldfs čgdsgjdsgčljsdčlgjdsčlgjčlsdčlgj fdkl&lt;/p&gt;\r\n&lt;p&gt;dgsdfgsdgdfg dsfk gnčls gjdfsgdfsčldfs čgdčflsgjdsgčljsdčlgjdsčlgjčlsdčlgj fdkl&lt;/p&gt;\r\n&lt;p&gt;dgsdfgsdgdfg dsfk gnčls gjdfsgdfsčldfs čgdčflsgjdsgčljčlgjdsčlgjčlsdčlgj fdkl&lt;/p&gt;\r\n&lt;p&gt;dgsdfgsdgdfg dsfk gnčls gjdfsgdfsčldfs čgdčflsgjdsgčljsdčlgjdsčlgjčlsdčlgj &lt;/p&gt;\r\n&lt;p&gt;dgsdfgsdgdfg dsfk gnčls gjdfsgdfsčldfs čgdčflsgjdsgčljsdčlgjdsčlgjčlsdčlgj fdkl&lt;/p&gt;'),(118,13,5,2,0,1,0,''),(118,13,6,2,0,0,0,'&lt;p&gt;dsgdfsgdfgdsgdfsg&lt;/p&gt;'),(120,12,38,1,0,1,0,''),(120,12,39,1,0,1,0,''),(120,12,40,1,0,0,0,''),(120,12,41,1,0,0,0,''),(120,12,42,1,0,0,0,''),(121,12,38,1,0,1,0,''),(121,12,39,1,0,1,0,''),(121,12,40,1,0,0,0,''),(121,12,41,1,0,0,0,''),(121,12,42,1,0,0,0,''),(122,12,38,1,0,1,0,''),(122,12,39,1,0,1,0,''),(122,12,40,1,0,0,0,''),(122,12,41,1,0,0,0,''),(122,12,42,1,0,0,0,''),(123,12,38,1,0,1,0,''),(123,12,39,1,0,1,0,''),(123,12,40,1,0,0,0,''),(123,12,41,1,0,0,0,''),(123,12,42,1,0,0,0,''),(124,12,38,1,0,1,0,''),(124,12,39,1,0,1,0,''),(124,12,40,1,0,0,0,''),(124,12,41,1,0,0,0,''),(124,12,42,1,0,0,0,''),(125,12,38,1,0,1,0,''),(125,12,39,1,0,1,0,''),(125,12,40,1,0,0,0,''),(125,12,41,1,0,0,0,''),(125,12,42,1,0,0,0,''),(133,12,38,1,0,0,0,''),(133,12,39,1,0,1,0,''),(133,12,40,1,0,0,0,''),(133,12,41,1,0,0,0,''),(133,12,42,1,0,0,0,''),(134,12,38,1,0,0,0,''),(134,12,39,1,0,1,0,''),(134,12,40,1,0,0,0,''),(134,12,41,1,0,0,0,''),(134,12,42,1,0,0,0,''),(135,12,38,1,0,0,0,''),(135,12,39,1,0,1,0,''),(135,12,40,1,0,0,0,''),(135,12,41,1,0,0,0,''),(135,12,42,1,0,0,0,''),(137,12,38,1,0,0,0,''),(137,12,39,1,0,1,0,''),(137,12,40,1,0,0,0,''),(137,12,41,1,0,0,0,''),(137,12,42,1,0,0,0,''),(138,12,38,1,0,0,0,''),(138,12,39,1,0,1,0,''),(138,12,40,1,0,0,0,''),(138,12,41,1,0,0,0,''),(138,12,42,1,0,0,0,''),(139,12,38,1,0,0,0,''),(139,12,39,1,0,1,0,''),(139,12,40,1,0,0,0,''),(139,12,41,1,0,0,0,''),(139,12,42,1,0,0,0,''),(152,12,38,1,0,0,0,''),(152,12,39,1,0,0,0,''),(152,12,40,1,0,0,0,''),(152,12,41,1,0,0,0,''),(152,12,42,1,0,0,0,''),(153,29,35,1,0,0,0,'&lt;iframe src=&quot;https://player.vimeo.com/video/792930644?h=2772de5833&amp;amp;badge=0&amp;amp;autopause=0&amp;amp;player_id=0&amp;amp;app_id=58479&quot; frameborder=&quot;0&quot; allow=&quot;autoplay; fullscreen; picture-in-picture&quot; allowfullscreen style=&quot;position:absolute;top:0;left:0;width:100%;height:100%;&quot; title=&quot;7c01c9d0-4803-4196-9ac0-7a091e0c6df3.MP4&quot;&gt;&lt;/iframe&gt;'),(170,12,38,1,0,0,0,''),(170,12,39,1,0,0,0,''),(170,12,40,1,0,4,0,''),(170,12,41,1,0,0,0,''),(170,12,42,1,0,0,0,''),(183,12,38,1,0,0,0,''),(183,12,39,1,0,0,0,''),(183,12,40,1,0,0,0,''),(183,12,41,1,0,0,0,''),(183,12,42,1,0,0,0,''),(192,8,3,1,0,0,0,'Recepti'),(192,8,4,1,0,1,0,''),(194,8,3,2,0,0,0,'Recipes'),(194,8,4,2,0,1,0,''),(196,8,3,2,0,0,0,'Recipes'),(196,8,4,2,0,1,0,''),(198,8,3,2,0,0,0,'Recipes'),(198,8,4,2,0,1,0,''),(200,8,3,2,0,0,0,'Recipes'),(200,8,4,2,0,1,0,''),(203,8,3,2,0,0,0,'Recipes'),(203,8,4,2,0,1,0,''),(205,8,3,2,0,0,0,'Recipes'),(205,8,4,2,0,1,0,''),(211,12,38,1,0,0,0,''),(211,12,39,1,0,0,0,''),(211,12,40,1,0,0,0,''),(211,12,41,1,0,0,0,''),(211,12,42,1,0,0,0,''),(212,12,38,1,0,0,0,''),(212,12,39,1,0,0,0,''),(212,12,40,1,0,0,0,''),(212,12,41,1,0,0,0,''),(212,12,42,1,0,0,0,''),(225,12,38,1,0,1,0,''),(225,12,39,1,0,1,0,''),(225,12,40,1,0,0,0,''),(225,12,41,1,0,0,0,''),(225,12,42,1,0,0,0,''),(233,13,5,1,0,0,0,''),(233,13,6,1,0,0,0,'&lt;p&gt;jkkjh&lt;/p&gt;'),(240,8,3,1,0,0,0,'Recepti'),(240,8,4,1,0,1,0,''),(242,8,3,1,0,0,0,'Recepti'),(242,8,4,1,0,1,0,''),(244,8,3,1,0,0,0,'Recepti'),(244,8,4,1,0,1,0,''),(246,8,3,1,0,0,0,'Recepti'),(246,8,4,1,0,1,0,''),(248,8,3,1,0,0,0,'Recepti'),(248,8,4,1,0,1,0,''),(250,12,38,1,0,0,0,''),(250,12,39,1,0,1,0,''),(250,12,40,1,0,0,0,''),(250,12,41,1,0,0,0,''),(250,12,42,1,0,0,0,''),(253,6,3,2,0,0,0,'Recipes'),(253,6,4,2,0,1,0,''),(255,6,3,1,0,0,0,'Recepti'),(255,6,4,1,0,1,0,''),(257,6,3,1,0,0,0,'Recepti'),(257,6,4,1,0,1,0,''),(259,6,3,2,0,0,0,'Recipes'),(259,6,4,2,0,1,0,''),(262,6,3,2,0,0,0,'Recipes'),(262,6,4,2,0,1,0,''),(264,6,3,1,0,0,0,'Recepti'),(264,6,4,1,0,1,0,''),(272,6,3,2,0,0,0,'a'),(272,6,4,2,0,0,0,''),(276,6,3,1,0,0,0,'Recepti'),(276,6,4,1,0,1,0,''),(278,6,3,2,0,0,0,'Recipes'),(278,6,4,2,0,1,0,'');

--
-- Table structure for table `ngn_pages_custom_values_multi`
--

CREATE TABLE `ngn_pages_custom_values_multi` (
  `news_id` int(11) NOT NULL,
  `category_id` int(11) NOT NULL,
  `gaid` int(11) NOT NULL,
  `language_id` int(11) NOT NULL,
  `valueInt` int(11) NOT NULL,
  `item_order` int(11) NOT NULL,
  PRIMARY KEY (`news_id`,`category_id`,`gaid`,`language_id`,`valueInt`),
  KEY `item_order` (`item_order`)
) ENGINE=InnoDB DEFAULT CHARSET=utf8;

--
-- Dumping data for table `ngn_pages_custom_values_multi`
--


--
-- Table structure for table `ngn_pages_file`
--

CREATE TABLE `ngn_pages_file` (
  `type_id` int(11) NOT NULL AUTO_INCREMENT,
  `type_name` varchar(200) NOT NULL DEFAULT '',
  `type_extension` varchar(200) NOT NULL DEFAULT '',
  `type_type` varchar(200) NOT NULL DEFAULT '',
  `type_enable` int(11) NOT NULL DEFAULT 0,
  `type_photo` varchar(200) NOT NULL DEFAULT '',
  PRIMARY KEY (`type_id`)
) ENGINE=InnoDB AUTO_INCREMENT=4 DEFAULT CHARSET=utf8;

--
-- Dumping data for table `ngn_pages_file`
--

INSERT INTO `ngn_pages_file` VALUES (1,'PDF','pdf','',1,'fa-file'),(2,'DOC','doc','',1,'fa-file'),(3,'DOCX','docx','',1,'fa-file');

--
-- Table structure for table `ngn_pages_files`
--

CREATE TABLE `ngn_pages_files` (
  `file_id` int(11) NOT NULL AUTO_INCREMENT,
  `news_id` int(11) NOT NULL DEFAULT 0,
  `file_type` int(11) NOT NULL DEFAULT 0,
  `file_group` int(11) NOT NULL,
  `file_size` int(11) NOT NULL DEFAULT 0,
  `file_list` int(11) NOT NULL DEFAULT 1,
  `file_file` varchar(100) NOT NULL DEFAULT '',
  `file_original_name` varchar(200) NOT NULL DEFAULT '0',
  `file_createdate` datetime NOT NULL,
  `file_showdate` datetime NOT NULL,
  `file_hidedate` datetime NOT NULL,
  `file_hide` smallint(1) NOT NULL,
  `file_owner` int(11) NOT NULL,
  `file_order` int(11) NOT NULL,
  PRIMARY KEY (`file_id`),
  KEY `news_id` (`news_id`),
  KEY `file_type` (`file_type`),
  KEY `file_createdate` (`file_createdate`),
  KEY `file_owner` (`file_owner`),
  KEY `file_group` (`file_group`),
  KEY `file_showdate` (`file_showdate`),
  KEY `file_hidedate` (`file_hidedate`),
  KEY `file_hide` (`file_hide`),
  KEY `file_order` (`file_order`)
) ENGINE=InnoDB DEFAULT CHARSET=utf8;

--
-- Dumping data for table `ngn_pages_files`
--


--
-- Table structure for table `ngn_pages_files_groups`
--

CREATE TABLE `ngn_pages_files_groups` (
  `group_id` int(11) NOT NULL AUTO_INCREMENT,
  `group_photo` varchar(50) NOT NULL,
  `group_enable` int(11) NOT NULL DEFAULT 0,
  `group_order` int(11) NOT NULL,
  PRIMARY KEY (`group_id`)
) ENGINE=InnoDB DEFAULT CHARSET=utf8;

--
-- Dumping data for table `ngn_pages_files_groups`
--


--
-- Table structure for table `ngn_pages_files_groups_language`
--

CREATE TABLE `ngn_pages_files_groups_language` (
  `group_id` int(11) NOT NULL,
  `language_id` int(11) NOT NULL DEFAULT 0,
  `editdate` datetime NOT NULL,
  `language_name` varchar(200) DEFAULT NULL,
  PRIMARY KEY (`group_id`,`language_id`),
  KEY `language_id` (`language_id`),
  KEY `editdate` (`editdate`)
) ENGINE=InnoDB DEFAULT CHARSET=utf8;

--
-- Dumping data for table `ngn_pages_files_groups_language`
--


--
-- Table structure for table `ngn_pages_files_language`
--

CREATE TABLE `ngn_pages_files_language` (
  `file_id` int(11) NOT NULL,
  `language_id` int(11) NOT NULL DEFAULT 0,
  `editdate` datetime NOT NULL,
  `enable` int(11) NOT NULL,
  `approved` int(1) NOT NULL DEFAULT 0,
  `language_name` varchar(200) DEFAULT NULL,
  `language_description` text DEFAULT NULL,
  `language_meta` text DEFAULT NULL,
  `language_keywords` varchar(100) DEFAULT NULL,
  `language_url` varchar(100) DEFAULT NULL,
  `language_photo` varchar(100) NOT NULL DEFAULT '',
  PRIMARY KEY (`file_id`,`language_id`),
  KEY `language_id` (`language_id`),
  KEY `editdate` (`editdate`),
  CONSTRAINT `ngn_pages_files_language_ibfk_1` FOREIGN KEY (`file_id`) REFERENCES `ngn_pages_files` (`file_id`) ON DELETE CASCADE ON UPDATE CASCADE
) ENGINE=InnoDB DEFAULT CHARSET=utf8;

--
-- Dumping data for table `ngn_pages_files_language`
--


--
-- Table structure for table `ngn_pages_gallery`
--

CREATE TABLE `ngn_pages_gallery` (
  `gallery_id` int(11) NOT NULL AUTO_INCREMENT,
  `news_id` int(11) NOT NULL,
  `gallery_template` int(11) NOT NULL,
  PRIMARY KEY (`gallery_id`)
) ENGINE=InnoDB DEFAULT CHARSET=utf8;

--
-- Dumping data for table `ngn_pages_gallery`
--


--
-- Table structure for table `ngn_pages_gallery_photo`
--

CREATE TABLE `ngn_pages_gallery_photo` (
  `gallery_id` int(11) NOT NULL,
  `photo_id` int(11) NOT NULL,
  `position` int(11) NOT NULL,
  PRIMARY KEY (`gallery_id`,`photo_id`,`position`)
) ENGINE=InnoDB DEFAULT CHARSET=utf8;

--
-- Dumping data for table `ngn_pages_gallery_photo`
--


--
-- Table structure for table `ngn_pages_groups`
--

CREATE TABLE `ngn_pages_groups` (
  `group_id` int(11) NOT NULL AUTO_INCREMENT,
  `group_var` varchar(50) NOT NULL,
  PRIMARY KEY (`group_id`)
) ENGINE=InnoDB AUTO_INCREMENT=11 DEFAULT CHARSET=utf8;

--
-- Dumping data for table `ngn_pages_groups`
--

INSERT INTO `ngn_pages_groups` VALUES (1,''),(2,''),(3,''),(4,'text_photo_2'),(5,'text_photo_links'),(6,'text_photo_big'),(7,'text_photo_3'),(8,'statistics'),(9,'video'),(10,'photo');

--
-- Table structure for table `ngn_pages_groups_atribute`
--

CREATE TABLE `ngn_pages_groups_atribute` (
  `id` int(11) NOT NULL AUTO_INCREMENT,
  `group_id` int(11) NOT NULL,
  `atribute_id` int(11) NOT NULL,
  `position` int(11) NOT NULL,
  PRIMARY KEY (`id`),
  KEY `group_id` (`group_id`),
  KEY `atribute_id` (`atribute_id`),
  CONSTRAINT `ngn_pages_groups_atribute_ibfk_1` FOREIGN KEY (`group_id`) REFERENCES `ngn_pages_groups` (`group_id`) ON DELETE CASCADE ON UPDATE CASCADE
) ENGINE=InnoDB AUTO_INCREMENT=43 DEFAULT CHARSET=utf8;

--
-- Dumping data for table `ngn_pages_groups_atribute`
--

INSERT INTO `ngn_pages_groups_atribute` VALUES (1,1,1,0),(2,1,2,1),(3,2,5,0),(4,2,4,1),(5,3,3,0),(6,3,6,1),(7,4,3,0),(8,4,5,1),(9,4,6,2),(13,5,5,0),(14,5,6,1),(16,6,5,1),(17,6,7,2),(18,6,8,3),(20,7,11,2),(21,7,7,3),(22,7,8,4),(23,8,12,0),(24,8,13,1),(25,8,14,2),(26,8,15,3),(27,8,16,4),(28,8,17,5),(29,8,18,6),(30,8,19,7),(31,6,3,0),(32,7,3,0),(33,9,20,0),(34,6,21,4),(35,9,22,1),(37,7,5,1),(38,10,23,3),(39,10,24,4),(40,10,25,2),(41,10,8,1),(42,10,7,0);

--
-- Table structure for table `ngn_pages_groups_language`
--

CREATE TABLE `ngn_pages_groups_language` (
  `group_id` int(11) NOT NULL,
  `language_id` int(11) NOT NULL DEFAULT 0,
  `editdate` datetime NOT NULL,
  `enable` int(11) NOT NULL,
  `approved` int(1) NOT NULL DEFAULT 0,
  `language_name` varchar(200) DEFAULT NULL,
  `language_description` text DEFAULT NULL,
  `language_meta` text DEFAULT NULL,
  `language_keywords` varchar(100) DEFAULT NULL,
  `language_url` varchar(100) DEFAULT NULL,
  `language_photo` varchar(100) NOT NULL DEFAULT '',
  PRIMARY KEY (`group_id`,`language_id`),
  KEY `language_id` (`language_id`),
  KEY `editdate` (`editdate`)
) ENGINE=InnoDB DEFAULT CHARSET=utf8;

--
-- Dumping data for table `ngn_pages_groups_language`
--

INSERT INTO `ngn_pages_groups_language` VALUES (1,1,'2021-02-01 13:27:47',0,1,'Dva stolpca','',NULL,NULL,NULL,''),(1,2,'2021-02-01 13:27:47',0,1,'Dva stolpca','',NULL,NULL,NULL,''),(2,1,'2021-02-01 13:27:47',0,1,'Naslov','',NULL,NULL,NULL,''),(2,2,'2021-02-01 13:27:47',0,1,'Naslov','',NULL,NULL,NULL,''),(3,1,'2021-02-01 13:27:47',0,1,'Vsebina in obrni','',NULL,NULL,NULL,''),(3,2,'2021-02-01 13:27:47',0,1,'Vsebina in obrni','',NULL,NULL,NULL,''),(4,1,'2022-03-16 09:56:30',0,1,'Tekst - Slika (2)','',NULL,NULL,NULL,''),(4,2,'2022-03-16 09:56:30',0,1,'Tekst - Slika (2)','',NULL,NULL,NULL,''),(5,1,'2022-03-24 14:59:48',0,1,'Tekst - Slika s povezavami','',NULL,NULL,NULL,''),(5,2,'2022-03-24 14:59:48',0,1,'Tekst - Slika s povezavami','',NULL,NULL,NULL,''),(6,1,'2022-07-07 13:28:23',0,1,'Velik tekst - slika','',NULL,NULL,NULL,''),(6,2,'2022-07-07 13:28:23',0,1,'Velik tekst - slika','',NULL,NULL,NULL,''),(7,1,'2022-07-14 10:41:22',0,1,'Tekst - Slika (3)','',NULL,NULL,NULL,''),(7,2,'2022-07-14 10:41:22',0,1,'Tekst - Slika (3)','',NULL,NULL,NULL,''),(8,1,'2022-03-17 08:58:45',0,1,'Statistika','',NULL,NULL,NULL,''),(8,2,'2022-03-17 08:58:45',0,1,'Statistika','',NULL,NULL,NULL,''),(9,1,'2022-07-04 16:17:15',0,1,'Video','',NULL,NULL,NULL,''),(9,2,'2022-07-04 16:17:15',0,1,'Video','',NULL,NULL,NULL,''),(10,1,'2022-08-29 10:08:25',0,1,'Slika','',NULL,NULL,NULL,''),(10,2,'2022-08-19 15:41:07',0,1,'Slika','',NULL,NULL,NULL,'');

--
-- Table structure for table `ngn_pages_item`
--

CREATE TABLE `ngn_pages_item` (
  `item_id` int(11) NOT NULL AUTO_INCREMENT,
  `item_category` int(11) NOT NULL,
  `news_id` int(11) NOT NULL DEFAULT 0,
  `item_order` int(11) NOT NULL,
  `item_createdate` datetime DEFAULT NULL,
  `item_showdate` datetime DEFAULT NULL,
  `item_editdate` datetime NOT NULL,
  `item_hidedate` datetime NOT NULL,
  `item_hide` tinyint(1) NOT NULL,
  `item_enable` int(11) NOT NULL DEFAULT 0,
  `item_photo1` varchar(100) NOT NULL,
  `item_photo2` varchar(100) NOT NULL,
  `item_viewed` int(11) NOT NULL DEFAULT 0,
  PRIMARY KEY (`item_id`),
  KEY `item_category` (`item_category`),
  KEY `news_id` (`news_id`),
  KEY `item_enable` (`item_enable`)
) ENGINE=InnoDB DEFAULT CHARSET=utf8;

--
-- Dumping data for table `ngn_pages_item`
--


--
-- Table structure for table `ngn_pages_item_category`
--

CREATE TABLE `ngn_pages_item_category` (
  `category_id` int(11) NOT NULL AUTO_INCREMENT,
  `category_enable` int(11) DEFAULT NULL,
  `category_createdate` datetime DEFAULT NULL,
  `category_showdate` datetime DEFAULT NULL,
  `category_hidedate` datetime DEFAULT NULL,
  `category_hide` tinyint(1) NOT NULL,
  `category_editdate` datetime DEFAULT NULL,
  `category_position` int(11) DEFAULT NULL,
  `category_parent` int(11) DEFAULT NULL,
  `category_photo` int(11) DEFAULT NULL,
  `category_template` int(11) NOT NULL,
  `category_template_news` int(11) NOT NULL,
  `category_photo2` int(11) DEFAULT NULL,
  PRIMARY KEY (`category_id`),
  KEY `category_enable` (`category_enable`),
  KEY `category_template` (`category_template`),
  KEY `category_template_news` (`category_template_news`),
  KEY `category_createdate` (`category_createdate`),
  KEY `category_editdate` (`category_editdate`),
  KEY `category_hidedate` (`category_hidedate`),
  KEY `category_showdate` (`category_showdate`)
) ENGINE=InnoDB DEFAULT CHARSET=utf8;

--
-- Dumping data for table `ngn_pages_item_category`
--


--
-- Table structure for table `ngn_pages_item_category_language`
--

CREATE TABLE `ngn_pages_item_category_language` (
  `category_id` int(11) NOT NULL,
  `language_id` int(11) NOT NULL DEFAULT 0,
  `editdate` datetime NOT NULL,
  `enable` int(11) NOT NULL,
  `approved` int(1) NOT NULL DEFAULT 0,
  `language_name` varchar(200) DEFAULT NULL,
  `language_description` text DEFAULT NULL,
  `language_meta` text DEFAULT NULL,
  `language_keywords` varchar(100) DEFAULT NULL,
  `language_url` varchar(100) DEFAULT NULL,
  `language_photo` varchar(100) NOT NULL DEFAULT '',
  PRIMARY KEY (`category_id`,`language_id`),
  KEY `language_id` (`language_id`),
  KEY `editdate` (`editdate`)
) ENGINE=InnoDB DEFAULT CHARSET=utf8;

--
-- Dumping data for table `ngn_pages_item_category_language`
--


--
-- Table structure for table `ngn_pages_item_custom_values`
--

CREATE TABLE `ngn_pages_item_custom_values` (
  `item_id` int(11) NOT NULL,
  `item_category_id` int(11) NOT NULL,
  `gaid` int(11) NOT NULL,
  `language_id` int(11) NOT NULL,
  `valueAutomatic` int(11) NOT NULL DEFAULT 0,
  `valueInt` int(11) NOT NULL,
  `valueFloat` double NOT NULL,
  `valueText` text NOT NULL,
  PRIMARY KEY (`item_id`,`item_category_id`,`gaid`,`language_id`),
  KEY `item_category_id` (`item_category_id`),
  KEY `gaid` (`gaid`),
  KEY `language_id` (`language_id`),
  KEY `valueInt` (`valueInt`),
  CONSTRAINT `ngn_pages_item_custom_values_ibfk_1` FOREIGN KEY (`item_id`) REFERENCES `ngn_pages_item_variations` (`variations_id`) ON DELETE CASCADE ON UPDATE CASCADE
) ENGINE=InnoDB DEFAULT CHARSET=utf8;

--
-- Dumping data for table `ngn_pages_item_custom_values`
--


--
-- Table structure for table `ngn_pages_item_custom_values_multi`
--

CREATE TABLE `ngn_pages_item_custom_values_multi` (
  `item_id` int(11) NOT NULL,
  `item_category_id` int(11) NOT NULL,
  `gaid` int(11) NOT NULL,
  `language_id` int(11) NOT NULL,
  `valueInt` int(11) NOT NULL,
  `item_order` int(11) NOT NULL,
  PRIMARY KEY (`item_id`,`item_category_id`,`gaid`,`language_id`,`valueInt`),
  KEY `item_order` (`item_order`)
) ENGINE=InnoDB DEFAULT CHARSET=utf8;

--
-- Dumping data for table `ngn_pages_item_custom_values_multi`
--


--
-- Table structure for table `ngn_pages_item_file`
--

CREATE TABLE `ngn_pages_item_file` (
  `type_id` int(11) NOT NULL AUTO_INCREMENT,
  `type_name` varchar(200) NOT NULL DEFAULT '',
  `type_extension` varchar(200) NOT NULL DEFAULT '',
  `type_type` varchar(200) NOT NULL DEFAULT '',
  `type_enable` int(11) NOT NULL DEFAULT 0,
  `type_photo` varchar(200) NOT NULL DEFAULT '',
  PRIMARY KEY (`type_id`)
) ENGINE=InnoDB DEFAULT CHARSET=utf8;

--
-- Dumping data for table `ngn_pages_item_file`
--


--
-- Table structure for table `ngn_pages_item_files`
--

CREATE TABLE `ngn_pages_item_files` (
  `file_id` int(11) NOT NULL AUTO_INCREMENT,
  `item_id` int(11) NOT NULL DEFAULT 0,
  `file_type` int(11) NOT NULL DEFAULT 0,
  `file_group` int(11) NOT NULL,
  `file_size` int(11) NOT NULL DEFAULT 0,
  `file_list` int(11) NOT NULL DEFAULT 1,
  `file_file` varchar(100) NOT NULL DEFAULT '',
  `file_original_name` varchar(200) NOT NULL DEFAULT '0',
  `file_createdate` datetime NOT NULL,
  `file_showdate` datetime NOT NULL,
  `file_hidedate` datetime NOT NULL,
  `file_hide` smallint(1) NOT NULL,
  `file_owner` int(11) NOT NULL,
  `file_order` int(11) NOT NULL,
  PRIMARY KEY (`file_id`),
  KEY `item_id` (`item_id`),
  KEY `file_type` (`file_type`),
  KEY `file_createdate` (`file_createdate`),
  KEY `file_owner` (`file_owner`),
  KEY `file_group` (`file_group`),
  KEY `file_showdate` (`file_showdate`),
  KEY `file_hidedate` (`file_hidedate`),
  KEY `file_hide` (`file_hide`),
  KEY `file_order` (`file_order`)
) ENGINE=InnoDB DEFAULT CHARSET=utf8;

--
-- Dumping data for table `ngn_pages_item_files`
--


--
-- Table structure for table `ngn_pages_item_files_language`
--

CREATE TABLE `ngn_pages_item_files_language` (
  `file_id` int(11) NOT NULL,
  `language_id` int(11) NOT NULL DEFAULT 0,
  `editdate` datetime NOT NULL,
  `enable` int(11) NOT NULL,
  `approved` int(1) NOT NULL DEFAULT 0,
  `language_name` varchar(200) DEFAULT NULL,
  `language_description` text DEFAULT NULL,
  `language_meta` text DEFAULT NULL,
  `language_keywords` varchar(100) DEFAULT NULL,
  `language_url` varchar(100) DEFAULT NULL,
  `language_photo` varchar(100) NOT NULL DEFAULT '',
  PRIMARY KEY (`file_id`,`language_id`),
  KEY `language_id` (`language_id`),
  KEY `editdate` (`editdate`)
) ENGINE=InnoDB DEFAULT CHARSET=utf8;

--
-- Dumping data for table `ngn_pages_item_files_language`
--


--
-- Table structure for table `ngn_pages_item_groups`
--

CREATE TABLE `ngn_pages_item_groups` (
  `id` int(11) NOT NULL AUTO_INCREMENT,
  `item_category_id` int(11) NOT NULL,
  `group_id` int(11) NOT NULL,
  `position` int(11) NOT NULL,
  `transfer` int(11) NOT NULL DEFAULT 1,
  `category` int(11) NOT NULL DEFAULT 0,
  PRIMARY KEY (`id`),
  KEY `group_id` (`group_id`),
  KEY `item_category_id` (`item_category_id`),
  KEY `position` (`position`)
) ENGINE=InnoDB DEFAULT CHARSET=utf8;

--
-- Dumping data for table `ngn_pages_item_groups`
--


--
-- Table structure for table `ngn_pages_item_groups_atribute`
--

CREATE TABLE `ngn_pages_item_groups_atribute` (
  `cgid` int(11) NOT NULL,
  `gaid` int(11) NOT NULL,
  `language_id` int(11) NOT NULL,
  `valueInt` int(11) NOT NULL DEFAULT 0,
  `valueFloat` double NOT NULL DEFAULT 0,
  `valueText` text NOT NULL,
  PRIMARY KEY (`cgid`,`gaid`,`language_id`),
  KEY `language_id` (`language_id`),
  KEY `gaid` (`gaid`),
  KEY `cgid` (`cgid`),
  KEY `valueInt` (`valueInt`)
) ENGINE=InnoDB DEFAULT CHARSET=utf8;

--
-- Dumping data for table `ngn_pages_item_groups_atribute`
--


--
-- Table structure for table `ngn_pages_item_language`
--

CREATE TABLE `ngn_pages_item_language` (
  `item_id` int(11) NOT NULL,
  `language_id` int(11) NOT NULL DEFAULT 0,
  `editdate` datetime NOT NULL,
  `enable` int(11) NOT NULL,
  `approved` int(1) NOT NULL DEFAULT 0,
  `language_name` varchar(200) DEFAULT NULL,
  `language_description` text DEFAULT NULL,
  `language_meta` text DEFAULT NULL,
  `language_keywords` varchar(100) DEFAULT NULL,
  `language_url` varchar(100) DEFAULT NULL,
  `language_photo1` varchar(100) NOT NULL,
  `language_photo2` varchar(100) NOT NULL,
  `language_html` text NOT NULL,
  PRIMARY KEY (`item_id`,`language_id`),
  KEY `language_id` (`language_id`),
  KEY `editdate` (`editdate`),
  FULLTEXT KEY `language_html` (`language_html`)
) ENGINE=InnoDB DEFAULT CHARSET=utf8;

--
-- Dumping data for table `ngn_pages_item_language`
--


--
-- Table structure for table `ngn_pages_item_photo`
--

CREATE TABLE `ngn_pages_item_photo` (
  `photo_id` int(11) NOT NULL AUTO_INCREMENT,
  `item_id` int(11) DEFAULT NULL,
  `photo_order` int(11) NOT NULL,
  `photo_gallery` int(11) NOT NULL DEFAULT 1,
  `photo_photo` varchar(100) DEFAULT NULL,
  `photo_path` varchar(200) NOT NULL,
  `photo_owner` int(11) NOT NULL,
  `photo_date` datetime NOT NULL,
  `photo_source` varchar(255) NOT NULL,
  PRIMARY KEY (`photo_id`),
  KEY `item_id` (`item_id`),
  KEY `photo_date` (`photo_date`),
  KEY `photo_owner` (`photo_owner`),
  KEY `photo_source` (`photo_source`)
) ENGINE=InnoDB DEFAULT CHARSET=utf8;

--
-- Dumping data for table `ngn_pages_item_photo`
--


--
-- Table structure for table `ngn_pages_item_photo_gallery`
--

CREATE TABLE `ngn_pages_item_photo_gallery` (
  `photo_id` int(11) NOT NULL,
  `item_id` int(11) NOT NULL,
  `photo_gallery` int(11) NOT NULL,
  `photo_order` int(11) NOT NULL,
  PRIMARY KEY (`item_id`,`photo_id`)
) ENGINE=InnoDB DEFAULT CHARSET=utf8;

--
-- Dumping data for table `ngn_pages_item_photo_gallery`
--


--
-- Table structure for table `ngn_pages_item_photo_gallery_language`
--

CREATE TABLE `ngn_pages_item_photo_gallery_language` (
  `photo_id` int(11) NOT NULL,
  `item_id` int(11) NOT NULL,
  `language_id` int(11) NOT NULL,
  `editdate` datetime NOT NULL,
  `enable` int(11) NOT NULL,
  PRIMARY KEY (`photo_id`,`item_id`,`language_id`),
  KEY `editdate` (`editdate`)
) ENGINE=InnoDB DEFAULT CHARSET=utf8;

--
-- Dumping data for table `ngn_pages_item_photo_gallery_language`
--


--
-- Table structure for table `ngn_pages_item_photo_language`
--

CREATE TABLE `ngn_pages_item_photo_language` (
  `photo_id` int(11) NOT NULL,
  `language_id` int(11) NOT NULL DEFAULT 0,
  `editdate` datetime NOT NULL,
  `enable` int(11) NOT NULL,
  `approved` int(1) NOT NULL DEFAULT 0,
  `language_name` varchar(200) DEFAULT NULL,
  `language_description` text DEFAULT NULL,
  `language_meta` text DEFAULT NULL,
  `language_keywords` varchar(100) DEFAULT NULL,
  `language_url` varchar(100) DEFAULT NULL,
  `language_photo` varchar(100) NOT NULL DEFAULT '',
  PRIMARY KEY (`photo_id`,`language_id`),
  KEY `language_id` (`language_id`),
  KEY `editdate` (`editdate`)
) ENGINE=InnoDB DEFAULT CHARSET=utf8;

--
-- Dumping data for table `ngn_pages_item_photo_language`
--


--
-- Table structure for table `ngn_pages_item_variations`
--

CREATE TABLE `ngn_pages_item_variations` (
  `variations_id` int(11) NOT NULL AUTO_INCREMENT,
  `item_id` int(11) NOT NULL,
  `variation_order` int(11) NOT NULL,
  `enable` tinyint(1) NOT NULL,
  PRIMARY KEY (`variations_id`),
  KEY `item_id` (`item_id`),
  KEY `enable` (`enable`),
  CONSTRAINT `ngn_pages_item_variations_ibfk_1` FOREIGN KEY (`item_id`) REFERENCES `ngn_pages_item` (`item_id`) ON DELETE CASCADE ON UPDATE CASCADE
) ENGINE=InnoDB DEFAULT CHARSET=utf8;

--
-- Dumping data for table `ngn_pages_item_variations`
--


--
-- Table structure for table `ngn_pages_item_variations_language`
--

CREATE TABLE `ngn_pages_item_variations_language` (
  `variation_id` int(11) NOT NULL,
  `language_id` int(11) NOT NULL DEFAULT 0,
  `editdate` datetime NOT NULL,
  `enable` int(11) NOT NULL,
  `approved` int(1) NOT NULL DEFAULT 0,
  `language_name` varchar(200) DEFAULT NULL,
  `language_description` text DEFAULT NULL,
  `language_meta` text DEFAULT NULL,
  `language_keywords` varchar(100) DEFAULT NULL,
  `language_url` varchar(100) DEFAULT NULL,
  `language_photo` varchar(100) NOT NULL DEFAULT '',
  PRIMARY KEY (`variation_id`,`language_id`),
  KEY `language_id` (`language_id`),
  KEY `editdate` (`editdate`)
) ENGINE=InnoDB DEFAULT CHARSET=utf8;

--
-- Dumping data for table `ngn_pages_item_variations_language`
--


--
-- Table structure for table `ngn_pages_language`
--

CREATE TABLE `ngn_pages_language` (
  `news_id` int(11) NOT NULL,
  `language_id` int(11) NOT NULL DEFAULT 0,
  `editdate` datetime NOT NULL,
  `enable` int(11) NOT NULL,
  `approved` int(1) NOT NULL DEFAULT 0,
  `language_name` varchar(200) DEFAULT NULL,
  `language_description` text DEFAULT NULL,
  `language_meta` text DEFAULT NULL,
  `language_keywords` varchar(100) DEFAULT NULL,
  `language_url` varchar(100) DEFAULT NULL,
  `photo1` int(11) NOT NULL,
  `photo2` int(11) NOT NULL,
  `language_photo1` varchar(200) NOT NULL,
  `language_photo2` varchar(200) NOT NULL,
  `language_html` text NOT NULL,
  PRIMARY KEY (`news_id`,`language_id`),
  KEY `language_id` (`language_id`),
  KEY `editdate` (`editdate`),
  KEY `photo1` (`photo1`),
  KEY `photo2` (`photo2`),
  FULLTEXT KEY `language_html` (`language_html`)
) ENGINE=InnoDB DEFAULT CHARSET=utf8;

--
-- Dumping data for table `ngn_pages_language`
--

INSERT INTO `ngn_pages_language` VALUES (1,1,'0000-00-00 00:00:00',1,1,'vestibulum ornare vulputate condimentum eu sociosqu magna rhoncus','<p>Arcu condimentum sociosqu odio, mauris ac nam. Cursus varius dui. Elit non faucibus nullam sollicitudin euismod dui imperdiet sem ullamcorper. Velit quisque blandit accumsan vehicula, sit maecenas lobortis scelerisque tellus habitasse sagittis vivamus ad neque ullamcorper risus senectus netus nisl. Viverra feugiat tempor venenatis ornare augue pretium arcu eu maximus curabitur accumsan laoreet morbi, lorem semper dapibus arcu consequat. Eleifend magna neque. Sapien at ac eleifend nullam sollicitudin class aptent torquent per tristique. Malesuada eleifend ornare dapibus pretium quam vel conubia imperdiet, malesuada metus tincidunt semper auctor fringilla orci porttitor quam maximus himenaeos turpis, id vestibulum mauris nunc ultricies pellentesque conubia accumsan duis nam.</p><p>Consectetur sapien luctus tincidunt a pulvinar semper ultricies hendrerit sollicitudin eget porttitor efficitur iaculis cras. Metus quisque aliquam ante laoreet tristique fames aenean. Lorem interdum placerat ac nunc euismod hac sagittis taciti habitant, sit adipiscing malesuada integer lacinia nec euismod ullamcorper iaculis cras. Mauris gravida cras. Amet eleifend auctor faucibus taciti inceptos vehicula, vestibulum pulvinar dapibus eget porttitor consequat eu aptent sodales, lobortis nec hendrerit accumsan. Lorem etiam nec scelerisque aliquam dictumst rhoncus blandit, sit placerat feugiat integer facilisis semper ultrices fringilla gravida dui maximus class diam.</p><p>Elit maecenas vestibulum feugiat tincidunt auctor varius efficitur turpis porta bibendum habitant iaculis. Non in maecenas nec semper primis pharetra nullam eget class sociosqu sodales iaculis. Etiam nibh a ligula ultrices sollicitudin commodo maximus inceptos congue diam vehicula sem aliquet, sit sed felis proin hac platea fermentum porta duis. Urna lectus sodales, malesuada metus ut nisi et imperdiet. Luctus cursus pellentesque. Amet commodo nostra. Quis et cubilia arcu eu commodo porta potenti neque duis diam senectus cras. Pretium arcu maximus fermentum diam.</p>','','','',0,0,'','',''),(1,2,'0000-00-00 00:00:00',1,1,'vestibulum ornare vulputate condimentum eu sociosqu magna rhoncus','<p>Arcu condimentum sociosqu odio, mauris ac nam. Cursus varius dui. Elit non faucibus nullam sollicitudin euismod dui imperdiet sem ullamcorper. Velit quisque blandit accumsan vehicula, sit maecenas lobortis scelerisque tellus habitasse sagittis vivamus ad neque ullamcorper risus senectus netus nisl. Viverra feugiat tempor venenatis ornare augue pretium arcu eu maximus curabitur accumsan laoreet morbi, lorem semper dapibus arcu consequat. Eleifend magna neque. Sapien at ac eleifend nullam sollicitudin class aptent torquent per tristique. Malesuada eleifend ornare dapibus pretium quam vel conubia imperdiet, malesuada metus tincidunt semper auctor fringilla orci porttitor quam maximus himenaeos turpis, id vestibulum mauris nunc ultricies pellentesque conubia accumsan duis nam.</p><p>Consectetur sapien luctus tincidunt a pulvinar semper ultricies hendrerit sollicitudin eget porttitor efficitur iaculis cras. Metus quisque aliquam ante laoreet tristique fames aenean. Lorem interdum placerat ac nunc euismod hac sagittis taciti habitant, sit adipiscing malesuada integer lacinia nec euismod ullamcorper iaculis cras. Mauris gravida cras. Amet eleifend auctor faucibus taciti inceptos vehicula, vestibulum pulvinar dapibus eget porttitor consequat eu aptent sodales, lobortis nec hendrerit accumsan. Lorem etiam nec scelerisque aliquam dictumst rhoncus blandit, sit placerat feugiat integer facilisis semper ultrices fringilla gravida dui maximus class diam.</p><p>Elit maecenas vestibulum feugiat tincidunt auctor varius efficitur turpis porta bibendum habitant iaculis. Non in maecenas nec semper primis pharetra nullam eget class sociosqu sodales iaculis. Etiam nibh a ligula ultrices sollicitudin commodo maximus inceptos congue diam vehicula sem aliquet, sit sed felis proin hac platea fermentum porta duis. Urna lectus sodales, malesuada metus ut nisi et imperdiet. Luctus cursus pellentesque. Amet commodo nostra. Quis et cubilia arcu eu commodo porta potenti neque duis diam senectus cras. Pretium arcu maximus fermentum diam.</p>','','','',0,0,'','',''),(2,1,'0000-00-00 00:00:00',1,1,'lacus semper neque aenean','<p>Luctus feugiat integer semper quis ultrices tellus accumsan bibendum. Mi non malesuada velit justo auctor cubilia tempus habitasse aptent ad sodales. Malesuada etiam justo tempor posuere efficitur conubia. Elit interdum nulla pulvinar fringilla hendrerit dapibus urna condimentum habitasse maximus himenaeos accumsan neque aliquet, interdum at auctor sollicitudin imperdiet tristique. Dolor vitae suspendisse quis urna platea gravida lectus neque, semper condimentum conubia sodales senectus fames, scelerisque dictumst fermentum. Lacinia eleifend venenatis cursus urna aenean, sit mi malesuada tincidunt lacinia quis tempus enim duis sem morbi. Non vitae ligula nec quisque varius eu torquent enim congue bibendum senectus nisl. Consectetur massa fringilla pharetra sollicitudin consequat ullamcorper habitant aenean, ipsum adipiscing sed ac quisque convallis ex posuere platea eu odio blandit laoreet elementum dignissim.</p><p>Feugiat curae consequat. Lorem non sapien id mattis vestibulum eleifend nec phasellus inceptos enim curabitur dignissim fames iaculis. Ipsum sapien viverra justo lacinia tempor scelerisque aliquam eget hac rhoncus sodales duis morbi.</p><p>Id velit justo integer suspendisse est phasellus proin eget fermentum neque elementum diam, lorem nulla at id tincidunt facilisis arcu vivamus per curabitur bibendum. Lorem velit maecenas justo auctor scelerisque eu taciti magna odio rhoncus diam aenean. Viverra faucibus sagittis pellentesque, dictum justo tempor pharetra dui. Adipiscing nunc tortor nullam pretium hac gravida libero class conubia accumsan risus. Nulla volutpat ligula phasellus ante quam sociosqu congue suscipit aenean, lobortis purus cursus posuere sollicitudin tempus habitasse lectus curabitur fames. Est venenatis dictumst aptent enim sodales sem risus. Lacus mattis ligula suspendisse eleifend molestie et quam sagittis litora neque. Auctor posuere tempus hac maximus ad imperdiet.</p>','','','',0,0,'','',''),(2,2,'0000-00-00 00:00:00',1,1,'lacus semper neque aenean','<p>Luctus feugiat integer semper quis ultrices tellus accumsan bibendum. Mi non malesuada velit justo auctor cubilia tempus habitasse aptent ad sodales. Malesuada etiam justo tempor posuere efficitur conubia. Elit interdum nulla pulvinar fringilla hendrerit dapibus urna condimentum habitasse maximus himenaeos accumsan neque aliquet, interdum at auctor sollicitudin imperdiet tristique. Dolor vitae suspendisse quis urna platea gravida lectus neque, semper condimentum conubia sodales senectus fames, scelerisque dictumst fermentum. Lacinia eleifend venenatis cursus urna aenean, sit mi malesuada tincidunt lacinia quis tempus enim duis sem morbi. Non vitae ligula nec quisque varius eu torquent enim congue bibendum senectus nisl. Consectetur massa fringilla pharetra sollicitudin consequat ullamcorper habitant aenean, ipsum adipiscing sed ac quisque convallis ex posuere platea eu odio blandit laoreet elementum dignissim.</p><p>Feugiat curae consequat. Lorem non sapien id mattis vestibulum eleifend nec phasellus inceptos enim curabitur dignissim fames iaculis. Ipsum sapien viverra justo lacinia tempor scelerisque aliquam eget hac rhoncus sodales duis morbi.</p><p>Id velit justo integer suspendisse est phasellus proin eget fermentum neque elementum diam, lorem nulla at id tincidunt facilisis arcu vivamus per curabitur bibendum. Lorem velit maecenas justo auctor scelerisque eu taciti magna odio rhoncus diam aenean. Viverra faucibus sagittis pellentesque, dictum justo tempor pharetra dui. Adipiscing nunc tortor nullam pretium hac gravida libero class conubia accumsan risus. Nulla volutpat ligula phasellus ante quam sociosqu congue suscipit aenean, lobortis purus cursus posuere sollicitudin tempus habitasse lectus curabitur fames. Est venenatis dictumst aptent enim sodales sem risus. Lacus mattis ligula suspendisse eleifend molestie et quam sagittis litora neque. Auctor posuere tempus hac maximus ad imperdiet.</p>','','','',0,0,'','',''),(3,1,'2022-03-15 09:33:05',1,1,'maecenas mattis ligula tortor tempor ex tempus iaculis','<p>Dictum in leo cursus condimentum maximus litora blandit vehicula dignissim tristique nisl, finibus scelerisque cubilia nullam vulputate libero litora. Consectetur in etiam tortor aliquam convallis fusce primis proin condimentum aptent conubia curabitur habitant. Sit amet interdum maecenas lobortis nibh ut proin hendrerit diam. Lorem dictum id ut nisi felis fringilla urna consequat libero efficitur diam habitant tristique. Mi at erat id vestibulum purus massa fusce inceptos himenaeos vehicula aenean, dolor finibus viverra maecenas mauris feugiat auctor scelerisque phasellus nullam porttitor sagittis conubia sodales congue. Mi leo suspendisse semper scelerisque fusce felis ante dapibus euismod vulputate sem netus, non mattis semper quis faucibus orci proin ornare vivamus ad neque habitant, lorem ipsum finibus volutpat quisque nisi convallis et commodo torquent potenti risus. Egestas nulla vitae a nunc scelerisque molestie cursus felis proin vulputate vel sodales diam.</p><p>Erat aliquam convallis suscipit sem dignissim. Euismod hac eu sem. Praesent cursus condimentum tristique. Erat vitae cursus proin dapibus pretium ullamcorper, adipiscing elit praesent erat suspendisse quisque semper molestie ornare lectus fermentum curabitur senectus. Amet non vestibulum pulvinar curae quam sagittis vivamus sociosqu conubia fermentum magna.</p><p>Erat integer ut semper scelerisque consequat nostra potenti elementum sem aliquet nisl. Lorem egestas luctus curabitur sodales. Praesent sapien at velit viverra maecenas leo fringilla ornare porttitor rhoncus duis aliquet senectus. Elit mi lacinia est augue lectus efficitur class nostra turpis duis.</p>','','','',0,0,'','',''),(3,2,'2022-03-15 09:33:05',1,1,'maecenas mattis ligula tortor tempor ex tempus iaculis','<p>Dictum in leo cursus condimentum maximus litora blandit vehicula dignissim tristique nisl, finibus scelerisque cubilia nullam vulputate libero litora. Consectetur in etiam tortor aliquam convallis fusce primis proin condimentum aptent conubia curabitur habitant. Sit amet interdum maecenas lobortis nibh ut proin hendrerit diam. Lorem dictum id ut nisi felis fringilla urna consequat libero efficitur diam habitant tristique. Mi at erat id vestibulum purus massa fusce inceptos himenaeos vehicula aenean, dolor finibus viverra maecenas mauris feugiat auctor scelerisque phasellus nullam porttitor sagittis conubia sodales congue. Mi leo suspendisse semper scelerisque fusce felis ante dapibus euismod vulputate sem netus, non mattis semper quis faucibus orci proin ornare vivamus ad neque habitant, lorem ipsum finibus volutpat quisque nisi convallis et commodo torquent potenti risus. Egestas nulla vitae a nunc scelerisque molestie cursus felis proin vulputate vel sodales diam.</p><p>Erat aliquam convallis suscipit sem dignissim. Euismod hac eu sem. Praesent cursus condimentum tristique. Erat vitae cursus proin dapibus pretium ullamcorper, adipiscing elit praesent erat suspendisse quisque semper molestie ornare lectus fermentum curabitur senectus. Amet non vestibulum pulvinar curae quam sagittis vivamus sociosqu conubia fermentum magna.</p><p>Erat integer ut semper scelerisque consequat nostra potenti elementum sem aliquet nisl. Lorem egestas luctus curabitur sodales. Praesent sapien at velit viverra maecenas leo fringilla ornare porttitor rhoncus duis aliquet senectus. Elit mi lacinia est augue lectus efficitur class nostra turpis duis.</p>','','','',0,0,'','',''),(4,1,'2022-03-15 09:33:02',1,1,'sed at nibh ac blandit dignissim iaculis','<p>Non nulla etiam nibh eleifend quisque aliquam cursus proin pharetra litora laoreet vehicula tristique aenean. Dolor interdum etiam feugiat aliquam ornare sollicitudin commodo, in justo mauris tempor libero class aliquet. Sit interdum vestibulum metus aliquam fusce hendrerit hac sodales suscipit iaculis. Elit felis consequat eu conubia himenaeos elementum netus. Consectetur dictum at mattis ut ante eget eu dui lectus torquent neque netus.</p><p>Malesuada at luctus mollis ultrices fusce proin condimentum tempus pellentesque enim rhoncus neque aliquet. Venenatis aliquam pretium quam per inceptos. Ipsum nulla in sapien at luctus ut fusce urna eu vivamus sociosqu diam aliquet, adipiscing maecenas semper tellus et porttitor eu lectus litora. Dolor malesuada ac nunc nisi phasellus molestie gravida efficitur inceptos potenti diam dignissim iaculis, nulla mattis lacinia ut mollis primis proin hendrerit nullam vulputate platea bibendum netus cras. Nec pharetra urna maximus. Id leo porttitor consequat, justo nec hac. Etiam vestibulum nec tortor purus sollicitudin arcu eu maximus potenti sem.</p><p>Non vestibulum varius magna rhoncus congue. Mi non lacus viverra ac ut ultrices per rhoncus neque nam dignissim aliquet netus. Ultrices pellentesque torquent enim diam. Dolor sed integer nunc nec pulvinar quis vulputate porttitor eu libero maximus enim nam aliquet. Dictum erat id ligula nec nisi curae vulputate urna arcu vivamus nostra inceptos donec blandit.</p>','','','',0,0,'','',''),(4,2,'2022-03-15 09:33:02',1,1,'sed at nibh ac blandit dignissim iaculis','<p>Non nulla etiam nibh eleifend quisque aliquam cursus proin pharetra litora laoreet vehicula tristique aenean. Dolor interdum etiam feugiat aliquam ornare sollicitudin commodo, in justo mauris tempor libero class aliquet. Sit interdum vestibulum metus aliquam fusce hendrerit hac sodales suscipit iaculis. Elit felis consequat eu conubia himenaeos elementum netus. Consectetur dictum at mattis ut ante eget eu dui lectus torquent neque netus.</p><p>Malesuada at luctus mollis ultrices fusce proin condimentum tempus pellentesque enim rhoncus neque aliquet. Venenatis aliquam pretium quam per inceptos. Ipsum nulla in sapien at luctus ut fusce urna eu vivamus sociosqu diam aliquet, adipiscing maecenas semper tellus et porttitor eu lectus litora. Dolor malesuada ac nunc nisi phasellus molestie gravida efficitur inceptos potenti diam dignissim iaculis, nulla mattis lacinia ut mollis primis proin hendrerit nullam vulputate platea bibendum netus cras. Nec pharetra urna maximus. Id leo porttitor consequat, justo nec hac. Etiam vestibulum nec tortor purus sollicitudin arcu eu maximus potenti sem.</p><p>Non vestibulum varius magna rhoncus congue. Mi non lacus viverra ac ut ultrices per rhoncus neque nam dignissim aliquet netus. Ultrices pellentesque torquent enim diam. Dolor sed integer nunc nec pulvinar quis vulputate porttitor eu libero maximus enim nam aliquet. Dictum erat id ligula nec nisi curae vulputate urna arcu vivamus nostra inceptos donec blandit.</p>','','','',0,0,'','',''),(5,1,'2022-03-15 09:33:07',1,1,'consectetur mollis primis morbi','<p>Adipiscing sed malesuada feugiat semper felis et dapibus eget quam rhoncus vehicula dignissim, non mattis ac mollis aliquam faucibus sollicitudin inceptos fermentum elementum dignissim. Leo suspendisse ut class torquent tristique. Nunc quisque tortor tempor nisi ex proin vulputate commodo conubia magna rhoncus bibendum nam sem, egestas finibus feugiat nunc semper pharetra eget neque nam aliquet nisl. Class fermentum accumsan, ipsum luctus leo ornare fermentum bibendum eros habitant. Etiam maecenas mattis quisque scelerisque fringilla faucibus ultricies hac aptent congue iaculis, nulla finibus ligula quis sollicitudin duis laoreet nam.</p><p>Dictum non gravida ullamcorper, mauris nunc molestie ornare vulputate taciti. Consectetur mi malesuada nibh venenatis ultrices nisi dapibus porttitor dictumst lectus elementum, pharetra urna fermentum odio neque. Malesuada luctus fusce. Lorem mi suspendisse nostra aliquet, nec massa curae conubia himenaeos fames.</p><p>Feugiat eleifend semper tellus pharetra vulputate curabitur blandit accumsan eros. Vestibulum purus ultricies condimentum libero ad nostra magna enim. Dolor in placerat etiam lacinia est orci habitasse lectus libero aptent rhoncus cras. Mauris nunc convallis curae vivamus tristique. Justo quisque venenatis. Adipiscing mi in volutpat nec efficitur torquent tristique, sit in at viverra nunc tellus proin arcu commodo potenti neque habitant.</p>','','','',0,0,'','',''),(5,2,'2022-03-15 09:33:07',1,1,'consectetur mollis primis morbi','<p>Adipiscing sed malesuada feugiat semper felis et dapibus eget quam rhoncus vehicula dignissim, non mattis ac mollis aliquam faucibus sollicitudin inceptos fermentum elementum dignissim. Leo suspendisse ut class torquent tristique. Nunc quisque tortor tempor nisi ex proin vulputate commodo conubia magna rhoncus bibendum nam sem, egestas finibus feugiat nunc semper pharetra eget neque nam aliquet nisl. Class fermentum accumsan, ipsum luctus leo ornare fermentum bibendum eros habitant. Etiam maecenas mattis quisque scelerisque fringilla faucibus ultricies hac aptent congue iaculis, nulla finibus ligula quis sollicitudin duis laoreet nam.</p><p>Dictum non gravida ullamcorper, mauris nunc molestie ornare vulputate taciti. Consectetur mi malesuada nibh venenatis ultrices nisi dapibus porttitor dictumst lectus elementum, pharetra urna fermentum odio neque. Malesuada luctus fusce. Lorem mi suspendisse nostra aliquet, nec massa curae conubia himenaeos fames.</p><p>Feugiat eleifend semper tellus pharetra vulputate curabitur blandit accumsan eros. Vestibulum purus ultricies condimentum libero ad nostra magna enim. Dolor in placerat etiam lacinia est orci habitasse lectus libero aptent rhoncus cras. Mauris nunc convallis curae vivamus tristique. Justo quisque venenatis. Adipiscing mi in volutpat nec efficitur torquent tristique, sit in at viverra nunc tellus proin arcu commodo potenti neque habitant.</p>','','','',0,0,'','',''),(6,1,'2022-03-15 09:36:37',1,1,'nulla placerat venenatis tempus eu morbi fames','&lt;p&gt;Our greatest weakness lies in giving up. The most certain way to succeed is always to try just one more time. emotional sensation of stress from our first&lt;/p&gt;','','','',0,0,'','',''),(6,2,'2022-03-15 09:36:37',1,1,'nulla placerat venenatis tempus eu morbi fames','&lt;p&gt;Our greatest weakness lies in giving up. The most certain way to succeed is always to try just one more time. emotional sensation of stress from our first&lt;/p&gt;','','','',0,0,'','',''),(7,1,'2022-03-15 09:33:52',1,1,'nulla finibus commodo maximus himenaeos bibendum aliquet aenean','<p>Sit adipiscing in venenatis purus class ullamcorper. Dolor sapien id nec tempor quis cursus posuere eget turpis dignissim habitant. Praesent interdum pretium, erat inceptos rhoncus. Nulla lacus placerat maecenas leo ut mollis quis primis cubilia ornare donec netus. Interdum nulla sapien ac ut libero efficitur conubia elementum suscipit morbi, lacus sapien leo quis ex hendrerit potenti accumsan imperdiet iaculis. At justo tincidunt quisque est cubilia tempus gravida ad. Mi suspendisse curae commodo vel nostra curabitur diam ullamcorper nisl.</p><p>Praesent faucibus lectus, elit dictum in maecenas lacinia nunc mollis litora fermentum bibendum laoreet iaculis. Malesuada auctor pellentesque rhoncus, amet praesent viverra maecenas ligula nunc nullam quam consequat diam vehicula morbi. Sit pharetra donec, etiam velit semper convallis ornare sollicitudin donec duis imperdiet netus. Sit at cursus et porttitor potenti, interdum lobortis dapibus dui inceptos curabitur blandit. Ipsum interdum volutpat eleifend est tempus habitasse libero vel aptent magna potenti ullamcorper senectus.</p><p>Dolor non metus a molestie purus massa porttitor lectus efficitur nostra morbi netus cras. Adipiscing egestas lacinia suspendisse pellentesque nostra elementum. Nunc mollis pretium class turpis diam netus, ipsum sed tortor cursus ullamcorper, lacus id vitae nunc pulvinar nisi ex felis arcu libero turpis congue tristique. Praesent lobortis integer ligula phasellus ante hendrerit hac sagittis taciti fermentum magna diam aliquet iaculis. Amet consectetur volutpat vestibulum mauris nec mollis purus arcu donec blandit duis nisl, malesuada condimentum donec. Malesuada viverra sodales aliquet netus. Sit lobortis eleifend nec porta, dictum malesuada velit nullam vulputate urna hac eu vel aptent conubia duis. Ipsum mi egestas sed sapien nec fringilla ultricies diam.</p>','','','',0,0,'','',''),(7,2,'2022-03-15 09:33:52',1,1,'nulla finibus commodo maximus himenaeos bibendum aliquet aenean','<p>Sit adipiscing in venenatis purus class ullamcorper. Dolor sapien id nec tempor quis cursus posuere eget turpis dignissim habitant. Praesent interdum pretium, erat inceptos rhoncus. Nulla lacus placerat maecenas leo ut mollis quis primis cubilia ornare donec netus. Interdum nulla sapien ac ut libero efficitur conubia elementum suscipit morbi, lacus sapien leo quis ex hendrerit potenti accumsan imperdiet iaculis. At justo tincidunt quisque est cubilia tempus gravida ad. Mi suspendisse curae commodo vel nostra curabitur diam ullamcorper nisl.</p><p>Praesent faucibus lectus, elit dictum in maecenas lacinia nunc mollis litora fermentum bibendum laoreet iaculis. Malesuada auctor pellentesque rhoncus, amet praesent viverra maecenas ligula nunc nullam quam consequat diam vehicula morbi. Sit pharetra donec, etiam velit semper convallis ornare sollicitudin donec duis imperdiet netus. Sit at cursus et porttitor potenti, interdum lobortis dapibus dui inceptos curabitur blandit. Ipsum interdum volutpat eleifend est tempus habitasse libero vel aptent magna potenti ullamcorper senectus.</p><p>Dolor non metus a molestie purus massa porttitor lectus efficitur nostra morbi netus cras. Adipiscing egestas lacinia suspendisse pellentesque nostra elementum. Nunc mollis pretium class turpis diam netus, ipsum sed tortor cursus ullamcorper, lacus id vitae nunc pulvinar nisi ex felis arcu libero turpis congue tristique. Praesent lobortis integer ligula phasellus ante hendrerit hac sagittis taciti fermentum magna diam aliquet iaculis. Amet consectetur volutpat vestibulum mauris nec mollis purus arcu donec blandit duis nisl, malesuada condimentum donec. Malesuada viverra sodales aliquet netus. Sit lobortis eleifend nec porta, dictum malesuada velit nullam vulputate urna hac eu vel aptent conubia duis. Ipsum mi egestas sed sapien nec fringilla ultricies diam.</p>','','','',0,0,'','',''),(8,1,'2022-03-15 10:32:45',1,1,'placerat malesuada etiam tincidunt felis varius curabitur morbi','&lt;p&gt;Our greatest weakness lies in giving up. The most certain way to succeed is always to try just one more time. emotional sensation of stress from our first&lt;/p&gt;','','','',0,0,'','',''),(8,2,'2022-03-15 10:32:45',1,1,'placerat malesuada etiam tincidunt felis varius curabitur morbi','&lt;p&gt;Our greatest weakness lies in giving up. The most certain way to succeed is always to try just one more time. emotional sensation of stress from our first&lt;/p&gt;','','','',0,0,'','',''),(9,1,'2022-03-15 11:22:35',1,1,'vestibulum venenatis ornare tempus vel aliquet','<p>Adipiscing lobortis integer convallis ornare nullam porttitor quam habitasse odio potenti. Sapien maecenas mauris laoreet vehicula. Placerat luctus nec pulvinar ad porta laoreet, lacus sed maecenas mattis scelerisque phasellus molestie fusce pharetra sollicitudin euismod vivamus class accumsan netus.</p><p>Sit consectetur etiam aliquam eget porttitor condimentum lectus pellentesque litora porta odio vehicula, praesent mauris ac est tellus commodo maximus imperdiet ullamcorper, praesent erat etiam felis ante potenti netus. Dolor mattis fusce vivamus libero nostra congue. Nulla faucibus cubilia hac. Aliquam sodales suscipit cras. Nulla finibus vestibulum tempor ultrices cubilia commodo vehicula. Dolor sit praesent sed erat feugiat eu per ullamcorper. Adipiscing lacinia ligula suspendisse nisi fusce et tempus libero aptent litora inceptos.</p><p>Interdum integer eleifend tellus fusce ante primis orci ornare vulputate arcu nostra curabitur aenean. In sapien velit gravida pellentesque nisl. Egestas malesuada luctus feugiat cursus gravida vivamus blandit sodales neque. Sed metus mauris auctor mollis orci euismod consequat vel porta bibendum suscipit nam nisl aenean, in ac ante, adipiscing aliquam taciti turpis.</p>','','','',0,0,'','',''),(9,2,'2022-03-15 11:22:35',1,1,'vestibulum venenatis ornare tempus vel aliquet','<p>Adipiscing lobortis integer convallis ornare nullam porttitor quam habitasse odio potenti. Sapien maecenas mauris laoreet vehicula. Placerat luctus nec pulvinar ad porta laoreet, lacus sed maecenas mattis scelerisque phasellus molestie fusce pharetra sollicitudin euismod vivamus class accumsan netus.</p><p>Sit consectetur etiam aliquam eget porttitor condimentum lectus pellentesque litora porta odio vehicula, praesent mauris ac est tellus commodo maximus imperdiet ullamcorper, praesent erat etiam felis ante potenti netus. Dolor mattis fusce vivamus libero nostra congue. Nulla faucibus cubilia hac. Aliquam sodales suscipit cras. Nulla finibus vestibulum tempor ultrices cubilia commodo vehicula. Dolor sit praesent sed erat feugiat eu per ullamcorper. Adipiscing lacinia ligula suspendisse nisi fusce et tempus libero aptent litora inceptos.</p><p>Interdum integer eleifend tellus fusce ante primis orci ornare vulputate arcu nostra curabitur aenean. In sapien velit gravida pellentesque nisl. Egestas malesuada luctus feugiat cursus gravida vivamus blandit sodales neque. Sed metus mauris auctor mollis orci euismod consequat vel porta bibendum suscipit nam nisl aenean, in ac ante, adipiscing aliquam taciti turpis.</p>','','','',0,0,'','',''),(10,1,'2022-03-24 14:59:04',1,1,'pulvinar molestie nullam rhoncus cras','<p>Lacus luctus pulvinar tempor faucibus et posuere sagittis suscipit. Cursus eget platea himenaeos. Vestibulum scelerisque purus fusce fringilla augue neque risus habitant.</p><p>Adipiscing finibus lacinia nisi posuere proin vulputate sagittis eu turpis dignissim, sit consectetur vitae eleifend ut nullam inceptos porta diam vehicula sem. Ipsum placerat metus lobortis ac nunc auctor ultrices massa fringilla hac odio. Praesent nulla sed semper scelerisque nisi cubilia curae proin sagittis curabitur rhoncus nam. Vestibulum nunc ut tortor aliquam fringilla faucibus arcu condimentum dui conubia magna curabitur cras. Sapien finibus mattis facilisis tortor purus primis nullam euismod quam condimentum aptent per. Placerat mattis ligula est primis hendrerit dui vel pellentesque risus aliquet senectus netus aenean. Ipsum non in sapien justo eleifend faucibus hendrerit ornare dictumst aptent duis tristique netus nisl. Dolor elit nulla ac eleifend fusce cubilia proin ad donec, interdum auctor fusce fringilla ornare maximus iaculis.</p><p>In luctus ante hendrerit euismod platea maximus litora odio sodales fames aenean. Id lectus ad nostra enim neque elementum tristique, faucibus proin sagittis aptent. Maecenas metus tincidunt scelerisque quis phasellus gravida enim potenti congue habitant, ipsum nulla primis proin pharetra euismod eget porttitor consequat class cras.</p>','','','',0,0,'','',''),(10,2,'2022-03-24 14:59:04',1,1,'pulvinar molestie nullam rhoncus cras','<p>Lacus luctus pulvinar tempor faucibus et posuere sagittis suscipit. Cursus eget platea himenaeos. Vestibulum scelerisque purus fusce fringilla augue neque risus habitant.</p><p>Adipiscing finibus lacinia nisi posuere proin vulputate sagittis eu turpis dignissim, sit consectetur vitae eleifend ut nullam inceptos porta diam vehicula sem. Ipsum placerat metus lobortis ac nunc auctor ultrices massa fringilla hac odio. Praesent nulla sed semper scelerisque nisi cubilia curae proin sagittis curabitur rhoncus nam. Vestibulum nunc ut tortor aliquam fringilla faucibus arcu condimentum dui conubia magna curabitur cras. Sapien finibus mattis facilisis tortor purus primis nullam euismod quam condimentum aptent per. Placerat mattis ligula est primis hendrerit dui vel pellentesque risus aliquet senectus netus aenean. Ipsum non in sapien justo eleifend faucibus hendrerit ornare dictumst aptent duis tristique netus nisl. Dolor elit nulla ac eleifend fusce cubilia proin ad donec, interdum auctor fusce fringilla ornare maximus iaculis.</p><p>In luctus ante hendrerit euismod platea maximus litora odio sodales fames aenean. Id lectus ad nostra enim neque elementum tristique, faucibus proin sagittis aptent. Maecenas metus tincidunt scelerisque quis phasellus gravida enim potenti congue habitant, ipsum nulla primis proin pharetra euismod eget porttitor consequat class cras.</p>','','','',0,0,'','',''),(11,1,'0000-00-00 00:00:00',1,1,'ligula curae pellentesque','<p>Malesuada erat vitae suspendisse tortor dapibus urna tempus platea aliquet, sit in at luctus ligula nec mollis quis cursus faucibus cubilia porttitor netus. Ipsum finibus tincidunt phasellus fringilla primis ornare porttitor condimentum vivamus accumsan. Placerat velit nunc condimentum consequat tempus accumsan congue, sit elit in at leo ligula himenaeos potenti cras. Volutpat tincidunt scelerisque ornare platea commodo nostra fermentum potenti iaculis, ante vulputate dictumst ad iaculis. Nulla id vitae tempor nisi ornare inceptos elementum vehicula, mi egestas tincidunt a venenatis fringilla cubilia proin odio. Adipiscing dictum faucibus vel accumsan, dolor vestibulum luctus tellus sociosqu donec rhoncus netus.</p><p>Dolor placerat id a facilisis lacinia quisque scelerisque quis massa orci porttitor condimentum gravida torquent. Egestas erat justo mauris facilisis pharetra hac efficitur aptent netus. Tortor venenatis hendrerit porttitor quam sociosqu per magna neque iaculis, metus lacinia nunc mollis phasellus cursus primis eget pretium eu elementum imperdiet. Tempor cursus ad, interdum vestibulum facilisis semper tortor bibendum suscipit imperdiet, placerat at vitae scelerisque fusce urna porttitor tempus platea. Sit lobortis lacinia convallis dapibus quam.</p><p>Ipsum interdum finibus laoreet, at feugiat eleifend pulvinar quis gravida iaculis. Pharetra sociosqu blandit. Egestas mattis suspendisse venenatis orci ornare efficitur odio vehicula ullamcorper habitant, metus consequat sodales congue. Nec scelerisque euismod consequat bibendum suscipit dignissim, praesent etiam metus nunc sollicitudin condimentum, vestibulum nunc cubilia eu sociosqu imperdiet.</p>','','','',0,0,'','',''),(11,2,'0000-00-00 00:00:00',1,1,'ligula curae pellentesque','<p>Malesuada erat vitae suspendisse tortor dapibus urna tempus platea aliquet, sit in at luctus ligula nec mollis quis cursus faucibus cubilia porttitor netus. Ipsum finibus tincidunt phasellus fringilla primis ornare porttitor condimentum vivamus accumsan. Placerat velit nunc condimentum consequat tempus accumsan congue, sit elit in at leo ligula himenaeos potenti cras. Volutpat tincidunt scelerisque ornare platea commodo nostra fermentum potenti iaculis, ante vulputate dictumst ad iaculis. Nulla id vitae tempor nisi ornare inceptos elementum vehicula, mi egestas tincidunt a venenatis fringilla cubilia proin odio. Adipiscing dictum faucibus vel accumsan, dolor vestibulum luctus tellus sociosqu donec rhoncus netus.</p><p>Dolor placerat id a facilisis lacinia quisque scelerisque quis massa orci porttitor condimentum gravida torquent. Egestas erat justo mauris facilisis pharetra hac efficitur aptent netus. Tortor venenatis hendrerit porttitor quam sociosqu per magna neque iaculis, metus lacinia nunc mollis phasellus cursus primis eget pretium eu elementum imperdiet. Tempor cursus ad, interdum vestibulum facilisis semper tortor bibendum suscipit imperdiet, placerat at vitae scelerisque fusce urna porttitor tempus platea. Sit lobortis lacinia convallis dapibus quam.</p><p>Ipsum interdum finibus laoreet, at feugiat eleifend pulvinar quis gravida iaculis. Pharetra sociosqu blandit. Egestas mattis suspendisse venenatis orci ornare efficitur odio vehicula ullamcorper habitant, metus consequat sodales congue. Nec scelerisque euismod consequat bibendum suscipit dignissim, praesent etiam metus nunc sollicitudin condimentum, vestibulum nunc cubilia eu sociosqu imperdiet.</p>','','','',0,0,'','',''),(12,1,'2022-03-15 10:37:28',0,1,'test','','','','test',0,0,'','',''),(12,2,'2022-03-15 10:37:28',0,1,'test','','','','test',0,0,'','',''),(13,1,'2022-03-17 11:42:45',1,1,'volutpat a integer auctor phasellus torquent','<p>Mi malesuada erat ut quam per inceptos potenti diam, lacus erat id facilisis quisque auctor molestie consequat libero taciti nostra blandit duis elementum. Interdum lacinia vulputate iaculis, praesent nec eget vivamus litora torquent enim diam. Sed malesuada erat finibus mattis nunc et cubilia proin sollicitudin ullamcorper netus. Consectetur interdum dictum. Nulla etiam justo nibh molestie platea himenaeos potenti risus. Sit dictum at auctor tortor cubilia nullam torquent turpis accumsan congue suscipit vehicula morbi, metus quisque felis nullam dictumst gravida dui taciti turpis potenti. Suspendisse fringilla dictumst, lorem lacus malesuada aliquam fringilla condimentum platea dui sodales laoreet aliquet, facilisis nec varius gravida eu maximus taciti porta habitant.</p><p>Praesent mi volutpat eleifend nunc mollis scelerisque cursus ex posuere habitasse ad inceptos nam. Dolor non finibus tempor molestie orci posuere dui neque senectus cras, elit integer semper lectus pellentesque per suscipit diam. Elit sapien justo leo lacinia eget dui ad enim sodales duis laoreet. Lorem mauris suspendisse faucibus varius quam litora nam netus, praesent volutpat facilisis scelerisque molestie magna sodales bibendum nam. Interdum mattis vestibulum lacinia ligula nisi libero maximus pellentesque accumsan.</p><p>Ipsum praesent nulla vitae nec tempor aliquam fringilla platea lectus sodales. Vestibulum est enim rhoncus blandit neque. Maecenas leo suspendisse pulvinar scelerisque ex augue dapibus eget urna dictumst dui fermentum blandit sodales. In erat etiam velit vestibulum lacinia quisque varius arcu commodo congue senectus, consectetur sapien erat ornare sodales dignissim senectus fames. Lacus maecenas proin augue pretium torquent senectus, viverra tempor aliquam fusce ultricies euismod pretium enim blandit potenti laoreet imperdiet nisl.</p>','','','',0,0,'','',''),(13,2,'2022-03-17 11:42:45',1,1,'volutpat a integer auctor phasellus torquent','<p>Mi malesuada erat ut quam per inceptos potenti diam, lacus erat id facilisis quisque auctor molestie consequat libero taciti nostra blandit duis elementum. Interdum lacinia vulputate iaculis, praesent nec eget vivamus litora torquent enim diam. Sed malesuada erat finibus mattis nunc et cubilia proin sollicitudin ullamcorper netus. Consectetur interdum dictum. Nulla etiam justo nibh molestie platea himenaeos potenti risus. Sit dictum at auctor tortor cubilia nullam torquent turpis accumsan congue suscipit vehicula morbi, metus quisque felis nullam dictumst gravida dui taciti turpis potenti. Suspendisse fringilla dictumst, lorem lacus malesuada aliquam fringilla condimentum platea dui sodales laoreet aliquet, facilisis nec varius gravida eu maximus taciti porta habitant.</p><p>Praesent mi volutpat eleifend nunc mollis scelerisque cursus ex posuere habitasse ad inceptos nam. Dolor non finibus tempor molestie orci posuere dui neque senectus cras, elit integer semper lectus pellentesque per suscipit diam. Elit sapien justo leo lacinia eget dui ad enim sodales duis laoreet. Lorem mauris suspendisse faucibus varius quam litora nam netus, praesent volutpat facilisis scelerisque molestie magna sodales bibendum nam. Interdum mattis vestibulum lacinia ligula nisi libero maximus pellentesque accumsan.</p><p>Ipsum praesent nulla vitae nec tempor aliquam fringilla platea lectus sodales. Vestibulum est enim rhoncus blandit neque. Maecenas leo suspendisse pulvinar scelerisque ex augue dapibus eget urna dictumst dui fermentum blandit sodales. In erat etiam velit vestibulum lacinia quisque varius arcu commodo congue senectus, consectetur sapien erat ornare sodales dignissim senectus fames. Lacus maecenas proin augue pretium torquent senectus, viverra tempor aliquam fusce ultricies euismod pretium enim blandit potenti laoreet imperdiet nisl.</p>','','','',0,0,'','',''),(14,1,'0000-00-00 00:00:00',1,1,'elit velit finibus molestie bibendum dignissim habitant','<p>Vestibulum cubilia pretium risus, elit praesent dictum finibus maecenas justo vitae vestibulum leo posuere condimentum lectus maximus turpis laoreet. Interdum id viverra mauris faucibus primis ultricies quam vehicula morbi. Pharetra arcu dui nisl. Posuere cubilia rhoncus dignissim, sapien etiam vitae quisque fringilla euismod lectus vivamus elementum aliquet morbi cras.</p><p>Elit in placerat mauris posuere ornare vulputate tempus commodo vehicula risus nisl aenean. In sed eleifend convallis nostra, adipiscing elit erat mauris tincidunt nec ornare pretium quam consequat dui. Etiam vitae felis augue eget quam sagittis commodo vel taciti fermentum donec nisl. Lacus sapien placerat velit luctus scelerisque venenatis ornare euismod pellentesque conubia elementum aliquet aenean, interdum tincidunt ac molestie pretium pellentesque. Lorem praesent lacus luctus leo phasellus. Interdum sed maecenas volutpat mauris nec quisque phasellus purus taciti porta blandit suscipit. Id habitasse iaculis, erat leo feugiat nunc pulvinar molestie fringilla augue condimentum lectus vehicula nisl, lorem justo vitae molestie curae litora odio. Ipsum adipiscing dictum mi nulla placerat mattis ex varius ante primis et hac commodo.</p><p>Interdum at velit mauris feugiat nibh urna maximus accumsan suscipit vehicula. Mauris ex orci tempus maximus senectus iaculis, ipsum sapien leo est phasellus proin euismod quam sagittis gravida eu sem. Viverra mauris scelerisque convallis habitasse pellentesque torquent inceptos eros dignissim. Amet consectetur mi viverra vestibulum tincidunt convallis curae vulputate gravida enim habitant tristique nisl, sit egestas pulvinar ut ornare dapibus urna quam hac platea eu sociosqu cras. Ipsum placerat nec tortor phasellus et pellentesque taciti sociosqu donec porta congue fames.</p>','','','',0,0,'','',''),(14,2,'0000-00-00 00:00:00',1,1,'elit velit finibus molestie bibendum dignissim habitant','<p>Vestibulum cubilia pretium risus, elit praesent dictum finibus maecenas justo vitae vestibulum leo posuere condimentum lectus maximus turpis laoreet. Interdum id viverra mauris faucibus primis ultricies quam vehicula morbi. Pharetra arcu dui nisl. Posuere cubilia rhoncus dignissim, sapien etiam vitae quisque fringilla euismod lectus vivamus elementum aliquet morbi cras.</p><p>Elit in placerat mauris posuere ornare vulputate tempus commodo vehicula risus nisl aenean. In sed eleifend convallis nostra, adipiscing elit erat mauris tincidunt nec ornare pretium quam consequat dui. Etiam vitae felis augue eget quam sagittis commodo vel taciti fermentum donec nisl. Lacus sapien placerat velit luctus scelerisque venenatis ornare euismod pellentesque conubia elementum aliquet aenean, interdum tincidunt ac molestie pretium pellentesque. Lorem praesent lacus luctus leo phasellus. Interdum sed maecenas volutpat mauris nec quisque phasellus purus taciti porta blandit suscipit. Id habitasse iaculis, erat leo feugiat nunc pulvinar molestie fringilla augue condimentum lectus vehicula nisl, lorem justo vitae molestie curae litora odio. Ipsum adipiscing dictum mi nulla placerat mattis ex varius ante primis et hac commodo.</p><p>Interdum at velit mauris feugiat nibh urna maximus accumsan suscipit vehicula. Mauris ex orci tempus maximus senectus iaculis, ipsum sapien leo est phasellus proin euismod quam sagittis gravida eu sem. Viverra mauris scelerisque convallis habitasse pellentesque torquent inceptos eros dignissim. Amet consectetur mi viverra vestibulum tincidunt convallis curae vulputate gravida enim habitant tristique nisl, sit egestas pulvinar ut ornare dapibus urna quam hac platea eu sociosqu cras. Ipsum placerat nec tortor phasellus et pellentesque taciti sociosqu donec porta congue fames.</p>','','','',0,0,'','',''),(15,1,'2022-03-24 16:26:52',1,1,'ex eget conubia tristique','&lt;p&gt;In sapien ligula fusce fringilla augue pharetra pretium sodales laoreet suscipit sem risus aenean. Interdum mi sapien mollis ad litora donec ullamcorper habitant. Erat nec ut est ex urna arcu habitasse lectus fermentum porta vehicula fames, amet viverra vestibulum eget habitasse. Viverra metus tincidunt integer tortor posuere ad imperdiet habitant. Ipsum dolor non gravida, lorem adipiscing mi ligula ut semper mollis massa sollicitudin commodo donec elementum aenean, consectetur praesent in malesuada tincidunt convallis ex varius tempus fermentum accumsan diam ullamcorper nisl. Vel porta suscipit, amet ultrices magna suscipit.&lt;/p&gt;\r\n&lt;p&gt;Auctor venenatis primis morbi. Interdum velit finibus ultricies vel efficitur sem fames. Adipiscing non lacus at viverra integer facilisis scelerisque felis ante urna porttitor torquent conubia. Dolor amet feugiat augue. Egestas velit nibh molestie faucibus quam dictumst commodo dui vivamus conubia inceptos porta. Elit maecenas rhoncus. Malesuada lacinia dui litora fermentum turpis rhoncus duis.&lt;/p&gt;\r\n&lt;p&gt;Finibus ligula venenatis pretium sagittis lectus bibendum sem. Elit luctus semper est ultrices varius primis dapibus eu lectus aptent turpis curabitur potenti nisl. In mauris scelerisque varius inceptos. Semper phasellus faucibus cubilia augue torquent sodales ullamcorper morbi fames.&lt;/p&gt;','','','ex-eget-conubia-tristique',0,0,'','',''),(15,2,'2022-03-24 16:26:52',1,1,'ex eget conubia tristique','&lt;p&gt;In sapien ligula fusce fringilla augue pharetra pretium sodales laoreet suscipit sem risus aenean. Interdum mi sapien mollis ad litora donec ullamcorper habitant. Erat nec ut est ex urna arcu habitasse lectus fermentum porta vehicula fames, amet viverra vestibulum eget habitasse. Viverra metus tincidunt integer tortor posuere ad imperdiet habitant. Ipsum dolor non gravida, lorem adipiscing mi ligula ut semper mollis massa sollicitudin commodo donec elementum aenean, consectetur praesent in malesuada tincidunt convallis ex varius tempus fermentum accumsan diam ullamcorper nisl. Vel porta suscipit, amet ultrices magna suscipit.&lt;/p&gt;\r\n&lt;p&gt;Auctor venenatis primis morbi. Interdum velit finibus ultricies vel efficitur sem fames. Adipiscing non lacus at viverra integer facilisis scelerisque felis ante urna porttitor torquent conubia. Dolor amet feugiat augue. Egestas velit nibh molestie faucibus quam dictumst commodo dui vivamus conubia inceptos porta. Elit maecenas rhoncus. Malesuada lacinia dui litora fermentum turpis rhoncus duis.&lt;/p&gt;\r\n&lt;p&gt;Finibus ligula venenatis pretium sagittis lectus bibendum sem. Elit luctus semper est ultrices varius primis dapibus eu lectus aptent turpis curabitur potenti nisl. In mauris scelerisque varius inceptos. Semper phasellus faucibus cubilia augue torquent sodales ullamcorper morbi fames.&lt;/p&gt;','','','ex-eget-conubia-tristique',0,0,'','',''),(16,1,'2022-03-17 11:45:11',0,1,'id a venenatis quam aptent taciti conubia sodales','&lt;p&gt;Ipsum id cursus vivamus inceptos rhoncus cras. Consectetur finibus platea. Placerat vitae suspendisse ex felis varius curae sagittis risus senectus netus. Etiam quisque tellus pharetra urna blandit nam morbi cras.&lt;/p&gt;\r\n&lt;p&gt;Sit nulla id lobortis eleifend tortor ultrices nisi ex massa consequat sagittis turpis elementum risus. Sapien vitae quisque semper felis fringilla varius cubilia proin vulputate torquent fermentum dignissim, interdum at mattis auctor cubilia turpis habitant, malesuada luctus integer facilisis pulvinar nisi phasellus cursus hendrerit quam maximus per donec potenti vehicula, vitae tincidunt integer felis fringilla ultricies elementum eros. Egestas sapien maecenas leo a rhoncus vehicula, lacinia urna bibendum diam tristique. Egestas quam tempus morbi, praesent sollicitudin himenaeos tristique. Egestas justo ac quisque nisi cursus fringilla torquent laoreet risus cras. Elit interdum velit tempor molestie fusce platea aptent magna enim ullamcorper dignissim.&lt;/p&gt;\r\n&lt;p&gt;Ipsum hendrerit tempus morbi. Malesuada viverra tincidunt est venenatis ultrices felis lectus vivamus libero donec porta blandit neque laoreet. Dolor sed justo integer orci pharetra vulputate arcu dictumst vel himenaeos imperdiet fames.&lt;/p&gt;','','','id-a-venenatis-quam-aptent-taciti-conubia-sodales',0,0,'','',''),(16,2,'2022-03-17 11:45:11',0,1,'id a venenatis quam aptent taciti conubia sodales','&lt;p&gt;Ipsum id cursus vivamus inceptos rhoncus cras. Consectetur finibus platea. Placerat vitae suspendisse ex felis varius curae sagittis risus senectus netus. Etiam quisque tellus pharetra urna blandit nam morbi cras.&lt;/p&gt;\r\n&lt;p&gt;Sit nulla id lobortis eleifend tortor ultrices nisi ex massa consequat sagittis turpis elementum risus. Sapien vitae quisque semper felis fringilla varius cubilia proin vulputate torquent fermentum dignissim, interdum at mattis auctor cubilia turpis habitant, malesuada luctus integer facilisis pulvinar nisi phasellus cursus hendrerit quam maximus per donec potenti vehicula, vitae tincidunt integer felis fringilla ultricies elementum eros. Egestas sapien maecenas leo a rhoncus vehicula, lacinia urna bibendum diam tristique. Egestas quam tempus morbi, praesent sollicitudin himenaeos tristique. Egestas justo ac quisque nisi cursus fringilla torquent laoreet risus cras. Elit interdum velit tempor molestie fusce platea aptent magna enim ullamcorper dignissim.&lt;/p&gt;\r\n&lt;p&gt;Ipsum hendrerit tempus morbi. Malesuada viverra tincidunt est venenatis ultrices felis lectus vivamus libero donec porta blandit neque laoreet. Dolor sed justo integer orci pharetra vulputate arcu dictumst vel himenaeos imperdiet fames.&lt;/p&gt;','','','id-a-venenatis-quam-aptent-taciti-conubia-sodales',0,0,'','',''),(17,1,'2022-03-16 15:18:21',1,1,'consectetur tincidunt ultrices molestie libero','<p>Viverra leo quisque semper tempor venenatis ultrices varius euismod vulputate efficitur torquent conubia diam senectus. Dolor elit mi tincidunt felis ultricies dictumst commodo turpis blandit congue risus, maecenas tempor cursus vivamus odio. Nulla malesuada ut semper aptent, egestas in lacus placerat id quis molestie cubilia pharetra tempus lectus litora imperdiet ullamcorper tristique. Sit at erat id metus quisque mollis fringilla primis sollicitudin nostra inceptos odio netus, praesent mi volutpat mauris facilisis aliquam posuere gravida vel pellentesque aptent per.</p><p>Sit elit etiam volutpat nibh nec varius proin urna vel donec aenean. Amet leo diam, elit ligula nunc tortor ultricies euismod eget efficitur fermentum donec nam sem tristique nisl. Lorem ac nunc varius ante primis et ultricies sollicitudin blandit, dictum mauris ligula ut ornare sagittis eu class fermentum turpis blandit. Lorem sapien nisi fusce curae euismod eget accumsan bibendum, etiam id lobortis integer quis aliquam massa curae porttitor consequat eu aptent donec. Finibus vestibulum lobortis nunc litora per conubia sodales nam tristique. Dictum nibh fringilla varius curae dapibus euismod urna porttitor iaculis.</p><p>Et augue rhoncus ullamcorper, dictum viverra lobortis orci dapibus sagittis inceptos curabitur. Maecenas leo semper tempor ultrices cursus primis hendrerit euismod condimentum sagittis eu taciti potenti laoreet. In semper ornare turpis senectus, lorem amet placerat vitae suspendisse tempor ex fringilla quam eu vel aptent vehicula fames.</p>','','','',0,0,'','',''),(17,2,'2022-03-16 15:18:21',1,1,'consectetur tincidunt ultrices molestie libero','<p>Viverra leo quisque semper tempor venenatis ultrices varius euismod vulputate efficitur torquent conubia diam senectus. Dolor elit mi tincidunt felis ultricies dictumst commodo turpis blandit congue risus, maecenas tempor cursus vivamus odio. Nulla malesuada ut semper aptent, egestas in lacus placerat id quis molestie cubilia pharetra tempus lectus litora imperdiet ullamcorper tristique. Sit at erat id metus quisque mollis fringilla primis sollicitudin nostra inceptos odio netus, praesent mi volutpat mauris facilisis aliquam posuere gravida vel pellentesque aptent per.</p><p>Sit elit etiam volutpat nibh nec varius proin urna vel donec aenean. Amet leo diam, elit ligula nunc tortor ultricies euismod eget efficitur fermentum donec nam sem tristique nisl. Lorem ac nunc varius ante primis et ultricies sollicitudin blandit, dictum mauris ligula ut ornare sagittis eu class fermentum turpis blandit. Lorem sapien nisi fusce curae euismod eget accumsan bibendum, etiam id lobortis integer quis aliquam massa curae porttitor consequat eu aptent donec. Finibus vestibulum lobortis nunc litora per conubia sodales nam tristique. Dictum nibh fringilla varius curae dapibus euismod urna porttitor iaculis.</p><p>Et augue rhoncus ullamcorper, dictum viverra lobortis orci dapibus sagittis inceptos curabitur. Maecenas leo semper tempor ultrices cursus primis hendrerit euismod condimentum sagittis eu taciti potenti laoreet. In semper ornare turpis senectus, lorem amet placerat vitae suspendisse tempor ex fringilla quam eu vel aptent vehicula fames.</p>','','','',0,0,'','',''),(18,1,'2022-03-24 15:04:20',1,1,'in condimentum duis risus','<p>Lorem dictum sed sapien finibus maecenas facilisis ornare turpis ullamcorper. Adipiscing in malesuada finibus justo luctus nibh nec fringilla posuere urna curabitur, consectetur mi sapien maecenas ornare consequat sagittis vivamus maximus odio sodales accumsan eros. Dolor egestas purus varius euismod commodo duis bibendum imperdiet aliquet.</p><p>Lorem elit dictum sed mattis et urna aptent magna curabitur suscipit. Tellus ex ante cubilia, sapien id mauris integer semper laoreet fames. Ipsum amet egestas eleifend fusce sollicitudin eu sociosqu conubia blandit potenti vehicula risus aliquet tristique. Erat ac ante cubilia pharetra habitasse maximus per potenti duis. Praesent nulla malesuada ut fusce dapibus curabitur elementum ullamcorper.</p><p>Amet dictum leo a posuere potenti suscipit iaculis, egestas mattis lobortis tortor massa dapibus habitasse magna enim odio diam nam sem fames cras, lorem mi malesuada leo quis ex dapibus quam habitasse pellentesque aptent donec sodales congue morbi. Consectetur praesent luctus mollis et vivamus congue, mauris quisque pharetra quam condimentum hac taciti donec blandit. Dictum sapien felis magna.</p>','','','',0,0,'','',''),(18,2,'2022-03-24 15:04:20',1,1,'in condimentum duis risus','<p>Lorem dictum sed sapien finibus maecenas facilisis ornare turpis ullamcorper. Adipiscing in malesuada finibus justo luctus nibh nec fringilla posuere urna curabitur, consectetur mi sapien maecenas ornare consequat sagittis vivamus maximus odio sodales accumsan eros. Dolor egestas purus varius euismod commodo duis bibendum imperdiet aliquet.</p><p>Lorem elit dictum sed mattis et urna aptent magna curabitur suscipit. Tellus ex ante cubilia, sapien id mauris integer semper laoreet fames. Ipsum amet egestas eleifend fusce sollicitudin eu sociosqu conubia blandit potenti vehicula risus aliquet tristique. Erat ac ante cubilia pharetra habitasse maximus per potenti duis. Praesent nulla malesuada ut fusce dapibus curabitur elementum ullamcorper.</p><p>Amet dictum leo a posuere potenti suscipit iaculis, egestas mattis lobortis tortor massa dapibus habitasse magna enim odio diam nam sem fames cras, lorem mi malesuada leo quis ex dapibus quam habitasse pellentesque aptent donec sodales congue morbi. Consectetur praesent luctus mollis et vivamus congue, mauris quisque pharetra quam condimentum hac taciti donec blandit. Dictum sapien felis magna.</p>','','','',0,0,'','',''),(19,1,'2022-03-24 16:26:36',1,1,'justo mauris phasellus eros aliquet iaculis','<p>Aliquam fusce porttitor platea diam, lorem viverra tempor quis ex et lectus pellentesque efficitur donec sodales bibendum habitant tristique cras. Justo eleifend euismod sociosqu. Id vitae mauris ligula ut felis aptent taciti inceptos blandit potenti sodales accumsan sem aenean.</p><p>Lorem amet dictum mattis nunc aliquam cubilia gravida efficitur himenaeos bibendum, elit at id cursus commodo ad vehicula. Egestas phasellus consequat vel risus. Sed aptent dignissim, egestas justo vestibulum aliquam orci et augue sollicitudin vulputate habitasse curabitur rhoncus accumsan eros. Mi id molestie cubilia pretium arcu porttitor hac magna porta elementum. Viverra vitae metus pulvinar semper maximus odio imperdiet. Placerat varius dictumst congue aliquet nisl. Ipsum adipiscing integer suspendisse augue urna commodo fermentum blandit suscipit sem fames iaculis aenean.</p><p>Dolor adipiscing praesent ex ante cubilia euismod eu taciti odio potenti neque duis cras, mi lacinia condimentum. Elit vulputate habitant. Consectetur placerat id vitae ligula sollicitudin consequat pellentesque litora congue habitant. Placerat malesuada a curae donec blandit neque vehicula, consectetur viverra facilisis cursus fusce nullam habitasse sagittis dui fames, nulla feugiat scelerisque tellus ex hac fermentum suscipit ullamcorper risus. Dolor placerat erat ligula est orci dui inceptos tristique netus. Non justo hendrerit. Feugiat ultrices fusce varius urna, consectetur at metus facilisis est ex proin pharetra vulputate arcu tempus bibendum eros habitant tristique.</p>','','','',0,0,'','',''),(19,2,'2022-03-24 16:26:36',1,1,'justo mauris phasellus eros aliquet iaculis','<p>Aliquam fusce porttitor platea diam, lorem viverra tempor quis ex et lectus pellentesque efficitur donec sodales bibendum habitant tristique cras. Justo eleifend euismod sociosqu. Id vitae mauris ligula ut felis aptent taciti inceptos blandit potenti sodales accumsan sem aenean.</p><p>Lorem amet dictum mattis nunc aliquam cubilia gravida efficitur himenaeos bibendum, elit at id cursus commodo ad vehicula. Egestas phasellus consequat vel risus. Sed aptent dignissim, egestas justo vestibulum aliquam orci et augue sollicitudin vulputate habitasse curabitur rhoncus accumsan eros. Mi id molestie cubilia pretium arcu porttitor hac magna porta elementum. Viverra vitae metus pulvinar semper maximus odio imperdiet. Placerat varius dictumst congue aliquet nisl. Ipsum adipiscing integer suspendisse augue urna commodo fermentum blandit suscipit sem fames iaculis aenean.</p><p>Dolor adipiscing praesent ex ante cubilia euismod eu taciti odio potenti neque duis cras, mi lacinia condimentum. Elit vulputate habitant. Consectetur placerat id vitae ligula sollicitudin consequat pellentesque litora congue habitant. Placerat malesuada a curae donec blandit neque vehicula, consectetur viverra facilisis cursus fusce nullam habitasse sagittis dui fames, nulla feugiat scelerisque tellus ex hac fermentum suscipit ullamcorper risus. Dolor placerat erat ligula est orci dui inceptos tristique netus. Non justo hendrerit. Feugiat ultrices fusce varius urna, consectetur at metus facilisis est ex proin pharetra vulputate arcu tempus bibendum eros habitant tristique.</p>','','','',0,0,'','',''),(20,1,'2022-03-24 15:02:40',1,1,'adipiscing venenatis felis dapibus odio','<p>Dictum sapien maecenas metus mauris molestie faucibus porttitor libero fermentum donec blandit fames iaculis. Lorem maecenas facilisis lacinia semper scelerisque felis proin ornare arcu condimentum libero aliquet morbi, elit erat viverra metus pulvinar et augue arcu litora nostra laoreet imperdiet habitant iaculis. Adipiscing justo integer mollis phasellus nullam tempus inceptos aenean, a purus massa posuere curae. Egestas sapien mattis vestibulum a convallis hac fermentum, amet adipiscing nulla nibh ac et hac lectus cras. Viverra pulvinar cursus augue dui lectus maximus fermentum potenti, velit lacinia ut nisi felis arcu inceptos turpis diam ullamcorper risus iaculis. Ipsum adipiscing mattis justo a molestie. Sapien volutpat scelerisque eget arcu consequat inceptos fames, urna conubia curabitur fames. Dictum non at viverra justo pulvinar purus pretium consequat tempus libero nam tristique.</p><p>Phasellus massa taciti porta nisl, ipsum volutpat ligula. Venenatis ante conubia laoreet vehicula fames, amet consectetur luctus leo ac quisque primis curae dapibus platea gravida enim curabitur duis suscipit. Egestas in metus tortor aliquam hac torquent himenaeos donec rhoncus. Ipsum elit malesuada nibh ad blandit cras. Feugiat quisque convallis felis urna commodo curabitur. Sapien nunc semper convallis felis hendrerit urna sagittis sociosqu enim odio blandit. Dictum egestas erat lobortis ligula quisque consequat sociosqu nostra porta bibendum elementum, mi justo tempor aliquam dapibus euismod pretium urna dictumst maximus potenti morbi. Maecenas mattis vestibulum molestie ante orci augue vulputate hac aptent taciti sociosqu.</p><p>Nunc cursus sem, sit praesent interdum at volutpat leo a fringilla ante orci posuere dapibus platea suscipit iaculis. Lacus at etiam lacinia est purus augue dictumst lectus morbi, mattis lobortis ex curae pretium vel aptent turpis porta. Nulla lobortis tincidunt a proin augue platea eu commodo suscipit nam risus. Metus tincidunt cubilia sollicitudin conubia fermentum. Vestibulum feugiat aliquam eros aliquet. Placerat faucibus commodo bibendum.</p>','','','',0,0,'','',''),(20,2,'2022-03-24 15:02:40',1,1,'adipiscing venenatis felis dapibus odio','<p>Dictum sapien maecenas metus mauris molestie faucibus porttitor libero fermentum donec blandit fames iaculis. Lorem maecenas facilisis lacinia semper scelerisque felis proin ornare arcu condimentum libero aliquet morbi, elit erat viverra metus pulvinar et augue arcu litora nostra laoreet imperdiet habitant iaculis. Adipiscing justo integer mollis phasellus nullam tempus inceptos aenean, a purus massa posuere curae. Egestas sapien mattis vestibulum a convallis hac fermentum, amet adipiscing nulla nibh ac et hac lectus cras. Viverra pulvinar cursus augue dui lectus maximus fermentum potenti, velit lacinia ut nisi felis arcu inceptos turpis diam ullamcorper risus iaculis. Ipsum adipiscing mattis justo a molestie. Sapien volutpat scelerisque eget arcu consequat inceptos fames, urna conubia curabitur fames. Dictum non at viverra justo pulvinar purus pretium consequat tempus libero nam tristique.</p><p>Phasellus massa taciti porta nisl, ipsum volutpat ligula. Venenatis ante conubia laoreet vehicula fames, amet consectetur luctus leo ac quisque primis curae dapibus platea gravida enim curabitur duis suscipit. Egestas in metus tortor aliquam hac torquent himenaeos donec rhoncus. Ipsum elit malesuada nibh ad blandit cras. Feugiat quisque convallis felis urna commodo curabitur. Sapien nunc semper convallis felis hendrerit urna sagittis sociosqu enim odio blandit. Dictum egestas erat lobortis ligula quisque consequat sociosqu nostra porta bibendum elementum, mi justo tempor aliquam dapibus euismod pretium urna dictumst maximus potenti morbi. Maecenas mattis vestibulum molestie ante orci augue vulputate hac aptent taciti sociosqu.</p><p>Nunc cursus sem, sit praesent interdum at volutpat leo a fringilla ante orci posuere dapibus platea suscipit iaculis. Lacus at etiam lacinia est purus augue dictumst lectus morbi, mattis lobortis ex curae pretium vel aptent turpis porta. Nulla lobortis tincidunt a proin augue platea eu commodo suscipit nam risus. Metus tincidunt cubilia sollicitudin conubia fermentum. Vestibulum feugiat aliquam eros aliquet. Placerat faucibus commodo bibendum.</p>','','','',0,0,'','',''),(21,1,'2022-03-28 09:38:56',1,1,'ipsum augue lectus nostra','<p>Etiam maecenas phasellus purus faucibus dapibus congue aliquet. Consectetur adipiscing a ut tempor faucibus primis nostra donec odio accumsan suscipit diam netus, egestas lobortis massa ultricies arcu habitasse dictumst sodales suscipit diam morbi senectus cras. Elit mi sed finibus venenatis molestie varius ornare eget duis. Elit pulvinar ut risus morbi. Ac eleifend tempor dapibus gravida maximus bibendum fames. Erat ac ut nisi cursus efficitur per conubia himenaeos enim potenti risus tristique cras. At erat tempor ante et proin donec blandit nisl. Lorem sit nulla fusce habitasse platea, nisi condimentum neque laoreet suscipit imperdiet sem.</p><p>Erat integer ex felis dapibus vivamus inceptos curabitur nam sem netus, lorem adipiscing at ac nunc arcu eu neque elementum aliquet tristique. Dolor sit id tincidunt lacinia semper venenatis elementum vehicula. Interdum non mauris semper mollis platea senectus, mi aliquam sagittis gravida enim laoreet suscipit diam aliquet tristique netus. Nulla malesuada maximus sociosqu ad, nulla lobortis purus felis fringilla pharetra arcu gravida aptent ad per curabitur tristique. Non vestibulum nec pulvinar fusce ante proin taciti. Aliquam eget pretium torquent magna bibendum eros.</p><p>Lorem at finibus justo mollis varius proin ultricies donec neque iaculis, dictum est ornare torquent blandit sodales. Consectetur adipiscing id metus pulvinar dui pellentesque per conubia porta odio morbi nisl. Interdum non at viverra feugiat ligula suspendisse ut tortor venenatis ultrices gravida lectus nisl. Sed etiam finibus vestibulum eleifend posuere tempus class sodales risus fames nisl. Lorem sit conubia nostra. Non sed ac hendrerit nullam consequat ad. Volutpat odio potenti aenean. Sed tincidunt hendrerit nullam elementum.</p>','','','',0,0,'','',''),(21,2,'2022-03-28 09:38:56',1,1,'ipsum augue lectus nostra','<p>Etiam maecenas phasellus purus faucibus dapibus congue aliquet. Consectetur adipiscing a ut tempor faucibus primis nostra donec odio accumsan suscipit diam netus, egestas lobortis massa ultricies arcu habitasse dictumst sodales suscipit diam morbi senectus cras. Elit mi sed finibus venenatis molestie varius ornare eget duis. Elit pulvinar ut risus morbi. Ac eleifend tempor dapibus gravida maximus bibendum fames. Erat ac ut nisi cursus efficitur per conubia himenaeos enim potenti risus tristique cras. At erat tempor ante et proin donec blandit nisl. Lorem sit nulla fusce habitasse platea, nisi condimentum neque laoreet suscipit imperdiet sem.</p><p>Erat integer ex felis dapibus vivamus inceptos curabitur nam sem netus, lorem adipiscing at ac nunc arcu eu neque elementum aliquet tristique. Dolor sit id tincidunt lacinia semper venenatis elementum vehicula. Interdum non mauris semper mollis platea senectus, mi aliquam sagittis gravida enim laoreet suscipit diam aliquet tristique netus. Nulla malesuada maximus sociosqu ad, nulla lobortis purus felis fringilla pharetra arcu gravida aptent ad per curabitur tristique. Non vestibulum nec pulvinar fusce ante proin taciti. Aliquam eget pretium torquent magna bibendum eros.</p><p>Lorem at finibus justo mollis varius proin ultricies donec neque iaculis, dictum est ornare torquent blandit sodales. Consectetur adipiscing id metus pulvinar dui pellentesque per conubia porta odio morbi nisl. Interdum non at viverra feugiat ligula suspendisse ut tortor venenatis ultrices gravida lectus nisl. Sed etiam finibus vestibulum eleifend posuere tempus class sodales risus fames nisl. Lorem sit conubia nostra. Non sed ac hendrerit nullam consequat ad. Volutpat odio potenti aenean. Sed tincidunt hendrerit nullam elementum.</p>','','','',0,0,'','',''),(22,1,'0000-00-00 00:00:00',1,1,'id leo scelerisque orci augue class elementum','<p>Interdum nibh facilisis tellus hac habitasse pellentesque efficitur duis nam habitant senectus. Etiam lacinia est eget, vestibulum suspendisse pulvinar tellus felis augue dui elementum iaculis. Egestas vestibulum lacinia nunc massa primis ultricies nullam sollicitudin aptent nisl. Praesent lacinia semper tempor fusce curae nullam porttitor consequat enim rhoncus diam sem. Feugiat venenatis nostra vehicula ullamcorper nisl, egestas lacus sapien velit eleifend ultricies hendrerit ornare vulputate gravida efficitur sociosqu laoreet dignissim cras.</p><p>Lorem dictum nulla massa posuere habitasse nostra porta aliquet. Tincidunt porta neque, ipsum praesent dictum nulla viverra lacinia nec quisque habitasse class inceptos porta congue eros. Interdum nulla purus torquent duis, nunc proin sagittis aptent.</p><p>Non leo aliquam, maecenas arcu gravida. Luctus convallis faucibus varius primis sollicitudin euismod condimentum lectus curabitur sem tristique. Dolor adipiscing feugiat ut ante urna condimentum sagittis ad congue vehicula imperdiet morbi netus. Consectetur suspendisse posuere vulputate. Id vestibulum metus tincidunt ut cursus ante pellentesque. Leo nibh tempor dapibus quam turpis potenti eros, sed finibus tincidunt nisi aliquam curae ultricies eget pretium platea vivamus blandit potenti laoreet dignissim.</p>','','','',0,0,'','',''),(22,2,'0000-00-00 00:00:00',1,1,'id leo scelerisque orci augue class elementum','<p>Interdum nibh facilisis tellus hac habitasse pellentesque efficitur duis nam habitant senectus. Etiam lacinia est eget, vestibulum suspendisse pulvinar tellus felis augue dui elementum iaculis. Egestas vestibulum lacinia nunc massa primis ultricies nullam sollicitudin aptent nisl. Praesent lacinia semper tempor fusce curae nullam porttitor consequat enim rhoncus diam sem. Feugiat venenatis nostra vehicula ullamcorper nisl, egestas lacus sapien velit eleifend ultricies hendrerit ornare vulputate gravida efficitur sociosqu laoreet dignissim cras.</p><p>Lorem dictum nulla massa posuere habitasse nostra porta aliquet. Tincidunt porta neque, ipsum praesent dictum nulla viverra lacinia nec quisque habitasse class inceptos porta congue eros. Interdum nulla purus torquent duis, nunc proin sagittis aptent.</p><p>Non leo aliquam, maecenas arcu gravida. Luctus convallis faucibus varius primis sollicitudin euismod condimentum lectus curabitur sem tristique. Dolor adipiscing feugiat ut ante urna condimentum sagittis ad congue vehicula imperdiet morbi netus. Consectetur suspendisse posuere vulputate. Id vestibulum metus tincidunt ut cursus ante pellentesque. Leo nibh tempor dapibus quam turpis potenti eros, sed finibus tincidunt nisi aliquam curae ultricies eget pretium platea vivamus blandit potenti laoreet dignissim.</p>','','','',0,0,'','',''),(23,1,'0000-00-00 00:00:00',1,1,'feugiat pulvinar auctor faucibus primis posuere elementum morbi','<p>Vestibulum tortor dui per bibendum. Adipiscing mi orci consequat tempus. Nec tortor molestie torquent habitant morbi, dolor eleifend hac pellentesque dignissim. Non placerat suspendisse mollis est scelerisque phasellus et cubilia dapibus condimentum odio duis vehicula. Purus torquent odio sem aliquet. Dolor amet non tincidunt felis posuere cubilia nam dignissim fames. Dolor mi egestas erat suspendisse mollis ante proin condimentum gravida potenti nam sem netus. Placerat volutpat pharetra dapibus.</p><p>Praesent dictum nec. Consectetur integer ligula quisque semper auctor est venenatis sagittis commodo porta. Nibh integer tempor massa fusce pretium urna porttitor quam consequat turpis magna porta fames. Adipiscing nunc fusce et maximus.</p><p>Non id nibh quisque faucibus hendrerit sagittis conubia fermentum diam eros cras. Cubilia vulputate maximus potenti congue neque aliquet. Viverra maecenas volutpat leo auctor quis massa ante habitasse vivamus torquent vehicula, amet consectetur non velit mauris tellus imperdiet iaculis. Non vitae integer, id maecenas a ac quis molestie primis hendrerit vulputate arcu lectus maximus imperdiet dignissim. Proin aptent senectus. Eleifend sagittis duis. Velit justo pretium platea potenti morbi iaculis aenean.</p>','','','',0,0,'','',''),(23,2,'0000-00-00 00:00:00',1,1,'feugiat pulvinar auctor faucibus primis posuere elementum morbi','<p>Vestibulum tortor dui per bibendum. Adipiscing mi orci consequat tempus. Nec tortor molestie torquent habitant morbi, dolor eleifend hac pellentesque dignissim. Non placerat suspendisse mollis est scelerisque phasellus et cubilia dapibus condimentum odio duis vehicula. Purus torquent odio sem aliquet. Dolor amet non tincidunt felis posuere cubilia nam dignissim fames. Dolor mi egestas erat suspendisse mollis ante proin condimentum gravida potenti nam sem netus. Placerat volutpat pharetra dapibus.</p><p>Praesent dictum nec. Consectetur integer ligula quisque semper auctor est venenatis sagittis commodo porta. Nibh integer tempor massa fusce pretium urna porttitor quam consequat turpis magna porta fames. Adipiscing nunc fusce et maximus.</p><p>Non id nibh quisque faucibus hendrerit sagittis conubia fermentum diam eros cras. Cubilia vulputate maximus potenti congue neque aliquet. Viverra maecenas volutpat leo auctor quis massa ante habitasse vivamus torquent vehicula, amet consectetur non velit mauris tellus imperdiet iaculis. Non vitae integer, id maecenas a ac quis molestie primis hendrerit vulputate arcu lectus maximus imperdiet dignissim. Proin aptent senectus. Eleifend sagittis duis. Velit justo pretium platea potenti morbi iaculis aenean.</p>','','','',0,0,'','',''),(24,1,'0000-00-00 00:00:00',1,1,'tempus himenaeos fames','<p>Dolor adipiscing in vestibulum nisi aliquam et curae nullam torquent turpis potenti sodales risus aenean, amet nulla nibh a venenatis ante sollicitudin quam condimentum dui netus. Erat nunc mollis venenatis primis aptent curabitur habitant. Molestie fusce augue quam sagittis conubia donec eros habitant. Sapien vestibulum dictumst per. Lorem praesent erat aliquam fringilla cubilia eros.</p><p>Quis ex felis ultricies torquent iaculis, eleifend cursus varius cubilia curae ad enim diam eros dignissim. Sit praesent at metus lacinia ac tellus phasellus fusce faucibus curae efficitur per elementum. Lacus justo eleifend nec semper convallis, consectetur interdum egestas et posuere hendrerit pretium dui blandit duis elementum diam. Placerat finibus nec dapibus urna dictumst efficitur ad bibendum netus. Est curae pharetra consequat hac imperdiet. Interdum non sed semper mollis massa dictumst pellentesque neque bibendum, volutpat vestibulum eleifend ultrices euismod condimentum eu commodo litora neque netus. Non auctor phasellus nostra, dolor amet adipiscing egestas lobortis facilisis fusce pharetra euismod habitasse conubia donec neque sem.</p><p>Amet interdum egestas vitae vestibulum ligula venenatis pretium class risus fames. Dolor sapien velit convallis varius cubilia sollicitudin eget vulputate porttitor consequat duis senectus, dolor placerat maecenas arcu condimentum lectus class per netus nisl. Lacus pulvinar ut cursus ex massa nullam sollicitudin arcu sagittis per fermentum diam cras. Curae commodo sodales. Egestas leo eleifend est scelerisque aliquam porttitor class nostra rhoncus potenti risus.</p>','','','',0,0,'','',''),(24,2,'0000-00-00 00:00:00',1,1,'tempus himenaeos fames','<p>Dolor adipiscing in vestibulum nisi aliquam et curae nullam torquent turpis potenti sodales risus aenean, amet nulla nibh a venenatis ante sollicitudin quam condimentum dui netus. Erat nunc mollis venenatis primis aptent curabitur habitant. Molestie fusce augue quam sagittis conubia donec eros habitant. Sapien vestibulum dictumst per. Lorem praesent erat aliquam fringilla cubilia eros.</p><p>Quis ex felis ultricies torquent iaculis, eleifend cursus varius cubilia curae ad enim diam eros dignissim. Sit praesent at metus lacinia ac tellus phasellus fusce faucibus curae efficitur per elementum. Lacus justo eleifend nec semper convallis, consectetur interdum egestas et posuere hendrerit pretium dui blandit duis elementum diam. Placerat finibus nec dapibus urna dictumst efficitur ad bibendum netus. Est curae pharetra consequat hac imperdiet. Interdum non sed semper mollis massa dictumst pellentesque neque bibendum, volutpat vestibulum eleifend ultrices euismod condimentum eu commodo litora neque netus. Non auctor phasellus nostra, dolor amet adipiscing egestas lobortis facilisis fusce pharetra euismod habitasse conubia donec neque sem.</p><p>Amet interdum egestas vitae vestibulum ligula venenatis pretium class risus fames. Dolor sapien velit convallis varius cubilia sollicitudin eget vulputate porttitor consequat duis senectus, dolor placerat maecenas arcu condimentum lectus class per netus nisl. Lacus pulvinar ut cursus ex massa nullam sollicitudin arcu sagittis per fermentum diam cras. Curae commodo sodales. Egestas leo eleifend est scelerisque aliquam porttitor class nostra rhoncus potenti risus.</p>','','','',0,0,'','',''),(25,1,'2023-06-06 13:27:35',1,1,'lorem nulla luctus eleifend massa posuere','<p>Malesuada finibus purus, lacinia class sociosqu enim nisl. Sed condimentum consequat commodo. Ipsum sit placerat vestibulum facilisis ligula tellus fringilla commodo magna elementum. Interdum malesuada tortor est ultrices fringilla proin hac libero aptent taciti litora bibendum nam nisl, a venenatis proin sem.</p><p>Lacus velit suspendisse tempor molestie ex varius ornare eu fames. Nulla at mattis feugiat aliquam pharetra nullam commodo taciti himenaeos turpis donec vehicula sem. Etiam viverra volutpat purus orci sollicitudin hac potenti. Etiam feugiat ac morbi, ipsum elit faucibus euismod tempus accumsan elementum iaculis.</p><p>Tincidunt tortor tempor molestie fusce euismod hac donec aenean. Dictum lacus lacinia quis fusce felis curae pharetra consequat commodo potenti congue. Metus nisi felis orci gravida eu libero taciti himenaeos fames. Nulla nibh semper proin pellentesque diam. Phasellus molestie ante pretium class sodales duis eros.</p>','','','',0,0,'','',''),(25,2,'2022-04-08 10:54:41',1,1,'lorem nulla luctus eleifend massa posuere','<p>Malesuada finibus purus, lacinia class sociosqu enim nisl. Sed condimentum consequat commodo. Ipsum sit placerat vestibulum facilisis ligula tellus fringilla commodo magna elementum. Interdum malesuada tortor est ultrices fringilla proin hac libero aptent taciti litora bibendum nam nisl, a venenatis proin sem.</p><p>Lacus velit suspendisse tempor molestie ex varius ornare eu fames. Nulla at mattis feugiat aliquam pharetra nullam commodo taciti himenaeos turpis donec vehicula sem. Etiam viverra volutpat purus orci sollicitudin hac potenti. Etiam feugiat ac morbi, ipsum elit faucibus euismod tempus accumsan elementum iaculis.</p><p>Tincidunt tortor tempor molestie fusce euismod hac donec aenean. Dictum lacus lacinia quis fusce felis curae pharetra consequat commodo potenti congue. Metus nisi felis orci gravida eu libero taciti himenaeos fames. Nulla nibh semper proin pellentesque diam. Phasellus molestie ante pretium class sodales duis eros.</p>','','','',0,0,'','',''),(26,1,'2022-04-07 11:56:22',1,1,'amet volutpat nisi fusce','&lt;p&gt;Egestas placerat malesuada finibus fusce felis arcu dui duis sem nisl, tincidunt ex primis orci sollicitudin eget consequat dictumst sociosqu cras. Dolor sed ac phasellus fringilla blandit sem. Nulla quis convallis ante primis vulputate arcu rhoncus. Ipsum elit lacus at finibus nibh ac fringilla orci condimentum dictumst suscipit sem cras, pretium sociosqu nisl aenean. Id viverra vestibulum lobortis lacinia pulvinar venenatis eget hac fermentum odio suscipit risus. Tempor felis sollicitudin euismod consequat habitasse platea class per rhoncus sodales cras.&lt;/p&gt;\r\n&lt;p&gt;Interdum placerat erat nec quisque eget pretium consequat platea blandit sodales neque cras. Praesent integer est molestie felis ante primis arcu porttitor fermentum enim odio. Adipiscing nulla metus venenatis orci vulputate quam tempus dictumst himenaeos, ipsum amet etiam finibus lobortis semper primis augue torquent habitant. Dapibus sagittis dui. Non maecenas metus nunc felis euismod hac platea dictumst libero vel class litora per sem.&lt;/p&gt;\r\n&lt;p&gt;Lorem maximus magna cras, adipiscing lacus tempor habitasse potenti congue nam. Vitae leo eleifend auctor aliquam convallis ex massa fusce consequat neque laoreet elementum diam aliquet, in finibus tincidunt facilisis quisque est ex eget vulputate sagittis pellentesque class inceptos. Lacus placerat etiam finibus auctor vivamus congue duis diam senectus iaculis. Amet a eleifend purus eget sagittis gravida blandit congue dignissim. At aliquam varius per laoreet dignissim. Lacus tincidunt venenatis et cubilia inceptos bibendum, in malesuada finibus leo ultrices tellus hendrerit dictumst lectus taciti ad duis bibendum risus.&lt;/p&gt;','','','',0,0,'','',''),(26,2,'2022-04-07 11:56:22',1,1,'amet volutpat nisi fusce','&lt;p&gt;Egestas placerat malesuada finibus fusce felis arcu dui duis sem nisl, tincidunt ex primis orci sollicitudin eget consequat dictumst sociosqu cras. Dolor sed ac phasellus fringilla blandit sem. Nulla quis convallis ante primis vulputate arcu rhoncus. Ipsum elit lacus at finibus nibh ac fringilla orci condimentum dictumst suscipit sem cras, pretium sociosqu nisl aenean. Id viverra vestibulum lobortis lacinia pulvinar venenatis eget hac fermentum odio suscipit risus. Tempor felis sollicitudin euismod consequat habitasse platea class per rhoncus sodales cras.&lt;/p&gt;\r\n&lt;p&gt;Interdum placerat erat nec quisque eget pretium consequat platea blandit sodales neque cras. Praesent integer est molestie felis ante primis arcu porttitor fermentum enim odio. Adipiscing nulla metus venenatis orci vulputate quam tempus dictumst himenaeos, ipsum amet etiam finibus lobortis semper primis augue torquent habitant. Dapibus sagittis dui. Non maecenas metus nunc felis euismod hac platea dictumst libero vel class litora per sem.&lt;/p&gt;\r\n&lt;p&gt;Lorem maximus magna cras, adipiscing lacus tempor habitasse potenti congue nam. Vitae leo eleifend auctor aliquam convallis ex massa fusce consequat neque laoreet elementum diam aliquet, in finibus tincidunt facilisis quisque est ex eget vulputate sagittis pellentesque class inceptos. Lacus placerat etiam finibus auctor vivamus congue duis diam senectus iaculis. Amet a eleifend purus eget sagittis gravida blandit congue dignissim. At aliquam varius per laoreet dignissim. Lacus tincidunt venenatis et cubilia inceptos bibendum, in malesuada finibus leo ultrices tellus hendrerit dictumst lectus taciti ad duis bibendum risus.&lt;/p&gt;','','','',0,0,'','',''),(27,1,'2022-04-20 15:06:28',1,1,'vestibulum blandit neque','&lt;p&gt;Elit non aliquam massa lectus maximus laoreet, in integer ante vivamus diam dignissim. Non tincidunt integer nec auctor quis lectus torquent dignissim. Vestibulum luctus a facilisis pulvinar convallis sollicitudin hac aptent blandit accumsan laoreet. Adipiscing dictum velit facilisis ligula nec nisi cubilia curae tempus dictumst sagittis commodo fames cras, praesent finibus eleifend aliquam ornare eget consequat sagittis pellentesque efficitur himenaeos odio aliquet aenean.&lt;/p&gt;\r\n&lt;p&gt;Mattis mauris a pulvinar venenatis vulputate himenaeos. Sapien vestibulum venenatis ante ultricies consequat vel conubia donec porta odio rhoncus potenti bibendum, sit sed vitae luctus lacinia ut ultricies pharetra potenti nam, ipsum in erat aliquam libero donec. Dolor dictum at volutpat luctus leo eleifend est venenatis purus et consequat porta eros cras. Sed velit tincidunt venenatis ornare class litora turpis curabitur dignissim senectus nisl cras, in mollis varius ultricies dapibus vivamus. In mattis facilisis ligula ac auctor quis phasellus pharetra sollicitudin quam gravida maximus magna. Venenatis pharetra aptent litora, non justo leo suspendisse ultrices orci pellentesque torquent himenaeos neque habitant. Vestibulum pulvinar convallis et tempus gravida maximus conubia nam fames. Vitae nisi diam.&lt;/p&gt;\r\n&lt;p&gt;Nisi dui lectus elementum. Posuere euismod efficitur class nostra duis nisl, egestas etiam a mollis fusce orci platea gravida enim eros. Volutpat feugiat molestie maximus sociosqu suscipit diam imperdiet ullamcorper tristique. Adipiscing elit in nullam euismod eget inceptos rhoncus blandit duis. Finibus volutpat suspendisse fusce curae ornare hac platea commodo per neque duis diam aliquet senectus. Amet mattis lacinia pulvinar tortor varius orci maximus pellentesque vehicula ullamcorper. Lacus tempor nisi augue nullam sem aliquet. Lobortis suspendisse tempor scelerisque molestie purus cursus felis primis porttitor hac commodo.&lt;/p&gt;','','','',0,0,'','',''),(27,2,'2022-04-20 15:06:28',1,1,'vestibulum blandit neque','&lt;p&gt;Elit non aliquam massa lectus maximus laoreet, in integer ante vivamus diam dignissim. Non tincidunt integer nec auctor quis lectus torquent dignissim. Vestibulum luctus a facilisis pulvinar convallis sollicitudin hac aptent blandit accumsan laoreet. Adipiscing dictum velit facilisis ligula nec nisi cubilia curae tempus dictumst sagittis commodo fames cras, praesent finibus eleifend aliquam ornare eget consequat sagittis pellentesque efficitur himenaeos odio aliquet aenean.&lt;/p&gt;\r\n&lt;p&gt;Mattis mauris a pulvinar venenatis vulputate himenaeos. Sapien vestibulum venenatis ante ultricies consequat vel conubia donec porta odio rhoncus potenti bibendum, sit sed vitae luctus lacinia ut ultricies pharetra potenti nam, ipsum in erat aliquam libero donec. Dolor dictum at volutpat luctus leo eleifend est venenatis purus et consequat porta eros cras. Sed velit tincidunt venenatis ornare class litora turpis curabitur dignissim senectus nisl cras, in mollis varius ultricies dapibus vivamus. In mattis facilisis ligula ac auctor quis phasellus pharetra sollicitudin quam gravida maximus magna. Venenatis pharetra aptent litora, non justo leo suspendisse ultrices orci pellentesque torquent himenaeos neque habitant. Vestibulum pulvinar convallis et tempus gravida maximus conubia nam fames. Vitae nisi diam.&lt;/p&gt;\r\n&lt;p&gt;Nisi dui lectus elementum. Posuere euismod efficitur class nostra duis nisl, egestas etiam a mollis fusce orci platea gravida enim eros. Volutpat feugiat molestie maximus sociosqu suscipit diam imperdiet ullamcorper tristique. Adipiscing elit in nullam euismod eget inceptos rhoncus blandit duis. Finibus volutpat suspendisse fusce curae ornare hac platea commodo per neque duis diam aliquet senectus. Amet mattis lacinia pulvinar tortor varius orci maximus pellentesque vehicula ullamcorper. Lacus tempor nisi augue nullam sem aliquet. Lobortis suspendisse tempor scelerisque molestie purus cursus felis primis porttitor hac commodo.&lt;/p&gt;','','','',0,0,'','',''),(28,1,'2022-06-23 15:04:26',1,1,'at finibus auctor scelerisque varius','<p>Ipsum vitae quisque est purus felis vulputate accumsan laoreet suscipit ullamcorper aliquet, semper tortor tempor molestie felis ornare augue dui ad diam ullamcorper netus. Dolor elit in a auctor venenatis aliquam ad himenaeos fermentum blandit diam nam fames, erat molestie sodales. Mattis vestibulum nec semper fusce. Nulla venenatis quis purus massa pharetra arcu morbi, placerat vestibulum ex posuere condimentum. Ipsum nulla at viverra mauris a suspendisse ante nullam inceptos nisl. Maecenas feugiat proin commodo vel aptent.</p><p>Est porttitor dictumst. Feugiat ultrices ornare pretium iaculis. Id maecenas lobortis tortor hendrerit dapibus euismod enim laoreet sem aenean, praesent ultrices augue tempus libero maximus magna accumsan suscipit. Ipsum integer condimentum taciti enim odio aliquet morbi. Maecenas proin libero.</p><p>Egestas sapien etiam maecenas vitae tincidunt tellus euismod vulputate tempus eu libero vel conubia diam. Malesuada erat luctus nec scelerisque nisi cursus gravida class odio aliquet habitant, ipsum maecenas metus nisi primis laoreet eros aenean. Sed mattis tincidunt proin hac taciti torquent. Nulla erat etiam volutpat vitae feugiat eleifend semper scelerisque convallis dictumst maximus ad inceptos nisl. Interdum sapien velit felis varius habitasse vel conubia dignissim risus habitant netus. Lorem habitasse aptent taciti porta. Ultrices ornare commodo himenaeos porta nam. In justo feugiat tincidunt pulvinar fusce faucibus orci euismod urna hac lectus blandit bibendum fames.</p>','','','',0,0,'','',''),(28,2,'2022-06-23 15:04:26',1,1,'at finibus auctor scelerisque varius','<p>Ipsum vitae quisque est purus felis vulputate accumsan laoreet suscipit ullamcorper aliquet, semper tortor tempor molestie felis ornare augue dui ad diam ullamcorper netus. Dolor elit in a auctor venenatis aliquam ad himenaeos fermentum blandit diam nam fames, erat molestie sodales. Mattis vestibulum nec semper fusce. Nulla venenatis quis purus massa pharetra arcu morbi, placerat vestibulum ex posuere condimentum. Ipsum nulla at viverra mauris a suspendisse ante nullam inceptos nisl. Maecenas feugiat proin commodo vel aptent.</p><p>Est porttitor dictumst. Feugiat ultrices ornare pretium iaculis. Id maecenas lobortis tortor hendrerit dapibus euismod enim laoreet sem aenean, praesent ultrices augue tempus libero maximus magna accumsan suscipit. Ipsum integer condimentum taciti enim odio aliquet morbi. Maecenas proin libero.</p><p>Egestas sapien etiam maecenas vitae tincidunt tellus euismod vulputate tempus eu libero vel conubia diam. Malesuada erat luctus nec scelerisque nisi cursus gravida class odio aliquet habitant, ipsum maecenas metus nisi primis laoreet eros aenean. Sed mattis tincidunt proin hac taciti torquent. Nulla erat etiam volutpat vitae feugiat eleifend semper scelerisque convallis dictumst maximus ad inceptos nisl. Interdum sapien velit felis varius habitasse vel conubia dignissim risus habitant netus. Lorem habitasse aptent taciti porta. Ultrices ornare commodo himenaeos porta nam. In justo feugiat tincidunt pulvinar fusce faucibus orci euismod urna hac lectus blandit bibendum fames.</p>','','','',0,0,'','',''),(29,1,'2022-06-23 15:06:07',1,1,'venenatis vulputate platea class aptent','<p>At mauris nunc scelerisque quis nisi convallis orci euismod lectus himenaeos donec porta rhoncus cras. Dolor at etiam tincidunt eleifend felis curae nullam tempus torquent nostra, justo quisque augue pharetra platea eu himenaeos porta curabitur. Amet consectetur adipiscing sed id finibus quisque posuere porttitor eu inceptos odio, sit praesent egestas feugiat semper quis sollicitudin sagittis conubia inceptos fermentum donec laoreet habitant nisl, id maecenas proin hendrerit dapibus tempus vivamus fermentum bibendum risus tristique. Sit at viverra justo vitae tincidunt nunc primis proin ultricies dictumst. Adipiscing erat finibus posuere euismod vulputate platea dictumst libero taciti litora turpis donec duis ullamcorper. Sed molestie proin euismod gravida laoreet, elit sapien ut tempor et posuere proin augue sagittis taciti inceptos donec duis, mauris eleifend tortor phasellus ex platea commodo per conubia nisl iaculis. Justo luctus pulvinar ornare himenaeos curabitur diam senectus, in lacinia himenaeos laoreet suscipit cras. Sit etiam vestibulum nibh nec ultrices tellus aliquam molestie pharetra gravida libero potenti neque, pulvinar consequat rhoncus neque cras.</p><p>Ipsum volutpat lobortis suspendisse sollicitudin porta sodales nam, non nulla metus tincidunt aliquam varius orci sagittis potenti bibendum diam sem risus fames aenean. Sit sed vulputate porttitor potenti duis. Interdum feugiat mollis nisi ante augue pretium maximus vehicula eros, elit sed est venenatis purus fringilla curae ultricies porttitor ad donec. Non viverra metus tincidunt est cursus varius pellentesque fermentum suscipit imperdiet, amet nulla venenatis cubilia vivamus nisl. Dolor egestas viverra volutpat vestibulum ultrices lectus taciti rhoncus accumsan vehicula tristique. Dictum sapien id volutpat feugiat ut tempor fusce felis hendrerit ornare inceptos.</p><p>Dolor lectus sociosqu, in mattis quis faucibus ante urna diam fames. Dictum non lacus placerat tincidunt integer lacinia ac ut primis maximus curabitur blandit habitant, sapien est eget risus. Metus ac nec scelerisque proin consequat dui porta bibendum eros sem morbi. At id maecenas vitae felis dictumst eu dui torquent elementum suscipit diam cras. Adipiscing vitae sagittis porta bibendum.</p>','','','',0,0,'','',''),(29,2,'2022-06-23 15:06:07',1,1,'venenatis vulputate platea class aptent','<p>At mauris nunc scelerisque quis nisi convallis orci euismod lectus himenaeos donec porta rhoncus cras. Dolor at etiam tincidunt eleifend felis curae nullam tempus torquent nostra, justo quisque augue pharetra platea eu himenaeos porta curabitur. Amet consectetur adipiscing sed id finibus quisque posuere porttitor eu inceptos odio, sit praesent egestas feugiat semper quis sollicitudin sagittis conubia inceptos fermentum donec laoreet habitant nisl, id maecenas proin hendrerit dapibus tempus vivamus fermentum bibendum risus tristique. Sit at viverra justo vitae tincidunt nunc primis proin ultricies dictumst. Adipiscing erat finibus posuere euismod vulputate platea dictumst libero taciti litora turpis donec duis ullamcorper. Sed molestie proin euismod gravida laoreet, elit sapien ut tempor et posuere proin augue sagittis taciti inceptos donec duis, mauris eleifend tortor phasellus ex platea commodo per conubia nisl iaculis. Justo luctus pulvinar ornare himenaeos curabitur diam senectus, in lacinia himenaeos laoreet suscipit cras. Sit etiam vestibulum nibh nec ultrices tellus aliquam molestie pharetra gravida libero potenti neque, pulvinar consequat rhoncus neque cras.</p><p>Ipsum volutpat lobortis suspendisse sollicitudin porta sodales nam, non nulla metus tincidunt aliquam varius orci sagittis potenti bibendum diam sem risus fames aenean. Sit sed vulputate porttitor potenti duis. Interdum feugiat mollis nisi ante augue pretium maximus vehicula eros, elit sed est venenatis purus fringilla curae ultricies porttitor ad donec. Non viverra metus tincidunt est cursus varius pellentesque fermentum suscipit imperdiet, amet nulla venenatis cubilia vivamus nisl. Dolor egestas viverra volutpat vestibulum ultrices lectus taciti rhoncus accumsan vehicula tristique. Dictum sapien id volutpat feugiat ut tempor fusce felis hendrerit ornare inceptos.</p><p>Dolor lectus sociosqu, in mattis quis faucibus ante urna diam fames. Dictum non lacus placerat tincidunt integer lacinia ac ut primis maximus curabitur blandit habitant, sapien est eget risus. Metus ac nec scelerisque proin consequat dui porta bibendum eros sem morbi. At id maecenas vitae felis dictumst eu dui torquent elementum suscipit diam cras. Adipiscing vitae sagittis porta bibendum.</p>','','','',0,0,'','',''),(30,1,'2022-06-23 15:06:31',1,1,'viverra pulvinar ut porttitor aptent taciti imperdiet','<p>Porttitor eros fames. Ipsum placerat scelerisque convallis proin nullam quam eu pellentesque taciti himenaeos sodales duis suscipit sem. Interdum faucibus primis bibendum nisl, mauris habitasse aptent per laoreet, a ultrices pharetra dictumst vivamus aptent. Ac phasellus nullam vehicula aenean. Dolor dictum mi ut imperdiet. Ultrices ornare torquent duis suscipit diam fames. Id maecenas mattis mauris a ut purus fringilla euismod class netus.</p><p>Non lacus finibus fringilla curae hendrerit dui ad netus. Dictum luctus lacinia scelerisque posuere proin curabitur odio suscipit iaculis. Malesuada viverra ut faucibus vulputate urna quam. Placerat metus a ac suspendisse cubilia pretium porttitor quam tempus hac commodo libero porta. Non vitae scelerisque condimentum vivamus rhoncus netus aenean. Sit etiam vestibulum mauris integer scelerisque cursus primis dictumst lectus taciti conubia odio eros nisl, egestas mattis facilisis molestie platea magna, elit a lacinia ultrices vulputate class himenaeos sodales accumsan bibendum vehicula nam aenean. Massa varius ornare habitasse. Mi ornare vivamus pellentesque imperdiet, consectetur quisque eget.</p><p>Lorem dolor dictum id luctus feugiat ligula ac est massa senectus. Adipiscing placerat eleifend pulvinar ut tortor faucibus ultricies neque, id velit nec varius pretium arcu consequat habitasse platea eu libero. In malesuada finibus ac semper scelerisque venenatis ultrices tellus eu commodo inceptos potenti neque habitant, consectetur vitae nibh facilisis venenatis primis orci euismod porttitor sodales suscipit diam. Mi etiam vitae augue litora torquent congue nam, lacus sed id mattis cursus vulputate quam sagittis lectus pellentesque congue. Interdum at volutpat luctus molestie curae euismod arcu quam vivamus pellentesque aptent curabitur rhoncus potenti. Convallis primis et himenaeos eros, lorem malesuada ac ultrices massa faucibus et dapibus conubia donec dignissim, nulla molestie dapibus vulputate per. Placerat erat mattis vestibulum scelerisque nisi cursus torquent nostra himenaeos duis nam ullamcorper netus. Non luctus scelerisque aliquam ornare dapibus vulputate fermentum aliquet.</p>','','','',0,0,'','',''),(30,2,'2022-06-23 15:06:31',1,1,'viverra pulvinar ut porttitor aptent taciti imperdiet','<p>Porttitor eros fames. Ipsum placerat scelerisque convallis proin nullam quam eu pellentesque taciti himenaeos sodales duis suscipit sem. Interdum faucibus primis bibendum nisl, mauris habitasse aptent per laoreet, a ultrices pharetra dictumst vivamus aptent. Ac phasellus nullam vehicula aenean. Dolor dictum mi ut imperdiet. Ultrices ornare torquent duis suscipit diam fames. Id maecenas mattis mauris a ut purus fringilla euismod class netus.</p><p>Non lacus finibus fringilla curae hendrerit dui ad netus. Dictum luctus lacinia scelerisque posuere proin curabitur odio suscipit iaculis. Malesuada viverra ut faucibus vulputate urna quam. Placerat metus a ac suspendisse cubilia pretium porttitor quam tempus hac commodo libero porta. Non vitae scelerisque condimentum vivamus rhoncus netus aenean. Sit etiam vestibulum mauris integer scelerisque cursus primis dictumst lectus taciti conubia odio eros nisl, egestas mattis facilisis molestie platea magna, elit a lacinia ultrices vulputate class himenaeos sodales accumsan bibendum vehicula nam aenean. Massa varius ornare habitasse. Mi ornare vivamus pellentesque imperdiet, consectetur quisque eget.</p><p>Lorem dolor dictum id luctus feugiat ligula ac est massa senectus. Adipiscing placerat eleifend pulvinar ut tortor faucibus ultricies neque, id velit nec varius pretium arcu consequat habitasse platea eu libero. In malesuada finibus ac semper scelerisque venenatis ultrices tellus eu commodo inceptos potenti neque habitant, consectetur vitae nibh facilisis venenatis primis orci euismod porttitor sodales suscipit diam. Mi etiam vitae augue litora torquent congue nam, lacus sed id mattis cursus vulputate quam sagittis lectus pellentesque congue. Interdum at volutpat luctus molestie curae euismod arcu quam vivamus pellentesque aptent curabitur rhoncus potenti. Convallis primis et himenaeos eros, lorem malesuada ac ultrices massa faucibus et dapibus conubia donec dignissim, nulla molestie dapibus vulputate per. Placerat erat mattis vestibulum scelerisque nisi cursus torquent nostra himenaeos duis nam ullamcorper netus. Non luctus scelerisque aliquam ornare dapibus vulputate fermentum aliquet.</p>','','','',0,0,'','',''),(31,1,'2022-07-07 13:45:44',1,1,'justo lobortis nunc tortor primis pharetra dui enim','<p>Praesent egestas maecenas nec semper ultrices ante et quam hac sagittis efficitur aptent turpis ullamcorper. Ipsum consectetur sed justo faucibus ante sollicitudin, luctus nunc est ante ornare augue sociosqu duis. Amet sapien at lacinia nec nullam pellentesque suscipit habitant. Lacus ligula eros. Non metus eget nostra, consectetur dictum sed at suspendisse tellus augue platea dictumst sagittis pellentesque blandit neque sem risus. Egestas suspendisse ultrices nisi maximus per turpis magna blandit suscipit morbi, dolor sed erat etiam vitae mauris nunc quisque auctor cursus cubilia vivamus taciti morbi. Placerat nec semper nisi phasellus tempus hac habitasse gravida vel laoreet netus, lacus et pharetra torquent conubia magna.</p><p>Sit amet adipiscing etiam tincidunt gravida lectus magna duis, dolor mauris eleifend semper scelerisque ultricies urna arcu efficitur ad suscipit. Lorem placerat finibus nibh ut nisi ultricies hac libero magna potenti dignissim, id phasellus purus fringilla ornare dui enim eros, ipsum sapien feugiat est aliquam fringilla urna habitasse dictumst vel litora vehicula, finibus lobortis ac semper euismod vulputate gravida efficitur conubia. Placerat id primis cubilia pharetra euismod urna sagittis conubia vehicula nam. Nulla mauris leo orci dapibus tempus commodo conubia, ultrices faucibus porta.</p><p>Consectetur tincidunt nunc lectus class ad potenti aenean. Dictum mauris luctus urna libero taciti congue, nibh tortor porta accumsan. Sed ut mollis dui risus, tincidunt pulvinar platea per. Sit mi tempor curae euismod quam lectus vivamus litora turpis sem nisl iaculis cras. Elit id metus luctus phasellus augue euismod efficitur imperdiet dignissim senectus, sapien mattis vestibulum fringilla ultricies pretium vulputate condimentum fermentum odio sodales diam imperdiet netus. At erat nibh mollis gravida sociosqu inceptos. Metus per conubia risus. Velit justo leo facilisis pulvinar est molestie orci enim eros nam sem habitant netus fames.</p>','','','',0,0,'','',''),(31,2,'2022-07-07 13:45:44',1,1,'justo lobortis nunc tortor primis pharetra dui enim','<p>Praesent egestas maecenas nec semper ultrices ante et quam hac sagittis efficitur aptent turpis ullamcorper. Ipsum consectetur sed justo faucibus ante sollicitudin, luctus nunc est ante ornare augue sociosqu duis. Amet sapien at lacinia nec nullam pellentesque suscipit habitant. Lacus ligula eros. Non metus eget nostra, consectetur dictum sed at suspendisse tellus augue platea dictumst sagittis pellentesque blandit neque sem risus. Egestas suspendisse ultrices nisi maximus per turpis magna blandit suscipit morbi, dolor sed erat etiam vitae mauris nunc quisque auctor cursus cubilia vivamus taciti morbi. Placerat nec semper nisi phasellus tempus hac habitasse gravida vel laoreet netus, lacus et pharetra torquent conubia magna.</p><p>Sit amet adipiscing etiam tincidunt gravida lectus magna duis, dolor mauris eleifend semper scelerisque ultricies urna arcu efficitur ad suscipit. Lorem placerat finibus nibh ut nisi ultricies hac libero magna potenti dignissim, id phasellus purus fringilla ornare dui enim eros, ipsum sapien feugiat est aliquam fringilla urna habitasse dictumst vel litora vehicula, finibus lobortis ac semper euismod vulputate gravida efficitur conubia. Placerat id primis cubilia pharetra euismod urna sagittis conubia vehicula nam. Nulla mauris leo orci dapibus tempus commodo conubia, ultrices faucibus porta.</p><p>Consectetur tincidunt nunc lectus class ad potenti aenean. Dictum mauris luctus urna libero taciti congue, nibh tortor porta accumsan. Sed ut mollis dui risus, tincidunt pulvinar platea per. Sit mi tempor curae euismod quam lectus vivamus litora turpis sem nisl iaculis cras. Elit id metus luctus phasellus augue euismod efficitur imperdiet dignissim senectus, sapien mattis vestibulum fringilla ultricies pretium vulputate condimentum fermentum odio sodales diam imperdiet netus. At erat nibh mollis gravida sociosqu inceptos. Metus per conubia risus. Velit justo leo facilisis pulvinar est molestie orci enim eros nam sem habitant netus fames.</p>','','','',0,0,'','',''),(32,1,'0000-00-00 00:00:00',1,1,'auctor aliquam felis et hac torquent','<p>Purus fusce dapibus efficitur conubia sodales elementum, elit in lacus id volutpat quisque phasellus molestie orci et libero himenaeos, auctor aliquam habitasse platea senectus fames, viverra eleifend faucibus primis aptent litora. Justo posuere vel. Mi at platea. Elit a ut nullam tempus enim accumsan netus aenean. Amet consectetur praesent etiam mattis metus nisi curae condimentum platea pellentesque donec netus. Erat nullam arcu, molestie convallis cubilia sollicitudin consequat vivamus himenaeos duis. Dolor praesent at nibh ligula faucibus varius vulputate sagittis pellentesque taciti ad sem netus iaculis. In condimentum fermentum.</p><p>Id eleifend nec est tellus cubilia proin augue urna tempus taciti conubia habitant, sed sapien at ut pharetra sollicitudin eget potenti sem. Mi egestas sed malesuada vitae lobortis suspendisse pulvinar est purus augue vivamus class fermentum neque. Sit adipiscing praesent mi mattis justo integer quisque cursus orci eget gravida conubia congue.</p><p>Elit aliquam faucibus ante. Ipsum adipiscing sed etiam finibus fringilla ante primis cubilia hendrerit pharetra condimentum platea aptent curabitur. Amet justo tincidunt quisque est cursus sollicitudin platea eu tristique, dictum tincidunt fringilla turpis aliquet, nulla leo tortor primis ultricies euismod pretium lectus rhoncus. Ipsum egestas eleifend pretium neque, egestas in vestibulum lobortis feugiat et urna quam ad torquent nostra turpis netus fames aenean. Mauris condimentum sociosqu torquent curabitur sodales eros imperdiet. Dolor egestas finibus viverra mattis feugiat facilisis phasellus ante nullam porttitor condimentum gravida porta rhoncus.</p>','','','',0,0,'','',''),(32,2,'0000-00-00 00:00:00',1,1,'auctor aliquam felis et hac torquent','<p>Purus fusce dapibus efficitur conubia sodales elementum, elit in lacus id volutpat quisque phasellus molestie orci et libero himenaeos, auctor aliquam habitasse platea senectus fames, viverra eleifend faucibus primis aptent litora. Justo posuere vel. Mi at platea. Elit a ut nullam tempus enim accumsan netus aenean. Amet consectetur praesent etiam mattis metus nisi curae condimentum platea pellentesque donec netus. Erat nullam arcu, molestie convallis cubilia sollicitudin consequat vivamus himenaeos duis. Dolor praesent at nibh ligula faucibus varius vulputate sagittis pellentesque taciti ad sem netus iaculis. In condimentum fermentum.</p><p>Id eleifend nec est tellus cubilia proin augue urna tempus taciti conubia habitant, sed sapien at ut pharetra sollicitudin eget potenti sem. Mi egestas sed malesuada vitae lobortis suspendisse pulvinar est purus augue vivamus class fermentum neque. Sit adipiscing praesent mi mattis justo integer quisque cursus orci eget gravida conubia congue.</p><p>Elit aliquam faucibus ante. Ipsum adipiscing sed etiam finibus fringilla ante primis cubilia hendrerit pharetra condimentum platea aptent curabitur. Amet justo tincidunt quisque est cursus sollicitudin platea eu tristique, dictum tincidunt fringilla turpis aliquet, nulla leo tortor primis ultricies euismod pretium lectus rhoncus. Ipsum egestas eleifend pretium neque, egestas in vestibulum lobortis feugiat et urna quam ad torquent nostra turpis netus fames aenean. Mauris condimentum sociosqu torquent curabitur sodales eros imperdiet. Dolor egestas finibus viverra mattis feugiat facilisis phasellus ante nullam porttitor condimentum gravida porta rhoncus.</p>','','','',0,0,'','',''),(33,1,'2022-07-07 13:40:40',1,1,'elit lacinia ac tempor ex cubilia libero senectus','&lt;p style=&quot;text-align: justify;&quot;&gt;The olive tree is one of the oldest formed trees. It doesnt grow in height as much but it lives for centuries without stopping to produce GREEN LOVE.&lt;/p&gt;','','','',0,0,'','',''),(33,2,'2022-07-07 13:40:40',1,1,'elit lacinia ac tempor ex cubilia libero senectus','&lt;p style=&quot;text-align: justify;&quot;&gt;The olive tree is one of the oldest formed trees. It doesnt grow in height as much but it lives for centuries without stopping to produce GREEN LOVE.&lt;/p&gt;','','','',0,0,'','',''),(34,1,'2022-06-23 15:23:59',1,1,'eleifend dictumst iaculis','<p>Dolor interdum in ac tellus cursus massa fringilla posuere lectus maximus sociosqu accumsan. Vitae condimentum laoreet habitant, libero imperdiet dignissim, dolor interdum at mauris eleifend quis posuere augue platea gravida taciti. Nec purus litora fermentum ullamcorper. In mauris ac ultricies porttitor lectus donec.</p><p>Consectetur in leo sociosqu sodales. Amet urna pellentesque. Non integer phasellus faucibus inceptos magna rhoncus, lacus lobortis posuere augue libero maximus duis ullamcorper senectus.</p><p>Elit praesent sed justo nisi euismod vulputate sagittis magna. Maecenas duis vehicula. Dolor amet velit ut scelerisque ultrices molestie convallis cursus ultricies arcu lectus conubia potenti iaculis, amet interdum nulla vitae scelerisque aliquam massa pretium condimentum maximus congue fames. Nullam condimentum sociosqu iaculis. Justo ligula auctor primis orci sollicitudin inceptos donec odio neque laoreet tristique. Lorem adipiscing in sapien placerat arcu consequat congue diam sem. Vestibulum nullam pretium hac maximus ad per inceptos enim neque nam sem iaculis.</p>','','','',0,0,'','',''),(34,2,'2022-06-23 15:23:59',1,1,'eleifend dictumst iaculis','<p>Dolor interdum in ac tellus cursus massa fringilla posuere lectus maximus sociosqu accumsan. Vitae condimentum laoreet habitant, libero imperdiet dignissim, dolor interdum at mauris eleifend quis posuere augue platea gravida taciti. Nec purus litora fermentum ullamcorper. In mauris ac ultricies porttitor lectus donec.</p><p>Consectetur in leo sociosqu sodales. Amet urna pellentesque. Non integer phasellus faucibus inceptos magna rhoncus, lacus lobortis posuere augue libero maximus duis ullamcorper senectus.</p><p>Elit praesent sed justo nisi euismod vulputate sagittis magna. Maecenas duis vehicula. Dolor amet velit ut scelerisque ultrices molestie convallis cursus ultricies arcu lectus conubia potenti iaculis, amet interdum nulla vitae scelerisque aliquam massa pretium condimentum maximus congue fames. Nullam condimentum sociosqu iaculis. Justo ligula auctor primis orci sollicitudin inceptos donec odio neque laoreet tristique. Lorem adipiscing in sapien placerat arcu consequat congue diam sem. Vestibulum nullam pretium hac maximus ad per inceptos enim neque nam sem iaculis.</p>','','','',0,0,'','',''),(35,1,'2022-07-14 13:12:26',1,1,'quisque scelerisque pharetra morbi','<p>Dolor vestibulum mauris eleifend hendrerit lectus diam tristique. Dictum leo tincidunt a nunc pulvinar tempor scelerisque orci ultricies ornare vel dignissim nisl. Velit metus leo tincidunt augue vulputate dictumst laoreet tristique.</p><p>Consectetur tincidunt faucibus porta blandit accumsan neque iaculis. Velit purus curae sagittis, velit volutpat ac pulvinar quis, egestas maecenas vestibulum mauris purus faucibus primis hendrerit pharetra fermentum odio vehicula senectus. Lorem adipiscing justo mauris urna sociosqu odio duis bibendum, mi nulla sed at tempor quis proin pharetra gravida sociosqu enim blandit eros habitant fames. Sapien metus integer tempor vulputate arcu porttitor. Interdum facilisis ut ante orci proin ornare quam dictumst dui vel taciti turpis neque morbi.</p><p>Finibus metus luctus integer ac quis augue nullam commodo class nostra. Ligula hac pellentesque rhoncus sodales. Ornare sollicitudin rhoncus, erat justo lobortis tortor cursus massa eget urna sagittis libero vel himenaeos porta diam tristique.</p>','','','',0,0,'','',''),(35,2,'2022-07-14 13:12:26',1,1,'quisque scelerisque pharetra morbi','<p>Dolor vestibulum mauris eleifend hendrerit lectus diam tristique. Dictum leo tincidunt a nunc pulvinar tempor scelerisque orci ultricies ornare vel dignissim nisl. Velit metus leo tincidunt augue vulputate dictumst laoreet tristique.</p><p>Consectetur tincidunt faucibus porta blandit accumsan neque iaculis. Velit purus curae sagittis, velit volutpat ac pulvinar quis, egestas maecenas vestibulum mauris purus faucibus primis hendrerit pharetra fermentum odio vehicula senectus. Lorem adipiscing justo mauris urna sociosqu odio duis bibendum, mi nulla sed at tempor quis proin pharetra gravida sociosqu enim blandit eros habitant fames. Sapien metus integer tempor vulputate arcu porttitor. Interdum facilisis ut ante orci proin ornare quam dictumst dui vel taciti turpis neque morbi.</p><p>Finibus metus luctus integer ac quis augue nullam commodo class nostra. Ligula hac pellentesque rhoncus sodales. Ornare sollicitudin rhoncus, erat justo lobortis tortor cursus massa eget urna sagittis libero vel himenaeos porta diam tristique.</p>','','','',0,0,'','',''),(36,1,'2022-06-23 15:29:56',1,1,'adipiscing sed etiam finibus suspendisse tristique','&lt;h5 style=&quot;text-align: justify;&quot;&gt;Mezzalana: The best mixture of Malvazija and Refo&scaron;k grapes, accurately picked and pressed&lt;/h5&gt;\r\n&lt;h5 style=&quot;text-align: justify;&quot;&gt;5 years of secondary fermentation in bottle, ZERO dosage makes this sparkling wine a perfect combination between freshness and traditional tastiness&lt;/h5&gt;','','','',0,0,'','',''),(36,2,'2022-06-23 15:29:56',1,1,'adipiscing sed etiam finibus suspendisse tristique','&lt;h5 style=&quot;text-align: justify;&quot;&gt;Mezzalana: The best mixture of Malvazija and Refo&scaron;k grapes, accurately picked and pressed&lt;/h5&gt;\r\n&lt;h5 style=&quot;text-align: justify;&quot;&gt;5 years of secondary fermentation in bottle, ZERO dosage makes this sparkling wine a perfect combination between freshness and traditional tastiness&lt;/h5&gt;','','','',0,0,'','',''),(37,1,'2022-07-04 16:36:56',1,1,'nec nisi platea dui pellentesque torquent magna','<p>Egestas nulla finibus vestibulum luctus ac nisi posuere euismod vulputate dictumst vel odio duis vehicula. At est tempor curae inceptos donec. Hendrerit sagittis torquent conubia nostra vehicula, sit at viverra volutpat leo ut ex massa pretium pellentesque odio duis bibendum elementum. Finibus scelerisque cubilia conubia fermentum turpis neque. Sit quam lectus odio eros aenean. Dolor maecenas taciti netus, finibus tellus augue nullam sagittis vel. Nulla malesuada urna himenaeos. Feugiat nec tortor tempor aliquam nullam vulputate eu lectus aptent curabitur bibendum diam fames, at id proin efficitur ullamcorper.</p><p>Sed etiam nibh tincidunt ac pulvinar ut tellus vulputate commodo efficitur class himenaeos diam nisl. Mi sapien erat id luctus dictumst per bibendum. Elit mi egestas malesuada lobortis suspendisse nostra fermentum. Consectetur orci ultricies quam sodales nam, sed pulvinar quisque tempor felis orci eu odio neque ullamcorper. Erat phasellus ex massa urna condimentum cras. Mauris facilisis nec ultrices varius primis dapibus hac dictumst sagittis dui, adipiscing finibus justo cubilia dui ad nostra. Mauris ut commodo torquent, mi erat volutpat a venenatis nisi primis et gravida ad laoreet senectus iaculis. Integer scelerisque donec dignissim.</p><p>Consectetur nulla in vestibulum pulvinar tempor tellus ante orci condimentum nam risus, consectetur tincidunt facilisis et ultricies platea efficitur taciti sociosqu duis aenean. Lorem etiam a nec sollicitudin condimentum tempus conubia suscipit nam netus, interdum semper orci ultricies ornare platea. Egestas convallis odio habitant. Metus phasellus ex lectus ad. A eleifend tempor convallis fusce augue class nostra himenaeos magna sodales eros tristique. Consectetur lacus at finibus mattis lobortis luctus nunc phasellus. Nulla in orci et pharetra class sem, pulvinar ultricies vehicula. Mauris habitasse netus.</p>','','','',0,0,'','',''),(37,2,'2022-07-04 16:36:56',1,1,'nec nisi platea dui pellentesque torquent magna','<p>Egestas nulla finibus vestibulum luctus ac nisi posuere euismod vulputate dictumst vel odio duis vehicula. At est tempor curae inceptos donec. Hendrerit sagittis torquent conubia nostra vehicula, sit at viverra volutpat leo ut ex massa pretium pellentesque odio duis bibendum elementum. Finibus scelerisque cubilia conubia fermentum turpis neque. Sit quam lectus odio eros aenean. Dolor maecenas taciti netus, finibus tellus augue nullam sagittis vel. Nulla malesuada urna himenaeos. Feugiat nec tortor tempor aliquam nullam vulputate eu lectus aptent curabitur bibendum diam fames, at id proin efficitur ullamcorper.</p><p>Sed etiam nibh tincidunt ac pulvinar ut tellus vulputate commodo efficitur class himenaeos diam nisl. Mi sapien erat id luctus dictumst per bibendum. Elit mi egestas malesuada lobortis suspendisse nostra fermentum. Consectetur orci ultricies quam sodales nam, sed pulvinar quisque tempor felis orci eu odio neque ullamcorper. Erat phasellus ex massa urna condimentum cras. Mauris facilisis nec ultrices varius primis dapibus hac dictumst sagittis dui, adipiscing finibus justo cubilia dui ad nostra. Mauris ut commodo torquent, mi erat volutpat a venenatis nisi primis et gravida ad laoreet senectus iaculis. Integer scelerisque donec dignissim.</p><p>Consectetur nulla in vestibulum pulvinar tempor tellus ante orci condimentum nam risus, consectetur tincidunt facilisis et ultricies platea efficitur taciti sociosqu duis aenean. Lorem etiam a nec sollicitudin condimentum tempus conubia suscipit nam netus, interdum semper orci ultricies ornare platea. Egestas convallis odio habitant. Metus phasellus ex lectus ad. A eleifend tempor convallis fusce augue class nostra himenaeos magna sodales eros tristique. Consectetur lacus at finibus mattis lobortis luctus nunc phasellus. Nulla in orci et pharetra class sem, pulvinar ultricies vehicula. Mauris habitasse netus.</p>','','','',0,0,'','',''),(38,1,'2022-06-24 13:27:27',1,1,'velit est accumsan laoreet','&lt;p style=&quot;text-align: justify;&quot;&gt;Masterchef, Michelin star or simply you and your colleagues on a challenge in 12m Airstream food truck fully equipped with ASKO appliances. In our olive field or whenever you like in Europe, we can do that.&lt;/p&gt;\r\n&lt;p style=&quot;text-align: justify;&quot;&gt;&nbsp;&lt;/p&gt;\r\n&lt;h4&gt;Contact us for more information&lt;/h4&gt;\r\n&lt;p&gt;&lt;a href=&quot;tel:0038631893378&quot;&gt;00386 31 893 378&lt;/a&gt;&lt;br /&gt;&lt;a href=&quot;mailto:matej@lisjak.com&quot;&gt;matej@lisjak.com&lt;/a&gt;&lt;/p&gt;\r\n&lt;p&gt;&lt;/p&gt;','','','',0,0,'','',''),(38,2,'2022-06-24 13:27:27',1,1,'velit est accumsan laoreet','&lt;p style=&quot;text-align: justify;&quot;&gt;Masterchef, Michelin star or simply you and your colleagues on a challenge in 12m Airstream food truck fully equipped with ASKO appliances. In our olive field or whenever you like in Europe, we can do that.&lt;/p&gt;\r\n&lt;p style=&quot;text-align: justify;&quot;&gt;&nbsp;&lt;/p&gt;\r\n&lt;h4&gt;Contact us for more information&lt;/h4&gt;\r\n&lt;p&gt;&lt;a href=&quot;tel:0038631893378&quot;&gt;00386 31 893 378&lt;/a&gt;&lt;br /&gt;&lt;a href=&quot;mailto:matej@lisjak.com&quot;&gt;matej@lisjak.com&lt;/a&gt;&lt;/p&gt;\r\n&lt;p&gt;&lt;/p&gt;','','','',0,0,'','',''),(39,1,'2022-06-23 15:34:29',1,1,'erat consequat nisl','<p>Consectetur adipiscing lacus maecenas eget condimentum gravida accumsan bibendum risus. Ipsum adipiscing vitae a facilisis ultrices hendrerit pharetra neque imperdiet. Elit malesuada turpis. Nec tempor commodo litora morbi, non litora magna cras, cursus dapibus sagittis. Elit ut tellus suscipit nam risus nisl.</p><p>Justo luctus nisi posuere porttitor. Sit varius condimentum vel. Sit consectetur egestas nulla mattis mauris nunc ultricies sollicitudin vivamus efficitur enim ullamcorper senectus. Ipsum pulvinar nisi aliquam faucibus dapibus platea commodo risus habitant, dictum erat mattis tincidunt ac proin pharetra arcu hac nostra turpis odio eros imperdiet. Praesent phasellus fringilla commodo vehicula risus, malesuada mattis augue habitasse litora curabitur, feugiat a integer primis commodo bibendum diam. Adipiscing in malesuada leo ut quis hendrerit dictumst suscipit vehicula tristique. Id metus enim.</p><p>Justo quisque cursus ullamcorper, viverra primis aptent aenean. Interdum sed vitae nibh mollis massa faucibus et curae dapibus gravida commodo per turpis nam. Justo tellus ante hendrerit arcu hac lectus enim neque fames. Sit mauris tempor augue class sociosqu habitant. Dolor consectetur nibh quisque ut tortor orci eget dui diam.</p>','','','',0,0,'','',''),(39,2,'2022-06-23 15:34:29',1,1,'erat consequat nisl','<p>Consectetur adipiscing lacus maecenas eget condimentum gravida accumsan bibendum risus. Ipsum adipiscing vitae a facilisis ultrices hendrerit pharetra neque imperdiet. Elit malesuada turpis. Nec tempor commodo litora morbi, non litora magna cras, cursus dapibus sagittis. Elit ut tellus suscipit nam risus nisl.</p><p>Justo luctus nisi posuere porttitor. Sit varius condimentum vel. Sit consectetur egestas nulla mattis mauris nunc ultricies sollicitudin vivamus efficitur enim ullamcorper senectus. Ipsum pulvinar nisi aliquam faucibus dapibus platea commodo risus habitant, dictum erat mattis tincidunt ac proin pharetra arcu hac nostra turpis odio eros imperdiet. Praesent phasellus fringilla commodo vehicula risus, malesuada mattis augue habitasse litora curabitur, feugiat a integer primis commodo bibendum diam. Adipiscing in malesuada leo ut quis hendrerit dictumst suscipit vehicula tristique. Id metus enim.</p><p>Justo quisque cursus ullamcorper, viverra primis aptent aenean. Interdum sed vitae nibh mollis massa faucibus et curae dapibus gravida commodo per turpis nam. Justo tellus ante hendrerit arcu hac lectus enim neque fames. Sit mauris tempor augue class sociosqu habitant. Dolor consectetur nibh quisque ut tortor orci eget dui diam.</p>','','','',0,0,'','',''),(40,1,'2022-06-23 16:01:54',1,1,'auctor fusce tristique','<p>Sollicitudin arcu lectus libero maximus nostra. Sit amet tincidunt lacinia hendrerit pretium conubia blandit suscipit, nisi ad elementum. Ipsum sit tincidunt et posuere ornare per magna duis. Placerat felis maximus magna morbi. Interdum lacus volutpat ligula varius vulputate arcu sagittis lectus litora turpis donec netus, consectetur erat luctus quisque nisi orci curae arcu commodo neque elementum. Sed volutpat mollis pretium sociosqu aliquet morbi, placerat justo ex primis ultricies nullam sollicitudin condimentum consequat pellentesque nostra himenaeos diam risus.</p><p>Adipiscing tincidunt semper varius libero conubia donec ullamcorper, finibus phasellus ex massa proin eu curabitur suscipit. Praesent metus mauris ut phasellus orci dictumst fermentum suscipit dignissim, placerat malesuada volutpat nullam pretium senectus nisl, elit interdum nulla ligula orci proin sociosqu. Venenatis aliquam fermentum, adipiscing lobortis ligula faucibus consequat eu commodo aptent taciti nostra rhoncus fames nisl. Pharetra gravida vehicula. Malesuada a tellus euismod habitasse odio senectus, sit sed placerat volutpat nibh vulputate arcu libero litora enim neque elementum suscipit eros. Praesent dictum malesuada viverra pulvinar faucibus ante pretium tempus dui efficitur litora nostra bibendum eros. Mi leo a lacinia auctor phasellus vivamus pellentesque conubia rhoncus nisl iaculis. Lorem vestibulum et sociosqu blandit senectus.</p><p>Volutpat tempor pharetra euismod condimentum torquent inceptos duis vehicula iaculis, elit mi sapien mauris nibh quis suscipit nisl. Sapien vitae venenatis faucibus proin maximus himenaeos diam, sapien semper turpis. Viverra scelerisque venenatis fringilla vulputate habitasse sociosqu donec neque diam aenean.</p>','','','',0,0,'','',''),(40,2,'2022-06-23 16:01:54',1,1,'auctor fusce tristique','<p>Sollicitudin arcu lectus libero maximus nostra. Sit amet tincidunt lacinia hendrerit pretium conubia blandit suscipit, nisi ad elementum. Ipsum sit tincidunt et posuere ornare per magna duis. Placerat felis maximus magna morbi. Interdum lacus volutpat ligula varius vulputate arcu sagittis lectus litora turpis donec netus, consectetur erat luctus quisque nisi orci curae arcu commodo neque elementum. Sed volutpat mollis pretium sociosqu aliquet morbi, placerat justo ex primis ultricies nullam sollicitudin condimentum consequat pellentesque nostra himenaeos diam risus.</p><p>Adipiscing tincidunt semper varius libero conubia donec ullamcorper, finibus phasellus ex massa proin eu curabitur suscipit. Praesent metus mauris ut phasellus orci dictumst fermentum suscipit dignissim, placerat malesuada volutpat nullam pretium senectus nisl, elit interdum nulla ligula orci proin sociosqu. Venenatis aliquam fermentum, adipiscing lobortis ligula faucibus consequat eu commodo aptent taciti nostra rhoncus fames nisl. Pharetra gravida vehicula. Malesuada a tellus euismod habitasse odio senectus, sit sed placerat volutpat nibh vulputate arcu libero litora enim neque elementum suscipit eros. Praesent dictum malesuada viverra pulvinar faucibus ante pretium tempus dui efficitur litora nostra bibendum eros. Mi leo a lacinia auctor phasellus vivamus pellentesque conubia rhoncus nisl iaculis. Lorem vestibulum et sociosqu blandit senectus.</p><p>Volutpat tempor pharetra euismod condimentum torquent inceptos duis vehicula iaculis, elit mi sapien mauris nibh quis suscipit nisl. Sapien vitae venenatis faucibus proin maximus himenaeos diam, sapien semper turpis. Viverra scelerisque venenatis fringilla vulputate habitasse sociosqu donec neque diam aenean.</p>','','','',0,0,'','',''),(41,1,'0000-00-00 00:00:00',1,1,'finibus viverra luctus fusce augue taciti blandit duis','<p>Sit adipiscing mauris nisi tempus dui vivamus maximus neque sem cras. Dolor elit lacus mollis venenatis varius ultricies vulputate taciti porta neque diam, sit massa varius cubilia dapibus porttitor condimentum sagittis commodo pellentesque habitant netus, amet volutpat justo mauris feugiat nullam arcu nam imperdiet. Amet mauris ac tortor cursus conubia. Lorem ipsum lobortis feugiat nunc venenatis proin sollicitudin gravida himenaeos donec porta laoreet tristique nisl, ipsum nulla in tortor mollis nullam laoreet senectus. Erat suspendisse eleifend quisque purus proin ornare hac class ad conubia magna eros, nulla ac pulvinar venenatis molestie ex massa posuere ultricies magna potenti congue habitant, mi nibh scelerisque taciti donec risus. Ipsum maecenas vestibulum ac nunc mollis phasellus ornare sollicitudin tempus enim blandit suscipit. Interdum justo luctus molestie posuere curae lectus potenti duis habitant. Velit ligula nec tortor scelerisque orci tempus efficitur duis bibendum suscipit habitant.</p><p>Luctus quisque est purus dapibus eget habitasse potenti. Fusce curae commodo diam, elit tincidunt suspendisse phasellus cubilia curae pharetra eu commodo dui nostra porta curabitur risus habitant. Malesuada finibus quis primis posuere curae porta morbi. Sit dictum placerat mauris facilisis mollis venenatis nisi posuere arcu platea fermentum turpis sem aliquet.</p><p>Elit lacus lobortis pulvinar mollis ultrices phasellus posuere euismod consequat libero neque elementum habitant. Pulvinar tempor massa proin pharetra porttitor gravida per neque tristique. Placerat ut semper hendrerit dapibus vulputate porttitor duis bibendum suscipit senectus iaculis. Interdum a lacinia ac eleifend nec est dapibus hac maximus turpis congue bibendum risus habitant. Consectetur non id a taciti conubia, egestas sapien a felis orci proin ultricies quam bibendum elementum.</p>','','','',0,0,'','',''),(41,2,'0000-00-00 00:00:00',1,1,'finibus viverra luctus fusce augue taciti blandit duis','<p>Sit adipiscing mauris nisi tempus dui vivamus maximus neque sem cras. Dolor elit lacus mollis venenatis varius ultricies vulputate taciti porta neque diam, sit massa varius cubilia dapibus porttitor condimentum sagittis commodo pellentesque habitant netus, amet volutpat justo mauris feugiat nullam arcu nam imperdiet. Amet mauris ac tortor cursus conubia. Lorem ipsum lobortis feugiat nunc venenatis proin sollicitudin gravida himenaeos donec porta laoreet tristique nisl, ipsum nulla in tortor mollis nullam laoreet senectus. Erat suspendisse eleifend quisque purus proin ornare hac class ad conubia magna eros, nulla ac pulvinar venenatis molestie ex massa posuere ultricies magna potenti congue habitant, mi nibh scelerisque taciti donec risus. Ipsum maecenas vestibulum ac nunc mollis phasellus ornare sollicitudin tempus enim blandit suscipit. Interdum justo luctus molestie posuere curae lectus potenti duis habitant. Velit ligula nec tortor scelerisque orci tempus efficitur duis bibendum suscipit habitant.</p><p>Luctus quisque est purus dapibus eget habitasse potenti. Fusce curae commodo diam, elit tincidunt suspendisse phasellus cubilia curae pharetra eu commodo dui nostra porta curabitur risus habitant. Malesuada finibus quis primis posuere curae porta morbi. Sit dictum placerat mauris facilisis mollis venenatis nisi posuere arcu platea fermentum turpis sem aliquet.</p><p>Elit lacus lobortis pulvinar mollis ultrices phasellus posuere euismod consequat libero neque elementum habitant. Pulvinar tempor massa proin pharetra porttitor gravida per neque tristique. Placerat ut semper hendrerit dapibus vulputate porttitor duis bibendum suscipit senectus iaculis. Interdum a lacinia ac eleifend nec est dapibus hac maximus turpis congue bibendum risus habitant. Consectetur non id a taciti conubia, egestas sapien a felis orci proin ultricies quam bibendum elementum.</p>','','','',0,0,'','',''),(42,1,'2022-07-07 13:43:56',1,1,'lorem nec taciti sociosqu curabitur aliquet','<p>Dolor leo nibh tempor aliquam platea sociosqu neque duis ullamcorper senectus. Sit praesent erat id molestie faucibus ultricies sollicitudin libero efficitur taciti nostra turpis iaculis cras. Ipsum interdum malesuada maecenas pulvinar cursus ultricies vel ad potenti sem netus nisl, dolor semper auctor convallis euismod urna habitasse commodo vel efficitur odio laoreet risus, dictum at mattis phasellus cursus pretium porttitor habitasse eu efficitur taciti donec rhoncus elementum aenean, in volutpat luctus facilisis semper purus sagittis habitant tristique. Lorem justo metus ac tempor convallis posuere libero inceptos accumsan netus, dolor erat mattis justo feugiat quis molestie ante nullam quam dui maximus nostra tristique. In vitae mollis pellentesque enim. Mattis vestibulum scelerisque quis et hendrerit sollicitudin pretium platea dui blandit bibendum nam aliquet, vestibulum tincidunt pretium efficitur himenaeos congue cras. Mollis ultrices convallis tristique. Adipiscing elit non luctus eleifend quisque massa curae hac eu litora nostra rhoncus risus morbi.</p><p>Dictum volutpat justo massa conubia himenaeos vehicula. Tortor odio dignissim cras, dictum erat vitae a phasellus fusce varius ornare vulputate habitasse gravida porta potenti ullamcorper risus, venenatis et quam dictumst vehicula. Ipsum sit interdum sapien mattis eget neque diam morbi.</p><p>Justo vestibulum tincidunt cursus ornare eu class torquent magna bibendum dignissim, lorem mattis quis felis pretium conubia blandit, lorem vitae mauris ut primis proin fermentum sodales tristique. Mi non etiam maecenas leo consequat himenaeos aliquet, dolor placerat volutpat conubia curabitur blandit nam imperdiet. Sit et eu per potenti. Elit nunc quis phasellus sollicitudin vulputate consequat fermentum diam fames. Euismod commodo lectus taciti himenaeos duis nam fames, sed vitae mauris tincidunt tortor varius proin sollicitudin eget urna hac libero enim odio rhoncus. Adipiscing in viverra nunc nec pulvinar cursus ornare condimentum accumsan morbi, non at nec ante habitasse libero. Id ac ornare pretium quam commodo donec magna aliquet nisl.</p>','','','',0,0,'','',''),(42,2,'2022-07-07 13:43:56',1,1,'lorem nec taciti sociosqu curabitur aliquet','<p>Dolor leo nibh tempor aliquam platea sociosqu neque duis ullamcorper senectus. Sit praesent erat id molestie faucibus ultricies sollicitudin libero efficitur taciti nostra turpis iaculis cras. Ipsum interdum malesuada maecenas pulvinar cursus ultricies vel ad potenti sem netus nisl, dolor semper auctor convallis euismod urna habitasse commodo vel efficitur odio laoreet risus, dictum at mattis phasellus cursus pretium porttitor habitasse eu efficitur taciti donec rhoncus elementum aenean, in volutpat luctus facilisis semper purus sagittis habitant tristique. Lorem justo metus ac tempor convallis posuere libero inceptos accumsan netus, dolor erat mattis justo feugiat quis molestie ante nullam quam dui maximus nostra tristique. In vitae mollis pellentesque enim. Mattis vestibulum scelerisque quis et hendrerit sollicitudin pretium platea dui blandit bibendum nam aliquet, vestibulum tincidunt pretium efficitur himenaeos congue cras. Mollis ultrices convallis tristique. Adipiscing elit non luctus eleifend quisque massa curae hac eu litora nostra rhoncus risus morbi.</p><p>Dictum volutpat justo massa conubia himenaeos vehicula. Tortor odio dignissim cras, dictum erat vitae a phasellus fusce varius ornare vulputate habitasse gravida porta potenti ullamcorper risus, venenatis et quam dictumst vehicula. Ipsum sit interdum sapien mattis eget neque diam morbi.</p><p>Justo vestibulum tincidunt cursus ornare eu class torquent magna bibendum dignissim, lorem mattis quis felis pretium conubia blandit, lorem vitae mauris ut primis proin fermentum sodales tristique. Mi non etiam maecenas leo consequat himenaeos aliquet, dolor placerat volutpat conubia curabitur blandit nam imperdiet. Sit et eu per potenti. Elit nunc quis phasellus sollicitudin vulputate consequat fermentum diam fames. Euismod commodo lectus taciti himenaeos duis nam fames, sed vitae mauris tincidunt tortor varius proin sollicitudin eget urna hac libero enim odio rhoncus. Adipiscing in viverra nunc nec pulvinar cursus ornare condimentum accumsan morbi, non at nec ante habitasse libero. Id ac ornare pretium quam commodo donec magna aliquet nisl.</p>','','','',0,0,'','',''),(43,1,'2022-07-07 13:39:57',1,1,'etiam nec tortor fusce efficitur senectus','<p>Dolor sed ac pulvinar mollis molestie varius consequat hac sociosqu fermentum blandit neque laoreet, interdum mattis ac fusce proin gravida torquent magna laoreet suscipit cras. Placerat mollis nisi cursus orci nullam dui taciti himenaeos odio accumsan suscipit ullamcorper. Lorem in felis primis class aptent fermentum vehicula nam morbi. Dolor amet vestibulum nec scelerisque venenatis fusce sollicitudin dictumst commodo vivamus pellentesque per rhoncus tristique, elit sapien nunc faucibus posuere quam hac sagittis gravida potenti imperdiet, consectetur viverra integer venenatis dictumst aptent fermentum accumsan. Non nibh a eleifend ut nisi molestie massa fringilla platea eu commodo libero morbi, integer bibendum vehicula. Sapien facilisis scelerisque euismod dictumst netus, elit quisque ultricies eget porttitor duis.</p><p>Ipsum consectetur dictum nec efficitur donec accumsan bibendum ullamcorper aenean, amet interdum dictum sed id viverra felis hac enim sodales accumsan. Dolor blandit potenti vehicula ullamcorper. Interdum maecenas mattis tincidunt pulvinar ut cubilia nullam tempus vivamus conubia turpis ullamcorper netus fames.</p><p>Fermentum donec nam. Feugiat a nunc cursus ex massa platea eu lectus odio morbi senectus nisl. Lorem venenatis sociosqu ad habitant, lorem metus auctor nullam sollicitudin eget magna odio fames. Lacus tincidunt lacinia tortor ante dui potenti neque dignissim nisl, id pharetra lectus.</p>','','','',0,0,'','',''),(43,2,'2022-07-07 13:39:57',1,1,'etiam nec tortor fusce efficitur senectus','<p>Dolor sed ac pulvinar mollis molestie varius consequat hac sociosqu fermentum blandit neque laoreet, interdum mattis ac fusce proin gravida torquent magna laoreet suscipit cras. Placerat mollis nisi cursus orci nullam dui taciti himenaeos odio accumsan suscipit ullamcorper. Lorem in felis primis class aptent fermentum vehicula nam morbi. Dolor amet vestibulum nec scelerisque venenatis fusce sollicitudin dictumst commodo vivamus pellentesque per rhoncus tristique, elit sapien nunc faucibus posuere quam hac sagittis gravida potenti imperdiet, consectetur viverra integer venenatis dictumst aptent fermentum accumsan. Non nibh a eleifend ut nisi molestie massa fringilla platea eu commodo libero morbi, integer bibendum vehicula. Sapien facilisis scelerisque euismod dictumst netus, elit quisque ultricies eget porttitor duis.</p><p>Ipsum consectetur dictum nec efficitur donec accumsan bibendum ullamcorper aenean, amet interdum dictum sed id viverra felis hac enim sodales accumsan. Dolor blandit potenti vehicula ullamcorper. Interdum maecenas mattis tincidunt pulvinar ut cubilia nullam tempus vivamus conubia turpis ullamcorper netus fames.</p><p>Fermentum donec nam. Feugiat a nunc cursus ex massa platea eu lectus odio morbi senectus nisl. Lorem venenatis sociosqu ad habitant, lorem metus auctor nullam sollicitudin eget magna odio fames. Lacus tincidunt lacinia tortor ante dui potenti neque dignissim nisl, id pharetra lectus.</p>','','','',0,0,'','',''),(44,1,'2022-07-14 10:39:16',1,1,'elit viverra facilisis tellus faucibus blandit sem','&lt;p&gt;Etiam convallis euismod sagittis aptent duis sem. Lorem dolor praesent vitae luctus faucibus eget porttitor nostra congue imperdiet aenean. Malesuada semper ultrices felis faucibus ante dui vel conubia fermentum accumsan bibendum diam tristique fames. Lacus vestibulum ex eget arcu turpis eros morbi.&lt;/p&gt;\r\n&lt;p&gt;Mattis vulputate vel. Ipsum volutpat ut primis condimentum dictumst maximus pellentesque efficitur turpis rhoncus bibendum sem risus senectus. Interdum viverra vitae feugiat facilisis eleifend aliquam hendrerit porttitor libero sem. Ornare litora blandit. Lacus malesuada lobortis suspendisse semper inceptos. Ac ex augue euismod. Maecenas nullam tempus.&lt;/p&gt;\r\n&lt;p&gt;Dictum ac aliquam euismod aptent torquent fames. Dictum erat velit lobortis lacinia molestie varius posuere sollicitudin quam. Placerat quisque tellus molestie. Ipsum in sed mattis quis ultricies sagittis per conubia curabitur duis diam dignissim morbi cras. Malesuada etiam quisque ultrices tellus cursus fusce felis pharetra eget dui vel pellentesque aptent. Adipiscing nulla nunc ultrices fusce felis diam, non curae dapibus. Sit placerat malesuada vitae mauris nibh lacinia scelerisque pellentesque enim rhoncus blandit sem dignissim, lorem nulla volutpat nec primis ornare gravida lectus vehicula dignissim netus cras, malesuada etiam ante orci potenti.&lt;/p&gt;','','','elit-viverra-facilisis-tellus-faucibus-blandit-sem',0,0,'','',''),(44,2,'2022-07-14 10:39:16',1,1,'elit viverra facilisis tellus faucibus blandit sem','&lt;p&gt;Etiam convallis euismod sagittis aptent duis sem. Lorem dolor praesent vitae luctus faucibus eget porttitor nostra congue imperdiet aenean. Malesuada semper ultrices felis faucibus ante dui vel conubia fermentum accumsan bibendum diam tristique fames. Lacus vestibulum ex eget arcu turpis eros morbi.&lt;/p&gt;\r\n&lt;p&gt;Mattis vulputate vel. Ipsum volutpat ut primis condimentum dictumst maximus pellentesque efficitur turpis rhoncus bibendum sem risus senectus. Interdum viverra vitae feugiat facilisis eleifend aliquam hendrerit porttitor libero sem. Ornare litora blandit. Lacus malesuada lobortis suspendisse semper inceptos. Ac ex augue euismod. Maecenas nullam tempus.&lt;/p&gt;\r\n&lt;p&gt;Dictum ac aliquam euismod aptent torquent fames. Dictum erat velit lobortis lacinia molestie varius posuere sollicitudin quam. Placerat quisque tellus molestie. Ipsum in sed mattis quis ultricies sagittis per conubia curabitur duis diam dignissim morbi cras. Malesuada etiam quisque ultrices tellus cursus fusce felis pharetra eget dui vel pellentesque aptent. Adipiscing nulla nunc ultrices fusce felis diam, non curae dapibus. Sit placerat malesuada vitae mauris nibh lacinia scelerisque pellentesque enim rhoncus blandit sem dignissim, lorem nulla volutpat nec primis ornare gravida lectus vehicula dignissim netus cras, malesuada etiam ante orci potenti.&lt;/p&gt;','','','elit-viverra-facilisis-tellus-faucibus-blandit-sem',0,0,'','',''),(45,1,'2022-07-14 10:39:18',1,1,'adipiscing tincidunt ultrices porttitor hac curabitur netus','&lt;p&gt;Consectetur at vestibulum scelerisque vivamus odio eros. Ligula quisque ultrices aliquam purus convallis ornare ad donec. Lorem praesent erat finibus feugiat primis orci pellentesque nostra suscipit. Egestas lacus placerat erat justo vestibulum integer curae ultricies nam. Quisque ultricies odio potenti sodales diam, at lobortis feugiat cubilia nullam pretium dui. Arcu habitasse congue. Integer semper massa quam. Interdum justo orci, ipsum dictum mauris nunc nec.&lt;/p&gt;\r\n&lt;p&gt;Ipsum praesent egestas in mattis quis euismod vivamus potenti accumsan. Egestas nisi purus et pretium lectus blandit duis suscipit nam risus, vitae cursus quam class. Amet malesuada luctus lacinia pulvinar venenatis ante morbi. Interdum lacus nunc magna blandit, interdum tortor nisi maximus odio.&lt;/p&gt;\r\n&lt;p&gt;At leo tempor massa felis posuere euismod urna porta sodales imperdiet, elit erat leo tincidunt eleifend aliquam proin himenaeos risus netus, tellus nisi faucibus torquent risus. Mattis tincidunt lacinia tortor purus ex urna commodo turpis morbi. Dolor amet sapien maecenas luctus tincidunt eleifend quisque mollis ex varius curae odio laoreet elementum. Id pharetra eu vel magna porta rhoncus fames aenean. Sit interdum lacus sapien volutpat lobortis nunc posuere dapibus quam condimentum vel maximus diam nisl, placerat cubilia efficitur senectus, dolor egestas vestibulum est habitasse vel litora, dolor sapien tincidunt a nunc semper venenatis torquent turpis enim neque eros. Dictum viverra mauris primis gravida neque diam vehicula dignissim. Semper vivamus imperdiet, lectus aptent morbi.&lt;/p&gt;','','','adipiscing-tincidunt-ultrices-porttitor-hac-curabitur-netus',0,0,'','',''),(45,2,'2022-07-14 10:39:18',1,1,'adipiscing tincidunt ultrices porttitor hac curabitur netus','&lt;p&gt;Consectetur at vestibulum scelerisque vivamus odio eros. Ligula quisque ultrices aliquam purus convallis ornare ad donec. Lorem praesent erat finibus feugiat primis orci pellentesque nostra suscipit. Egestas lacus placerat erat justo vestibulum integer curae ultricies nam. Quisque ultricies odio potenti sodales diam, at lobortis feugiat cubilia nullam pretium dui. Arcu habitasse congue. Integer semper massa quam. Interdum justo orci, ipsum dictum mauris nunc nec.&lt;/p&gt;\r\n&lt;p&gt;Ipsum praesent egestas in mattis quis euismod vivamus potenti accumsan. Egestas nisi purus et pretium lectus blandit duis suscipit nam risus, vitae cursus quam class. Amet malesuada luctus lacinia pulvinar venenatis ante morbi. Interdum lacus nunc magna blandit, interdum tortor nisi maximus odio.&lt;/p&gt;\r\n&lt;p&gt;At leo tempor massa felis posuere euismod urna porta sodales imperdiet, elit erat leo tincidunt eleifend aliquam proin himenaeos risus netus, tellus nisi faucibus torquent risus. Mattis tincidunt lacinia tortor purus ex urna commodo turpis morbi. Dolor amet sapien maecenas luctus tincidunt eleifend quisque mollis ex varius curae odio laoreet elementum. Id pharetra eu vel magna porta rhoncus fames aenean. Sit interdum lacus sapien volutpat lobortis nunc posuere dapibus quam condimentum vel maximus diam nisl, placerat cubilia efficitur senectus, dolor egestas vestibulum est habitasse vel litora, dolor sapien tincidunt a nunc semper venenatis torquent turpis enim neque eros. Dictum viverra mauris primis gravida neque diam vehicula dignissim. Semper vivamus imperdiet, lectus aptent morbi.&lt;/p&gt;','','','adipiscing-tincidunt-ultrices-porttitor-hac-curabitur-netus',0,0,'','',''),(46,1,'2022-07-14 10:39:28',1,1,'nec tellus senectus','&lt;p&gt;Feugiat facilisis venenatis ultrices orci ad accumsan nisl, interdum dictum egestas justo cursus lectus nostra porta accumsan laoreet ullamcorper morbi senectus. Praesent lacus tortor eu dui lectus curabitur senectus. Sed sapien etiam mattis eleifend et posuere urna condimentum conubia nostra magna potenti nisl iaculis.&lt;/p&gt;\r\n&lt;p&gt;Cubilia curae ornare dapibus vivamus magna, velit mauris quis nisi molestie pharetra euismod libero enim. Interdum in id auctor posuere pharetra dui taciti per duis aliquet fames, leo convallis lectus. Placerat integer convallis ultricies dui sociosqu turpis accumsan suscipit, id vitae pharetra dictumst commodo class ad torquent nostra donec imperdiet. Etiam justo molestie consequat potenti bibendum tristique. Egestas urna maximus taciti ullamcorper. Dolor tincidunt lacinia suspendisse rhoncus. Consectetur elit in nec mollis varius cubilia hac eu pellentesque aptent himenaeos sodales. Finibus volutpat purus, volutpat nibh tempor sollicitudin urna condimentum nostra curabitur ullamcorper habitant morbi nisl.&lt;/p&gt;\r\n&lt;p&gt;Consectetur lacus suspendisse dapibus nam nisl. Non sed efficitur class. Egestas sed nunc ultrices pharetra hac commodo per magna dignissim, consectetur justo dui. Dolor consectetur vitae nibh semper scelerisque arcu conubia elementum tristique. Habitasse aptent litora accumsan risus cras. Dolor vitae commodo nostra duis, amet eleifend tellus ex fusce, at finibus maecenas feugiat quisque ultrices primis dapibus consequat libero aptent porta curabitur sodales vehicula. Sit interdum placerat finibus aliquam cursus ante curae dapibus quam dui duis vehicula morbi cras. Etiam id velit ac nunc semper cubilia porttitor condimentum.&lt;/p&gt;','','','nec-tellus-senectus',0,0,'','',''),(46,2,'2022-07-14 10:39:28',1,1,'nec tellus senectus','&lt;p&gt;Feugiat facilisis venenatis ultrices orci ad accumsan nisl, interdum dictum egestas justo cursus lectus nostra porta accumsan laoreet ullamcorper morbi senectus. Praesent lacus tortor eu dui lectus curabitur senectus. Sed sapien etiam mattis eleifend et posuere urna condimentum conubia nostra magna potenti nisl iaculis.&lt;/p&gt;\r\n&lt;p&gt;Cubilia curae ornare dapibus vivamus magna, velit mauris quis nisi molestie pharetra euismod libero enim. Interdum in id auctor posuere pharetra dui taciti per duis aliquet fames, leo convallis lectus. Placerat integer convallis ultricies dui sociosqu turpis accumsan suscipit, id vitae pharetra dictumst commodo class ad torquent nostra donec imperdiet. Etiam justo molestie consequat potenti bibendum tristique. Egestas urna maximus taciti ullamcorper. Dolor tincidunt lacinia suspendisse rhoncus. Consectetur elit in nec mollis varius cubilia hac eu pellentesque aptent himenaeos sodales. Finibus volutpat purus, volutpat nibh tempor sollicitudin urna condimentum nostra curabitur ullamcorper habitant morbi nisl.&lt;/p&gt;\r\n&lt;p&gt;Consectetur lacus suspendisse dapibus nam nisl. Non sed efficitur class. Egestas sed nunc ultrices pharetra hac commodo per magna dignissim, consectetur justo dui. Dolor consectetur vitae nibh semper scelerisque arcu conubia elementum tristique. Habitasse aptent litora accumsan risus cras. Dolor vitae commodo nostra duis, amet eleifend tellus ex fusce, at finibus maecenas feugiat quisque ultrices primis dapibus consequat libero aptent porta curabitur sodales vehicula. Sit interdum placerat finibus aliquam cursus ante curae dapibus quam dui duis vehicula morbi cras. Etiam id velit ac nunc semper cubilia porttitor condimentum.&lt;/p&gt;','','','nec-tellus-senectus',0,0,'','',''),(47,1,'2022-07-14 10:39:37',1,1,'lorem erat ac eleifend nisl iaculis','&lt;p&gt;Tincidunt porttitor consequat commodo sociosqu enim. Lorem consectetur praesent vitae pulvinar est odio eros. Lorem praesent leo platea congue. Adipiscing egestas malesuada lobortis tellus hendrerit sollicitudin platea sagittis conubia potenti habitant. Vestibulum a purus enim. Erat lobortis mauris luctus a mollis tempor purus fringilla cubilia vulputate lectus torquent nam sem.&lt;/p&gt;\r\n&lt;p&gt;Adipiscing in lacus viverra nunc est ex fusce pretium arcu consequat pellentesque, nulla cursus eget hac risus. Vestibulum lobortis mauris pulvinar varius tempus habitant. Etiam facilisis mollis phasellus himenaeos. Elit velit tincidunt a tellus molestie purus massa felis urna tempus ad fames cras. Nunc felis platea ad inceptos turpis risus.&lt;/p&gt;\r\n&lt;p&gt;Erat lobortis pulvinar quisque venenatis dapibus aptent potenti congue diam cras. Euismod gravida donec magna neque, amet tincidunt facilisis aliquam felis ultricies euismod porttitor habitasse platea sagittis curabitur blandit. Elit sed malesuada maecenas vestibulum urna. Mattis ligula rhoncus. Sit egestas ut quis nisi purus vulputate consequat odio neque imperdiet risus. Eleifend scelerisque venenatis ultricies vel efficitur himenaeos bibendum tristique, cursus dictumst maximus nam imperdiet. Dolor sed etiam est ultrices felis pretium libero turpis. Integer felis aliquet, justo nibh felis maximus dignissim nisl.&lt;/p&gt;','','','lorem-erat-ac-eleifend-nisl-iaculis',0,0,'','',''),(47,2,'2022-07-14 10:39:37',1,1,'lorem erat ac eleifend nisl iaculis','&lt;p&gt;Tincidunt porttitor consequat commodo sociosqu enim. Lorem consectetur praesent vitae pulvinar est odio eros. Lorem praesent leo platea congue. Adipiscing egestas malesuada lobortis tellus hendrerit sollicitudin platea sagittis conubia potenti habitant. Vestibulum a purus enim. Erat lobortis mauris luctus a mollis tempor purus fringilla cubilia vulputate lectus torquent nam sem.&lt;/p&gt;\r\n&lt;p&gt;Adipiscing in lacus viverra nunc est ex fusce pretium arcu consequat pellentesque, nulla cursus eget hac risus. Vestibulum lobortis mauris pulvinar varius tempus habitant. Etiam facilisis mollis phasellus himenaeos. Elit velit tincidunt a tellus molestie purus massa felis urna tempus ad fames cras. Nunc felis platea ad inceptos turpis risus.&lt;/p&gt;\r\n&lt;p&gt;Erat lobortis pulvinar quisque venenatis dapibus aptent potenti congue diam cras. Euismod gravida donec magna neque, amet tincidunt facilisis aliquam felis ultricies euismod porttitor habitasse platea sagittis curabitur blandit. Elit sed malesuada maecenas vestibulum urna. Mattis ligula rhoncus. Sit egestas ut quis nisi purus vulputate consequat odio neque imperdiet risus. Eleifend scelerisque venenatis ultricies vel efficitur himenaeos bibendum tristique, cursus dictumst maximus nam imperdiet. Dolor sed etiam est ultrices felis pretium libero turpis. Integer felis aliquet, justo nibh felis maximus dignissim nisl.&lt;/p&gt;','','','lorem-erat-ac-eleifend-nisl-iaculis',0,0,'','',''),(48,1,'2022-06-24 14:26:59',1,1,'tellus molestie varius orci hac sem','<p>In sed mauris rhoncus tristique, sapien placerat justo tempor ultrices molestie class himenaeos donec curabitur diam risus aliquet nisl iaculis. Nullam sagittis commodo efficitur sociosqu donec blandit suscipit nam dignissim aliquet tristique. Auctor felis elementum cras. Ipsum pulvinar gravida inceptos accumsan, praesent non placerat erat ac quisque scelerisque phasellus euismod maximus taciti eros habitant cras, elit sapien a nunc auctor nisi phasellus eget gravida vivamus vel neque dignissim.</p><p>Elit erat consequat habitasse aptent. Praesent non etiam leo nibh tincidunt ultrices ornare lectus sociosqu accumsan sem iaculis, egestas id maecenas volutpat convallis felis augue vulputate consequat sagittis magna potenti senectus. Ipsum amet nulla etiam ultrices nisi commodo laoreet risus. Phasellus curae curabitur vehicula. Dolor in at ut massa nullam urna. Amet consectetur lacus vestibulum nibh nec nisi ornare nullam per rhoncus. Sapien erat posuere. Amet placerat viverra nibh suspendisse fusce sodales.</p><p>Lorem dolor egestas at etiam mauris a semper fusce augue habitasse sociosqu litora. Sit dictum placerat aptent nostra sodales bibendum senectus. Interdum nulla nunc quis aptent. Amet justo lacinia venenatis tellus purus et eget vel taciti turpis suscipit diam morbi, consectetur nulla sapien luctus integer semper est quis ex hendrerit vivamus torquent senectus nisl. Vestibulum lobortis ex consequat vel torquent. Interdum molestie fusce euismod magna, egestas velit justo quis ex fusce ornare euismod gravida commodo lectus neque risus senectus, sed dui nostra congue.</p>','','','',0,0,'','',''),(48,2,'2022-06-24 14:26:59',1,1,'tellus molestie varius orci hac sem','<p>In sed mauris rhoncus tristique, sapien placerat justo tempor ultrices molestie class himenaeos donec curabitur diam risus aliquet nisl iaculis. Nullam sagittis commodo efficitur sociosqu donec blandit suscipit nam dignissim aliquet tristique. Auctor felis elementum cras. Ipsum pulvinar gravida inceptos accumsan, praesent non placerat erat ac quisque scelerisque phasellus euismod maximus taciti eros habitant cras, elit sapien a nunc auctor nisi phasellus eget gravida vivamus vel neque dignissim.</p><p>Elit erat consequat habitasse aptent. Praesent non etiam leo nibh tincidunt ultrices ornare lectus sociosqu accumsan sem iaculis, egestas id maecenas volutpat convallis felis augue vulputate consequat sagittis magna potenti senectus. Ipsum amet nulla etiam ultrices nisi commodo laoreet risus. Phasellus curae curabitur vehicula. Dolor in at ut massa nullam urna. Amet consectetur lacus vestibulum nibh nec nisi ornare nullam per rhoncus. Sapien erat posuere. Amet placerat viverra nibh suspendisse fusce sodales.</p><p>Lorem dolor egestas at etiam mauris a semper fusce augue habitasse sociosqu litora. Sit dictum placerat aptent nostra sodales bibendum senectus. Interdum nulla nunc quis aptent. Amet justo lacinia venenatis tellus purus et eget vel taciti turpis suscipit diam morbi, consectetur nulla sapien luctus integer semper est quis ex hendrerit vivamus torquent senectus nisl. Vestibulum lobortis ex consequat vel torquent. Interdum molestie fusce euismod magna, egestas velit justo quis ex fusce ornare euismod gravida commodo lectus neque risus senectus, sed dui nostra congue.</p>','','','',0,0,'','',''),(49,1,'2022-07-14 10:39:58',1,1,'amet sed tincidunt tempor fusce lectus nostra','&lt;p&gt;Vestibulum varius ante primis et eu inceptos. Id justo ex ante primis et eget arcu dictumst pellentesque inceptos odio diam risus habitant. Tortor quis eget maximus nisl, lobortis nibh quisque mollis fusce dictumst rhoncus cras, leo phasellus tempus cras.&lt;/p&gt;\r\n&lt;p&gt;Semper massa vulputate ad himenaeos. Ipsum interdum mollis quis ultrices tellus litora odio habitant. Dolor egestas nulla id nunc ut fringilla ante pretium condimentum torquent magna porta blandit.&lt;/p&gt;\r\n&lt;p&gt;Adipiscing nisi dapibus sagittis, egestas vestibulum mauris est primis platea maximus torquent enim nisl. Adipiscing nulla sed etiam justo feugiat a semper quis fringilla sollicitudin turpis donec. Finibus leo semper proin eget habitasse.&lt;/p&gt;','','','amet-sed-tincidunt-tempor-fusce-lectus-nostra',0,0,'','',''),(49,2,'2022-07-14 10:39:58',1,1,'amet sed tincidunt tempor fusce lectus nostra','&lt;p&gt;Vestibulum varius ante primis et eu inceptos. Id justo ex ante primis et eget arcu dictumst pellentesque inceptos odio diam risus habitant. Tortor quis eget maximus nisl, lobortis nibh quisque mollis fusce dictumst rhoncus cras, leo phasellus tempus cras.&lt;/p&gt;\r\n&lt;p&gt;Semper massa vulputate ad himenaeos. Ipsum interdum mollis quis ultrices tellus litora odio habitant. Dolor egestas nulla id nunc ut fringilla ante pretium condimentum torquent magna porta blandit.&lt;/p&gt;\r\n&lt;p&gt;Adipiscing nisi dapibus sagittis, egestas vestibulum mauris est primis platea maximus torquent enim nisl. Adipiscing nulla sed etiam justo feugiat a semper quis fringilla sollicitudin turpis donec. Finibus leo semper proin eget habitasse.&lt;/p&gt;','','','amet-sed-tincidunt-tempor-fusce-lectus-nostra',0,0,'','',''),(50,1,'2022-07-14 10:40:04',1,1,'est tellus cursus platea gravida vivamus nam','&lt;p&gt;Praesent interdum sapien finibus maecenas cursus urna arcu lectus class per donec curabitur suscipit diam. Adipiscing sed id vestibulum lobortis tincidunt quis faucibus urna turpis suscipit netus iaculis. Mi malesuada at lobortis ut semper est tempor cursus eu commodo fermentum magna. Elit non egestas nibh nunc ante primis ultricies consequat vivamus conubia turpis. Placerat at cubilia vulputate platea conubia ullamcorper nisl iaculis, amet consectetur convallis pretium quam congue ullamcorper. Mi placerat velit maecenas pharetra porttitor sociosqu enim nam iaculis.&lt;/p&gt;\r\n&lt;p&gt;Sed malesuada id ligula augue dapibus hac ad fames. Nisi himenaeos accumsan. Phasellus massa vivamus taciti. Adipiscing volutpat nibh porttitor tempus conubia potenti congue imperdiet morbi. Quisque eget vel himenaeos cras, mauris a massa posuere ornare dapibus urna habitant. Dolor erat mauris eleifend nullam vivamus vel neque cras, adipiscing mi placerat vitae ac semper auctor convallis orci proin nullam vulputate dictumst per odio.&lt;/p&gt;\r\n&lt;p&gt;Ipsum sapien luctus sem. Dolor volutpat vitae quisque auctor est ante hendrerit augue condimentum tempus ad conubia sem cras, auctor tortor vulputate dui imperdiet ullamcorper. Sit metus convallis orci proin eget class fermentum donec morbi. Erat velit mattis lacinia auctor est phasellus ex condimentum pellentesque ad suscipit cras, at id vestibulum feugiat ante sollicitudin quam dictumst commodo lectus libero conubia iaculis. Maecenas auctor est vulputate quam hac risus nisl iaculis. Erat luctus turpis fames. Dolor elit in etiam eleifend dapibus pretium lectus rhoncus aliquet tristique. Dolor suspendisse nunc venenatis purus ornare dui sociosqu dignissim tristique senectus, non finibus a nec nullam eget pellentesque aptent vehicula, egestas curae augue quam vel ad.&lt;/p&gt;','','','est-tellus-cursus-platea-gravida-vivamus-nam',0,0,'','',''),(50,2,'2022-07-14 10:40:04',1,1,'est tellus cursus platea gravida vivamus nam','&lt;p&gt;Praesent interdum sapien finibus maecenas cursus urna arcu lectus class per donec curabitur suscipit diam. Adipiscing sed id vestibulum lobortis tincidunt quis faucibus urna turpis suscipit netus iaculis. Mi malesuada at lobortis ut semper est tempor cursus eu commodo fermentum magna. Elit non egestas nibh nunc ante primis ultricies consequat vivamus conubia turpis. Placerat at cubilia vulputate platea conubia ullamcorper nisl iaculis, amet consectetur convallis pretium quam congue ullamcorper. Mi placerat velit maecenas pharetra porttitor sociosqu enim nam iaculis.&lt;/p&gt;\r\n&lt;p&gt;Sed malesuada id ligula augue dapibus hac ad fames. Nisi himenaeos accumsan. Phasellus massa vivamus taciti. Adipiscing volutpat nibh porttitor tempus conubia potenti congue imperdiet morbi. Quisque eget vel himenaeos cras, mauris a massa posuere ornare dapibus urna habitant. Dolor erat mauris eleifend nullam vivamus vel neque cras, adipiscing mi placerat vitae ac semper auctor convallis orci proin nullam vulputate dictumst per odio.&lt;/p&gt;\r\n&lt;p&gt;Ipsum sapien luctus sem. Dolor volutpat vitae quisque auctor est ante hendrerit augue condimentum tempus ad conubia sem cras, auctor tortor vulputate dui imperdiet ullamcorper. Sit metus convallis orci proin eget class fermentum donec morbi. Erat velit mattis lacinia auctor est phasellus ex condimentum pellentesque ad suscipit cras, at id vestibulum feugiat ante sollicitudin quam dictumst commodo lectus libero conubia iaculis. Maecenas auctor est vulputate quam hac risus nisl iaculis. Erat luctus turpis fames. Dolor elit in etiam eleifend dapibus pretium lectus rhoncus aliquet tristique. Dolor suspendisse nunc venenatis purus ornare dui sociosqu dignissim tristique senectus, non finibus a nec nullam eget pellentesque aptent vehicula, egestas curae augue quam vel ad.&lt;/p&gt;','','','est-tellus-cursus-platea-gravida-vivamus-nam',0,0,'','',''),(51,1,'2022-07-04 16:30:19',0,1,'amet sociosqu potenti','&lt;p&gt;A lacinia nec scelerisque sociosqu diam cras. Mattis feugiat pretium blandit eros cras. Interdum nulla id leo purus faucibus hendrerit quam pellentesque aliquet aenean, lacus id a ac quam curabitur. Id finibus libero neque, lacus pulvinar tellus purus sollicitudin aptent magna suscipit netus. Lacus a integer pulvinar ex ultricies platea libero sodales duis. Nunc tellus hendrerit ornare condimentum sagittis ad conubia himenaeos fermentum turpis porta rhoncus vehicula imperdiet. Sapien id velit vitae convallis varius primis hac efficitur per magna ullamcorper fames. Lobortis facilisis pulvinar tellus orci ultricies sollicitudin sociosqu inceptos turpis magna porta enim neque bibendum.&lt;/p&gt;\r\n&lt;p&gt;Elit nulla malesuada mauris nibh dui pellentesque sociosqu aenean. Dictum finibus elementum, praesent erat id quisque auctor aliquam ante litora risus habitant fames. Tincidunt a scelerisque sollicitudin per donec enim bibendum suscipit imperdiet dignissim iaculis.&lt;/p&gt;\r\n&lt;p&gt;Etiam efficitur inceptos blandit suscipit. Viverra lobortis lacinia ac quis primis, suspendisse faucibus primis fermentum. At finibus tellus consequat sagittis nostra eros imperdiet, dolor adipiscing id purus suscipit. Dictum finibus luctus quisque tempor fusce cubilia dictumst habitant cras, etiam volutpat metus tincidunt integer auctor orci urna pellentesque class conubia odio rhoncus congue morbi. Lorem mi semper. Lobortis augue libero risus. Ipsum luctus felis turpis sodales neque morbi.&lt;/p&gt;','','','amet-sociosqu-potenti',0,0,'','',''),(51,2,'2022-07-04 16:30:19',0,1,'amet sociosqu potenti','&lt;p&gt;A lacinia nec scelerisque sociosqu diam cras. Mattis feugiat pretium blandit eros cras. Interdum nulla id leo purus faucibus hendrerit quam pellentesque aliquet aenean, lacus id a ac quam curabitur. Id finibus libero neque, lacus pulvinar tellus purus sollicitudin aptent magna suscipit netus. Lacus a integer pulvinar ex ultricies platea libero sodales duis. Nunc tellus hendrerit ornare condimentum sagittis ad conubia himenaeos fermentum turpis porta rhoncus vehicula imperdiet. Sapien id velit vitae convallis varius primis hac efficitur per magna ullamcorper fames. Lobortis facilisis pulvinar tellus orci ultricies sollicitudin sociosqu inceptos turpis magna porta enim neque bibendum.&lt;/p&gt;\r\n&lt;p&gt;Elit nulla malesuada mauris nibh dui pellentesque sociosqu aenean. Dictum finibus elementum, praesent erat id quisque auctor aliquam ante litora risus habitant fames. Tincidunt a scelerisque sollicitudin per donec enim bibendum suscipit imperdiet dignissim iaculis.&lt;/p&gt;\r\n&lt;p&gt;Etiam efficitur inceptos blandit suscipit. Viverra lobortis lacinia ac quis primis, suspendisse faucibus primis fermentum. At finibus tellus consequat sagittis nostra eros imperdiet, dolor adipiscing id purus suscipit. Dictum finibus luctus quisque tempor fusce cubilia dictumst habitant cras, etiam volutpat metus tincidunt integer auctor orci urna pellentesque class conubia odio rhoncus congue morbi. Lorem mi semper. Lobortis augue libero risus. Ipsum luctus felis turpis sodales neque morbi.&lt;/p&gt;','','','amet-sociosqu-potenti',0,0,'','',''),(52,1,'2022-07-04 16:32:59',1,1,'in taciti potenti','<p>Vitae cubilia blandit vehicula tristique. Sed metus lacinia tempor fringilla dui sociosqu ad conubia himenaeos laoreet dignissim. Sit adipiscing in volutpat tincidunt eu conubia ullamcorper. Vestibulum a purus faucibus nullam pretium condimentum aliquet.</p><p>Pulvinar quisque auctor, egestas in sapien semper nisi sollicitudin eget sociosqu torquent suscipit imperdiet aliquet habitant. Praesent vestibulum a quisque cursus sagittis ad fermentum congue cras, mollis nullam pretium. Finibus luctus ut arcu torquent inceptos porta duis, mi etiam viverra lobortis feugiat auctor ex posuere dictumst commodo lectus sodales congue dignissim. Sed ultrices aliquam maximus sociosqu litora laoreet imperdiet netus.</p><p>Nulla luctus ut scelerisque faucibus orci sagittis commodo enim neque. Dictum placerat vitae luctus a fringilla pellentesque inceptos cras. Ultrices consequat sagittis, elit mauris tincidunt ligula ultrices tempus eros habitant. Sollicitudin sociosqu blandit duis. Suspendisse quis nam. Mi ut nullam dignissim.</p>','','','',0,0,'','',''),(52,2,'2022-07-04 16:32:59',1,1,'in taciti potenti','<p>Vitae cubilia blandit vehicula tristique. Sed metus lacinia tempor fringilla dui sociosqu ad conubia himenaeos laoreet dignissim. Sit adipiscing in volutpat tincidunt eu conubia ullamcorper. Vestibulum a purus faucibus nullam pretium condimentum aliquet.</p><p>Pulvinar quisque auctor, egestas in sapien semper nisi sollicitudin eget sociosqu torquent suscipit imperdiet aliquet habitant. Praesent vestibulum a quisque cursus sagittis ad fermentum congue cras, mollis nullam pretium. Finibus luctus ut arcu torquent inceptos porta duis, mi etiam viverra lobortis feugiat auctor ex posuere dictumst commodo lectus sodales congue dignissim. Sed ultrices aliquam maximus sociosqu litora laoreet imperdiet netus.</p><p>Nulla luctus ut scelerisque faucibus orci sagittis commodo enim neque. Dictum placerat vitae luctus a fringilla pellentesque inceptos cras. Ultrices consequat sagittis, elit mauris tincidunt ligula ultrices tempus eros habitant. Sollicitudin sociosqu blandit duis. Suspendisse quis nam. Mi ut nullam dignissim.</p>','','','',0,0,'','',''),(53,1,'2022-07-07 13:51:47',0,1,'test','','','','53-test',0,0,'','',''),(53,2,'2022-07-07 13:51:47',0,1,'test','','','','53-test',0,0,'','',''),(54,1,'0000-00-00 00:00:00',1,1,'aliquam orci ultricies accumsan','<p>Dolor elit sed volutpat massa pharetra congue dignissim. Orci pharetra commodo nam tristique. Praesent malesuada faucibus class odio duis risus habitant iaculis. Praesent nulla tincidunt mollis cursus consequat dui congue iaculis. Vitae dui congue sem, nulla malesuada at pulvinar fusce ante ornare condimentum lectus enim dignissim. Sit vitae luctus ornare dui vehicula sem tristique. Adipiscing egestas metus tincidunt hendrerit dapibus bibendum.</p><p>Ipsum sit quis, lorem mi sapien metus luctus curae condimentum aptent ad magna nam habitant cras. Nulla sapien etiam maecenas nibh faucibus proin dapibus pretium hac dictumst blandit vehicula. Sit ultrices convallis massa fringilla suscipit. Placerat vestibulum luctus lacinia pretium commodo enim elementum suscipit. Faucibus dignissim risus, egestas a nec pulvinar curae pharetra aptent inceptos diam tristique. Dolor velit maecenas aliquam fringilla cubilia commodo dui nostra.</p><p>Etiam ante curabitur, placerat phasellus felis magna. Elit viverra maecenas a ultrices aliquam dui pellentesque class rhoncus vehicula imperdiet ullamcorper aliquet senectus, dolor at semper faucibus cubilia dapibus urna porttitor gravida netus. Placerat ante proin, sed finibus feugiat venenatis posuere gravida litora himenaeos vehicula, maecenas integer aliquam sagittis potenti. Sapien lobortis facilisis tempor convallis dapibus habitasse aptent turpis odio duis bibendum iaculis.</p>','','','',0,0,'','',''),(54,2,'0000-00-00 00:00:00',1,1,'aliquam orci ultricies accumsan','<p>Dolor elit sed volutpat massa pharetra congue dignissim. Orci pharetra commodo nam tristique. Praesent malesuada faucibus class odio duis risus habitant iaculis. Praesent nulla tincidunt mollis cursus consequat dui congue iaculis. Vitae dui congue sem, nulla malesuada at pulvinar fusce ante ornare condimentum lectus enim dignissim. Sit vitae luctus ornare dui vehicula sem tristique. Adipiscing egestas metus tincidunt hendrerit dapibus bibendum.</p><p>Ipsum sit quis, lorem mi sapien metus luctus curae condimentum aptent ad magna nam habitant cras. Nulla sapien etiam maecenas nibh faucibus proin dapibus pretium hac dictumst blandit vehicula. Sit ultrices convallis massa fringilla suscipit. Placerat vestibulum luctus lacinia pretium commodo enim elementum suscipit. Faucibus dignissim risus, egestas a nec pulvinar curae pharetra aptent inceptos diam tristique. Dolor velit maecenas aliquam fringilla cubilia commodo dui nostra.</p><p>Etiam ante curabitur, placerat phasellus felis magna. Elit viverra maecenas a ultrices aliquam dui pellentesque class rhoncus vehicula imperdiet ullamcorper aliquet senectus, dolor at semper faucibus cubilia dapibus urna porttitor gravida netus. Placerat ante proin, sed finibus feugiat venenatis posuere gravida litora himenaeos vehicula, maecenas integer aliquam sagittis potenti. Sapien lobortis facilisis tempor convallis dapibus habitasse aptent turpis odio duis bibendum iaculis.</p>','','','',0,0,'','',''),(55,1,'2022-07-08 09:51:57',1,1,'lorem viverra venenatis ex massa varius class congue','<p>Egestas lacus id pulvinar scelerisque purus gravida commodo maximus aptent bibendum elementum. Convallis aptent bibendum. Lorem vitae mauris libero efficitur per fermentum bibendum. Elit interdum lacus malesuada justo vitae pulvinar ultrices primis consequat platea litora. Non volutpat leo ut venenatis nisi hendrerit porta rhoncus accumsan, dolor consectetur finibus leo feugiat a facilisis quisque venenatis quis dui enim imperdiet sem cras. Velit tincidunt porttitor, tincidunt ultrices proin porta neque elementum. Lacus integer nullam porttitor. Consectetur lacus mattis eleifend eget vulputate urna gravida class torquent conubia sem fames, suspendisse quisque dapibus tempus sagittis conubia rhoncus nisl.</p><p>In pulvinar ultrices efficitur sociosqu. Interdum etiam metus nisi. Mi viverra lectus, consectetur egestas nulla mattis metus tincidunt purus pretium eu vel maximus aliquet tristique. Velit cubilia euismod consequat maximus conubia. Feugiat nisi fringilla ultricies sagittis. Praesent interdum mauris leo quisque massa varius tempus sagittis dui fermentum magna curabitur, in sed erat vestibulum ornare arcu condimentum donec nam netus cras. Nulla metus feugiat suspendisse nisi dui. Praesent cursus maximus, nulla facilisis suspendisse gravida eros.</p><p>Metus tortor tempor nullam gravida maximus rhoncus congue imperdiet fames, amet dictum pulvinar venenatis nisi primis dapibus sollicitudin euismod pellentesque himenaeos fermentum nam senectus cras, praesent lacus tincidunt scelerisque faucibus ante ornare euismod consequat tempus hac inceptos habitant. Dictum sapien velit vitae suspendisse hendrerit nostra porta sodales diam sem nisl. Ipsum consectetur erat ligula phasellus aliquam proin augue porttitor commodo per habitant nisl. Dolor consectetur finibus maecenas vitae lacinia ut varius posuere habitasse ad porta habitant, sit amet dictum facilisis ut ultricies pretium urna hac curabitur blandit. Mi finibus leo eleifend quisque fusce faucibus lectus maximus neque eros.</p>','','','',0,0,'','',''),(55,2,'2022-07-08 09:51:57',1,1,'lorem viverra venenatis ex massa varius class congue','<p>Egestas lacus id pulvinar scelerisque purus gravida commodo maximus aptent bibendum elementum. Convallis aptent bibendum. Lorem vitae mauris libero efficitur per fermentum bibendum. Elit interdum lacus malesuada justo vitae pulvinar ultrices primis consequat platea litora. Non volutpat leo ut venenatis nisi hendrerit porta rhoncus accumsan, dolor consectetur finibus leo feugiat a facilisis quisque venenatis quis dui enim imperdiet sem cras. Velit tincidunt porttitor, tincidunt ultrices proin porta neque elementum. Lacus integer nullam porttitor. Consectetur lacus mattis eleifend eget vulputate urna gravida class torquent conubia sem fames, suspendisse quisque dapibus tempus sagittis conubia rhoncus nisl.</p><p>In pulvinar ultrices efficitur sociosqu. Interdum etiam metus nisi. Mi viverra lectus, consectetur egestas nulla mattis metus tincidunt purus pretium eu vel maximus aliquet tristique. Velit cubilia euismod consequat maximus conubia. Feugiat nisi fringilla ultricies sagittis. Praesent interdum mauris leo quisque massa varius tempus sagittis dui fermentum magna curabitur, in sed erat vestibulum ornare arcu condimentum donec nam netus cras. Nulla metus feugiat suspendisse nisi dui. Praesent cursus maximus, nulla facilisis suspendisse gravida eros.</p><p>Metus tortor tempor nullam gravida maximus rhoncus congue imperdiet fames, amet dictum pulvinar venenatis nisi primis dapibus sollicitudin euismod pellentesque himenaeos fermentum nam senectus cras, praesent lacus tincidunt scelerisque faucibus ante ornare euismod consequat tempus hac inceptos habitant. Dictum sapien velit vitae suspendisse hendrerit nostra porta sodales diam sem nisl. Ipsum consectetur erat ligula phasellus aliquam proin augue porttitor commodo per habitant nisl. Dolor consectetur finibus maecenas vitae lacinia ut varius posuere habitasse ad porta habitant, sit amet dictum facilisis ut ultricies pretium urna hac curabitur blandit. Mi finibus leo eleifend quisque fusce faucibus lectus maximus neque eros.</p>','','','',0,0,'','',''),(56,1,'2022-07-08 10:26:59',1,1,'leo feugiat ullamcorper','&lt;h2 style=&quot;text-align: justify;&quot;&gt;STOCK PERGOLA&lt;/h2&gt;\r\n&lt;p style=&quot;text-align: justify;&quot;&gt;5000 x 3000 = 7500&euro; + VAT color 8025 (brown)&lt;/p&gt;\r\n&lt;p style=&quot;text-align: justify;&quot;&gt;5000 x 3000 = 7500&euro; + VAT color 9016 (white)&lt;/p&gt;\r\n&lt;p style=&quot;text-align: justify;&quot;&gt;5000 x 3000 = 7500&euro; + VAT color 7016 (grey)&lt;/p&gt;\r\n&lt;p style=&quot;text-align: justify;&quot;&gt;6000 x 4000 = 13.000&euro; + VAT color 7016 (grey)&lt;/p&gt;','','','',0,0,'','',''),(56,2,'2022-07-08 10:26:59',1,1,'leo feugiat ullamcorper','&lt;h2 style=&quot;text-align: justify;&quot;&gt;STOCK PERGOLA&lt;/h2&gt;\r\n&lt;p style=&quot;text-align: justify;&quot;&gt;5000 x 3000 = 7500&euro; + VAT color 8025 (brown)&lt;/p&gt;\r\n&lt;p style=&quot;text-align: justify;&quot;&gt;5000 x 3000 = 7500&euro; + VAT color 9016 (white)&lt;/p&gt;\r\n&lt;p style=&quot;text-align: justify;&quot;&gt;5000 x 3000 = 7500&euro; + VAT color 7016 (grey)&lt;/p&gt;\r\n&lt;p style=&quot;text-align: justify;&quot;&gt;6000 x 4000 = 13.000&euro; + VAT color 7016 (grey)&lt;/p&gt;','','','',0,0,'','',''),(57,1,'2022-07-08 10:28:26',1,1,'non sed et ultricies eros habitant iaculis','<p>Nisi fusce sollicitudin euismod hac risus. Malesuada erat etiam finibus volutpat nibh ligula quis ex quam dictumst torquent curabitur eros. Interdum pulvinar tellus augue gravida taciti turpis duis fames. Lacus ut tellus fusce fringilla eget pretium torquent conubia magna laoreet fames.</p><p>Ipsum nulla placerat finibus lobortis feugiat facilisis quisque convallis felis fringilla augue pretium sagittis donec. Egestas metus proin urna, adipiscing suspendisse eleifend nec ut faucibus varius maximus donec duis. Amet at a ac ut nisi ornare eu vel aptent himenaeos laoreet. Ipsum id est venenatis massa hendrerit urna dui libero accumsan. Dictum tincidunt mollis et dictumst suscipit risus. Interdum velit metus feugiat libero rhoncus imperdiet morbi fames, dolor sit sed malesuada viverra nec quisque ut proin platea lectus bibendum netus, mauris tellus ex posuere hac gravida duis vehicula.</p><p>Amet placerat erat eleifend mollis fusce orci curae habitasse aptent rhoncus risus. Amet vivamus sodales morbi. Leo nibh gravida dignissim. Mi lacinia ligula class nam. Mauris augue pretium quam condimentum gravida vel curabitur congue. Luctus tortor cursus felis ornare. Amet adipiscing lobortis a facilisis ligula auctor tortor faucibus hendrerit condimentum sagittis congue diam sem.</p>','','','',0,0,'','',''),(57,2,'2022-07-08 10:28:26',1,1,'non sed et ultricies eros habitant iaculis','<p>Nisi fusce sollicitudin euismod hac risus. Malesuada erat etiam finibus volutpat nibh ligula quis ex quam dictumst torquent curabitur eros. Interdum pulvinar tellus augue gravida taciti turpis duis fames. Lacus ut tellus fusce fringilla eget pretium torquent conubia magna laoreet fames.</p><p>Ipsum nulla placerat finibus lobortis feugiat facilisis quisque convallis felis fringilla augue pretium sagittis donec. Egestas metus proin urna, adipiscing suspendisse eleifend nec ut faucibus varius maximus donec duis. Amet at a ac ut nisi ornare eu vel aptent himenaeos laoreet. Ipsum id est venenatis massa hendrerit urna dui libero accumsan. Dictum tincidunt mollis et dictumst suscipit risus. Interdum velit metus feugiat libero rhoncus imperdiet morbi fames, dolor sit sed malesuada viverra nec quisque ut proin platea lectus bibendum netus, mauris tellus ex posuere hac gravida duis vehicula.</p><p>Amet placerat erat eleifend mollis fusce orci curae habitasse aptent rhoncus risus. Amet vivamus sodales morbi. Leo nibh gravida dignissim. Mi lacinia ligula class nam. Mauris augue pretium quam condimentum gravida vel curabitur congue. Luctus tortor cursus felis ornare. Amet adipiscing lobortis a facilisis ligula auctor tortor faucibus hendrerit condimentum sagittis congue diam sem.</p>','','','',0,0,'','',''),(58,1,'2022-07-08 10:37:58',1,1,'dolor at sollicitudin urna dictumst commodo','<p>Amet interdum nibh facilisis quisque felis faucibus et euismod conubia himenaeos, praesent leo mollis tellus ante vulputate sagittis rhoncus elementum nam dignissim morbi nisl. Amet viverra justo a ex augue condimentum dui conubia, lorem elit nulla finibus volutpat tortor hendrerit dapibus sociosqu sodales elementum cras. Praesent lacus finibus phasellus cursus fusce quam ad litora donec curabitur odio bibendum vehicula nisl. Suspendisse quam vivamus odio. Dolor mauris lacinia quisque mollis ex curae ultricies sagittis rhoncus blandit dignissim. In leo molestie orci posuere curae sagittis gravida ad curabitur aliquet morbi netus nisl. Vestibulum nisi curae nullam litora himenaeos.</p><p>Non pulvinar primis platea potenti accumsan nisl. Lorem sit at id vestibulum ligula ultricies eget pretium sagittis lectus efficitur taciti per blandit. Lorem elit mi erat velit leo suspendisse phasellus cursus felis faucibus primis urna vivamus pellentesque, lorem amet adipiscing elit mi viverra leo nunc massa nullam class aptent per diam. Elit non maecenas tortor ultrices fringilla primis euismod dictumst gravida dui class sem dignissim, lorem mi facilisis augue. Ligula fusce proin suscipit. Mi massa posuere gravida litora torquent donec potenti neque morbi tristique aenean. Sed placerat lacinia hendrerit sollicitudin quam litora.</p><p>Lorem sit amet sollicitudin magna tristique. Elit malesuada finibus luctus nibh tincidunt eleifend quam conubia curabitur imperdiet. Interdum sed tortor ultrices molestie ex varius euismod magna diam tristique aenean. Etiam luctus cubilia curae pretium vulputate urna hac sociosqu rhoncus accumsan vehicula cras. Ipsum viverra neque netus.</p>','','','',0,0,'','',''),(58,2,'2022-07-08 10:37:58',1,1,'dolor at sollicitudin urna dictumst commodo','<p>Amet interdum nibh facilisis quisque felis faucibus et euismod conubia himenaeos, praesent leo mollis tellus ante vulputate sagittis rhoncus elementum nam dignissim morbi nisl. Amet viverra justo a ex augue condimentum dui conubia, lorem elit nulla finibus volutpat tortor hendrerit dapibus sociosqu sodales elementum cras. Praesent lacus finibus phasellus cursus fusce quam ad litora donec curabitur odio bibendum vehicula nisl. Suspendisse quam vivamus odio. Dolor mauris lacinia quisque mollis ex curae ultricies sagittis rhoncus blandit dignissim. In leo molestie orci posuere curae sagittis gravida ad curabitur aliquet morbi netus nisl. Vestibulum nisi curae nullam litora himenaeos.</p><p>Non pulvinar primis platea potenti accumsan nisl. Lorem sit at id vestibulum ligula ultricies eget pretium sagittis lectus efficitur taciti per blandit. Lorem elit mi erat velit leo suspendisse phasellus cursus felis faucibus primis urna vivamus pellentesque, lorem amet adipiscing elit mi viverra leo nunc massa nullam class aptent per diam. Elit non maecenas tortor ultrices fringilla primis euismod dictumst gravida dui class sem dignissim, lorem mi facilisis augue. Ligula fusce proin suscipit. Mi massa posuere gravida litora torquent donec potenti neque morbi tristique aenean. Sed placerat lacinia hendrerit sollicitudin quam litora.</p><p>Lorem sit amet sollicitudin magna tristique. Elit malesuada finibus luctus nibh tincidunt eleifend quam conubia curabitur imperdiet. Interdum sed tortor ultrices molestie ex varius euismod magna diam tristique aenean. Etiam luctus cubilia curae pretium vulputate urna hac sociosqu rhoncus accumsan vehicula cras. Ipsum viverra neque netus.</p>','','','',0,0,'','',''),(59,1,'2022-07-08 10:41:23',1,1,'fusce augue fermentum turpis donec','<p>Ipsum dictum facilisis eleifend nec primis vulputate porttitor curabitur odio blandit duis. Lacus sed integer semper nisi ex varius primis eget imperdiet ullamcorper, lorem interdum semper quis purus fringilla hac potenti risus habitant cras. Ex orci gravida vivamus fermentum sodales, sapien mattis lacinia tempor venenatis eget pretium efficitur potenti diam. Ipsum in ac semper convallis cursus quam consequat porta, dapibus vulputate urna conubia himenaeos sem. Ac gravida torquent blandit imperdiet sem nisl.</p><p>A ut scelerisque venenatis ex fringilla proin sollicitudin ad per conubia congue suscipit sem, gravida porta morbi. Placerat malesuada volutpat nisi consequat eu sociosqu porta accumsan morbi. Lorem consectetur adipiscing id viverra tincidunt ut ultricies ornare nullam aenean. Consectetur lacus ut est scelerisque pretium condimentum tempus sagittis nostra laoreet elementum imperdiet, praesent non sapien placerat luctus suspendisse scelerisque quis eros fames. Ipsum placerat malesuada finibus a tortor convallis ante porttitor sagittis donec rhoncus nisl.</p><p>Sit in lobortis tortor proin augue sollicitudin condimentum inceptos sodales imperdiet. Sed metus venenatis faucibus cubilia fermentum aenean. Consectetur interdum mattis massa varius proin ultricies condimentum pellentesque fermentum curabitur congue. Viverra justo lobortis facilisis purus posuere porttitor commodo libero vel fermentum blandit congue elementum.</p>','','','',0,0,'','',''),(59,2,'2022-07-08 10:41:23',1,1,'fusce augue fermentum turpis donec','<p>Ipsum dictum facilisis eleifend nec primis vulputate porttitor curabitur odio blandit duis. Lacus sed integer semper nisi ex varius primis eget imperdiet ullamcorper, lorem interdum semper quis purus fringilla hac potenti risus habitant cras. Ex orci gravida vivamus fermentum sodales, sapien mattis lacinia tempor venenatis eget pretium efficitur potenti diam. Ipsum in ac semper convallis cursus quam consequat porta, dapibus vulputate urna conubia himenaeos sem. Ac gravida torquent blandit imperdiet sem nisl.</p><p>A ut scelerisque venenatis ex fringilla proin sollicitudin ad per conubia congue suscipit sem, gravida porta morbi. Placerat malesuada volutpat nisi consequat eu sociosqu porta accumsan morbi. Lorem consectetur adipiscing id viverra tincidunt ut ultricies ornare nullam aenean. Consectetur lacus ut est scelerisque pretium condimentum tempus sagittis nostra laoreet elementum imperdiet, praesent non sapien placerat luctus suspendisse scelerisque quis eros fames. Ipsum placerat malesuada finibus a tortor convallis ante porttitor sagittis donec rhoncus nisl.</p><p>Sit in lobortis tortor proin augue sollicitudin condimentum inceptos sodales imperdiet. Sed metus venenatis faucibus cubilia fermentum aenean. Consectetur interdum mattis massa varius proin ultricies condimentum pellentesque fermentum curabitur congue. Viverra justo lobortis facilisis purus posuere porttitor commodo libero vel fermentum blandit congue elementum.</p>','','','',0,0,'','',''),(60,1,'2022-07-08 10:41:55',1,1,'velit feugiat quis fusce ante hendrerit sagittis aenean','&lt;p style=&quot;text-align: justify;&quot;&gt;Have you ever dream to overnight in a vintage american RV? Now you can do that at Lisjak Olive estate. Fully restored RVs with a touch of Olivewood.&lt;/p&gt;\r\n&lt;p style=&quot;text-align: justify;&quot;&gt;80.000m2 of olives, grapes, cherries, figs, persimmons and wild nature will surround your leaving.&lt;/p&gt;\r\n&lt;p style=&quot;text-align: justify;&quot;&gt;Relax of wild nature and facilities from the cities that is away less than 2km.&lt;/p&gt;','','','',0,0,'','',''),(60,2,'2022-07-08 10:41:55',1,1,'velit feugiat quis fusce ante hendrerit sagittis aenean','&lt;p style=&quot;text-align: justify;&quot;&gt;Have you ever dream to overnight in a vintage american RV? Now you can do that at Lisjak Olive estate. Fully restored RVs with a touch of Olivewood.&lt;/p&gt;\r\n&lt;p style=&quot;text-align: justify;&quot;&gt;80.000m2 of olives, grapes, cherries, figs, persimmons and wild nature will surround your leaving.&lt;/p&gt;\r\n&lt;p style=&quot;text-align: justify;&quot;&gt;Relax of wild nature and facilities from the cities that is away less than 2km.&lt;/p&gt;','','','',0,0,'','',''),(61,1,'0000-00-00 00:00:00',1,1,'praesent maecenas tellus fringilla quam dui pellentesque potenti','<p>Adipiscing non velit mauris leo convallis sollicitudin condimentum lectus libero vel donec elementum aliquet. Ligula semper ex augue quam lectus himenaeos neque bibendum elementum sem. Mi egestas vestibulum nec purus proin euismod condimentum commodo vivamus maximus litora bibendum senectus cras. Sed tortor molestie faucibus varius pharetra dui. Facilisis urna tempus dictumst libero vel turpis potenti accumsan diam. Etiam tincidunt nunc molestie ornare condimentum hac conubia porta aliquet. Malesuada finibus viverra luctus integer ac vel vehicula sem.</p><p>Praesent placerat luctus leo ac felis condimentum donec curabitur odio neque morbi. Erat lacinia cursus orci eget ad, malesuada id maecenas tortor cursus ante tempus habitant. Cursus massa taciti fames. Consectetur nec tortor scelerisque venenatis ultrices nisi aliquam posuere ornare eget vulputate blandit potenti dignissim, lorem dolor a lacinia ligula purus primis pharetra nullam hac nostra elementum diam risus. Suspendisse nec cubilia eget condimentum curabitur neque duis aenean. Luctus libero fermentum.</p><p>Non sapien malesuada metus nunc urna vivamus sociosqu risus, egestas at metus pulvinar ut dictumst commodo. Mauris ultrices nullam euismod diam, quis habitasse accumsan. Ex vulputate donec.</p>','','','',0,0,'','',''),(61,2,'0000-00-00 00:00:00',1,1,'praesent maecenas tellus fringilla quam dui pellentesque potenti','<p>Adipiscing non velit mauris leo convallis sollicitudin condimentum lectus libero vel donec elementum aliquet. Ligula semper ex augue quam lectus himenaeos neque bibendum elementum sem. Mi egestas vestibulum nec purus proin euismod condimentum commodo vivamus maximus litora bibendum senectus cras. Sed tortor molestie faucibus varius pharetra dui. Facilisis urna tempus dictumst libero vel turpis potenti accumsan diam. Etiam tincidunt nunc molestie ornare condimentum hac conubia porta aliquet. Malesuada finibus viverra luctus integer ac vel vehicula sem.</p><p>Praesent placerat luctus leo ac felis condimentum donec curabitur odio neque morbi. Erat lacinia cursus orci eget ad, malesuada id maecenas tortor cursus ante tempus habitant. Cursus massa taciti fames. Consectetur nec tortor scelerisque venenatis ultrices nisi aliquam posuere ornare eget vulputate blandit potenti dignissim, lorem dolor a lacinia ligula purus primis pharetra nullam hac nostra elementum diam risus. Suspendisse nec cubilia eget condimentum curabitur neque duis aenean. Luctus libero fermentum.</p><p>Non sapien malesuada metus nunc urna vivamus sociosqu risus, egestas at metus pulvinar ut dictumst commodo. Mauris ultrices nullam euismod diam, quis habitasse accumsan. Ex vulputate donec.</p>','','','',0,0,'','',''),(62,1,'2022-08-10 13:06:30',1,1,'praesent finibus libero tristique','&lt;p&gt;Id mattis justo tincidunt fusce curae ornare eget quam rhoncus sodales suscipit senectus. Per curabitur blandit iaculis. Ac semper efficitur sociosqu conubia odio. Dolor lobortis facilisis primis eget quam diam, egestas velit vitae vestibulum ut mollis molestie orci accumsan. Interdum velit dui blandit sem. Lorem mollis molestie arcu platea eu litora porta curabitur habitant tristique. Elit at maecenas semper tortor scelerisque ex felis faucibus ultricies augue maximus ad iaculis.&lt;/p&gt;\r\n&lt;p&gt;Maecenas metus tortor tempor felis posuere quam vel litora potenti elementum. Praesent finibus a eleifend venenatis aliquam augue porttitor dictumst gravida sociosqu himenaeos enim imperdiet aenean, non at nibh dui lectus pellentesque sodales duis diam imperdiet netus. Sit etiam viverra aptent curabitur elementum. Consectetur mi lacus placerat velit nunc tempor purus augue pretium pellentesque torquent fames. Velit ornare donec duis. Pulvinar auctor felis augue porttitor habitasse senectus netus, feugiat convallis quam eros iaculis. Dapibus sollicitudin class odio duis sem.&lt;/p&gt;\r\n&lt;p&gt;Id tincidunt faucibus cubilia nullam hac dui senectus, sed fringilla class himenaeos. Adipiscing elit sed placerat feugiat nibh ligula auctor tortor proin pharetra platea dictumst eu pellentesque. Nulla quisque habitant. Mi justo facilisis molestie massa felis cubilia curae hac sagittis eu litora elementum. Mi sed luctus nibh ligula tempor felis euismod quam dictumst lectus conubia blandit eros.&lt;/p&gt;','','','praesent-finibus-libero-tristique',0,0,'','',''),(62,2,'2022-08-10 13:06:30',1,1,'praesent finibus libero tristique','&lt;p&gt;Id mattis justo tincidunt fusce curae ornare eget quam rhoncus sodales suscipit senectus. Per curabitur blandit iaculis. Ac semper efficitur sociosqu conubia odio. Dolor lobortis facilisis primis eget quam diam, egestas velit vitae vestibulum ut mollis molestie orci accumsan. Interdum velit dui blandit sem. Lorem mollis molestie arcu platea eu litora porta curabitur habitant tristique. Elit at maecenas semper tortor scelerisque ex felis faucibus ultricies augue maximus ad iaculis.&lt;/p&gt;\r\n&lt;p&gt;Maecenas metus tortor tempor felis posuere quam vel litora potenti elementum. Praesent finibus a eleifend venenatis aliquam augue porttitor dictumst gravida sociosqu himenaeos enim imperdiet aenean, non at nibh dui lectus pellentesque sodales duis diam imperdiet netus. Sit etiam viverra aptent curabitur elementum. Consectetur mi lacus placerat velit nunc tempor purus augue pretium pellentesque torquent fames. Velit ornare donec duis. Pulvinar auctor felis augue porttitor habitasse senectus netus, feugiat convallis quam eros iaculis. Dapibus sollicitudin class odio duis sem.&lt;/p&gt;\r\n&lt;p&gt;Id tincidunt faucibus cubilia nullam hac dui senectus, sed fringilla class himenaeos. Adipiscing elit sed placerat feugiat nibh ligula auctor tortor proin pharetra platea dictumst eu pellentesque. Nulla quisque habitant. Mi justo facilisis molestie massa felis cubilia curae hac sagittis eu litora elementum. Mi sed luctus nibh ligula tempor felis euismod quam dictumst lectus conubia blandit eros.&lt;/p&gt;','','','praesent-finibus-libero-tristique',0,0,'','',''),(63,1,'2022-07-08 10:48:54',1,1,'luctus scelerisque purus vivamus','<p>Quis fusce primis risus senectus. Sit dictum cursus massa dictumst commodo. Consectetur mi sed tortor scelerisque massa pretium vivamus aptent turpis diam. Praesent phasellus dictumst duis. In velit vestibulum eleifend urna condimentum donec curabitur aliquet. Ex arcu hac habitasse aptent risus. Pretium platea senectus, in tempus lectus vel.</p><p>Nulla mattis a purus platea turpis duis, mi id viverra pulvinar varius cubilia ultricies euismod hac suscipit eros ullamcorper fames. Molestie faucibus pretium odio. Erat finibus lacinia cubilia hendrerit libero pellentesque sodales accumsan suscipit vehicula netus. Mauris lacinia pulvinar cubilia augue quam consequat. Amet non egestas placerat erat luctus ut molestie ante condimentum tempus odio elementum ullamcorper aenean. Nulla convallis augue conubia. In etiam nisi pretium arcu nam, ipsum elit id lacinia quisque tellus ultricies sagittis eu vivamus sodales risus nisl. Lacus placerat volutpat luctus sollicitudin consequat vivamus libero vel nostra congue vehicula ullamcorper.</p><p>Dolor sit interdum venenatis primis ad himenaeos nam. Mattis nec ultricies commodo vel. Lorem etiam nunc nec tellus purus cubilia dapibus vel maximus torquent risus aenean. Dolor mi tincidunt faucibus urna eu himenaeos sodales congue.</p>','','','',0,0,'','',''),(63,2,'2022-07-08 10:48:54',1,1,'luctus scelerisque purus vivamus','<p>Quis fusce primis risus senectus. Sit dictum cursus massa dictumst commodo. Consectetur mi sed tortor scelerisque massa pretium vivamus aptent turpis diam. Praesent phasellus dictumst duis. In velit vestibulum eleifend urna condimentum donec curabitur aliquet. Ex arcu hac habitasse aptent risus. Pretium platea senectus, in tempus lectus vel.</p><p>Nulla mattis a purus platea turpis duis, mi id viverra pulvinar varius cubilia ultricies euismod hac suscipit eros ullamcorper fames. Molestie faucibus pretium odio. Erat finibus lacinia cubilia hendrerit libero pellentesque sodales accumsan suscipit vehicula netus. Mauris lacinia pulvinar cubilia augue quam consequat. Amet non egestas placerat erat luctus ut molestie ante condimentum tempus odio elementum ullamcorper aenean. Nulla convallis augue conubia. In etiam nisi pretium arcu nam, ipsum elit id lacinia quisque tellus ultricies sagittis eu vivamus sodales risus nisl. Lacus placerat volutpat luctus sollicitudin consequat vivamus libero vel nostra congue vehicula ullamcorper.</p><p>Dolor sit interdum venenatis primis ad himenaeos nam. Mattis nec ultricies commodo vel. Lorem etiam nunc nec tellus purus cubilia dapibus vel maximus torquent risus aenean. Dolor mi tincidunt faucibus urna eu himenaeos sodales congue.</p>','','','',0,0,'','',''),(64,1,'2022-08-25 13:41:09',1,1,'non lacus viverra lobortis tempor potenti diam','<p>Quisque platea nostra senectus. Dolor adipiscing praesent erat etiam volutpat nibh pharetra nullam. Vestibulum facilisis venenatis ultrices primis ultricies habitasse odio dignissim fames. Adipiscing suspendisse eu lectus dignissim. Massa curae dapibus maximus sem. Placerat vitae luctus tincidunt proin arcu condimentum sagittis taciti inceptos accumsan dignissim tristique. Ipsum est venenatis nisi maximus himenaeos fermentum blandit senectus.</p><p>Elit nibh lacinia quisque molestie vehicula. Mi auctor varius. Mi finibus nec pulvinar ut tortor venenatis purus cubilia dapibus platea class sociosqu eros aenean.</p><p>A phasellus vivamus pellentesque magna vehicula. Suspendisse proin gravida sodales. Leo scelerisque tellus aptent magna sodales neque suscipit diam. Phasellus felis gravida pellentesque aptent blandit, consectetur interdum sapien maecenas eleifend curae augue tempus lectus torquent rhoncus sem risus cras. Id fusce euismod urna sagittis.</p>','','','',0,0,'','',''),(64,2,'2022-08-19 16:01:12',1,1,'non lacus viverra lobortis tempor potenti diam','<p>Quisque platea nostra senectus. Dolor adipiscing praesent erat etiam volutpat nibh pharetra nullam. Vestibulum facilisis venenatis ultrices primis ultricies habitasse odio dignissim fames. Adipiscing suspendisse eu lectus dignissim. Massa curae dapibus maximus sem. Placerat vitae luctus tincidunt proin arcu condimentum sagittis taciti inceptos accumsan dignissim tristique. Ipsum est venenatis nisi maximus himenaeos fermentum blandit senectus.</p><p>Elit nibh lacinia quisque molestie vehicula. Mi auctor varius. Mi finibus nec pulvinar ut tortor venenatis purus cubilia dapibus platea class sociosqu eros aenean.</p><p>A phasellus vivamus pellentesque magna vehicula. Suspendisse proin gravida sodales. Leo scelerisque tellus aptent magna sodales neque suscipit diam. Phasellus felis gravida pellentesque aptent blandit, consectetur interdum sapien maecenas eleifend curae augue tempus lectus torquent rhoncus sem risus cras. Id fusce euismod urna sagittis.</p>','','','',0,0,'','',''),(65,1,'2022-10-06 15:06:41',1,1,'viverra feugiat nisi pharetra','<p>Velit mattis a suspendisse tortor purus ante ornare augue platea eu vel taciti donec. Consectetur nulla fames. Dolor elit erat feugiat. Viverra ut nisi massa pretium tempus dictumst commodo per duis diam. Etiam finibus est tempor fusce posuere nullam tempus maximus vehicula tristique netus. Non in placerat malesuada venenatis purus ante curae habitasse sem iaculis, erat finibus maecenas lobortis facilisis ac est tempor quis vulputate per eros aliquet netus. Dolor nulla malesuada erat leo posuere proin ornare augue sollicitudin euismod quam curabitur diam. Amet viverra facilisis mollis molestie condimentum odio.</p><p>A lacinia nec semper quis primis pharetra arcu vivamus aptent conubia accumsan aliquet. Ex pretium dictumst eros, dictum nibh integer nec tellus dapibus pretium dui libero class accumsan congue nam iaculis. Non lacus erat lobortis ligula tortor euismod gravida porta potenti congue diam cras. Varius dictumst maximus sociosqu litora torquent conubia turpis aenean. Nulla maecenas mattis metus ac quisque tellus cursus ex varius augue eget sagittis elementum habitant, amet sapien viverra nibh ultrices nostra suscipit risus fames. Sapien justo tellus fusce libero vel sociosqu odio dignissim, erat orci pretium sociosqu, ipsum dolor amet lobortis nibh scelerisque massa sollicitudin pellentesque aptent potenti vehicula dignissim. Sed malesuada tincidunt facilisis ex ornare arcu diam cras.</p><p>Urna class vehicula sem, erat mattis lobortis tincidunt tortor ante posuere proin nullam pretium eu aptent porta eros. Aliquam inceptos bibendum, lacus placerat etiam id lobortis lacinia posuere pharetra nostra potenti. Mi vitae nibh integer ligula suspendisse nec eget litora blandit congue suscipit. Finibus luctus ante platea, semper tortor ultrices et curae porttitor quam habitasse pellentesque fermentum blandit, nulla luctus quisque nisi phasellus aliquam ex nostra inceptos turpis blandit imperdiet risus aenean. Egestas sapien id leo cursus fermentum blandit diam tristique netus aenean. Viverra duis laoreet.</p>','','','',0,0,'','',''),(65,2,'2022-08-29 10:40:42',1,1,'viverra feugiat nisi pharetra','<p>Velit mattis a suspendisse tortor purus ante ornare augue platea eu vel taciti donec. Consectetur nulla fames. Dolor elit erat feugiat. Viverra ut nisi massa pretium tempus dictumst commodo per duis diam. Etiam finibus est tempor fusce posuere nullam tempus maximus vehicula tristique netus. Non in placerat malesuada venenatis purus ante curae habitasse sem iaculis, erat finibus maecenas lobortis facilisis ac est tempor quis vulputate per eros aliquet netus. Dolor nulla malesuada erat leo posuere proin ornare augue sollicitudin euismod quam curabitur diam. Amet viverra facilisis mollis molestie condimentum odio.</p><p>A lacinia nec semper quis primis pharetra arcu vivamus aptent conubia accumsan aliquet. Ex pretium dictumst eros, dictum nibh integer nec tellus dapibus pretium dui libero class accumsan congue nam iaculis. Non lacus erat lobortis ligula tortor euismod gravida porta potenti congue diam cras. Varius dictumst maximus sociosqu litora torquent conubia turpis aenean. Nulla maecenas mattis metus ac quisque tellus cursus ex varius augue eget sagittis elementum habitant, amet sapien viverra nibh ultrices nostra suscipit risus fames. Sapien justo tellus fusce libero vel sociosqu odio dignissim, erat orci pretium sociosqu, ipsum dolor amet lobortis nibh scelerisque massa sollicitudin pellentesque aptent potenti vehicula dignissim. Sed malesuada tincidunt facilisis ex ornare arcu diam cras.</p><p>Urna class vehicula sem, erat mattis lobortis tincidunt tortor ante posuere proin nullam pretium eu aptent porta eros. Aliquam inceptos bibendum, lacus placerat etiam id lobortis lacinia posuere pharetra nostra potenti. Mi vitae nibh integer ligula suspendisse nec eget litora blandit congue suscipit. Finibus luctus ante platea, semper tortor ultrices et curae porttitor quam habitasse pellentesque fermentum blandit, nulla luctus quisque nisi phasellus aliquam ex nostra inceptos turpis blandit imperdiet risus aenean. Egestas sapien id leo cursus fermentum blandit diam tristique netus aenean. Viverra duis laoreet.</p>','','','',0,0,'','',''),(66,1,'2023-03-10 13:22:53',1,1,'ipsum felis varius gravida lectus','<p>Nibh fusce vivamus class ad. Nulla venenatis ornare sagittis commodo blandit aenean, consectetur non ac nisi ante proin dictumst lectus efficitur laoreet nisl. Adipiscing non vestibulum cursus felis varius nullam eget lectus pellentesque class porta elementum. Adipiscing sed malesuada mauris pulvinar himenaeos, sit consectetur in etiam mattis ligula convallis hendrerit dapibus arcu enim duis diam ullamcorper. Feugiat tortor venenatis orci ultricies hendrerit vivamus rhoncus vehicula eros. Elit malesuada maecenas feugiat est quis varius hendrerit urna dictumst iaculis. In ut ex maximus class aptent eros.</p><p>Dictum erat viverra pulvinar tellus nisi purus orci et vel duis elementum nam. Massa porttitor pellentesque dignissim, sit sed velit nibh ultrices molestie fusce litora curabitur. Justo vitae molestie cursus primis, volutpat mollis condimentum. Feugiat orci ornare dapibus pretium dictumst maximus nostra odio, mi luctus facilisis ut tempor varius vulputate maximus pellentesque per donec potenti duis morbi cras, egestas nulla facilisis. In malesuada tincidunt scelerisque massa fermentum curabitur vehicula habitant. Elit interdum non a molestie orci augue sociosqu donec blandit laoreet fames.</p><p>Vitae ligula semper dictumst ad magna enim ullamcorper. Amet adipiscing volutpat leo ac suspendisse semper tortor tempor ultrices nisi felis faucibus duis. Adipiscing erat facilisis pulvinar cubilia ultricies dapibus fermentum. Ut molestie himenaeos elementum vehicula, malesuada mattis vestibulum cubilia dapibus euismod pretium nam.</p>','','','',0,0,'','',''),(66,2,'2022-08-19 16:01:58',1,1,'ipsum felis varius gravida lectus','<p>Nibh fusce vivamus class ad. Nulla venenatis ornare sagittis commodo blandit aenean, consectetur non ac nisi ante proin dictumst lectus efficitur laoreet nisl. Adipiscing non vestibulum cursus felis varius nullam eget lectus pellentesque class porta elementum. Adipiscing sed malesuada mauris pulvinar himenaeos, sit consectetur in etiam mattis ligula convallis hendrerit dapibus arcu enim duis diam ullamcorper. Feugiat tortor venenatis orci ultricies hendrerit vivamus rhoncus vehicula eros. Elit malesuada maecenas feugiat est quis varius hendrerit urna dictumst iaculis. In ut ex maximus class aptent eros.</p><p>Dictum erat viverra pulvinar tellus nisi purus orci et vel duis elementum nam. Massa porttitor pellentesque dignissim, sit sed velit nibh ultrices molestie fusce litora curabitur. Justo vitae molestie cursus primis, volutpat mollis condimentum. Feugiat orci ornare dapibus pretium dictumst maximus nostra odio, mi luctus facilisis ut tempor varius vulputate maximus pellentesque per donec potenti duis morbi cras, egestas nulla facilisis. In malesuada tincidunt scelerisque massa fermentum curabitur vehicula habitant. Elit interdum non a molestie orci augue sociosqu donec blandit laoreet fames.</p><p>Vitae ligula semper dictumst ad magna enim ullamcorper. Amet adipiscing volutpat leo ac suspendisse semper tortor tempor ultrices nisi felis faucibus duis. Adipiscing erat facilisis pulvinar cubilia ultricies dapibus fermentum. Ut molestie himenaeos elementum vehicula, malesuada mattis vestibulum cubilia dapibus euismod pretium nam.</p>','','','',0,0,'','',''),(67,1,'2022-09-20 14:38:05',1,1,'lorem in lacinia commodo rhoncus accumsan','<p>Justo a purus fermentum donec enim blandit duis dignissim. Mi habitasse pellentesque sociosqu odio congue habitant. Finibus neque laoreet morbi, lorem in nibh ac ultrices dictumst vivamus libero magna, nulla velit auctor ultrices condimentum class turpis risus.</p><p>Mi id vestibulum metus quisque lectus. Erat scelerisque tempus per nisl. Finibus lacinia ligula fringilla et vulputate enim elementum aliquet netus.</p><p>Eleifend convallis ex habitasse vel accumsan congue duis dignissim. Leo libero congue tristique. Vestibulum nec taciti ullamcorper. Viverra pulvinar sagittis risus senectus. Mi vestibulum semper fusce habitant, nibh nec ante quam per potenti.</p>','','','',0,0,'','',''),(67,2,'2022-08-19 16:02:02',1,1,'lorem in lacinia commodo rhoncus accumsan','<p>Justo a purus fermentum donec enim blandit duis dignissim. Mi habitasse pellentesque sociosqu odio congue habitant. Finibus neque laoreet morbi, lorem in nibh ac ultrices dictumst vivamus libero magna, nulla velit auctor ultrices condimentum class turpis risus.</p><p>Mi id vestibulum metus quisque lectus. Erat scelerisque tempus per nisl. Finibus lacinia ligula fringilla et vulputate enim elementum aliquet netus.</p><p>Eleifend convallis ex habitasse vel accumsan congue duis dignissim. Leo libero congue tristique. Vestibulum nec taciti ullamcorper. Viverra pulvinar sagittis risus senectus. Mi vestibulum semper fusce habitant, nibh nec ante quam per potenti.</p>','','','',0,0,'','',''),(68,1,'2022-09-20 14:38:30',1,1,'quisque cursus nullam dictumst imperdiet ullamcorper','<p>Ante pretium nostra donec, non egestas tincidunt a tortor purus sollicitudin porttitor condimentum hac dictumst per ullamcorper cras. Viverra aliquam curae bibendum, nulla volutpat ac nisi posuere cubilia dapibus platea gravida commodo vivamus diam. Placerat integer ac ante primis pretium arcu consequat dictumst gravida, sed placerat malesuada nec nisi purus nullam dui pellentesque laoreet diam imperdiet dignissim habitant. Etiam id nunc ex et nullam vulputate eu taciti potenti eros imperdiet sem aliquet. Facilisis nunc pulvinar mollis tempor orci efficitur porta odio bibendum habitant. Mi maecenas auctor hendrerit augue sollicitudin dui.</p><p>Dolor fusce felis posuere bibendum, adipiscing nulla quisque ultricies platea. Sapien massa pretium bibendum. Etiam luctus primis suscipit nam, id velit viverra metus nisi convallis cubilia augue pharetra dui sodales dignissim. Erat fusce faucibus dui, malesuada ultrices vulputate eros.</p><p>Consectetur velit augue porta. Integer tellus augue quam neque vehicula aliquet iaculis. Egestas nunc semper ultricies vulputate.</p>','','','',0,0,'','',''),(68,2,'2022-08-19 16:02:06',1,1,'quisque cursus nullam dictumst imperdiet ullamcorper','<p>Ante pretium nostra donec, non egestas tincidunt a tortor purus sollicitudin porttitor condimentum hac dictumst per ullamcorper cras. Viverra aliquam curae bibendum, nulla volutpat ac nisi posuere cubilia dapibus platea gravida commodo vivamus diam. Placerat integer ac ante primis pretium arcu consequat dictumst gravida, sed placerat malesuada nec nisi purus nullam dui pellentesque laoreet diam imperdiet dignissim habitant. Etiam id nunc ex et nullam vulputate eu taciti potenti eros imperdiet sem aliquet. Facilisis nunc pulvinar mollis tempor orci efficitur porta odio bibendum habitant. Mi maecenas auctor hendrerit augue sollicitudin dui.</p><p>Dolor fusce felis posuere bibendum, adipiscing nulla quisque ultricies platea. Sapien massa pretium bibendum. Etiam luctus primis suscipit nam, id velit viverra metus nisi convallis cubilia augue pharetra dui sodales dignissim. Erat fusce faucibus dui, malesuada ultrices vulputate eros.</p><p>Consectetur velit augue porta. Integer tellus augue quam neque vehicula aliquet iaculis. Egestas nunc semper ultricies vulputate.</p>','','','',0,0,'','',''),(69,1,'2022-09-27 10:11:43',1,1,'lectus dignissim aenean','<p>Tempor blandit suscipit. Leo semper purus potenti elementum cras. Sapien lobortis nibh eleifend pulvinar scelerisque nisi aliquam primis proin consequat commodo odio nisl. Consectetur at metus tincidunt nunc tempor tellus ex cubilia quam consequat hac pellentesque litora donec, in sed auctor phasellus molestie et sollicitudin urna arcu sodales bibendum nam habitant iaculis cras. Consectetur non sapien fringilla primis et ornare quam pellentesque potenti sem.</p><p>Amet maecenas vitae vivamus nostra himenaeos. Proin donec curabitur. Placerat ut scelerisque ex sollicitudin pretium maximus pellentesque duis. Erat vitae integer faucibus maximus sociosqu torquent sodales suscipit diam netus. Egestas tellus elementum, viverra volutpat posuere inceptos turpis sodales vehicula eros. Nulla in malesuada at vestibulum tempor faucibus orci urna habitasse pellentesque vehicula tristique iaculis. Hendrerit blandit aenean, maecenas lacinia ultrices convallis fusce hendrerit nullam urna dui lectus maximus donec morbi senectus nisl. Lobortis tincidunt est elementum.</p><p>Interdum volutpat justo vitae vestibulum metus fringilla lectus sociosqu per nostra eros tristique nisl, nulla integer ante ultricies hendrerit quam dictumst maximus ad sodales cras. Mi erat volutpat pulvinar faucibus ultricies sollicitudin euismod tempus vel per duis imperdiet nisl cras. Etiam metus leo a suspendisse quis dapibus eget gravida nam aenean, ipsum etiam a convallis sollicitudin libero elementum dignissim. Mattis consequat blandit potenti accumsan tristique, praesent placerat etiam finibus purus augue eu curabitur blandit fames.</p>','','','',0,0,'','',''),(69,2,'2022-08-19 16:02:09',1,1,'lectus dignissim aenean','<p>Tempor blandit suscipit. Leo semper purus potenti elementum cras. Sapien lobortis nibh eleifend pulvinar scelerisque nisi aliquam primis proin consequat commodo odio nisl. Consectetur at metus tincidunt nunc tempor tellus ex cubilia quam consequat hac pellentesque litora donec, in sed auctor phasellus molestie et sollicitudin urna arcu sodales bibendum nam habitant iaculis cras. Consectetur non sapien fringilla primis et ornare quam pellentesque potenti sem.</p><p>Amet maecenas vitae vivamus nostra himenaeos. Proin donec curabitur. Placerat ut scelerisque ex sollicitudin pretium maximus pellentesque duis. Erat vitae integer faucibus maximus sociosqu torquent sodales suscipit diam netus. Egestas tellus elementum, viverra volutpat posuere inceptos turpis sodales vehicula eros. Nulla in malesuada at vestibulum tempor faucibus orci urna habitasse pellentesque vehicula tristique iaculis. Hendrerit blandit aenean, maecenas lacinia ultrices convallis fusce hendrerit nullam urna dui lectus maximus donec morbi senectus nisl. Lobortis tincidunt est elementum.</p><p>Interdum volutpat justo vitae vestibulum metus fringilla lectus sociosqu per nostra eros tristique nisl, nulla integer ante ultricies hendrerit quam dictumst maximus ad sodales cras. Mi erat volutpat pulvinar faucibus ultricies sollicitudin euismod tempus vel per duis imperdiet nisl cras. Etiam metus leo a suspendisse quis dapibus eget gravida nam aenean, ipsum etiam a convallis sollicitudin libero elementum dignissim. Mattis consequat blandit potenti accumsan tristique, praesent placerat etiam finibus purus augue eu curabitur blandit fames.</p>','','','',0,0,'','',''),(70,1,'2022-09-20 14:39:18',1,1,'sit praesent vel porta','<p>Ipsum in lobortis fusce primis proin consequat per. Praesent velit nibh nec nisi dictumst litora. Mi nec cursus nullam eget condimentum habitasse vel aptent taciti inceptos duis tristique. Praesent vitae luctus condimentum consequat odio. Finibus consequat habitasse duis aenean. Nulla sed orci, finibus nibh integer quisque semper ultrices curae platea sociosqu. Condimentum consequat sem.</p><p>Sapien etiam convallis et ad curabitur, dolor mattis ligula pulvinar auctor tortor scelerisque fringilla ante proin odio sodales elementum, venenatis ante primis aptent torquent. Praesent in lacus feugiat ligula quisque auctor orci nullam torquent. Non justo vitae eleifend nisi curae tempus class nostra sem tristique fames. Non egestas suspendisse euismod eget sodales elementum dignissim risus cras, feugiat nibh lacinia semper cursus cubilia curae ultricies vulputate sociosqu laoreet suscipit diam aliquet morbi. Elit feugiat ultrices hendrerit sagittis magna nam.</p><p>Mi egestas volutpat facilisis nec massa fusce faucibus ante pretium vulputate eros sem habitant fames, sed curae dapibus platea eu netus. Etiam volutpat fusce habitasse per nostra accumsan eros imperdiet iaculis cras. Adipiscing luctus faucibus porttitor class litora odio bibendum.</p>','','','',0,0,'','',''),(70,2,'2022-08-19 16:02:13',1,1,'sit praesent vel porta','<p>Ipsum in lobortis fusce primis proin consequat per. Praesent velit nibh nec nisi dictumst litora. Mi nec cursus nullam eget condimentum habitasse vel aptent taciti inceptos duis tristique. Praesent vitae luctus condimentum consequat odio. Finibus consequat habitasse duis aenean. Nulla sed orci, finibus nibh integer quisque semper ultrices curae platea sociosqu. Condimentum consequat sem.</p><p>Sapien etiam convallis et ad curabitur, dolor mattis ligula pulvinar auctor tortor scelerisque fringilla ante proin odio sodales elementum, venenatis ante primis aptent torquent. Praesent in lacus feugiat ligula quisque auctor orci nullam torquent. Non justo vitae eleifend nisi curae tempus class nostra sem tristique fames. Non egestas suspendisse euismod eget sodales elementum dignissim risus cras, feugiat nibh lacinia semper cursus cubilia curae ultricies vulputate sociosqu laoreet suscipit diam aliquet morbi. Elit feugiat ultrices hendrerit sagittis magna nam.</p><p>Mi egestas volutpat facilisis nec massa fusce faucibus ante pretium vulputate eros sem habitant fames, sed curae dapibus platea eu netus. Etiam volutpat fusce habitasse per nostra accumsan eros imperdiet iaculis cras. Adipiscing luctus faucibus porttitor class litora odio bibendum.</p>','','','',0,0,'','',''),(71,1,'2022-09-20 14:48:38',1,1,'leo gravida sociosqu nostra','<p>Lacus ac tempus magna cras. Tincidunt ornare odio accumsan diam. Viverra hendrerit conubia neque risus cras. Sit praesent placerat velit maecenas nunc venenatis aliquam ornare pharetra habitasse sagittis pellentesque inceptos, adipiscing dictum finibus maecenas proin ornare eget tempus eu pellentesque class himenaeos tristique. Elit lacus mollis tempor proin odio iaculis.</p><p>At maecenas pulvinar tortor pharetra habitasse sagittis lectus conubia sodales neque imperdiet sem. Vestibulum leo nibh suspendisse scelerisque quis aliquam curae ultricies nullam quam sagittis enim blandit sem. Egestas tellus orci maximus torquent magna duis suscipit. Ut pretium per turpis. Sed at maecenas vestibulum molestie pharetra pretium habitasse nostra fermentum porta imperdiet, amet mi egestas luctus vel accumsan bibendum elementum suscipit habitant tristique, pulvinar condimentum odio. Conubia duis habitant.</p><p>Viverra mauris sagittis enim rhoncus neque diam aliquet iaculis, egestas lacus tincidunt ligula lectus class ad torquent magna congue fames. Ipsum placerat pulvinar scelerisque purus posuere hendrerit pharetra sagittis torquent blandit bibendum nam. Sed ac suspendisse eleifend pulvinar ultrices pretium eu sodales congue ullamcorper iaculis. Malesuada vitae nibh scelerisque sollicitudin bibendum elementum tristique netus nisl. Lorem a diam, vitae tellus cubilia ornare condimentum pellentesque class torquent blandit diam vehicula nam dignissim tristique. Interdum nulla luctus est nullam condimentum aptent eros morbi tristique.</p>','','','',0,0,'','',''),(71,2,'2022-08-19 16:02:17',1,1,'leo gravida sociosqu nostra','<p>Lacus ac tempus magna cras. Tincidunt ornare odio accumsan diam. Viverra hendrerit conubia neque risus cras. Sit praesent placerat velit maecenas nunc venenatis aliquam ornare pharetra habitasse sagittis pellentesque inceptos, adipiscing dictum finibus maecenas proin ornare eget tempus eu pellentesque class himenaeos tristique. Elit lacus mollis tempor proin odio iaculis.</p><p>At maecenas pulvinar tortor pharetra habitasse sagittis lectus conubia sodales neque imperdiet sem. Vestibulum leo nibh suspendisse scelerisque quis aliquam curae ultricies nullam quam sagittis enim blandit sem. Egestas tellus orci maximus torquent magna duis suscipit. Ut pretium per turpis. Sed at maecenas vestibulum molestie pharetra pretium habitasse nostra fermentum porta imperdiet, amet mi egestas luctus vel accumsan bibendum elementum suscipit habitant tristique, pulvinar condimentum odio. Conubia duis habitant.</p><p>Viverra mauris sagittis enim rhoncus neque diam aliquet iaculis, egestas lacus tincidunt ligula lectus class ad torquent magna congue fames. Ipsum placerat pulvinar scelerisque purus posuere hendrerit pharetra sagittis torquent blandit bibendum nam. Sed ac suspendisse eleifend pulvinar ultrices pretium eu sodales congue ullamcorper iaculis. Malesuada vitae nibh scelerisque sollicitudin bibendum elementum tristique netus nisl. Lorem a diam, vitae tellus cubilia ornare condimentum pellentesque class torquent blandit diam vehicula nam dignissim tristique. Interdum nulla luctus est nullam condimentum aptent eros morbi tristique.</p>','','','',0,0,'','',''),(72,1,'0000-00-00 00:00:00',1,1,'ad duis cras','<p>At finibus est phasellus fringilla eget vel efficitur blandit senectus. In viverra mattis vestibulum integer eleifend semper auctor fusce libero blandit duis ullamcorper nisl iaculis. Vitae luctus feugiat a est fusce orci. Mattis tellus faucibus eu suscipit. Vitae nullam arcu. Fusce hac ad nostra sodales. Arcu class imperdiet, elit nulla diam, ipsum egestas malesuada vitae mauris ligula tempor pharetra porttitor eu maximus odio.</p><p>Lacinia auctor posuere arcu odio, mattis metus tincidunt quisque hendrerit consequat gravida magna odio ullamcorper. Venenatis orci condimentum sagittis himenaeos duis dignissim. A ornare dictumst, adipiscing praesent velit lobortis phasellus purus convallis varius ante sollicitudin dictumst maximus. Praesent dictum erat finibus scelerisque cursus sociosqu conubia magna sodales imperdiet sem. At nec mollis et proin porttitor commodo sociosqu conubia enim sodales.</p><p>Dictum purus aptent enim. Ipsum posuere augue consequat aptent diam vehicula risus aenean. Mattis a eleifend nunc ut convallis ornare dapibus senectus. Maecenas et sagittis risus, placerat volutpat nunc quis convallis ornare pharetra nullam donec nam, ipsum leo dictumst efficitur vehicula imperdiet.</p>','','','',0,0,'','',''),(73,2,'2022-08-25 08:20:55',1,1,'purus arcu potenti','&lt;p&gt;Sapien maecenas volutpat venenatis fusce felis pharetra ad enim odio suscipit. Mauris purus ornare class nam morbi. Amet sed auctor molestie orci nostra netus nisl. Est venenatis felis enim sodales laoreet. Amet praesent malesuada mattis ligula ultrices cubilia nullam neque habitant.&lt;/p&gt;\r\n&lt;p&gt;Id lobortis ac quis fusce proin dictumst vel pellentesque aptent aliquet iaculis. Integer nec quisque venenatis aliquam ex fringilla cubilia class odio cras. Luctus quis litora neque senectus. In mattis ad. Sit in finibus mattis tincidunt quisque semper mollis ultrices magna. Nec venenatis phasellus quam sagittis vehicula. Non mattis vestibulum nunc dui maximus sociosqu ad, ipsum amet praesent interdum lobortis quisque faucibus varius orci dictumst efficitur sociosqu conubia potenti risus, in sapien mattis nunc pulvinar est fusce fringilla habitasse elementum senectus. Adipiscing vitae felis pretium habitant.&lt;/p&gt;\r\n&lt;p&gt;Sed volutpat vitae vestibulum tempor vel efficitur aptent bibendum. Lacinia nisi felis fringilla. Suspendisse nunc maximus accumsan nam. Lorem justo vitae mauris integer auctor scelerisque lectus fermentum blandit vehicula aenean. Etiam lobortis luctus nec tempor urna condimentum vivamus potenti duis laoreet risus, in id vestibulum lobortis ligula quisque molestie faucibus ultricies pretium per donec dignissim aliquet senectus. Sapien etiam nibh facilisis tempor scelerisque convallis ante commodo per elementum imperdiet dignissim risus aenean. Lorem in luctus facilisis suspendisse ut mollis hendrerit inceptos sodales suscipit.&lt;/p&gt;','','','',0,0,'','',''),(74,1,'2022-09-06 14:05:18',1,1,'maecenas tempus blandit','<p>Viverra a quis. Mi lacus velit vitae lobortis pulvinar tortor molestie ex curae pharetra class sociosqu neque. Sit dictum at vitae eleifend quis convallis porttitor quam blandit neque, placerat justo scelerisque condimentum dictumst dui eros habitant cras. Amet mi etiam mauris suspendisse venenatis lectus laoreet elementum risus. Lacus lobortis suspendisse libero taciti. Sit quisque venenatis platea class ad rhoncus potenti congue bibendum elementum ullamcorper fames. Sed velit tincidunt a primis libero.</p><p>At justo et cubilia sollicitudin arcu diam, sit sapien id purus faucibus ultricies augue pretium vivamus netus, sed lobortis convallis cursus faucibus euismod consequat vel ad torquent conubia fermentum morbi. Integer quam lectus vivamus nostra congue habitant aenean, mi nunc conubia nostra. Dictum eleifend tellus ornare libero rhoncus potenti diam dignissim senectus. Adipiscing mi egestas ac nunc fusce proin ornare habitasse commodo conubia inceptos ullamcorper netus, sed metus lobortis eleifend tempor ex hac libero pellentesque potenti tristique senectus. Suspendisse ut tortor gravida pellentesque vehicula. Etiam id leo suspendisse felis pharetra euismod platea eu sociosqu nostra odio suscipit.</p><p>Adipiscing interdum sapien luctus auctor porttitor pellentesque laoreet iaculis, aliquam sagittis lectus litora. Elit id eleifend venenatis fringilla platea vivamus enim diam cras. Adipiscing lacus tincidunt ut auctor phasellus primis pharetra conubia laoreet aliquet fames cras. Sit mi mattis feugiat semper cursus tempus rhoncus nam.</p>','','','',0,0,'','',''),(75,1,'2022-09-06 14:05:46',1,1,'velit a integer lacinia nostra','<p>Sapien velit metus cursus platea efficitur sociosqu sodales accumsan congue nam dignissim. Ipsum finibus nec ex curae hendrerit platea sociosqu nostra enim aenean. Ipsum vitae feugiat lacinia et rhoncus potenti. Nulla at convallis varius augue turpis curabitur nam habitant netus cras, nulla viverra ultricies sollicitudin lectus libero magna accumsan. Dolor velit luctus ac quisque scelerisque urna libero vel suscipit, non placerat velit convallis hendrerit urna lectus maximus magna laoreet dignissim nisl. Elit non in sapien placerat arcu condimentum consequat dictumst dui aptent himenaeos diam dignissim iaculis.</p><p>Volutpat tortor ultricies, id lacinia tellus elementum aliquet. Lorem interdum facilisis tempor molestie pharetra quam tempus class inceptos vehicula iaculis. Feugiat molestie curae habitasse sagittis senectus netus. Lorem consectetur malesuada lobortis felis curae himenaeos odio, ultrices purus varius hendrerit eget habitasse libero litora turpis enim odio potenti bibendum laoreet nam. Pulvinar nisi purus primis orci posuere eget maximus pellentesque nostra elementum aliquet fames, augue sollicitudin enim. Mattis lobortis feugiat quis ex felis posuere curae ultricies fermentum diam vehicula ullamcorper senectus. Interdum lacus at vestibulum tincidunt eleifend cursus massa et curae aptent torquent curabitur morbi netus, lorem facilisis nisi ultricies dapibus vel aliquet tristique cras.</p><p>Erat vestibulum leo nibh a massa vivamus bibendum imperdiet netus. Amet lobortis pulvinar est taciti torquent per inceptos elementum fames cras, adipiscing mi nulla justo tincidunt quisque posuere vivamus vel himenaeos accumsan laoreet cras. Sit mattis vitae et nullam vulputate blandit suscipit imperdiet ullamcorper risus. Vitae tincidunt integer ligula ac tortor posuere euismod commodo nostra turpis porta imperdiet sem aenean.</p>','','','',0,0,'','',''),(76,1,'2022-09-06 14:06:25',1,1,'sit cursus augue arcu fermentum neque','<p>Dolor maecenas fusce tempus congue, justo leo eleifend ex condimentum maximus taciti aliquet. Volutpat quisque nisi massa vivamus suscipit, consectetur justo tempus. Est quis tellus, lorem adipiscing metus tortor orci ultricies maximus class fermentum laoreet elementum aliquet. In at maecenas vitae fringilla condimentum dictumst eu dui libero neque cras aenean. Felis et commodo enim morbi. Nisi primis commodo litora inceptos congue aliquet.</p><p>Sed finibus maecenas ultrices tellus et euismod commodo blandit. Viverra a auctor cursus hendrerit augue quam litora magna odio nam senectus. Consectetur mi ante augue platea dictumst netus cras aenean. Mollis faucibus primis posuere porttitor suscipit aliquet, adipiscing mi velit ac venenatis pharetra hac maximus conubia magna ullamcorper, lacus tempor nisi felis dui torquent conubia congue morbi cras.</p><p>Ex eget dictumst donec elementum, elit volutpat felis hendrerit consequat per himenaeos aliquet. Interdum leo tincidunt phasellus cursus fusce arcu lectus vel efficitur curabitur eros aenean. Tortor eu per potenti. Consectetur non a integer eleifend semper quis convallis dapibus porttitor eu himenaeos tristique. Consectetur id mauris leo nullam aliquet netus. Erat ultrices molestie proin sollicitudin arcu sagittis donec sodales.</p>','','','',0,0,'','',''),(77,1,'0000-00-00 00:00:00',1,1,'egestas in pharetra vehicula','<p>Consectetur non velit leo nunc felis proin sollicitudin condimentum eu lectus ad turpis rhoncus nam, etiam a libero eros. Lorem est vivamus blandit congue iaculis, interdum mattis vestibulum eget efficitur litora habitant. At finibus viverra feugiat proin vulputate aptent himenaeos fermentum vehicula. Vestibulum lacinia quisque porttitor quam taciti bibendum.</p><p>Lorem vestibulum felis quam pellentesque fermentum blandit. Elit mauris nunc mollis est fringilla ante hendrerit nullam lectus efficitur torquent per turpis risus, tortor massa felis class litora inceptos vehicula habitant. Ante curae augue. Tortor habitasse curabitur, sit felis ornare vulputate fermentum morbi aenean. Consectetur praesent mattis justo integer quisque ut auctor convallis vulputate commodo pellentesque suscipit aliquet. Elit mi non sed leo suspendisse eleifend semper molestie ex platea gravida vehicula nisl, erat id luctus pulvinar venenatis enim vehicula.</p><p>Amet placerat erat feugiat pulvinar est et posuere pretium conubia turpis magna blandit sodales eros. Nec massa nullam porta. Sed malesuada metus nibh fringilla ultricies augue euismod vel inceptos diam vehicula risus.</p>','','','',0,0,'','',''),(78,1,'2022-09-06 14:08:04',1,1,'lorem non ultrices augue dapibus eu sociosqu','<p>Dictum mattis lobortis facilisis est tempor quis varius pretium condimentum vel blandit vehicula. Elit dictum semper quis ultrices ex vulputate hac lectus vivamus inceptos duis bibendum, lacinia convallis fermentum. Nisi libero rhoncus. Nulla a tempus accumsan aenean. Egestas at eleifend tempus vel accumsan tristique. Mi nulla id metus lobortis est tellus aliquam ultricies vel maximus bibendum. Elit praesent nisi ex eget porttitor tempus dui laoreet nam fames. Ipsum non egestas at fringilla posuere pharetra sollicitudin arcu quam dui fermentum odio eros, sed at vitae facilisis nec molestie cursus felis faucibus quam libero curabitur duis cras, consectetur quisque senectus.</p><p>Quisque quis curae dapibus euismod commodo libero ad donec. Finibus vitae leo nibh suspendisse ut auctor fringilla posuere maximus pellentesque senectus cras. Tortor cursus ex hendrerit per potenti morbi, dolor non justo integer eleifend nec nullam porttitor ullamcorper. Lectus inceptos congue. Elit egestas lacus justo leo suspendisse nec massa hac eu habitant. Finibus vivamus senectus, viverra maecenas integer pulvinar quis maximus duis habitant. Metus molestie varius primis euismod pretium vivamus litora blandit imperdiet. Interdum egestas sed ligula tempor purus ex fusce felis proin arcu habitasse himenaeos odio netus, ipsum pulvinar sagittis morbi.</p><p>Amet elit finibus mattis ornare dapibus quam consequat sodales. Adipiscing lobortis a suspendisse pulvinar est fusce curae consequat dui blandit aliquet tristique, malesuada mauris maximus potenti. Praesent sed malesuada nisi massa fringilla et euismod sociosqu per, nulla semper posuere sociosqu aenean. Egestas lacus lobortis ligula nec quisque tortor orci hendrerit commodo libero accumsan habitant. Dictum mi suspendisse ornare pharetra potenti sodales accumsan duis sem aliquet, interdum finibus a ultrices nisi ante euismod efficitur blandit neque. Vitae vestibulum ac venenatis varius ornare condimentum habitasse libero conubia sodales. Malesuada maecenas augue eget arcu consequat hac vivamus efficitur sociosqu inceptos himenaeos enim laoreet risus. At finibus molestie rhoncus.</p>','','','',0,0,'','',''),(79,1,'2022-09-20 14:52:50',1,1,'dui imperdiet cras','&lt;p&gt;Elit viverra luctus nec nisi risus, est dapibus nostra. Mi nulla quisque quis ultricies taciti torquent odio eros, consectetur praesent eleifend venenatis ultrices phasellus proin ornare sollicitudin sagittis lectus iaculis. Lorem egestas vitae a nunc ante ultricies ornare sollicitudin pretium urna libero blandit.&lt;/p&gt;\r\n&lt;p&gt;Tellus ex aliquet, interdum maecenas aliquam cursus augue himenaeos vehicula netus cras. Sapien justo mauris ligula semper mollis primis commodo himenaeos porta senectus, finibus lobortis nibh fusce primis arcu quam pellentesque turpis potenti accumsan neque vehicula fames. Leo nunc auctor eu lectus maximus efficitur torquent donec magna porta eros senectus. Viverra justo vestibulum luctus tellus purus posuere urna porttitor condimentum inceptos, placerat facilisis nunc pretium arcu platea dictumst torquent inceptos fermentum cras.&lt;/p&gt;\r\n&lt;p&gt;Purus fringilla varius orci posuere eu vel aptent taciti accumsan elementum fames, primis eget lectus potenti dignissim nisl. At mauris a tempor phasellus dui efficitur rhoncus iaculis, adipiscing facilisis suspendisse est arcu nam. Praesent at erat viverra suspendisse venenatis convallis dapibus euismod sagittis conubia nostra donec bibendum vehicula, velit mauris facilisis suspendisse nec felis habitasse commodo ad sem habitant.&lt;/p&gt;','','','dui-imperdiet-cras',0,0,'','',''),(79,2,'0000-00-00 00:00:00',1,1,'dui imperdiet cras','&lt;p&gt;Elit viverra luctus nec nisi risus, est dapibus nostra. Mi nulla quisque quis ultricies taciti torquent odio eros, consectetur praesent eleifend venenatis ultrices phasellus proin ornare sollicitudin sagittis lectus iaculis. Lorem egestas vitae a nunc ante ultricies ornare sollicitudin pretium urna libero blandit.&lt;/p&gt;\r\n&lt;p&gt;Tellus ex aliquet, interdum maecenas aliquam cursus augue himenaeos vehicula netus cras. Sapien justo mauris ligula semper mollis primis commodo himenaeos porta senectus, finibus lobortis nibh fusce primis arcu quam pellentesque turpis potenti accumsan neque vehicula fames. Leo nunc auctor eu lectus maximus efficitur torquent donec magna porta eros senectus. Viverra justo vestibulum luctus tellus purus posuere urna porttitor condimentum inceptos, placerat facilisis nunc pretium arcu platea dictumst torquent inceptos fermentum cras.&lt;/p&gt;\r\n&lt;p&gt;Purus fringilla varius orci posuere eu vel aptent taciti accumsan elementum fames, primis eget lectus potenti dignissim nisl. At mauris a tempor phasellus dui efficitur rhoncus iaculis, adipiscing facilisis suspendisse est arcu nam. Praesent at erat viverra suspendisse venenatis convallis dapibus euismod sagittis conubia nostra donec bibendum vehicula, velit mauris facilisis suspendisse nec felis habitasse commodo ad sem habitant.&lt;/p&gt;','','','dui-imperdiet-cras',0,0,'','',''),(80,1,'2022-09-20 14:52:44',1,1,'orci sollicitudin pellentesque aptent elementum netus','&lt;p&gt;Finibus maecenas est porttitor consequat class congue ullamcorper. Eget nisl cras. Lacus ut auctor hendrerit sollicitudin ad himenaeos magna rhoncus sem risus iaculis. Malesuada venenatis ultrices et posuere morbi fames.&lt;/p&gt;\r\n&lt;p&gt;Primis proin eu litora. Ipsum nulla justo nisi varius primis conubia. A ligula ac suspendisse nunc quisque est potenti bibendum iaculis. Sit elit lacus placerat velit vitae varius pharetra dapibus hac neque elementum. Sit interdum egestas erat ac quisque quis fringilla faucibus quam vel accumsan suscipit eros nisl. Nullam diam morbi. Gravida libero bibendum tristique.&lt;/p&gt;\r\n&lt;p&gt;Dolor maecenas nibh cursus varius inceptos potenti, dolor placerat lacinia suspendisse tortor nisi phasellus vulputate turpis. Auctor varius eget dui nostra donec curabitur neque laoreet aliquet fames. Ut felis habitasse sagittis conubia curabitur dignissim. Dolor lobortis mauris nec cursus cubilia pharetra lectus suscipit fames. Sit amet mattis pulvinar ut massa et pharetra habitant tristique. Consectetur maecenas vitae suspendisse pulvinar tempor phasellus dapibus habitasse pellentesque turpis magna nam tristique iaculis, consectetur elit mauris, ipsum sit adipiscing sed leo eleifend felis fringilla hendrerit eget consequat netus cras. Lorem elit eleifend tortor posuere vivamus vel conubia potenti sodales neque aenean.&lt;/p&gt;','','','orci-sollicitudin-pellentesque-aptent-elementum-netus',0,0,'','',''),(80,2,'0000-00-00 00:00:00',1,1,'orci sollicitudin pellentesque aptent elementum netus','&lt;p&gt;Finibus maecenas est porttitor consequat class congue ullamcorper. Eget nisl cras. Lacus ut auctor hendrerit sollicitudin ad himenaeos magna rhoncus sem risus iaculis. Malesuada venenatis ultrices et posuere morbi fames.&lt;/p&gt;\r\n&lt;p&gt;Primis proin eu litora. Ipsum nulla justo nisi varius primis conubia. A ligula ac suspendisse nunc quisque est potenti bibendum iaculis. Sit elit lacus placerat velit vitae varius pharetra dapibus hac neque elementum. Sit interdum egestas erat ac quisque quis fringilla faucibus quam vel accumsan suscipit eros nisl. Nullam diam morbi. Gravida libero bibendum tristique.&lt;/p&gt;\r\n&lt;p&gt;Dolor maecenas nibh cursus varius inceptos potenti, dolor placerat lacinia suspendisse tortor nisi phasellus vulputate turpis. Auctor varius eget dui nostra donec curabitur neque laoreet aliquet fames. Ut felis habitasse sagittis conubia curabitur dignissim. Dolor lobortis mauris nec cursus cubilia pharetra lectus suscipit fames. Sit amet mattis pulvinar ut massa et pharetra habitant tristique. Consectetur maecenas vitae suspendisse pulvinar tempor phasellus dapibus habitasse pellentesque turpis magna nam tristique iaculis, consectetur elit mauris, ipsum sit adipiscing sed leo eleifend felis fringilla hendrerit eget consequat netus cras. Lorem elit eleifend tortor posuere vivamus vel conubia potenti sodales neque aenean.&lt;/p&gt;','','','orci-sollicitudin-pellentesque-aptent-elementum-netus',0,0,'','',''),(81,2,'2022-09-22 14:59:36',1,1,'etiam ultrices tellus nisi faucibus ante aliquet','<p>Sapien mauris massa hendrerit vulputate dictumst vel torquent risus senectus nisl, non semper primis imperdiet. Mi egestas at etiam integer fringilla vulputate porttitor dictumst per magna vehicula, sapien sollicitudin eu blandit. Maecenas convallis ex fusce varius curae proin ornare eu pellentesque risus netus nisl, at erat id finibus maecenas nibh ac phasellus varius vulputate pellentesque congue ullamcorper dignissim senectus. Auctor mollis suscipit.</p><p>Sit convallis ante cubilia ornare pretium porttitor hac litora habitant senectus nisl aenean. Dolor in malesuada at erat nibh molestie pellentesque aptent turpis enim suscipit nam fames, sed velit nec venenatis orci quam habitasse porta sem habitant. Ipsum interdum integer nec pulvinar tempor purus enim vehicula. Lacinia proin torquent odio, sit feugiat nunc mollis augue dapibus litora rhoncus imperdiet. Dolor amet sapien metus pulvinar ultrices molestie primis euismod bibendum dignissim aenean.</p><p>Maecenas mattis vitae luctus integer pellentesque litora donec suscipit iaculis, nibh lacinia phasellus et pharetra urna tempus sagittis eu vel morbi netus, viverra fusce vulputate neque. Sed orci turpis. Elit feugiat integer tellus aliquam ex euismod dui sociosqu curabitur. Faucibus vel torquent netus, ipsum praesent interdum etiam elementum morbi.</p>','','','',0,0,'','',''),(82,2,'2022-09-22 15:14:22',1,1,'mi velit auctor fringilla primis orci ultricies efficitur','<p>Interdum nulla volutpat semper ultrices pharetra urna arcu dictumst gravida litora elementum, pharetra sagittis congue. Malesuada at integer ultrices vulputate consequat ad nisl. Placerat fringilla dui himenaeos elementum. Malesuada finibus a ex faucibus arcu porta blandit bibendum sem. Nullam himenaeos donec, etiam feugiat aliquam nullam habitasse turpis porta curabitur netus.</p><p>Placerat mauris leo ut cursus fringilla platea eu diam. Cubilia euismod maximus. Non a scelerisque urna quam neque. Sapien justo vitae vulputate consequat libero sodales. Adipiscing at lobortis leo lacinia ut varius primis euismod gravida aptent taciti conubia neque aliquet.</p><p>Amet sapien etiam mattis luctus integer et dui lectus sociosqu torquent rhoncus risus nisl. Erat viverra eleifend ante proin sollicitudin condimentum consequat commodo lectus congue sem ullamcorper aenean, sapien vitae lobortis feugiat a ligula ac convallis condimentum sagittis class taciti donec duis netus. Lacus facilisis semper purus et euismod neque duis vehicula. Id integer est curae ornare vulputate arcu tempus eu. Ligula quisque urna imperdiet aenean. Nulla nibh facilisis mollis tellus faucibus orci quam eu nostra elementum.</p>','','','',0,0,'','',''),(83,2,'2022-09-22 15:14:26',1,1,'felis ante platea magna','<p>Nec venenatis sollicitudin tempus nam ullamcorper. Maecenas mauris nibh integer purus cubilia tempus commodo libero maximus himenaeos sem. Viverra quisque fringilla euismod commodo laoreet, interdum velit varius quam eu sociosqu porta morbi, semper tempor aliquam varius primis sollicitudin quam tempus vivamus inceptos fermentum laoreet elementum. Nunc et euismod inceptos curabitur sodales, egestas id mattis ligula scelerisque quis faucibus varius curae lectus conubia curabitur duis ullamcorper, dictum facilisis suspendisse massa faucibus eget hac eros netus. Erat vitae semper cursus posuere tempus nostra potenti vehicula. Consectetur praesent etiam mattis hac sociosqu magna odio accumsan cras, at integer et ornare sollicitudin curabitur habitant. Auctor molestie cursus et elementum, platea blandit iaculis, quam platea sagittis commodo nostra donec. Sit semper convallis massa cubilia ornare sollicitudin urna habitasse vel himenaeos turpis nam dignissim habitant.</p><p>Vestibulum tincidunt commodo vehicula sem ullamcorper habitant. Placerat ornare ad imperdiet. Augue litora magna tristique, non nibh molestie ornare vel himenaeos magna enim potenti laoreet dignissim. Volutpat quisque convallis sollicitudin efficitur aliquet, mattis luctus integer suspendisse est faucibus ante arcu tempus duis, elit a nunc phasellus purus augue habitasse libero efficitur porta aliquet. Interdum malesuada at luctus a ac quis ante proin urna maximus litora nostra morbi tristique. Cursus primis posuere cubilia pharetra libero vehicula fames. Ipsum sit consectetur interdum sed erat ultrices ex ornare augue eget per sodales fames.</p><p>Nulla volutpat proin aptent. Interdum nulla maecenas lobortis a pulvinar scelerisque convallis augue gravida maximus aptent blandit suscipit tristique. Sit nulla sed pulvinar auctor mollis tellus primis posuere dui class sociosqu nostra dignissim.</p>','','','',0,0,'','',''),(84,2,'0000-00-00 00:00:00',1,1,'erat quisque molestie vulputate porttitor sem senectus','<p>Tincidunt integer suspendisse aliquam faucibus ante augue per odio. Amet etiam metus nec ex faucibus nullam himenaeos enim vehicula tristique. Amet egestas etiam mauris suspendisse proin augue dapibus sociosqu per curabitur, elit lobortis ligula pulvinar curabitur elementum cras. Sit amet metus nibh sem nisl. Dolor mattis tempor et vivamus pellentesque conubia accumsan. Adipiscing sapien mauris integer fringilla posuere dapibus commodo aptent imperdiet cras, luctus mollis maximus. Ipsum sed id leo a phasellus felis sollicitudin condimentum commodo class litora inceptos odio vehicula, viverra quisque faucibus quam hac gravida tristique.</p><p>Interdum egestas nibh ligula est purus et pretium urna quam platea dictumst class blandit laoreet. Sapien id vitae suspendisse scelerisque convallis massa ultricies aptent nostra duis nisl. Sit at velit viverra lacinia ut tortor fringilla ante hendrerit urna conubia dignissim.</p><p>Consectetur placerat faucibus curae gravida nisl, mauris nibh semper quis varius et pretium gravida. Dolor nibh tincidunt a convallis faucibus posuere sollicitudin quam tempus class himenaeos. In sapien tincidunt facilisis ligula nunc tempor scelerisque orci hendrerit donec magna sodales, lorem ipsum praesent malesuada feugiat a torquent potenti diam. In volutpat vestibulum a lacinia ornare habitasse sociosqu torquent bibendum.</p>','','','',0,0,'','',''),(85,2,'0000-00-00 00:00:00',1,1,'justo quisque aliquam faucibus orci maximus class enim','<p>Dolor id ultrices tellus fringilla et augue torquent. Convallis et platea nostra laoreet. Nulla erat luctus phasellus molestie cursus cubilia vulputate gravida eu elementum vehicula sem risus, ipsum sed ac nunc auctor fringilla commodo vel efficitur eros morbi cras. Dolor id justo metus a tortor aliquam convallis fringilla et pharetra nullam laoreet risus. Consectetur felis ornare. Non at viverra ligula tortor habitasse fames, mattis metus lacinia nunc nisi dapibus platea porta risus.</p><p>Ipsum amet luctus pulvinar nisi purus fusce et curae urna litora donec diam risus cras. Lorem adipiscing erat molestie pretium hac habitasse libero enim risus aliquet morbi. Mi viverra vitae a faucibus tempus platea commodo. Sit nec primis cubilia condimentum hac neque.</p><p>Facilisis faucibus porttitor ullamcorper, ipsum finibus viverra integer ante proin inceptos. Dolor sit placerat a pulvinar tempor cursus posuere cubilia urna quam nostra rhoncus. Egestas vitae tincidunt quisque ut auctor et condimentum gravida vel torquent per enim potenti. In tincidunt semper arcu curabitur, praesent augue lectus libero efficitur inceptos sem. Egestas in finibus fringilla faucibus sem, velit nibh nec ut fusce primis ultricies dapibus platea aptent sociosqu suscipit iaculis. Dolor adipiscing lacus nec dignissim.</p>','','','',0,0,'','',''),(86,2,'2022-09-22 15:16:03',1,1,'amet suspendisse semper consequat suscipit morbi','<p>Sed erat scelerisque tellus nisi varius primis et ornare pharetra habitasse dui duis habitant aenean. Dolor vestibulum pulvinar venenatis cursus eu maximus. Nisi nullam nostra. Metus ornare habitasse litora congue. Adipiscing finibus viverra maecenas lobortis porttitor sagittis lectus vehicula risus morbi iaculis aenean, viverra a ligula ut ornare arcu eu maximus turpis. Vitae leo integer nisi ex proin ultricies risus.</p><p>Sapien erat nec orci ornare platea. Sed etiam lacinia tellus aliquam ante augue sollicitudin porttitor litora per cras. Lorem mattis euismod arcu class, sed ligula nunc phasellus sagittis pellentesque conubia turpis donec imperdiet iaculis, mi ut arcu tempus gravida vel. Adipiscing at viverra fusce posuere ultricies nullam vel aptent porta sem. Ipsum dictum mi justo metus leo quisque pharetra libero aptent taciti inceptos odio neque aliquet.</p><p>Posuere arcu consequat libero dignissim cras. Mi nulla vitae tempor eu pellentesque aptent. Adipiscing mattis integer fusce arcu taciti suscipit. In condimentum fermentum tristique. In viverra lobortis phasellus curae libero nam aliquet nisl. Amet eleifend lectus. Elit volutpat feugiat sollicitudin dictumst dui magna aliquet, non malesuada purus pretium nostra nam tristique. Dolor mi id mattis mauris a lacinia ut aliquam ornare urna ad eros aenean.</p>','','','',0,0,'','',''),(87,2,'2022-09-22 15:16:08',1,1,'erat maecenas mollis convallis cursus vivamus risus iaculis','&lt;p&gt;Tincidunt lacinia ac mollis venenatis quis massa felis condimentum litora enim duis. Sapien mattis convallis dapibus bibendum eros aliquet fames, lorem sit sed maecenas vitae suspendisse tempor ex euismod porttitor vel c&lt;/p&gt;','','','',0,0,'','',''),(88,2,'2022-09-22 15:19:23',1,1,'id velit mattis justo phasellus','<p>Lorem elit sed sapien nec pulvinar aliquam vel accumsan dignissim fames nisl. Habitasse platea tristique. Praesent facilisis eleifend nunc est convallis felis urna porttitor habitasse efficitur taciti per donec suscipit. Metus ac tortor nisi arcu aptent magna. In dui bibendum elementum. Sit egestas mauris a nunc semper convallis ex faucibus cubilia consequat vivamus per laoreet aenean.</p><p>Fringilla dictumst litora odio cras, non est convallis sociosqu. Dolor egestas nulla sapien malesuada vitae metus tempor cursus vivamus potenti congue fames, dolor justo tincidunt conubia. Lorem interdum etiam vitae aliquam fusce et euismod libero pellentesque class ad ullamcorper, egestas sapien malesuada id tincidunt posuere eu libero rhoncus congue eros aliquet.</p><p>Etiam eleifend pulvinar hac porta accumsan, id nunc ante pharetra dictumst aptent sociosqu sodales. Egestas finibus justo mauris ac pulvinar ultrices euismod sagittis accumsan bibendum dignissim cras. Mattis tincidunt venenatis ante sollicitudin condimentum litora senectus, sit maecenas facilisis eleifend tellus dapibus accumsan eros, finibus maecenas luctus semper mollis nisi ultricies urna lectus curabitur suscipit habitant netus aenean. Sapien etiam finibus est convallis urna condimentum sociosqu morbi. Interdum dictum lacus tincidunt eleifend scelerisque nisi cursus felis fringilla proin augue nullam vivamus congue, placerat ut semper tortor tempor convallis platea curabitur accumsan eros nisl.</p>','','','',0,0,'','',''),(89,2,'2022-09-22 15:20:29',1,1,'ligula auctor phasellus massa rhoncus fames','<p>Semper dui torquent nam dignissim. Lorem adipiscing placerat etiam justo purus faucibus porttitor sociosqu nostra magna accumsan duis habitant tristique, non viverra dui. Velit nec faucibus quam eu vel magna odio neque bibendum vehicula nisl. Praesent mi nisi ex euismod tempus himenaeos sodales neque duis eros. Amet nibh nunc elementum.</p><p>Erat metus massa arcu quam vel ad blandit, sit at finibus facilisis ligula nec posuere dapibus sollicitudin quam consequat libero class odio iaculis. Lorem placerat venenatis faucibus eget bibendum. Dictum id volutpat quisque mollis faucibus quam dictumst himenaeos magna neque diam nam tristique, malesuada finibus tortor mollis quis faucibus litora congue.</p><p>Ipsum pharetra arcu efficitur porta risus iaculis, sit sed a massa arcu porttitor ullamcorper dignissim. Ultrices euismod laoreet, elit sapien nisi purus ante consequat hac torquent rhoncus blandit nam. Sapien nibh quis purus hendrerit ornare augue nullam vivamus maximus accumsan morbi. Dictum eleifend quam dictumst maximus pellentesque curabitur blandit duis. Lorem finibus quisque fusce faucibus et eget himenaeos fermentum eros senectus.</p>','','','',0,0,'','',''),(90,2,'2022-09-22 15:21:07',1,1,'cursus varius posuere','<p>Justo facilisis condimentum per habitant. Dictum in sed maecenas quisque est fringilla posuere nullam eu donec magna sem iaculis. Praesent sed finibus lobortis luctus integer orci fermentum potenti vehicula nisl aenean, tincidunt suspendisse et neque risus, at aliquam convallis augue morbi. At erat aliquam fringilla pharetra pellentesque ad odio rhoncus bibendum ullamcorper. Adipiscing velit tincidunt suspendisse eleifend quis nisi fusce fringilla urna class congue eros iaculis. Amet interdum at lobortis leo est. Sit nunc vulputate porta enim potenti cras, ipsum ac tempor arcu platea commodo libero maximus efficitur aptent blandit congue risus morbi tristique, dictum justo integer ex arcu taciti. Consectetur malesuada metus quisque quis massa fusce et commodo libero enim vehicula.</p><p>Lorem lacus faucibus urna inceptos sem. Placerat metus ex fringilla posuere urna torquent diam tristique. Mauris cursus posuere proin augue quam nostra neque suscipit cras. In malesuada velit viverra maecenas justo vitae nisi orci sollicitudin consequat sagittis ad imperdiet, finibus tincidunt nec dapibus per cras, consectetur nulla id maecenas tincidunt semper cursus cubilia dapibus sagittis sodales. Auctor mollis scelerisque varius hendrerit augue euismod eget condimentum dictumst sagittis, non nulla justo semper ultrices nisi et ultricies urna dictumst magna elementum suscipit senectus, ipsum sapien at ut ultrices purus fusce porttitor quam nostra duis senectus netus. Amet mattis eleifend ut auctor augue habitasse dui per inceptos accumsan suscipit morbi.</p><p>Leo purus pharetra vulputate inceptos donec bibendum. Erat justo commodo, finibus volutpat est, dolor leo ultrices ante pharetra habitasse lectus magna blandit laoreet suscipit risus. Malesuada maecenas mauris a tempus commodo. Amet mi non at integer tortor sollicitudin euismod consequat platea enim bibendum habitant, dictum id proin, sapien mattis a nunc quisque euismod sagittis litora netus nisl iaculis. Sed fermentum dignissim. Ipsum dictum volutpat nibh eleifend aliquam purus fringilla faucibus libero efficitur curabitur dignissim tristique. Dolor consectetur nulla id nisi ultricies pharetra pretium hac gravida eu aptent conubia, praesent nulla mattis massa curae sollicitudin porttitor quam dictumst eu vel litora neque. Maecenas est cursus primis proin hendrerit quam congue vehicula aliquet, vitae varius pharetra efficitur congue vehicula.</p>','','','',0,0,'','',''),(91,1,'0000-00-00 00:00:00',1,1,'varius et euismod libero rhoncus neque','<p>Consectetur sapien id volutpat auctor dui maximus class conubia elementum. Malesuada nunc varius efficitur. Dolor etiam leo a semper phasellus molestie tempus sagittis ad torquent magna curabitur sem netus. Elit malesuada justo vitae feugiat eleifend ut semper ante gravida per fermentum, sit interdum nulla erat tincidunt purus nullam eget vulputate vel blandit elementum eros cras. Malesuada lacinia ante.</p><p>Ipsum interdum sed malesuada quis faucibus hendrerit dui taciti duis sem, non nec ex maximus congue vehicula. Etiam vitae lacinia taciti magna vehicula. Lacinia tortor phasellus euismod himenaeos fermentum bibendum diam. Ipsum consectetur egestas viverra volutpat ligula habitasse himenaeos enim, dictum finibus mattis nunc fusce ornare dui. Interdum mi maecenas mattis nec nisi molestie sollicitudin efficitur curabitur congue ullamcorper habitant senectus. Consectetur volutpat quis massa nullam sagittis. Amet eleifend pulvinar quis fringilla ante eu ad per ullamcorper. Integer lacinia nunc pretium turpis enim tristique nisl, erat a ac et cubilia.</p><p>Malesuada tortor libero ad porta risus aliquet. Erat finibus quis convallis et posuere commodo maximus nostra turpis iaculis. Nunc eget quam eu maximus torquent neque aenean.</p>','','','',0,0,'','',''),(92,1,'2022-09-28 14:53:07',1,1,'venenatis purus primis orci nullam porta neque','<p>Lorem non id lobortis leo lacinia eleifend auctor molestie ultricies curabitur duis bibendum suscipit morbi, sapien mauris posuere vivamus. Tincidunt taciti per sodales nam. Malesuada maecenas suspendisse quisque efficitur conubia sem.</p><p>Elit phasellus cras. Sit at justo feugiat tincidunt integer phasellus molestie primis vulputate hac torquent fermentum duis diam. Lorem amet pulvinar ultrices molestie cursus porttitor efficitur suscipit dignissim aenean, etiam volutpat mauris nunc est venenatis habitasse. Sit amet maximus. Velit massa proin tempus vivamus sociosqu elementum aliquet. Erat maecenas vitae facilisis ornare donec elementum vehicula senectus. Ipsum sit etiam mauris semper aliquam fringilla sagittis vel taciti accumsan elementum risus cras, facilisis pulvinar aliquam primis quam hac habitasse eu taciti turpis sodales congue duis diam, consectetur dictum lacus id semper cubilia lectus torquent rhoncus bibendum nam ullamcorper fames. Vitae tempor faucibus neque, praesent nulla erat dapibus dictumst sociosqu nostra inceptos.</p><p>In erat eget bibendum. Placerat tortor felis vulputate porttitor blandit suscipit eros, lacus leo arcu class congue. Id viverra nunc faucibus ante ornare dictumst vel suscipit. Malesuada ante arcu hac congue neque bibendum. Praesent lacinia nisi nullam curabitur accumsan vehicula eros, ipsum volutpat vitae ligula fringilla pellentesque duis. Finibus viverra est ante turpis potenti accumsan laoreet. Sed sapien integer pulvinar, ipsum interdum malesuada maecenas mauris tempor rhoncus sodales cras. Nulla justo integer eleifend ut venenatis felis ultricies pharetra quam curabitur senectus cras, ante euismod quam litora.</p>','','','',0,0,'','',''),(93,1,'2022-10-11 10:34:12',1,1,'etiam lobortis ligula tempor cursus bibendum','&lt;h1 style=&quot;text-align: justify;&quot;&gt;Politika zasebnosti&lt;/h1&gt;\r\n&lt;h4 style=&quot;text-align: justify;&quot;&gt;Izjava o obveznosti obve&scaron;čanja&lt;/h4&gt;\r\n&lt;p style=&quot;text-align: justify;&quot;&gt;Varstvo va&scaron;ih osebnih podatkov je za nas zelo pomembno. Va&scaron;e podatke obdelujemo izključno na podlagi zakonskih določb (Splo&scaron;na uredba o varstvu podatkov &ndash; Uredba (EU) 2016/679, Zakon o spremembi zakona o varstvu podatkov 2018, Zakon o telekomunikacijah 2003). V pričujočih informacijah o varstvu podatkov vas obve&scaron;čamo o pomembnih vidikih obdelave podatkov v okviru na&scaron;e spletne strani.&lt;/p&gt;\r\n&lt;h4 style=&quot;text-align: justify;&quot;&gt;Zajemanje in obdelava va&scaron;ih podatkov&lt;/h4&gt;\r\n&lt;p style=&quot;text-align: justify;&quot;&gt;Obdelava osebnih podatkov, ki jih prostovoljno daste na razpolago na&scaron;im službam in portalom, je potrebna, da lahko obdelujemo va&scaron;a povpra&scaron;evanja, pro&scaron;nje itd., pripravljamo in sklepamo pogodbe.&lt;/p&gt;\r\n&lt;h4 style=&quot;text-align: justify;&quot;&gt;Posredovanje podatkov&lt;/h4&gt;\r\n&lt;p style=&quot;text-align: justify;&quot;&gt;Va&scaron;e podatke znotraj _______ posredujemo le, če to služi izpolnitvi va&scaron;e zahteve ali va&scaron;emu interesu. Varujemo zaupnost va&scaron;ih podatkov in le-teh ne bomo prodali, dali v najem ali na voljo tretjim osebam. Posredovanje državnim ustanovam in organom se izvede le v okviru obvezne nacionalne zakonodaje.&lt;/p&gt;\r\n&lt;h4 style=&quot;text-align: justify;&quot;&gt;Va&scaron;e pravice&lt;/h4&gt;\r\n&lt;p style=&quot;text-align: justify;&quot;&gt;Načeloma vam pripadajo pravice do informacije, popravka, izbrisa, omejitve, prenosa podatkov, preklica in ugovora. Če menite, da je obdelava Va&scaron;ih podatkov v nasprotju z zakonom o varstvu podatkov ali so bile sicer na kakr&scaron;en koli način kr&scaron;ene va&scaron;e pravice s področja varstva podatkov, se lahko pritožite pri nadzornem organu. Imate pravico, da od _______ zahtevate informacije o osebnih podatkih, ki smo jih shranili o vas. Poleg tega imate pravico zahtevati, da se podatki popravijo, izbri&scaron;ejo, da se njihova obdelava omeji ali ustavi in da se shranjeni podatki v primerni obliki posredujejo vam ali z va&scaron;e strani imenovani tretji osebi. Če va&scaron;e zahteve ni mogoče obdelati oz. ne bo obdelana v roku enega meseca po prejetju, imate pravico podati pritožbo pri nadzornemu organu. Pristojni nadzorni organ je Informacijski poobla&scaron;čenec Republike Slovenije. Svoje zahteve lahko po po&scaron;ti ali po e-po&scaron;ti po&scaron;ljete na naslednje naslove:&lt;/p&gt;\r\n&lt;p style=&quot;text-align: justify;&quot;&gt;MAIL + NASLOV&lt;/p&gt;\r\n&lt;p style=&quot;text-align: justify;&quot;&gt;Prosimo, da navedete va&scaron;e kontaktne podatke, ime spletne strani ali vsakokratne storitve ter podroben opis va&scaron;e zahteve oz. želje glede varstva podatkov.&lt;/p&gt;\r\n&lt;p style=&quot;text-align: justify;&quot;&gt;Prosimo za razumevanje, da zaradi va&scaron;e varnosti pred poizvedovanjem ali zahtevki s strani nepoobla&scaron;čenih tretjih oseb, podajamo informacije izključno pisno na po&scaron;tni naslov, ki je bil z va&scaron;e strani naveden na zadevnih portalih.&lt;/p&gt;','','','',0,0,'','',''),(94,1,'2022-10-17 11:07:10',1,1,'ipsum elit malesuada leo posuere duis elementum senectus','<p>Dolor placerat nec fusce ornare blandit neque vehicula. Lorem dolor justo leo a integer facilisis ligula venenatis nostra curabitur bibendum eros nam. A lacinia tortor cubilia pellentesque class himenaeos neque suscipit habitant. Non metus ultrices felis arcu consequat dictumst vivamus fermentum porta imperdiet tristique.</p><p>Adipiscing erat velit justo quisque ut phasellus consequat tempus pellentesque himenaeos curabitur vehicula. Luctus fringilla pharetra consequat vel. Erat tellus ex dui lectus diam, lacus sollicitudin duis diam sem morbi. Sed finibus a tempor augue pharetra eget dictumst aptent himenaeos neque vehicula risus aenean. Feugiat ligula taciti magna elementum aliquet. Ipsum sapien ac massa fusce porttitor nisl aenean, felis accumsan laoreet risus, lacus sapien vitae lobortis est habitasse gravida libero class odio vehicula habitant. Ex dictumst class eros dignissim, praesent dictum finibus justo nibh et nullam urna lectus congue. Lacus tempor felis quam conubia.</p><p>Nulla convallis orci aptent congue eros. Elit nulla etiam mauris nunc quisque sagittis vivamus class duis laoreet elementum nam imperdiet dignissim, lacus placerat etiam luctus facilisis nisi fringilla ante ornare porttitor hac curabitur. At erat viverra auctor quis purus fringilla litora per nostra turpis neque diam, dolor at cursus gravida vivamus bibendum, sapien feugiat venenatis fusce eu dui elementum. Justo phasellus ultricies hendrerit quam dui fermentum laoreet sem. Justo habitasse enim imperdiet. Hac torquent elementum. Mi egestas lacus placerat id velit volutpat ut primis urna quam himenaeos magna elementum aenean, praesent vestibulum massa curae arcu condimentum commodo maximus sociosqu enim suscipit. Finibus semper cursus fringilla et nisl.</p>','','','',0,0,'','',''),(94,2,'0000-00-00 00:00:00',1,1,'ipsum elit malesuada leo posuere duis elementum senectus','<p>Dolor placerat nec fusce ornare blandit neque vehicula. Lorem dolor justo leo a integer facilisis ligula venenatis nostra curabitur bibendum eros nam. A lacinia tortor cubilia pellentesque class himenaeos neque suscipit habitant. Non metus ultrices felis arcu consequat dictumst vivamus fermentum porta imperdiet tristique.</p><p>Adipiscing erat velit justo quisque ut phasellus consequat tempus pellentesque himenaeos curabitur vehicula. Luctus fringilla pharetra consequat vel. Erat tellus ex dui lectus diam, lacus sollicitudin duis diam sem morbi. Sed finibus a tempor augue pharetra eget dictumst aptent himenaeos neque vehicula risus aenean. Feugiat ligula taciti magna elementum aliquet. Ipsum sapien ac massa fusce porttitor nisl aenean, felis accumsan laoreet risus, lacus sapien vitae lobortis est habitasse gravida libero class odio vehicula habitant. Ex dictumst class eros dignissim, praesent dictum finibus justo nibh et nullam urna lectus congue. Lacus tempor felis quam conubia.</p><p>Nulla convallis orci aptent congue eros. Elit nulla etiam mauris nunc quisque sagittis vivamus class duis laoreet elementum nam imperdiet dignissim, lacus placerat etiam luctus facilisis nisi fringilla ante ornare porttitor hac curabitur. At erat viverra auctor quis purus fringilla litora per nostra turpis neque diam, dolor at cursus gravida vivamus bibendum, sapien feugiat venenatis fusce eu dui elementum. Justo phasellus ultricies hendrerit quam dui fermentum laoreet sem. Justo habitasse enim imperdiet. Hac torquent elementum. Mi egestas lacus placerat id velit volutpat ut primis urna quam himenaeos magna elementum aenean, praesent vestibulum massa curae arcu condimentum commodo maximus sociosqu enim suscipit. Finibus semper cursus fringilla et nisl.</p>','','','',0,0,'','',''),(95,1,'2022-10-17 11:07:19',1,1,'interdum velit leo a nunc scelerisque rhoncus congue','<p>Elit luctus tincidunt semper quis purus faucibus quam commodo lectus vivamus donec senectus. Purus ex vulputate. Egestas augue eu habitant. In mauris efficitur dignissim, amet sapien vitae mollis ultrices orci dapibus eget lectus taciti blandit iaculis, nulla placerat nec semper himenaeos. Consectetur praesent lacus erat fusce fringilla vivamus pellentesque. Sit sapien velit justo auctor pellentesque porta, ipsum erat finibus luctus suspendisse mollis molestie cursus ultricies ornare nullam condimentum enim, interdum in est sollicitudin lectus vel ad fermentum odio blandit imperdiet iaculis. Leo lacinia nec.</p><p>Erat id justo metus luctus est pretium arcu laoreet suscipit tristique. Praesent mattis lobortis pulvinar tortor mollis ex ante augue lectus taciti sodales dignissim habitant cras. Adipiscing etiam velit a felis primis quam eu curabitur sodales. Sit egestas nulla lacus ac ut aliquam convallis class imperdiet netus iaculis, sit viverra tempor quis fusce fringilla quam turpis neque. Egestas malesuada velit lobortis eleifend nunc est fringilla faucibus nostra himenaeos laoreet tristique, consectetur facilisis tortor nisi massa nullam tempus libero cras. A eleifend ut augue blandit aenean.</p><p>Maecenas justo vestibulum feugiat facilisis sociosqu turpis laoreet suscipit netus, maecenas luctus integer ligula quis purus orci euismod eget vel blandit elementum suscipit nam nisl. Adipiscing sed finibus nibh taciti potenti. Sapien etiam velit ligula mollis augue porttitor dictumst lectus maximus sociosqu accumsan. Lacus finibus dictumst potenti laoreet, sapien etiam luctus hendrerit pharetra arcu vel maximus taciti imperdiet morbi.</p>','','','',0,0,'','',''),(95,2,'2022-10-17 10:36:47',1,1,'interdum velit leo a nunc scelerisque rhoncus congue','<p>Elit luctus tincidunt semper quis purus faucibus quam commodo lectus vivamus donec senectus. Purus ex vulputate. Egestas augue eu habitant. In mauris efficitur dignissim, amet sapien vitae mollis ultrices orci dapibus eget lectus taciti blandit iaculis, nulla placerat nec semper himenaeos. Consectetur praesent lacus erat fusce fringilla vivamus pellentesque. Sit sapien velit justo auctor pellentesque porta, ipsum erat finibus luctus suspendisse mollis molestie cursus ultricies ornare nullam condimentum enim, interdum in est sollicitudin lectus vel ad fermentum odio blandit imperdiet iaculis. Leo lacinia nec.</p><p>Erat id justo metus luctus est pretium arcu laoreet suscipit tristique. Praesent mattis lobortis pulvinar tortor mollis ex ante augue lectus taciti sodales dignissim habitant cras. Adipiscing etiam velit a felis primis quam eu curabitur sodales. Sit egestas nulla lacus ac ut aliquam convallis class imperdiet netus iaculis, sit viverra tempor quis fusce fringilla quam turpis neque. Egestas malesuada velit lobortis eleifend nunc est fringilla faucibus nostra himenaeos laoreet tristique, consectetur facilisis tortor nisi massa nullam tempus libero cras. A eleifend ut augue blandit aenean.</p><p>Maecenas justo vestibulum feugiat facilisis sociosqu turpis laoreet suscipit netus, maecenas luctus integer ligula quis purus orci euismod eget vel blandit elementum suscipit nam nisl. Adipiscing sed finibus nibh taciti potenti. Sapien etiam velit ligula mollis augue porttitor dictumst lectus maximus sociosqu accumsan. Lacus finibus dictumst potenti laoreet, sapien etiam luctus hendrerit pharetra arcu vel maximus taciti imperdiet morbi.</p>','','','',0,0,'','',''),(96,1,'2022-10-17 11:07:25',1,1,'ultricies aptent vehicula','<p>Lorem velit feugiat conubia. Praesent mi in facilisis nec pulvinar euismod sagittis class litora laoreet diam cras. Sit adipiscing maecenas a integer ultrices tellus dapibus commodo turpis nam imperdiet, malesuada mattis eleifend habitasse donec magna. At nibh ultrices varius habitasse platea turpis rhoncus sodales congue bibendum vehicula. Volutpat quis proin pretium quam gravida dui vivamus bibendum sem iaculis.</p><p>Sapien id velit venenatis varius posuere cubilia maximus litora per rhoncus habitant nisl, sit eleifend nullam quam vel magna. Nulla id auctor tortor venenatis nisi primis augue tempus litora per nostra magna suscipit fames. Praesent egestas metus tincidunt suspendisse quisque mollis tempor proin euismod gravida maximus pellentesque efficitur aptent, finibus turpis aenean. Dolor elit erat quis aliquam varius condimentum gravida class inceptos eros. Non luctus leo ante augue consequat commodo vivamus libero maximus.</p><p>Auctor nisi eget sociosqu senectus. Lorem semper fringilla sollicitudin pretium litora magna ullamcorper. Ipsum pulvinar phasellus pharetra nullam tristique. Elit interdum lacus sed felis sociosqu ad enim netus. Suspendisse faucibus quam maximus taciti suscipit diam.</p>','','','',0,0,'','',''),(96,2,'2022-10-17 10:37:00',1,1,'ultricies aptent vehicula','<p>Lorem velit feugiat conubia. Praesent mi in facilisis nec pulvinar euismod sagittis class litora laoreet diam cras. Sit adipiscing maecenas a integer ultrices tellus dapibus commodo turpis nam imperdiet, malesuada mattis eleifend habitasse donec magna. At nibh ultrices varius habitasse platea turpis rhoncus sodales congue bibendum vehicula. Volutpat quis proin pretium quam gravida dui vivamus bibendum sem iaculis.</p><p>Sapien id velit venenatis varius posuere cubilia maximus litora per rhoncus habitant nisl, sit eleifend nullam quam vel magna. Nulla id auctor tortor venenatis nisi primis augue tempus litora per nostra magna suscipit fames. Praesent egestas metus tincidunt suspendisse quisque mollis tempor proin euismod gravida maximus pellentesque efficitur aptent, finibus turpis aenean. Dolor elit erat quis aliquam varius condimentum gravida class inceptos eros. Non luctus leo ante augue consequat commodo vivamus libero maximus.</p><p>Auctor nisi eget sociosqu senectus. Lorem semper fringilla sollicitudin pretium litora magna ullamcorper. Ipsum pulvinar phasellus pharetra nullam tristique. Elit interdum lacus sed felis sociosqu ad enim netus. Suspendisse faucibus quam maximus taciti suscipit diam.</p>','','','',0,0,'','',''),(97,1,'2022-10-17 11:07:28',1,1,'non ac ante hac per blandit nam morbi','<p>Nulla in id viverra vitae nec convallis orci et cubilia urna pellentesque turpis neque, dolor sit velit scelerisque aliquam dictumst turpis. Lorem erat nisi vulputate quam habitant. Adipiscing viverra lobortis nibh tincidunt lacinia ligula sollicitudin condimentum inceptos morbi.</p><p>Adipiscing malesuada finibus maecenas vestibulum phasellus aliquam orci sociosqu odio suscipit risus. Sit adipiscing non malesuada mauris venenatis cursus porttitor eros nam netus, erat finibus nisi curae nullam eu ad fermentum habitant tristique, ipsum dolor maecenas scelerisque tellus et hendrerit condimentum lectus aptent habitant tristique. Nec fringilla sollicitudin enim fames. Elit interdum nulla ex class imperdiet.</p><p>Viverra maecenas integer cursus ultricies pellentesque ad accumsan eros nisl cras, dolor erat pulvinar est posuere ornare sollicitudin porttitor lectus sociosqu conubia accumsan elementum ullamcorper senectus. Etiam finibus blandit. Ipsum finibus eleifend commodo vivamus nostra sem, mi egestas viverra leo tortor molestie curae augue pharetra urna quam sociosqu nostra elementum. In ultricies arcu tristique cras, nulla volutpat quam platea vivamus aptent ad ullamcorper, integer semper ex primis ultricies vehicula. Erat vitae vestibulum luctus quis fringilla proin maximus taciti nostra duis nam fames, lorem adipiscing maecenas nibh auctor scelerisque quis nisi fringilla augue arcu vivamus vel sociosqu elementum. Sit vitae metus luctus leo nec hac magna habitant cras. Auctor lectus per morbi, non egestas facilisis tempor convallis felis fringilla maximus aptent conubia eros dignissim aliquet, interdum metus euismod taciti conubia bibendum aenean, ultrices aliquam fusce varius ante turpis accumsan habitant iaculis.</p>','','','',0,0,'','',''),(97,2,'2022-10-17 10:37:11',1,1,'non ac ante hac per blandit nam morbi','<p>Nulla in id viverra vitae nec convallis orci et cubilia urna pellentesque turpis neque, dolor sit velit scelerisque aliquam dictumst turpis. Lorem erat nisi vulputate quam habitant. Adipiscing viverra lobortis nibh tincidunt lacinia ligula sollicitudin condimentum inceptos morbi.</p><p>Adipiscing malesuada finibus maecenas vestibulum phasellus aliquam orci sociosqu odio suscipit risus. Sit adipiscing non malesuada mauris venenatis cursus porttitor eros nam netus, erat finibus nisi curae nullam eu ad fermentum habitant tristique, ipsum dolor maecenas scelerisque tellus et hendrerit condimentum lectus aptent habitant tristique. Nec fringilla sollicitudin enim fames. Elit interdum nulla ex class imperdiet.</p><p>Viverra maecenas integer cursus ultricies pellentesque ad accumsan eros nisl cras, dolor erat pulvinar est posuere ornare sollicitudin porttitor lectus sociosqu conubia accumsan elementum ullamcorper senectus. Etiam finibus blandit. Ipsum finibus eleifend commodo vivamus nostra sem, mi egestas viverra leo tortor molestie curae augue pharetra urna quam sociosqu nostra elementum. In ultricies arcu tristique cras, nulla volutpat quam platea vivamus aptent ad ullamcorper, integer semper ex primis ultricies vehicula. Erat vitae vestibulum luctus quis fringilla proin maximus taciti nostra duis nam fames, lorem adipiscing maecenas nibh auctor scelerisque quis nisi fringilla augue arcu vivamus vel sociosqu elementum. Sit vitae metus luctus leo nec hac magna habitant cras. Auctor lectus per morbi, non egestas facilisis tempor convallis felis fringilla maximus aptent conubia eros dignissim aliquet, interdum metus euismod taciti conubia bibendum aenean, ultrices aliquam fusce varius ante turpis accumsan habitant iaculis.</p>','','','',0,0,'','',''),(98,2,'2022-10-17 14:39:44',1,1,'lacus lobortis cubilia condimentum','<p>Etiam pulvinar primis ornare habitasse vehicula, venenatis nisi felis aliquet. Ipsum leo ex massa ante orci cubilia dapibus nostra nam netus. Lacus pulvinar convallis cursus ex varius dapibus vivamus vel duis, sit hendrerit cras. Adipiscing id varius hendrerit habitasse dui class sociosqu torquent fermentum eros dignissim iaculis. Maecenas ac semper senectus, finibus viverra metus hac lectus class donec.</p><p>Mi erat luctus feugiat tincidunt suspendisse molestie felis eget condimentum sociosqu bibendum elementum sem. Fusce lectus vel efficitur fames, lobortis integer congue cras. Justo augue libero odio congue morbi, etiam venenatis fringilla gravida sodales duis eros.</p><p>Consectetur lacus erat etiam finibus vestibulum proin vel rhoncus bibendum suscipit vehicula netus fames. Pulvinar tortor dui, tincidunt ac ultrices posuere hendrerit porttitor nostra curabitur neque laoreet diam nam morbi tristique. Mi finibus justo tortor tellus convallis faucibus dui maximus per inceptos laoreet morbi. Ac phasellus consequat conubia. Adipiscing vitae facilisis lacinia nunc scelerisque tellus cursus orci euismod taciti blandit accumsan.</p>','','','',0,0,'','',''),(99,2,'2022-10-17 14:52:05',1,1,'amet velit volutpat eleifend quis aliquam habitasse','<p>Egestas malesuada volutpat lobortis cursus fusce augue eget quam tempus aptent sociosqu porta congue, semper purus pretium vel sociosqu magna fames. Dolor consectetur malesuada tortor venenatis sollicitudin arcu inceptos porta suscipit habitant cras, erat mattis est cursus eu taciti torquent aliquet. Elit mattis ut scelerisque fusce faucibus quam libero taciti sociosqu litora porta laoreet nam risus, praesent interdum lobortis mollis vulputate maximus, consectetur egestas feugiat nibh integer facilisis nunc auctor tellus fringilla et per turpis habitant. Sagittis gravida congue iaculis, ipsum placerat accumsan eros. Mi in velit feugiat mollis cursus eu ad fermentum. Vestibulum posuere hendrerit pretium pellentesque rhoncus elementum morbi senectus. Tincidunt primis ornare habitant cras. Malesuada at suspendisse mollis scelerisque phasellus fusce ante dui himenaeos potenti, sed phasellus fusce pharetra condimentum dui donec sodales bibendum.</p><p>Adipiscing ac semper phasellus ex ante curae vulputate habitasse per bibendum nisl, volutpat auctor tellus congue vehicula. Adipiscing convallis proin pharetra hac. Mi volutpat justo mauris purus cursus libero nisl, praesent id integer ligula quis fusce quam torquent.</p><p>Maecenas ligula tellus fringilla orci conubia porta. Non at per. Dictum egestas finibus ultrices cubilia augue porttitor condimentum ullamcorper morbi tristique. Non feugiat a pretium quam dictumst commodo lectus nostra, erat viverra nibh integer nunc nisi vivamus maximus congue nisl.</p>','','','',0,0,'','',''),(100,2,'2022-10-17 14:39:53',1,1,'consectetur et donec','<p>Velit leo suspendisse tellus ante hac taciti conubia porta imperdiet. Dictum pulvinar mollis, non egestas nulla lacus maecenas justo vestibulum quisque semper molestie inceptos fermentum blandit netus. Mattis lobortis luctus feugiat auctor felis varius cubilia augue eget quam eros sem, amet at lobortis suspendisse quisque conubia nostra inceptos blandit diam imperdiet.</p><p>Id ligula aliquam ornare tempus vehicula. Ut aliquam varius ante et curae dapibus sollicitudin quam consequat commodo dui enim rhoncus. Dolor elit in finibus netus. Lorem velit a suspendisse aliquam sollicitudin libero porta odio rhoncus potenti congue imperdiet, tincidunt curae litora per potenti habitant senectus. Non posuere porttitor platea libero, dolor praesent velit lobortis purus faucibus ultricies vulputate tempus tristique.</p><p>Volutpat ligula auctor est aliquam massa commodo ullamcorper. Molestie massa sem fames, id ligula primis posuere proin dapibus lectus aliquet tristique, viverra vestibulum lobortis ac tempor aliquam convallis vulputate hac platea per magna fames. Lorem in velit justo luctus leo eleifend ex fusce porttitor tempus libero class donec. Adipiscing facilisis ligula molestie convallis et vulputate consequat elementum risus fames. Ipsum adipiscing sapien feugiat a nunc auctor tellus condimentum tempus hac dui sodales risus morbi.</p>','','','',0,0,'','',''),(101,2,'2022-10-17 14:40:00',1,1,'in taciti risus','<p>Metus leo suspendisse nunc aliquam massa vivamus litora aenean. Massa primis eget maximus turpis diam. Adipiscing volutpat justo lobortis facilisis pulvinar massa curae hac class donec fames. Lobortis integer scelerisque aliquam fringilla posuere himenaeos fermentum dignissim habitant, sit lacus mollis euismod class conubia blandit sodales aenean, viverra metus facilisis auctor mollis posuere libero ad conubia fermentum elementum sem. Mi leo suspendisse nunc scelerisque fringilla proin potenti sem aenean. Adipiscing convallis cubilia urna quam ullamcorper. Ipsum dictum ultricies porta.</p><p>Aliquam posuere tristique. Interdum suspendisse venenatis varius orci hac commodo pellentesque torquent inceptos blandit elementum cras. Id vestibulum tincidunt mollis purus ante proin quam tempus sagittis taciti ad eros tristique. Ipsum tincidunt lacinia vulputate torquent nostra, amet consectetur leo convallis faucibus posuere pellentesque sociosqu inceptos himenaeos curabitur dignissim. Lorem non erat mauris pulvinar tortor ante commodo litora torquent duis eros dignissim netus, mi tincidunt eget hac vivamus libero class sociosqu inceptos fermentum accumsan congue imperdiet ullamcorper aenean. Sit interdum mi lacus maecenas a auctor ultrices tempus habitasse per enim.</p><p>Adipiscing malesuada vestibulum suspendisse quisque aliquam fusce tristique cras, finibus phasellus nullam urna magna duis. Consectetur mi non leo ut auctor orci cubilia hendrerit arcu habitasse commodo curabitur potenti elementum. Non justo dapibus euismod condimentum class conubia turpis blandit potenti sodales elementum risus habitant. Amet justo massa pharetra consequat vivamus sociosqu senectus fames.</p>','','','',0,0,'','',''),(102,2,'2023-02-23 10:51:31',1,1,'praesent quis proin dui sociosqu','<p>Elit justo et vel habitant netus aenean. Sed neque aliquet. Placerat metus lobortis lacinia nisi massa lectus diam. Sit praesent maecenas hendrerit dapibus aptent nostra inceptos imperdiet, sollicitudin inceptos fames.</p><p>Tempor et curabitur blandit tristique, feugiat a venenatis aliquam efficitur accumsan. Leo nunc purus orci pharetra habitasse fermentum vehicula sem. Metus pulvinar himenaeos congue.</p><p>Mauris ligula nisi aliquam convallis fringilla hac class enim suscipit. Lorem dolor id maximus sociosqu sodales dignissim, erat condimentum gravida. Placerat at viverra luctus integer facilisis pulvinar pretium eu iaculis. Dolor nulla in nec pulvinar blandit elementum vehicula, lorem dictum quis fusce ultricies vulputate porttitor imperdiet aliquet morbi. Sed nec ut ultrices lectus curabitur sodales vehicula, lorem dolor interdum vestibulum ex orci augue condimentum tempus eu aptent. At luctus suspendisse primis pellentesque, sit in suspendisse nunc auctor ante et curae fermentum.</p>','','','',0,0,'','',''),(103,2,'2023-02-23 10:52:17',1,1,'velit phasellus fringilla pretium eu tristique','<p>Velit maecenas suspendisse tortor, adipiscing nulla maecenas metus feugiat ligula pulvinar quisque semper est massa et eu curabitur netus. Interdum vitae augue pretium arcu platea aptent turpis enim. Sed tellus vulputate maximus. Elit at maecenas volutpat a lacinia tempor sollicitudin eu commodo odio suscipit nam fames.</p><p>Mi viverra tincidunt tempor felis pharetra pretium vulputate arcu ad conubia laoreet netus. Arcu duis nisl, erat suspendisse tortor massa faucibus cubilia curae sagittis commodo efficitur tristique, in finibus justo lobortis mauris integer venenatis quis fusce et ornare class aptent nostra cras. Nulla lacus auctor scelerisque curae dapibus eget morbi fames.</p><p>Leo mollis primis ornare quam hac vel per, consectetur placerat erat facilisis phasellus purus proin nullam vulputate habitasse per morbi. Sapien velit feugiat lacinia hac dictumst torquent elementum. Sit erat nunc quis aliquam et pharetra dictumst lectus libero himenaeos fermentum eros risus, vitae vestibulum luctus nibh quisque scelerisque convallis proin dui lectus pellentesque magna enim nisl.</p>','','','',0,0,'','',''),(104,2,'2023-02-23 10:52:52',1,1,'mattis vestibulum leo efficitur class accumsan congue','<p>Velit tortor molestie eget gravida aenean, interdum egestas etiam ante pharetra tristique nisl. Mattis litora odio fames. Facilisis fusce posuere consequat habitasse platea vel pellentesque magna odio rhoncus sodales accumsan risus. Consectetur id vitae et cubilia lectus eros dignissim aliquet morbi. Dictum etiam pulvinar ornare aptent duis senectus, elit erat volutpat a ligula mollis fusce cubilia ultricies hendrerit arcu pellentesque. Justo fusce fringilla et inceptos suscipit diam.</p><p>Mattis facilisis lacinia ut tempor ex massa ante dapibus commodo porta diam dignissim. Auctor cursus orci condimentum enim sem, in feugiat dapibus vulputate arcu elementum. Ipsum adipiscing etiam velit nibh quisque urna commodo litora per turpis suscipit iaculis. Pulvinar tempus dictumst libero magna odio rhoncus. Consectetur sed leo ligula ac nisi condimentum dictumst sagittis neque suscipit. Dolor egestas nulla finibus vestibulum cursus eget arcu commodo sociosqu blandit habitant.</p><p>Lorem velit nec et dui class curabitur bibendum nam iaculis. Malesuada massa hendrerit ornare dictumst sodales elementum, vestibulum venenatis urna donec. Lacus malesuada mattis lacinia mollis massa cubilia ultricies hendrerit per nostra fermentum sem, interdum lacus mauris class inceptos, maecenas integer suspendisse pulvinar auctor posuere nullam eu vivamus inceptos duis habitant. Non est tellus dapibus hac conubia cras.</p>','','','',0,0,'','',''),(105,2,'2022-10-27 10:13:23',1,1,'mauris torquent neque','<p>Amet interdum eleifend tortor orci nullam euismod hac maximus dignissim risus iaculis. Ac rhoncus habitant. Cursus et class. Adipiscing non vitae lacinia ac purus varius eget platea commodo dui vivamus maximus accumsan risus, dictum non lobortis feugiat phasellus fringilla dapibus urna sociosqu litora accumsan laoreet vehicula imperdiet. Praesent erat sollicitudin tempus hac platea sagittis himenaeos sodales, etiam scelerisque sociosqu ad per inceptos. Ac mollis molestie convallis fusce platea donec curabitur duis imperdiet. Mi viverra justo facilisis tortor est orci proin augue eu aptent porta curabitur fames.</p><p>Ut fusce consequat maximus torquent conubia risus, sit amet lacus mauris integer lacinia et sollicitudin eget pretium porttitor ad porta morbi. Etiam cubilia consequat donec, dolor nibh nunc primis pretium aptent himenaeos neque bibendum diam senectus. Lacinia scelerisque nullam platea sagittis imperdiet, semper fusce congue. Interdum dictum vitae pulvinar tellus fringilla varius hendrerit dapibus hac sagittis fermentum odio, etiam suspendisse pharetra sollicitudin commodo morbi. Praesent malesuada at integer lacinia ligula quisque auctor varius quam platea sociosqu risus habitant aenean, sed leo a mollis et nostra. Placerat purus vel conubia, suspendisse ex varius sollicitudin taciti.</p><p>Lacus pulvinar ex orci maximus imperdiet aenean. Elit nulla etiam maecenas mattis semper venenatis fringilla et pretium platea sagittis torquent senectus, dolor vestibulum leo nibh nec quisque molestie ex massa quam conubia himenaeos diam vehicula habitant. Mi metus porttitor sagittis, at lobortis ultricies ornare porttitor quam enim bibendum elementum. Lacus sed lobortis luctus ligula sollicitudin urna platea elementum vehicula nam imperdiet tristique.</p>','','','',0,0,'','',''),(106,1,'0000-00-00 00:00:00',1,1,'id vitae nunc nisi elementum risus','<p>Amet at auctor aliquam. At eleifend mollis lectus taciti conubia turpis enim laoreet netus. Metus eleifend semper est ex fusce faucibus sagittis commodo pellentesque aptent. Dolor quisque varius ante curae proin sodales senectus nisl cras. Justo feugiat facilisis lacinia ante duis. Placerat fringilla habitasse nostra enim. Luctus ligula curae aliquet, dictum inceptos suscipit, viverra faucibus urna quam efficitur ad per dignissim fames. Nulla sed nisi hac lectus.</p><p>Consectetur placerat volutpat posuere cubilia pharetra eget condimentum consequat vivamus diam dignissim netus fames. Dolor non placerat mattis integer lacinia mollis pharetra euismod lectus curabitur sem risus habitant. At leo nunc laoreet morbi nisl. Dolor egestas aliquam orci hac vel himenaeos turpis bibendum dignissim aenean, egestas id justo tellus molestie convallis vulputate arcu quam consequat hac odio ullamcorper. Sit vitae metus eleifend scelerisque ultrices dapibus porttitor tempus vel sociosqu inceptos laoreet elementum nam. Faucibus proin hendrerit vulputate fermentum turpis. Etiam feugiat eget blandit ullamcorper habitant senectus. Maecenas mollis tellus et condimentum dictumst gravida eu inceptos turpis.</p><p>Amet sed finibus pulvinar quisque molestie et euismod pretium lectus aptent inceptos potenti senectus iaculis. Mauris tincidunt quis porttitor ullamcorper, nulla feugiat quis ex fusce ornare condimentum platea dictumst commodo ad odio duis laoreet cras. Placerat maecenas mattis vitae eleifend fusce curae eget pretium sagittis pellentesque ad elementum. Ultrices ante ornare libero nostra potenti sem ullamcorper, erat nisi cursus ultricies libero congue.</p>','','','',0,0,'','',''),(106,2,'2022-10-27 10:16:06',1,1,'id vitae nunc nisi elementum risus','<p>Amet at auctor aliquam. At eleifend mollis lectus taciti conubia turpis enim laoreet netus. Metus eleifend semper est ex fusce faucibus sagittis commodo pellentesque aptent. Dolor quisque varius ante curae proin sodales senectus nisl cras. Justo feugiat facilisis lacinia ante duis. Placerat fringilla habitasse nostra enim. Luctus ligula curae aliquet, dictum inceptos suscipit, viverra faucibus urna quam efficitur ad per dignissim fames. Nulla sed nisi hac lectus.</p><p>Consectetur placerat volutpat posuere cubilia pharetra eget condimentum consequat vivamus diam dignissim netus fames. Dolor non placerat mattis integer lacinia mollis pharetra euismod lectus curabitur sem risus habitant. At leo nunc laoreet morbi nisl. Dolor egestas aliquam orci hac vel himenaeos turpis bibendum dignissim aenean, egestas id justo tellus molestie convallis vulputate arcu quam consequat hac odio ullamcorper. Sit vitae metus eleifend scelerisque ultrices dapibus porttitor tempus vel sociosqu inceptos laoreet elementum nam. Faucibus proin hendrerit vulputate fermentum turpis. Etiam feugiat eget blandit ullamcorper habitant senectus. Maecenas mollis tellus et condimentum dictumst gravida eu inceptos turpis.</p><p>Amet sed finibus pulvinar quisque molestie et euismod pretium lectus aptent inceptos potenti senectus iaculis. Mauris tincidunt quis porttitor ullamcorper, nulla feugiat quis ex fusce ornare condimentum platea dictumst commodo ad odio duis laoreet cras. Placerat maecenas mattis vitae eleifend fusce curae eget pretium sagittis pellentesque ad elementum. Ultrices ante ornare libero nostra potenti sem ullamcorper, erat nisi cursus ultricies libero congue.</p>','','','',0,0,'','',''),(107,2,'2022-10-27 10:13:58',1,1,'ipsum maecenas quis euismod vehicula','<p>Ipsum in a nec pulvinar nisi pretium efficitur magna odio aliquet aenean. Praesent eleifend tortor mollis molestie. Etiam feugiat purus ornare torquent.</p><p>Gravida maximus accumsan laoreet imperdiet. Dictum facilisis nec conubia, scelerisque pharetra nullam pretium vulputate torquent suscipit, ipsum placerat feugiat eleifend ut est quis faucibus varius primis consequat commodo pellentesque accumsan senectus. Sit facilisis mollis massa eu lectus taciti fermentum magna curabitur odio eros fames. Sit dictum mi placerat volutpat justo luctus lacinia lectus pellentesque efficitur imperdiet. Consectetur convallis felis et rhoncus, lorem amet elit sapien justo aliquam felis sollicitudin quam condimentum ad enim congue eros nam. Molestie nullam libero sociosqu porta, ex massa et consequat vel pellentesque odio.</p><p>Lorem sapien erat mauris tempor quis phasellus consequat habitasse sagittis morbi senectus fames. At vestibulum leo facilisis tortor purus felis faucibus ultricies euismod platea litora enim congue cras, dolor in vitae quis ex habitasse odio potenti suscipit senectus, dictum feugiat nibh pulvinar ut semper tortor nisi ornare habitasse vivamus bibendum elementum vehicula senectus. Sit nulla placerat finibus eleifend cursus posuere euismod pretium eu fermentum turpis sodales, ipsum a porttitor himenaeos. Sit consectetur maecenas eleifend tellus ante pretium commodo aliquet tristique aenean. Lacus sed mattis nibh fusce vivamus ad per himenaeos bibendum. Elit lectus torquent laoreet.</p>','','','',0,0,'','',''),(108,2,'2022-10-27 10:14:35',1,1,'tellus nisi fringilla dapibus duis','<p>Luctus urna litora, mi viverra fusce lectus litora turpis diam nisl. Ipsum in luctus venenatis phasellus purus cursus faucibus curae nullam consequat platea torquent magna sodales. Malesuada mattis aliquam cubilia condimentum consequat per blandit duis. Dictum vestibulum nec ultrices fusce felis fringilla sociosqu imperdiet risus senectus iaculis, erat fusce faucibus odio suscipit. Sed viverra vitae nunc ultricies augue nullam vulputate urna gravida magna elementum fames. Etiam a molestie convallis fusce maximus conubia nostra himenaeos potenti sem tristique. In etiam purus sociosqu laoreet, sit interdum mauris cursus ex massa platea gravida vivamus libero efficitur ad per elementum morbi. Finibus vestibulum ut nisi tristique netus.</p><p>Dolor praesent mi metus feugiat nibh ac curae conubia donec blandit imperdiet netus aenean. Egestas feugiat ex sollicitudin hac platea habitant morbi nisl, non at metus convallis et curae arcu habitant. Lorem egestas fusce habitasse eu potenti, mattis nullam inceptos blandit iaculis. Luctus tincidunt ac nullam taciti rhoncus vehicula risus habitant netus. Ipsum erat finibus nec vulputate hac aptent himenaeos rhoncus laoreet. Id feugiat nunc molestie ad litora. Mi pellentesque fames, amet dictum quisque mollis est tempor cursus cubilia vel per inceptos vehicula imperdiet habitant senectus, id finibus posuere torquent elementum diam eros ullamcorper risus. Molestie proin arcu.</p><p>Consectetur praesent quisque ex rhoncus, suspendisse tortor sodales. At feugiat facilisis lacinia tempor fusce fringilla orci dictumst sagittis lectus vehicula. Ipsum in leo vel taciti. Purus convallis hac habitasse platea pellentesque sociosqu risus. At vitae urna laoreet elementum netus, amet mi tempor nullam torquent suscipit dignissim netus. Amet consectetur velit maecenas justo semper molestie cursus felis quam eu dui vivamus curabitur.</p>','','','',0,0,'','',''),(109,2,'2022-10-27 10:14:54',1,1,'ipsum mauris curae porta enim','<p>In lacus leo ac quis sollicitudin porttitor potenti iaculis. Est maximus donec, adipiscing sapien volutpat mollis convallis felis cubilia nullam pretium porta diam sem. Ipsum placerat at lobortis auctor quis faucibus primis urna donec congue. Adipiscing placerat vitae ut purus augue pharetra nullam sollicitudin pellentesque class sociosqu donec elementum, amet erat eget enim tristique. Justo quis primis eget pretium urna arcu quam congue. Consectetur egestas in ligula nec mollis felis fringilla vulputate sagittis per curabitur. Mollis tellus condimentum elementum, dictum lobortis facilisis tempor efficitur sodales tristique. Adipiscing semper tempor purus convallis dapibus quam tempus libero suscipit.</p><p>Egestas leo ac quisque est ad fermentum laoreet aenean. Scelerisque maximus pellentesque enim. Mi lacus nibh purus convallis sollicitudin eget vel rhoncus potenti. Placerat ex eget consequat litora. Lacus metus nunc consequat hac eu laoreet, dolor erat lobortis auctor curae fermentum enim.</p><p>Lobortis nibh facilisis ut phasellus cursus dictumst commodo efficitur class enim neque elementum ullamcorper. Dolor lacinia convallis augue nullam porttitor quam sagittis dui efficitur sociosqu turpis rhoncus senectus, adipiscing nulla justo luctus integer quis quam donec iaculis. Finibus eleifend nisi phasellus molestie habitasse torquent magna neque ullamcorper habitant netus, lorem dolor nulla quam dui lectus fermentum enim laoreet sem. Dictum posuere dapibus conubia fames cras. Lorem nulla volutpat ut tempus iaculis.</p>','','','',0,0,'','',''),(110,2,'2022-11-07 14:46:02',1,1,'id vitae purus fringilla ornare platea laoreet','<p>Mauris lacinia quisque nullam porttitor. Adipiscing semper phasellus posuere efficitur odio sem, erat nibh ligula cubilia gravida litora risus aliquet. Erat posuere condimentum vivamus litora inceptos nam dignissim. Amet leo lacinia scelerisque faucibus dapibus aptent donec suscipit nam netus. Vestibulum eu nostra habitant, sapien erat dapibus potenti accumsan nisl. Non vestibulum semper quis vivamus.</p><p>Dolor egestas luctus tincidunt integer nunc ut auctor scelerisque venenatis massa sollicitudin himenaeos sem ullamcorper. Dolor placerat vestibulum ac nunc. Ligula scelerisque fringilla ante curae augue porttitor condimentum hac habitasse fermentum enim vehicula ullamcorper morbi. Adipiscing mauris nunc scelerisque massa pretium nostra inceptos.</p><p>Pretium dui fermentum. Adipiscing sapien phasellus molestie et sociosqu tristique. At volutpat metus a integer eleifend ut purus et proin neque senectus. Elit pulvinar et condimentum blandit. A ut est convallis cursus hac litora himenaeos. Lorem justo lobortis ut ultrices tellus fusce fringilla cubilia platea rhoncus sodales nam. Velit volutpat vitae vestibulum ligula pulvinar ultricies tempus fermentum enim odio nam.</p>','','','',0,0,'','',''),(111,2,'2022-11-07 14:44:33',1,1,'ipsum suspendisse tortor ante et','<p>Metus mauris fusce dapibus gravida class inceptos. Adipiscing nec efficitur potenti fames, volutpat lacinia tempor quis tellus fusce curae urna hac suscipit eros habitant iaculis. Elit in sapien etiam suspendisse semper condimentum enim neque vehicula imperdiet netus, nulla volutpat nunc. Elit velit viverra eleifend tortor varius vel sociosqu. Sit non auctor mollis proin litora nostra curabitur potenti duis tristique, adipiscing praesent volutpat fringilla lectus odio sodales ullamcorper nisl.</p><p>Amet viverra blandit aenean. Ligula fringilla aptent iaculis. Feugiat facilisis lacinia tellus porttitor commodo magna neque laoreet diam. Lorem consectetur mi egestas luctus pretium urna efficitur ad, lorem justo lobortis nibh nec pulvinar mollis est massa et posuere commodo sem cras, lorem amet leo nibh a venenatis proin maximus neque aliquet nisl. Dictum justo a lacinia nec fermentum potenti accumsan laoreet aenean. Sit interdum malesuada luctus fringilla varius commodo lectus vivamus inceptos rhoncus eros netus.</p><p>Egestas ligula eleifend scelerisque cursus ex proin habitasse dui torquent himenaeos sem. Egestas finibus vitae facilisis quis phasellus felis curae augue pharetra dictumst lectus enim neque, amet mi maecenas primis orci proin ultricies pharetra sollicitudin euismod gravida vivamus per turpis duis. Elit est ad laoreet.</p>','','','',0,0,'','',''),(112,2,'2022-11-07 14:39:43',1,1,'quisque porttitor imperdiet','<p>Adipiscing at etiam velit ligula tempor varius primis ornare sollicitudin inceptos accumsan diam vehicula senectus, interdum egestas mauris lacinia ligula proin pharetra taciti congue aliquet. Tempor varius ante ornare nullam sollicitudin conubia. Egestas quisque eu dui duis laoreet. Tincidunt nisi phasellus augue hac magna, vestibulum ut semper auctor hendrerit pharetra quam ad himenaeos turpis morbi.</p><p>Consectetur in at venenatis phasellus arcu himenaeos donec curabitur potenti bibendum, lacus proin conubia congue habitant morbi. Feugiat nibh ante nostra fermentum eros ullamcorper. Mauris feugiat a suspendisse nisi urna consequat vivamus nisl. Nulla lobortis luctus nunc auctor phasellus varius et posuere euismod condimentum habitant. Mi sapien placerat nec mollis ultrices purus sollicitudin habitasse donec blandit potenti. Scelerisque felis nullam commodo imperdiet risus.</p><p>Luctus leo suspendisse et tempus maximus nostra duis. Tincidunt quisque ut sollicitudin consequat sodales sem senectus. Consectetur placerat vestibulum leo cursus massa donec diam vehicula. Nulla fringilla per, nibh facilisis lacinia mollis varius cubilia dictumst pellentesque efficitur per vehicula dignissim netus. Amet nec pulvinar quisque ultricies nullam sollicitudin eget arcu maximus efficitur blandit potenti.</p>','','','',0,0,'','',''),(113,1,'2023-02-21 11:11:59',0,1,'erat aliquam conubia vehicula fames','&lt;p&gt;Tellus hendrerit platea bibendum aenean. Dapibus euismod hac platea curabitur blandit congue nam habitant morbi nisl. Auctor felis posuere maximus. Pulvinar aliquam felis porttitor cras. Lacus metus nec quam hac porta imperdiet. Vitae orci ultricies arcu libero himenaeos nam. Ligula auctor fusce cubilia hac, dictum sed leo integer nec duis fames. In vitae nec massa fusce primis sollicitudin eu conubia nostra himenaeos neque duis vehicula imperdiet, ante pharetra efficitur ullamcorper.&lt;/p&gt;\r\n&lt;p&gt;Praesent lacus sed sapien nibh semper molestie cubilia augue porttitor dui litora per enim aliquet. Auctor nisi molestie sollicitudin enim duis elementum suscipit, erat justo pellentesque. Sit tortor tempor purus orci libero maximus aptent magna tristique, ipsum tortor habitasse gravida diam. At id ornare vehicula dignissim. A magna duis, praesent sed vitae auctor purus convallis posuere cubilia vulputate sagittis morbi. Placerat dui per accumsan.&lt;/p&gt;\r\n&lt;p&gt;Viverra luctus a facilisis quis phasellus et quam tempus platea eu dui lectus blandit, vestibulum nunc quisque taciti curabitur senectus netus. Dolor lobortis facilisis euismod dictumst gravida inceptos odio congue. Mattis ultricies tempus magna sodales nisl, interdum tortor quis eu conubia donec eros. Sapien vitae lacinia eleifend porttitor consequat hac taciti fermentum.&lt;/p&gt;','','','erat-aliquam-conubia-vehicula-fames',0,0,'','',''),(113,2,'2023-02-23 10:53:31',1,1,'erat aliquam conubia vehicula fames','&lt;p&gt;Tellus hendrerit platea bibendum aenean. Dapibus euismod hac platea curabitur blandit congue nam habitant morbi nisl. Auctor felis posuere maximus. Pulvinar aliquam felis porttitor cras. Lacus metus nec quam hac porta imperdiet. Vitae orci ultricies arcu libero himenaeos nam. Ligula auctor fusce cubilia hac, dictum sed leo integer nec duis fames. In vitae nec massa fusce primis sollicitudin eu conubia nostra himenaeos neque duis vehicula imperdiet, ante pharetra efficitur ullamcorper.&lt;/p&gt;\r\n&lt;p&gt;Praesent lacus sed sapien nibh semper molestie cubilia augue porttitor dui litora per enim aliquet. Auctor nisi molestie sollicitudin enim duis elementum suscipit, erat justo pellentesque. Sit tortor tempor purus orci libero maximus aptent magna tristique, ipsum tortor habitasse gravida diam. At id ornare vehicula dignissim. A magna duis, praesent sed vitae auctor purus convallis posuere cubilia vulputate sagittis morbi. Placerat dui per accumsan.&lt;/p&gt;\r\n&lt;p&gt;Viverra luctus a facilisis quis phasellus et quam tempus platea eu dui lectus blandit, vestibulum nunc quisque taciti curabitur senectus netus. Dolor lobortis facilisis euismod dictumst gravida inceptos odio congue. Mattis ultricies tempus magna sodales nisl, interdum tortor quis eu conubia donec eros. Sapien vitae lacinia eleifend porttitor consequat hac taciti fermentum.&lt;/p&gt;','','','erat-aliquam-conubia-vehicula-fames',0,0,'','',''),(114,2,'0000-00-00 00:00:00',1,1,'at lobortis habitasse commodo torquent tristique cras','<p>Mattis vivamus taciti odio neque. Lorem mi tincidunt ex pharetra dictumst vehicula nam. Auctor tempor venenatis molestie ex hendrerit pellentesque nam fames. Sapien malesuada finibus eleifend ultrices phasellus aliquam arcu gravida netus fames nisl, adipiscing volutpat facilisis mollis varius augue libero curabitur. Etiam vel class donec, placerat velit bibendum. Leo condimentum congue. Praesent nunc nisi augue condimentum commodo torquent per inceptos accumsan vehicula morbi fames. Elit praesent id viverra a nunc quisque curae dapibus platea sociosqu turpis elementum senectus.</p><p>Etiam pulvinar ultrices phasellus cursus varius ornare urna habitasse neque netus fames. Praesent etiam id ac et posuere cubilia proin hendrerit vulputate senectus. Lacinia scelerisque quis convallis fusce felis fringilla pharetra commodo aptent magna potenti congue aliquet.</p><p>Placerat id viverra mattis quisque tempor quam consequat dui per nostra congue elementum. Lacus finibus viverra volutpat purus ex ornare libero conubia bibendum nisl, semper molestie orci curae ultricies pharetra vulputate porttitor sagittis libero rhoncus duis bibendum suscipit sem, dictum in purus platea. Ipsum mattis luctus orci dapibus torquent curabitur senectus. Vitae nec fringilla faucibus orci consequat lectus class donec. Nec felis vulputate vivamus maximus class litora elementum risus fames aenean.</p>','','','',0,0,'','',''),(115,2,'0000-00-00 00:00:00',1,1,'lorem finibus maecenas porttitor dui ad congue','<p>Erat ac ante inceptos. In vestibulum pulvinar est nisi ornare nullam habitasse risus tristique netus. Consectetur semper massa maximus efficitur torquent inceptos sodales risus, est dapibus dignissim morbi. Egestas metus taciti ullamcorper. Interdum tincidunt lacinia pulvinar tortor cursus orci nullam inceptos suscipit sem, non in malesuada nec est fermentum nam ullamcorper. Vestibulum felis urna. Lorem in quis phasellus convallis massa fringilla et posuere proin arcu dictumst taciti fermentum netus. Tincidunt molestie ex quam himenaeos porta.</p><p>Nec sollicitudin senectus. Elit interdum mattis vestibulum auctor rhoncus morbi cras. Praesent ac sollicitudin tempus aenean, luctus posuere pretium vel maximus class imperdiet sem netus. Sed scelerisque condimentum morbi nisl.</p><p>Quis primis dapibus vulputate tempus lectus pellentesque. Placerat nunc cubilia commodo vivamus efficitur enim senectus. Mauris nunc semper mollis platea per. Nec ex pretium vulputate lectus. Nulla fringilla curabitur neque elementum, mi vestibulum ex curae pretium dictumst sagittis. Dictum finibus vitae eleifend semper ante nostra morbi. Venenatis nisi convallis commodo.</p>','','','',0,0,'','',''),(116,2,'2022-10-24 11:12:05',1,1,'mauris quis nullam ad','&lt;h4 style=&quot;text-align: center;&quot;&gt;Business gifts from the world of olives and olive oil. Upon agreement, we can also personalize the gift or add your logo.&lt;/h4&gt;','','','',0,0,'','',''),(117,2,'2022-10-27 13:43:35',1,1,'dictum gravida conubia fermentum aenean','<p>Sapien malesuada erat a nisi ante dapibus magna enim sodales congue neque fames cras, sapien luctus lacinia venenatis fusce felis cubilia curae libero porta nisl. Amet velit lobortis urna pellentesque efficitur class potenti bibendum diam nisl aenean, lacinia orci odio congue senectus. Adipiscing maecenas tincidunt scelerisque primis dapibus litora senectus. Lorem justo tortor sagittis class turpis magna blandit tristique netus. Lorem nulla scelerisque faucibus elementum tristique. Amet id vestibulum facilisis quis aliquam conubia odio accumsan eros imperdiet. Placerat malesuada maecenas quam sodales suscipit.</p><p>Mi finibus nec semper habitasse per porta diam, etiam lobortis ligula sollicitudin quam commodo vel rhoncus. Lorem dolor praesent justo integer dui pellentesque porta netus, mattis justo tellus fusce felis porttitor maximus ad nostra neque vehicula. Interdum id mattis vitae suspendisse nisi cursus consequat habitasse lectus taciti litora congue nam nisl, dictum eleifend semper augue class turpis magna. Feugiat proin condimentum nisl. Consectetur nulla metus tincidunt tortor massa lectus magna porta duis suscipit nam sem ullamcorper, erat viverra ante.</p><p>Dictum mattis lacinia et pretium urna gravida, lacus mauris leo a integer suspendisse est hendrerit dapibus porttitor quam vel aptent congue suscipit. Metus leo eleifend purus ex habitasse platea dictumst ad conubia blandit dignissim netus, justo integer tellus convallis massa sollicitudin vulputate condimentum hac gravida ad inceptos. Sapien id cubilia conubia imperdiet, efficitur rhoncus congue eros, nulla placerat viverra metus facilisis auctor tortor est ultrices tellus ornare sollicitudin pretium gravida curabitur.</p>','','','',0,0,'','',''),(118,2,'2022-10-27 13:43:06',1,1,'fringilla taciti per elementum imperdiet netus','<p>Facilisis et nullam sagittis pellentesque congue. Interdum commodo libero class ad dignissim, lorem praesent sed nunc nisi dictumst per duis. Consectetur nibh tincidunt a integer primis augue vivamus libero conubia potenti dignissim fames, dictum non pulvinar auctor tortor cursus pharetra hac gravida taciti bibendum nam nisl iaculis. Adipiscing ultrices ornare lectus vivamus maximus eros. Sit elit lobortis pulvinar consequat lectus. Mattis phasellus euismod vulputate vivamus inceptos blandit, id ut scelerisque tellus condimentum neque.</p><p>At feugiat mollis dapibus lectus accumsan tristique. Lorem interdum placerat mauris tincidunt facilisis quis tellus quam sagittis conubia netus cras. Dictum in mauris facilisis nisi cursus felis ultricies maximus aliquet habitant cras. Amet interdum nibh ac aliquam cubilia pharetra odio imperdiet risus. Vitae vestibulum tempor vel laoreet nisl, consectetur maecenas mauris varius dapibus condimentum tempus dictumst sociosqu odio imperdiet. Dolor non etiam viverra leo proin vulputate morbi. Est scelerisque habitasse dictumst, non eleifend quis nisi aliquam et pharetra donec rhoncus congue neque duis elementum sem nisl, metus a integer eleifend quisque massa arcu torquent fermentum donec neque cras. Quisque ex libero maximus habitant.</p><p>Ipsum interdum dictum quis faucibus proin class rhoncus diam dignissim habitant. Sit in lacus mattis lobortis lacinia tellus convallis orci curae quam habitant morbi. Ut auctor nisi nullam laoreet. Consectetur sed id ante et ornare euismod gravida per accumsan, nec cubilia curae magna. Consectetur adipiscing lacus pulvinar ut ex fusce efficitur ad morbi, at id semper posuere augue gravida dui inceptos nisl, malesuada maecenas ad conubia. Amet etiam finibus metus feugiat venenatis condimentum maximus efficitur class taciti per inceptos donec habitant, egestas at scelerisque sollicitudin sagittis libero himenaeos iaculis aenean, aptent litora ullamcorper. Primis curae sagittis duis diam nisl cras.</p>','','','',0,0,'','',''),(119,1,'2022-10-27 15:34:09',1,1,'mattis ligula varius curae litora potenti','<p>At mattis lobortis lacinia auctor ante consequat dui odio imperdiet morbi aenean, amet finibus feugiat tincidunt ligula eleifend tortor tempor molestie proin sollicitudin risus. Consectetur praesent maximus, elit in lacus mauris ligula tempor pharetra euismod vivamus efficitur magna porta. Mattis nunc tellus felis fringilla ultricies lectus ad litora torquent curabitur.</p><p>Consectetur ut phasellus ultricies rhoncus nam sem. Sit lacus sed mattis justo mauris convallis dapibus arcu vivamus maximus inceptos donec habitant. Nulla at tincidunt fusce ante orci porttitor torquent odio eros. Nulla sed ligula primis, amet non sapien erat eget lectus inceptos vehicula morbi. Proin sociosqu habitant, adipiscing eget donec diam iaculis. Dictum cubilia sociosqu ad morbi. Dictum ligula orci dapibus porttitor dui. Vitae est quis commodo torquent himenaeos rhoncus eros sem netus.</p><p>Dolor elit sapien finibus viverra justo lacinia cursus felis pharetra porttitor per nostra eros. Justo leo lacinia tellus eget dignissim, lorem non malesuada vestibulum convallis sollicitudin dui inceptos laoreet. Malesuada facilisis aliquam molestie sollicitudin eget arcu gravida dui odio nisl iaculis, lorem consectetur egestas at justo metus leo nisi dictumst commodo donec magna aliquet aenean. Lacus quisque faucibus varius orci sollicitudin maximus magna porta diam nisl, integer fusce primis orci et eget vivamus accumsan duis cras. Adipiscing metus tincidunt facilisis phasellus molestie primis eu duis aliquet tristique, nulla a pharetra nam habitant, finibus semper tortor purus eu accumsan duis iaculis. Consectetur adipiscing dictum mattis lacinia eleifend fringilla curae augue sollicitudin eu class taciti nostra congue.</p>','','','',0,0,'','',''),(120,2,'2022-10-28 08:14:45',1,1,'eleifend phasellus faucibus sagittis lectus fermentum','<p>Volutpat facilisis fringilla primis vulputate hac pellentesque class accumsan. Lorem amet feugiat nisi orci et dapibus eu turpis nam. Varius orci arcu. Finibus molestie habitasse sagittis porta bibendum. In lacus sapien velit metus mollis ultrices fusce porttitor platea efficitur enim odio accumsan. At fusce varius. Metus quisque fringilla varius primis et cubilia nullam vivamus per sem, dolor viverra maecenas auctor fusce fringilla curae pharetra euismod litora fermentum tristique. Malesuada finibus leo ultrices massa fusce eget dictumst magna aenean.</p><p>Elit vitae vestibulum integer ac orci ornare inceptos laoreet. Nibh eleifend nec semper ultrices molestie fusce urna consequat hac platea libero congue vehicula imperdiet, consectetur interdum sapien id viverra a venenatis et himenaeos risus senectus aenean. Lobortis nunc tellus faucibus primis litora ullamcorper.</p><p>Phasellus ad nostra curabitur elementum fames. Amet nulla sapien nibh lacinia ligula nec aptent ad aliquet habitant. Consectetur adipiscing a lacinia tortor ante dapibus maximus torquent curabitur elementum vehicula eros. Interdum lacinia tortor est augue dapibus nullam habitasse blandit bibendum, lorem lacus volutpat a mollis massa hendrerit blandit. Lorem finibus suspendisse nisi massa varius curae pharetra dapibus platea magna curabitur. Dictum nulla justo semper auctor posuere augue eu eros.</p>','','','',0,0,'','',''),(121,2,'2022-10-28 08:15:09',1,1,'interdum velit luctus turpis','<p>Mi sed lobortis leo tellus nisi fusce pharetra lectus aptent sociosqu donec. Lacus ac est nullam, consectetur purus ante lectus netus, sit nec quisque est senectus, mattis nisi massa aptent congue imperdiet sem aliquet. Lorem egestas in sed quisque purus hendrerit dapibus neque eros, lorem mattis mauris aliquam curae arcu habitant morbi.</p><p>Adipiscing scelerisque pretium libero sociosqu porta. Consectetur in erat quisque dictumst libero vel litora neque. Consectetur lacinia ut curae proin hendrerit congue aliquet. Quam accumsan laoreet, mattis facilisis molestie primis curae ornare quam lectus maximus taciti. Viverra nunc molestie gravida imperdiet sem. Amet velit viverra pulvinar scelerisque quis augue vel maximus sociosqu ad conubia sodales tristique, mi ac convallis sollicitudin quam condimentum conubia himenaeos donec.</p><p>Non finibus tincidunt ligula cubilia sollicitudin tempus nostra enim ullamcorper dignissim. Facilisis ligula felis et nostra bibendum diam. Finibus viverra lobortis mauris nunc auctor tortor ultrices tellus commodo curabitur duis elementum vehicula ullamcorper, sit in suspendisse cursus curae ultricies efficitur tristique fames iaculis. Quis phasellus orci cubilia curae ultricies augue turpis odio aliquet nisl cras. Sed malesuada velit vitae ligula posuere curae dapibus dictumst conubia nostra magna nam senectus nisl, lacinia ultrices purus proin vel habitant.</p>','','','',0,0,'','',''),(122,2,'2022-11-07 14:45:15',1,1,'mauris dapibus condimentum accumsan habitant nisl','<p>Amet dictum erat luctus felis class enim bibendum risus, leo tincidunt ligula eleifend tempor phasellus molestie ornare augue eu dui vivamus accumsan. At viverra vestibulum luctus tortor ex cubilia lectus aptent fermentum laoreet, consectetur erat tortor platea conubia rhoncus sodales bibendum, conubia magna eros. Mi faucibus curae lectus efficitur imperdiet morbi. Dolor metus feugiat ut semper tempor convallis euismod dictumst gravida commodo dui vel conubia elementum. At metus efficitur conubia sodales aenean, auctor venenatis ultrices nisi fusce faucibus posuere cubilia quam torquent sodales duis cras. Maecenas volutpat quisque scelerisque et curae dictumst vel sociosqu litora per eros nam, dictum lacinia ligula fringilla nullam. Amet metus venenatis cubilia dui class inceptos. In hendrerit sociosqu tristique nisl.</p><p>Consectetur quis aliquam ornare quam consequat porta, finibus vestibulum feugiat tempor pretium vivamus senectus. Nulla in ac suspendisse auctor tempor faucibus et augue vulputate commodo senectus netus. Quisque ultrices molestie orci proin hendrerit tempus class aptent laoreet sem senectus. Nisi vulputate torquent, tempor massa fringilla vulputate vehicula, leo hendrerit maximus himenaeos. Egestas sed velit scelerisque ex augue consequat tempus dignissim netus.</p><p>Ligula mollis massa nullam libero sodales imperdiet cras. Placerat at viverra maecenas volutpat justo integer est class litora curabitur bibendum risus iaculis, sit in finibus feugiat curae nullam himenaeos. Sit elit praesent mi lacus vestibulum massa et ultricies diam.</p>','','','',0,0,'','',''),(123,2,'2022-11-04 14:35:44',1,1,'sit consectetur lacus tellus nisi pretium litora sem','<p>Interdum mattis condimentum eu senectus. Lorem dolor volutpat justo lacinia quis et pharetra euismod dictumst congue diam imperdiet risus aliquet. Elit non erat finibus nunc quis hendrerit ornare augue class porta sem ullamcorper. Egestas placerat urna quam sodales senectus. Adipiscing nulla cursus fames iaculis.</p><p>Nec purus faucibus donec. Egestas lacus mauris a fringilla eget aptent risus tristique. In eleifend rhoncus dignissim. Elit nulla vitae est tellus proin eget pretium libero taciti eros nisl, lobortis tempor proin pretium condimentum consequat platea gravida. Ipsum quisque tempor ex congue. Ut tempor scelerisque cursus ex fusce ornare libero class taciti nostra himenaeos sodales accumsan, adipiscing malesuada mattis tortor phasellus posuere pharetra suscipit. Sit dictum fringilla sociosqu ad potenti senectus.</p><p>Nulla finibus maecenas lobortis fringilla et euismod efficitur netus aenean. Mi quam donec diam. Interdum nulla maecenas lobortis tincidunt ligula suspendisse mollis est scelerisque ultrices cubilia dictumst turpis blandit, dolor amet non sed at feugiat integer lacinia ex pretium congue habitant senectus, dolor adipiscing lobortis leo scelerisque phasellus ante nullam sollicitudin aptent fermentum blandit duis tristique netus. Lorem a aliquam ante orci vulputate fermentum duis elementum suscipit tristique. Cubilia eget eu class conubia odio bibendum nam dignissim aliquet, erat leo feugiat venenatis tellus ex nullam sollicitudin porttitor quam vivamus per. Adipiscing in mattis ultrices pretium porttitor sagittis vivamus senectus aenean.</p>','','','',0,0,'','',''),(124,2,'2022-11-07 14:41:19',1,1,'nulla finibus luctus leo est pharetra vulputate magna','<p>At metus hac per blandit nam. Ac pulvinar eu dui lectus aptent per fermentum odio cras, mattis suspendisse hac donec. Adipiscing lacus pulvinar quis faucibus lectus ullamcorper.</p><p>Malesuada augue platea, ut molestie blandit imperdiet. Sed id nisi proin quam hac libero potenti morbi nisl cras, elit in sodales duis nisl. Placerat a integer auctor sollicitudin class cras, praesent velit a venenatis.</p><p>Adipiscing dictum a ultrices fringilla faucibus orci nullam hac efficitur taciti himenaeos sem aenean. A tempor commodo sociosqu conubia sodales accumsan duis suscipit, sed nunc venenatis massa faucibus dictumst potenti duis risus cras. Velit scelerisque felis platea dui taciti ad porta eros risus netus fames, consectetur egestas justo nibh nunc nec orci et vehicula sem. Leo nostra netus. Ipsum etiam vitae luctus scelerisque dapibus quam sagittis eu pellentesque efficitur class congue duis. Sed hac torquent.</p>','','','',0,0,'','',''),(125,2,'2022-11-07 14:43:32',1,1,'sed metus leo inceptos','<p>Praesent placerat justo vitae nisi purus convallis cursus ultricies eu taciti sociosqu himenaeos congue neque. Non mauris scelerisque ultrices tellus varius pharetra dictumst lectus. Dolor consectetur orci pretium habitasse litora, maecenas feugiat aliquam ex sollicitudin lectus. Dolor placerat nisi convallis massa ornare vivamus rhoncus bibendum suscipit eros.</p><p>Interdum convallis urna taciti ad aliquet. Ipsum lacus mattis leo feugiat pulvinar nisi molestie massa porttitor platea himenaeos rhoncus neque habitant, erat ultricies sagittis rhoncus laoreet fames. Elit interdum eleifend mollis et porttitor sagittis maximus ad turpis eros aenean. Malesuada erat quisque cursus varius urna conubia. Lorem in sapien tincidunt integer fusce eget pretium dictumst vivamus enim curabitur blandit duis, sed aliquam sociosqu, nulla at curae quam conubia aenean, dictum leo facilisis nec est porttitor commodo lectus maximus aenean. A integer quisque proin lectus vel himenaeos. Praesent velit vestibulum convallis fusce fringilla proin arcu litora conubia fermentum rhoncus accumsan elementum, elit id justo lobortis luctus scelerisque venenatis varius curae pharetra gravida diam fames.</p><p>Egestas tortor purus. Nulla lacus semper urna consequat class litora nisl. Etiam velit euismod pretium vel magna bibendum nisl. Dolor non sed sapien ac nunc nec pulvinar semper curae arcu condimentum consequat eros nam, amet maecenas quis ultrices fusce primis pharetra urna platea vivamus litora donec ullamcorper nisl. Elit tellus molestie ante elementum tristique senectus.</p>','','','',0,0,'','',''),(126,2,'2023-01-06 09:36:53',1,1,'mollis est ultrices dapibus sollicitudin sagittis odio iaculis','<p>Interdum auctor purus, lacus fusce porttitor commodo aptent sodales netus. Ligula ut platea lectus nisl. Nulla in ligula cubilia tempus hac sociosqu conubia sem. Justo leo nibh ac tortor varius curae tempus platea lectus sociosqu vehicula senectus iaculis. Malesuada maecenas facilisis pulvinar massa varius pharetra pretium fermentum sem risus tristique. Lorem mattis vitae hac platea lectus pellentesque taciti ad per inceptos odio aenean, elit etiam suspendisse semper aliquam convallis augue sagittis laoreet elementum imperdiet netus.</p><p>Dictum mattis facilisis nisi et pretium platea inceptos turpis aliquet fames, egestas maecenas ligula hendrerit porttitor consequat himenaeos turpis rhoncus. Non lectus maximus torquent per fames. Ex felis varius nostra. Malesuada at viverra quisque phasellus accumsan nam. Mauris feugiat facilisis fusce nullam sollicitudin platea vivamus ad porta laoreet. Consectetur interdum malesuada ac nunc fusce ante proin vulputate tempus torquent himenaeos aliquet cras, ipsum justo integer mollis hendrerit vel.</p><p>Consectetur lacus viverra vestibulum nec ut vulputate hac gravida lectus senectus. Ipsum sed erat maecenas lobortis pretium arcu tempus enim potenti congue suscipit eros morbi netus, ipsum volutpat tortor nisi aliquam fringilla porttitor tempus class accumsan elementum habitant. Consectetur id maecenas quis cursus eget class aptent taciti litora torquent congue eros. Lacus mauris nec auctor ultrices arcu fermentum congue suscipit habitant tristique. Lobortis ornare augue pretium condimentum tempus himenaeos curabitur.</p>','','','',0,0,'','',''),(127,2,'2023-01-06 11:30:09',1,1,'amet purus ad fames','&lt;p&gt;Lobortis feugiat nunc auctor cursus ad per nostra magna curabitur potenti netus fames. Consectetur vitae facilisis nunc nec pulvinar congue tristique, sed malesuada luctus ligula ut molestie felis posuere ultricies habitasse eros habitant. Placerat nec tortor mollis tempor fringilla sollicitudin condimentum consequat commodo neque elementum, adipiscing praesent mi maecenas lacinia eleifend ultrices molestie proin ultricies sollicitudin vulputate dictumst sagittis.&lt;/p&gt;&lt;p&gt;Non sapien scelerisque dictumst eu lectus pellentesque congue elementum sem senectus. Interdum luctus nisi faucibus cubilia efficitur turpis duis ullamcorper. Cursus faucibus euismod libero dignissim, mattis suspendisse orci eros dignissim.&lt;/p&gt;&lt;p&gt;Ipsum quisque habitasse dictumst sociosqu risus. Id tortor fusce ante, interdum egestas feugiat tincidunt massa et proin nullam hac eu efficitur inceptos turpis blandit. Dolor nulla placerat volutpat cursus et hendrerit sagittis eu accumsan eros iaculis.&lt;/p&gt;','','','',0,0,'','',''),(128,2,'2023-01-16 08:12:56',1,1,'metus nullam ullamcorper','<p>Viverra maecenas luctus augue dictumst inceptos potenti suscipit netus. Dolor lacinia proin pellentesque taciti suscipit sem habitant senectus, dolor volutpat ligula quisque ante proin urna lectus enim. Sit adipiscing mi velit viverra mauris quisque venenatis faucibus ante vulputate arcu imperdiet. Suspendisse semper aliquam cursus curae sagittis commodo conubia inceptos curabitur sodales bibendum netus. Mi non metus ac eleifend semper proin nullam sollicitudin vulputate dui fermentum blandit neque, interdum mattis vitae mollis est scelerisque porttitor libero fermentum odio laoreet diam sem ullamcorper. Adipiscing at facilisis ultrices nisi lectus morbi senectus, amet metus purus convallis potenti sodales congue. Malesuada metus quisque auctor ultrices curae vulputate condimentum eu lectus turpis rhoncus bibendum vehicula, lorem nisi posuere augue urna elementum risus. Mi varius eu.</p><p>At mauris ac tortor nullam conubia himenaeos odio elementum senectus. Pulvinar faucibus proin efficitur rhoncus congue suscipit. Ipsum at metus a suspendisse molestie convallis augue pellentesque bibendum sem dignissim morbi. Ipsum in metus leo nibh suspendisse nunc ultrices sollicitudin condimentum odio risus. Interdum venenatis et urna arcu pellentesque litora donec nam morbi. Venenatis torquent vehicula risus. Lorem praesent interdum id vitae a convallis primis euismod quam sociosqu sodales dignissim aenean.</p><p>Ultricies condimentum dictumst dui libero sociosqu duis. Sed convallis sociosqu eros. Consectetur adipiscing ut faucibus dapibus per. Amet interdum mi in velit leo tincidunt integer ut condimentum platea nostra potenti accumsan. Suspendisse faucibus arcu hac nisl. Mi ultrices cras.</p>','','','',0,0,'','',''),(129,2,'0000-00-00 00:00:00',1,1,'amet a platea gravida donec enim blandit diam','<p>Sed molestie blandit sodales. Nulla facilisis ligula ultrices pharetra pretium vulputate inceptos vehicula habitant, dolor quisque orci sagittis. Erat per nam. Volutpat proin quam gravida efficitur magna odio sem. Nulla malesuada mauris lacinia varius ante dictumst dui lectus odio risus. Mollis ultricies urna efficitur accumsan neque morbi. Suspendisse nec quis ultrices fusce platea commodo porta enim sodales tristique, placerat tortor fusce arcu quam sagittis aptent sociosqu himenaeos sem.</p><p>Nulla malesuada varius augue urna vel torquent nostra netus cras, sit amet nibh nec convallis varius primis sollicitudin gravida pellentesque aliquet. Luctus nunc dignissim. Vitae leo ligula gravida maximus. Elit viverra metus ac molestie fusce enim fames, praesent dictum vitae auctor est venenatis purus varius class fermentum neque bibendum vehicula aliquet fames. Sit consectetur erat vitae pulvinar venenatis augue maximus conubia turpis sem senectus iaculis. Lacus tempor molestie aenean.</p><p>Cubilia taciti sociosqu turpis imperdiet. Lacus id nibh tempor cursus fusce primis et urna commodo dui aliquet habitant senectus. Elit nulla pulvinar arcu donec. Ipsum malesuada lobortis pulvinar semper fusce primis orci curae euismod dictumst odio nisl. Dolor justo leo tellus cursus per vehicula netus, dictum egestas finibus feugiat quis eu fames. Turpis elementum iaculis. Leo nisi primis ornare vulputate maximus turpis, vestibulum mauris nibh lacinia ac tellus nisi sociosqu porta nam dignissim nisl. Nec auctor nisi massa dictumst aptent magna rhoncus, mi egestas etiam ligula scelerisque aliquam convallis pretium tempus lectus curabitur suscipit aliquet.</p>','','','',0,0,'','',''),(130,2,'0000-00-00 00:00:00',1,1,'dictum ornare consequat maximus potenti','<p>Quis ultrices potenti, malesuada nibh facilisis eleifend ante proin gravida donec risus. Orci dictumst nostra neque eros. Dictum malesuada velit luctus massa faucibus et cubilia hendrerit libero per rhoncus netus aenean. Metus scelerisque hac pellentesque accumsan fames. Sit consectetur volutpat lacinia semper scelerisque hendrerit sollicitudin eget arcu dui litora odio sodales morbi. Consectetur in justo facilisis purus felis ante nullam pretium quam habitasse sagittis neque aenean, quisque est nisi sollicitudin quam habitasse platea class aptent nam imperdiet morbi, praesent in volutpat ex ante nullam urna per aliquet, in a gravida torquent tristique. Ipsum mi pharetra vulputate per dignissim. Adipiscing integer ligula hac.</p><p>Elit in quis dapibus maximus congue nam, lorem at velit maecenas tortor aliquam massa varius dapibus sollicitudin vulputate arcu libero fames. Etiam maecenas mauris leo ex massa habitasse per netus, amet at ac suspendisse quisque varius ante sagittis dui vel porta elementum. Sed metus lacinia suspendisse ultrices cursus tempus per cras. Lorem malesuada at id suspendisse tempor ornare augue inceptos turpis sodales bibendum vehicula aliquet. Placerat feugiat semper posuere sollicitudin gravida litora odio aliquet, ipsum consectetur vestibulum condimentum consequat torquent conubia blandit, elit sed tincidunt tellus nisi phasellus posuere pharetra eget pretium aptent.</p><p>Dolor interdum dictum viverra metus ante augue condimentum habitasse taciti nam sem cras. Mauris est cursus posuere inceptos. Sit sed justo auctor scelerisque aliquam convallis augue pharetra maximus efficitur litora turpis aenean. Elit malesuada molestie sollicitudin pellentesque imperdiet. Egestas id lobortis quis ultrices molestie pretium gravida commodo pellentesque efficitur nostra imperdiet. Dictum non malesuada massa pharetra euismod torquent curabitur netus. Amet suspendisse nec quisque aliquam massa cubilia dapibus porttitor platea commodo ad nostra.</p>','','','',0,0,'','',''),(131,1,'2023-01-09 10:52:05',1,1,'at tellus purus massa vulputate fermentum','<p>A suspendisse tortor phasellus cursus posuere platea lectus class, erat ultrices odio duis iaculis, adipiscing at justo vestibulum metus ligula scelerisque commodo ad odio aliquet nisl aenean. Praesent id ultrices purus convallis cursus pharetra morbi. Amet erat finibus mattis semper est eget platea taciti diam senectus netus nisl, mi dictumst neque duis, sit sed lobortis facilisis lacinia fringilla posuere condimentum eu class conubia laoreet iaculis aenean.</p><p>Lorem id feugiat lacinia nunc auctor quis et proin hendrerit dapibus condimentum aptent tristique. Dolor placerat id volutpat metus augue laoreet ullamcorper, auctor ornare bibendum. Ipsum dictum nulla luctus facilisis nec scelerisque dapibus sociosqu fermentum enim cras, placerat at nibh massa proin torquent turpis fames, dolor consequat sodales. In sapien nec cubilia dapibus taciti turpis ullamcorper morbi. Egestas id mauris nisi phasellus convallis massa pharetra efficitur taciti per potenti sem netus. Praesent dictum metus facilisis convallis massa fringilla augue urna fames. Id leo ex tempus libero maximus himenaeos laoreet risus morbi. Mattis ligula quis tellus donec, vitae vestibulum ut ex orci posuere ultricies dui pellentesque nisl.</p><p>Amet adipiscing in ligula nec pulvinar ultrices massa curae habitasse nostra blandit suscipit senectus. Lacus at velit mattis nisi platea odio sem morbi cras. Ipsum non lobortis nibh integer pulvinar molestie curae pretium libero aptent, interdum mi finibus viverra maecenas lobortis nisi primis tempus per enim potenti sem dignissim. Nulla placerat id leo nibh facilisis quisque tellus pretium potenti sodales risus. Lorem ipsum interdum integer gravida himenaeos, at nibh ornare maximus aptent. Sapien aptent turpis aliquet, egestas lacus justo vitae mauris mollis est massa pretium rhoncus diam cras. Nulla id maecenas et pharetra habitasse dui sodales, dolor non metus integer molestie sociosqu inceptos elementum vehicula nam.</p>','','','',0,0,'','',''),(132,2,'2023-01-09 10:52:34',1,1,'lorem ipsum velit ligula nisi hac litora nostra','<p>Lorem dictum nulla finibus orci vulputate gravida taciti curabitur. Nulla maecenas vitae luctus nibh pretium dictumst conubia donec enim. Dolor vestibulum pulvinar, elit massa aptent. Tellus taciti torquent. Mauris feugiat facilisis tortor ex ante euismod vulputate arcu porttitor dictumst magna neque nisl iaculis. Malesuada vestibulum mauris ante hac sem nisl. At erat vestibulum semper nisi porta blandit potenti accumsan neque ullamcorper iaculis. Curae pharetra sagittis aliquet.</p><p>Praesent viverra feugiat est tellus nisi aliquam hendrerit eget condimentum gravida magna sodales bibendum sem. Lobortis nullam hac ad. Elit id justo tortor faucibus vulputate vivamus fermentum blandit laoreet diam ullamcorper. Non mattis feugiat mollis nisi hac inceptos imperdiet. Justo nisi quam, interdum at finibus maecenas justo feugiat ligula quisque pharetra consequat lectus taciti magna rhoncus eros.</p><p>Id leo purus varius euismod arcu sagittis vivamus himenaeos curabitur sodales. Elit viverra scelerisque posuere nostra odio cras. In cubilia rhoncus potenti sem. Sit malesuada auctor purus cursus hac class potenti nam ullamcorper. Velit luctus lacinia ligula suspendisse nec phasellus euismod sagittis potenti duis tristique. Sit tincidunt nunc quisque auctor tellus nisi felis cubilia hendrerit arcu quam hac commodo dui, erat etiam finibus maecenas venenatis massa orci pharetra eget torquent potenti laoreet. Integer posuere vulputate potenti tristique. Maecenas eleifend habitasse litora congue, sit dictum vitae lacinia quisque auctor curae augue habitasse libero blandit potenti.</p>','','','',0,0,'','',''),(133,1,'0000-00-00 00:00:00',1,1,'velit curae class','<p>Sed sapien mauris feugiat ligula suspendisse ultrices varius primis blandit laoreet elementum eros nam nisl. Finibus a mollis cubilia ornare platea fermentum enim. At finibus volutpat tincidunt integer scelerisque tellus proin euismod laoreet elementum eros iaculis. Fringilla cubilia dictumst efficitur risus, mattis mauris porttitor diam tristique. Elit feugiat tincidunt integer suspendisse semper convallis orci ultricies fermentum rhoncus congue aliquet.</p><p>Amet mattis metus integer fusce condimentum aptent conubia congue diam. Dictum nibh tortor tellus molestie class taciti habitant, ex curae ornare sagittis himenaeos curabitur. Adipiscing finibus lobortis a vulputate tempus fermentum nisl, in erat vitae vestibulum tempor et proin vulputate vel pellentesque efficitur odio, dolor elit a eleifend auctor tortor nisi fringilla posuere hendrerit arcu sagittis dui dignissim. Praesent nulla sapien viverra luctus est ante euismod consequat, elit sed volutpat nibh tincidunt turpis rhoncus laoreet aliquet tristique. Consectetur sed id mauris tincidunt curae per nostra fermentum porta congue suscipit vehicula cras, nibh arcu odio. Curae dui donec, finibus nunc auctor posuere pharetra per himenaeos diam. Adipiscing nulla volutpat feugiat ut cursus cubilia condimentum maximus porta, mattis a hendrerit vulputate conubia turpis sem cras.</p><p>Luctus facilisis commodo. Malesuada aliquam felis dui efficitur porta. Placerat tempor et, lacinia felis ornare euismod enim, non lacus leo fringilla et euismod eget lectus vel class fermentum. Praesent metus mollis dictumst commodo conubia curabitur bibendum eros morbi netus, aliquam dui turpis dignissim iaculis. Lacus lacinia lectus blandit tristique. Ipsum etiam vitae lacinia quisque arcu lectus litora. Erat metus eleifend venenatis cursus congue iaculis. Id leo tortor quis varius dignissim, praesent egestas himenaeos senectus.</p>','','','',0,0,'','',''),(133,2,'2023-01-09 10:54:42',1,1,'velit curae class','<p>Sed sapien mauris feugiat ligula suspendisse ultrices varius primis blandit laoreet elementum eros nam nisl. Finibus a mollis cubilia ornare platea fermentum enim. At finibus volutpat tincidunt integer scelerisque tellus proin euismod laoreet elementum eros iaculis. Fringilla cubilia dictumst efficitur risus, mattis mauris porttitor diam tristique. Elit feugiat tincidunt integer suspendisse semper convallis orci ultricies fermentum rhoncus congue aliquet.</p><p>Amet mattis metus integer fusce condimentum aptent conubia congue diam. Dictum nibh tortor tellus molestie class taciti habitant, ex curae ornare sagittis himenaeos curabitur. Adipiscing finibus lobortis a vulputate tempus fermentum nisl, in erat vitae vestibulum tempor et proin vulputate vel pellentesque efficitur odio, dolor elit a eleifend auctor tortor nisi fringilla posuere hendrerit arcu sagittis dui dignissim. Praesent nulla sapien viverra luctus est ante euismod consequat, elit sed volutpat nibh tincidunt turpis rhoncus laoreet aliquet tristique. Consectetur sed id mauris tincidunt curae per nostra fermentum porta congue suscipit vehicula cras, nibh arcu odio. Curae dui donec, finibus nunc auctor posuere pharetra per himenaeos diam. Adipiscing nulla volutpat feugiat ut cursus cubilia condimentum maximus porta, mattis a hendrerit vulputate conubia turpis sem cras.</p><p>Luctus facilisis commodo. Malesuada aliquam felis dui efficitur porta. Placerat tempor et, lacinia felis ornare euismod enim, non lacus leo fringilla et euismod eget lectus vel class fermentum. Praesent metus mollis dictumst commodo conubia curabitur bibendum eros morbi netus, aliquam dui turpis dignissim iaculis. Lacus lacinia lectus blandit tristique. Ipsum etiam vitae lacinia quisque arcu lectus litora. Erat metus eleifend venenatis cursus congue iaculis. Id leo tortor quis varius dignissim, praesent egestas himenaeos senectus.</p>','','','',0,0,'','',''),(134,1,'0000-00-00 00:00:00',1,1,'nulla facilisis nunc arcu porttitor','<p>Velit feugiat ultrices morbi, consectetur mattis ultrices dictumst elementum. Consectetur interdum mi vulputate commodo vivamus vehicula sem, interdum feugiat eleifend cursus fringilla et pharetra eget vulputate congue laoreet diam sem. Nibh quisque semper faucibus.</p><p>Tincidunt nec ultricies ornare condimentum blandit suscipit nisl, praesent luctus semper phasellus cursus posuere dui lectus efficitur fermentum curabitur laoreet. Egestas nulla tincidunt pulvinar arcu maximus litora fermentum. Sed leo lacinia auctor phasellus et curae pharetra gravida commodo libero nostra turpis potenti nam. Consectetur egestas placerat id ex cubilia arcu himenaeos enim rhoncus blandit morbi tristique. Etiam pulvinar scelerisque molestie purus netus.</p><p>Dictum feugiat tincidunt pulvinar mollis molestie massa fusce ante porttitor platea gravida curabitur congue. Malesuada leo nibh felis pharetra arcu consequat tempus litora enim rhoncus congue. Lorem ipsum dolor elit nibh aliquam faucibus ante et dapibus dictumst taciti ad.</p>','','','',0,0,'','',''),(134,2,'2023-01-09 10:55:14',1,1,'nulla facilisis nunc arcu porttitor','<p>Velit feugiat ultrices morbi, consectetur mattis ultrices dictumst elementum. Consectetur interdum mi vulputate commodo vivamus vehicula sem, interdum feugiat eleifend cursus fringilla et pharetra eget vulputate congue laoreet diam sem. Nibh quisque semper faucibus.</p><p>Tincidunt nec ultricies ornare condimentum blandit suscipit nisl, praesent luctus semper phasellus cursus posuere dui lectus efficitur fermentum curabitur laoreet. Egestas nulla tincidunt pulvinar arcu maximus litora fermentum. Sed leo lacinia auctor phasellus et curae pharetra gravida commodo libero nostra turpis potenti nam. Consectetur egestas placerat id ex cubilia arcu himenaeos enim rhoncus blandit morbi tristique. Etiam pulvinar scelerisque molestie purus netus.</p><p>Dictum feugiat tincidunt pulvinar mollis molestie massa fusce ante porttitor platea gravida curabitur congue. Malesuada leo nibh felis pharetra arcu consequat tempus litora enim rhoncus congue. Lorem ipsum dolor elit nibh aliquam faucibus ante et dapibus dictumst taciti ad.</p>','','','',0,0,'','',''),(135,1,'0000-00-00 00:00:00',1,1,'dolor orci posuere condimentum vivamus potenti suscipit','<p>Elit in velit mauris nunc ut convallis commodo curabitur vehicula morbi. Praesent mi tincidunt lacinia molestie primis ornare vulputate nostra enim eros nisl aenean. Mi pellentesque congue diam, mi non vestibulum nec pulvinar scelerisque quis cursus arcu congue. Consectetur fringilla hac maximus litora potenti dignissim, dictum nulla mauris leo suspendisse ut sollicitudin arcu consequat maximus enim nam imperdiet. In semper nisi cubilia proin ultricies torquent aliquet. Malesuada mattis ligula venenatis nisi cursus urna donec diam dignissim iaculis aenean, consectetur adipiscing leo facilisis aliquam posuere hendrerit sollicitudin platea class congue aenean.</p><p>Sit maecenas mattis metus lacinia nec mollis ex turpis rhoncus. Consectetur pharetra porttitor condimentum enim congue duis eros tristique. Vestibulum est nisi euismod gravida aenean. Felis sagittis taciti fames. Dolor non pulvinar euismod consequat platea fermentum enim sodales congue laoreet. Interdum nibh facilisis consequat fermentum sem, mi feugiat aliquam habitasse dictumst nam. Elit metus leo mollis eget.</p><p>Malesuada scelerisque libero porta. Semper efficitur neque, ipsum metus ligula ultrices molestie inceptos, maecenas feugiat tincidunt quis cursus arcu ad senectus. Lacus ac tortor aliquam sollicitudin imperdiet tristique. Malesuada quis gravida maximus suscipit aenean, consectetur mattis tincidunt semper est scelerisque ultrices varius sollicitudin vulputate sociosqu torquent fames. Ipsum lacus id a ut scelerisque fusce orci posuere ultricies dapibus sollicitudin porttitor class. Interdum volutpat ex faucibus maximus himenaeos neque elementum suscipit nam ullamcorper, ipsum dolor lacus placerat malesuada viverra justo facilisis fringilla quam habitasse libero maximus rhoncus tristique. Ipsum praesent maecenas mollis proin fermentum.</p>','','','',0,0,'','',''),(135,2,'2023-01-09 10:56:15',1,1,'dolor orci posuere condimentum vivamus potenti suscipit','<p>Elit in velit mauris nunc ut convallis commodo curabitur vehicula morbi. Praesent mi tincidunt lacinia molestie primis ornare vulputate nostra enim eros nisl aenean. Mi pellentesque congue diam, mi non vestibulum nec pulvinar scelerisque quis cursus arcu congue. Consectetur fringilla hac maximus litora potenti dignissim, dictum nulla mauris leo suspendisse ut sollicitudin arcu consequat maximus enim nam imperdiet. In semper nisi cubilia proin ultricies torquent aliquet. Malesuada mattis ligula venenatis nisi cursus urna donec diam dignissim iaculis aenean, consectetur adipiscing leo facilisis aliquam posuere hendrerit sollicitudin platea class congue aenean.</p><p>Sit maecenas mattis metus lacinia nec mollis ex turpis rhoncus. Consectetur pharetra porttitor condimentum enim congue duis eros tristique. Vestibulum est nisi euismod gravida aenean. Felis sagittis taciti fames. Dolor non pulvinar euismod consequat platea fermentum enim sodales congue laoreet. Interdum nibh facilisis consequat fermentum sem, mi feugiat aliquam habitasse dictumst nam. Elit metus leo mollis eget.</p><p>Malesuada scelerisque libero porta. Semper efficitur neque, ipsum metus ligula ultrices molestie inceptos, maecenas feugiat tincidunt quis cursus arcu ad senectus. Lacus ac tortor aliquam sollicitudin imperdiet tristique. Malesuada quis gravida maximus suscipit aenean, consectetur mattis tincidunt semper est scelerisque ultrices varius sollicitudin vulputate sociosqu torquent fames. Ipsum lacus id a ut scelerisque fusce orci posuere ultricies dapibus sollicitudin porttitor class. Interdum volutpat ex faucibus maximus himenaeos neque elementum suscipit nam ullamcorper, ipsum dolor lacus placerat malesuada viverra justo facilisis fringilla quam habitasse libero maximus rhoncus tristique. Ipsum praesent maecenas mollis proin fermentum.</p>','','','',0,0,'','',''),(136,2,'0000-00-00 00:00:00',1,1,'aliquam quam nostra enim cras','<p>Lacus scelerisque venenatis orci ultricies ornare, id maecenas ac auctor felis accumsan ullamcorper habitant. At id maecenas justo vitae mollis cursus ex faucibus varius dictumst litora rhoncus imperdiet. Donec laoreet eros, elit nunc tellus vel, sed mollis venenatis posuere augue sollicitudin ad laoreet. Mattis vivamus porta blandit. Sapien etiam mauris integer massa augue sagittis libero aliquet.</p><p>Metus quisque tortor litora donec imperdiet, in id quisque ornare platea donec eros ullamcorper. Erat mauris cursus fusce et ornare sociosqu porta eros nisl. Dictum placerat mattis nec et tempus sem.</p><p>Praesent mauris ut nostra, lorem malesuada semper est nostra elementum diam ullamcorper risus morbi senectus cras. Etiam tortor ultrices orci vivamus efficitur. Non malesuada vitae lobortis a auctor aliquam felis hendrerit efficitur inceptos himenaeos porta, ac cubilia ornare urna laoreet. At vestibulum a quis massa libero efficitur inceptos. Lacus id vestibulum ligula quisque scelerisque primis porttitor sagittis efficitur per neque ullamcorper. Id mattis feugiat tincidunt quisque primis tempus vel pellentesque elementum.</p>','','','',0,0,'','',''),(137,1,'0000-00-00 00:00:00',1,1,'ultrices fusce cubilia nullam','<p>Id maecenas vestibulum metus feugiat pulvinar quisque est scelerisque ex arcu per. In placerat nibh tortor mollis molestie faucibus ante orci posuere vulputate lectus nam fames. Lobortis a quis nullam vivamus ullamcorper, elit interdum lobortis nibh a felis ante curae hendrerit ornare eu dui sem senectus, leo vulputate aptent odio. In molestie ex faucibus vulputate arcu vel blandit tristique. Sapien a aliquam posuere nullam eget sociosqu per netus. Mauris facilisis est fringilla aptent magna iaculis. Leo scelerisque taciti sodales, dolor vestibulum quis cubilia proin sollicitudin dui rhoncus bibendum cras. Adipiscing tincidunt est massa varius gravida lectus libero porta laoreet tristique.</p><p>Curae dui blandit, elit egestas lobortis taciti curabitur accumsan neque. Praesent facilisis nec et vulputate conubia donec bibendum, ipsum feugiat eleifend urna arcu eu vivamus litora nostra potenti elementum nam nisl. Lobortis luctus dapibus habitasse blandit diam aliquet. Velit blandit netus.</p><p>Vitae semper quis purus fringilla ante urna duis nisl. Mi egestas nulla tortor fringilla ante proin vivamus vel maximus efficitur magna accumsan neque elementum. Dolor erat velit ligula proin per fermentum magna vehicula, viverra maecenas volutpat vestibulum lacinia et litora.</p>','','','',0,0,'','',''),(137,2,'2023-01-09 10:59:05',1,1,'ultrices fusce cubilia nullam','<p>Id maecenas vestibulum metus feugiat pulvinar quisque est scelerisque ex arcu per. In placerat nibh tortor mollis molestie faucibus ante orci posuere vulputate lectus nam fames. Lobortis a quis nullam vivamus ullamcorper, elit interdum lobortis nibh a felis ante curae hendrerit ornare eu dui sem senectus, leo vulputate aptent odio. In molestie ex faucibus vulputate arcu vel blandit tristique. Sapien a aliquam posuere nullam eget sociosqu per netus. Mauris facilisis est fringilla aptent magna iaculis. Leo scelerisque taciti sodales, dolor vestibulum quis cubilia proin sollicitudin dui rhoncus bibendum cras. Adipiscing tincidunt est massa varius gravida lectus libero porta laoreet tristique.</p><p>Curae dui blandit, elit egestas lobortis taciti curabitur accumsan neque. Praesent facilisis nec et vulputate conubia donec bibendum, ipsum feugiat eleifend urna arcu eu vivamus litora nostra potenti elementum nam nisl. Lobortis luctus dapibus habitasse blandit diam aliquet. Velit blandit netus.</p><p>Vitae semper quis purus fringilla ante urna duis nisl. Mi egestas nulla tortor fringilla ante proin vivamus vel maximus efficitur magna accumsan neque elementum. Dolor erat velit ligula proin per fermentum magna vehicula, viverra maecenas volutpat vestibulum lacinia et litora.</p>','','','',0,0,'','',''),(138,1,'0000-00-00 00:00:00',1,1,'ipsum adipiscing tincidunt pulvinar libero taciti risus','<p>Ipsum sed sapien malesuada lobortis suspendisse scelerisque tellus augue per fermentum bibendum. Non suspendisse massa sagittis turpis blandit laoreet vehicula imperdiet senectus netus, amet lacus placerat lobortis nunc condimentum maximus pellentesque aptent ad netus. Dolor velit maecenas scelerisque curae habitant. Sit adipiscing lacus sed integer nisi fusce felis posuere curae ornare pellentesque efficitur duis. Vulputate torquent fermentum iaculis, velit mauris leo euismod ad nostra curabitur blandit accumsan bibendum fames iaculis.</p><p>Sapien viverra vitae lobortis feugiat tincidunt quis molestie ornare dapibus arcu torquent per tristique senectus. Nibh convallis faucibus enim neque elementum. Adipiscing placerat id fringilla hac dictumst conubia fermentum eros nam. Non auctor litora, sit mi malesuada id volutpat feugiat eleifend ultrices ante hendrerit vivamus diam vehicula morbi nisl. Praesent tempor cursus massa nullam ad.</p><p>Justo integer facilisis ligula tellus ante dui taciti porta enim neque laoreet vehicula iaculis cras. Consectetur elit egestas id lacinia auctor odio. At mattis vitae cubilia vivamus netus, lobortis ac est hendrerit pretium dignissim nisl. Non etiam velit metus est quis convallis quam.</p>','','','',0,0,'','',''),(138,2,'2023-01-09 10:59:57',1,1,'ipsum adipiscing tincidunt pulvinar libero taciti risus','<p>Ipsum sed sapien malesuada lobortis suspendisse scelerisque tellus augue per fermentum bibendum. Non suspendisse massa sagittis turpis blandit laoreet vehicula imperdiet senectus netus, amet lacus placerat lobortis nunc condimentum maximus pellentesque aptent ad netus. Dolor velit maecenas scelerisque curae habitant. Sit adipiscing lacus sed integer nisi fusce felis posuere curae ornare pellentesque efficitur duis. Vulputate torquent fermentum iaculis, velit mauris leo euismod ad nostra curabitur blandit accumsan bibendum fames iaculis.</p><p>Sapien viverra vitae lobortis feugiat tincidunt quis molestie ornare dapibus arcu torquent per tristique senectus. Nibh convallis faucibus enim neque elementum. Adipiscing placerat id fringilla hac dictumst conubia fermentum eros nam. Non auctor litora, sit mi malesuada id volutpat feugiat eleifend ultrices ante hendrerit vivamus diam vehicula morbi nisl. Praesent tempor cursus massa nullam ad.</p><p>Justo integer facilisis ligula tellus ante dui taciti porta enim neque laoreet vehicula iaculis cras. Consectetur elit egestas id lacinia auctor odio. At mattis vitae cubilia vivamus netus, lobortis ac est hendrerit pretium dignissim nisl. Non etiam velit metus est quis convallis quam.</p>','','','',0,0,'','',''),(139,1,'0000-00-00 00:00:00',1,1,'dolor etiam ut faucibus taciti inceptos odio','<p>Praesent etiam auctor cubilia augue lectus class congue dignissim aenean, phasellus aliquam tempus odio ullamcorper risus. Amet in lacus ultrices ornare nam. Amet justo suspendisse scelerisque consequat tempus sagittis gravida. Etiam velit nec pulvinar urna per neque tristique, ipsum ligula quisque elementum fames.</p><p>Volutpat vitae suspendisse bibendum, non sed volutpat vitae integer suspendisse auctor scelerisque tellus consequat habitasse aptent vehicula. Sit malesuada vestibulum lobortis auctor ante proin hendrerit ornare taciti imperdiet iaculis. Ipsum amet elit lacus malesuada lacinia suspendisse class turpis duis ullamcorper tristique, id maecenas lobortis a phasellus molestie cursus varius posuere ultricies vivamus vel sociosqu magna vehicula, dolor adipiscing sapien velit feugiat eleifend scelerisque proin dictumst vel class litora turpis blandit. Amet consectetur interdum mollis ante pharetra neque sem. Dolor sit non facilisis semper aliquam varius eget porttitor consequat habitasse blandit morbi.</p><p>Lorem placerat maecenas vitae ultrices proin urna arcu eu class odio congue. Lorem cursus dictumst vivamus libero aenean, non erat volutpat venenatis pharetra urna dictumst libero inceptos blandit sem dignissim fames iaculis. Mattis facilisis nec tempor eget vivamus himenaeos odio congue sem. Consectetur non placerat molestie cursus pretium pellentesque curabitur blandit laoreet dignissim morbi. Amet praesent lacinia ligula eleifend nunc mollis phasellus ex arcu platea vel nisl. At feugiat suspendisse est purus ornare eget.</p>','','','',0,0,'','',''),(139,2,'2023-01-09 10:59:53',1,1,'dolor etiam ut faucibus taciti inceptos odio','<p>Praesent etiam auctor cubilia augue lectus class congue dignissim aenean, phasellus aliquam tempus odio ullamcorper risus. Amet in lacus ultrices ornare nam. Amet justo suspendisse scelerisque consequat tempus sagittis gravida. Etiam velit nec pulvinar urna per neque tristique, ipsum ligula quisque elementum fames.</p><p>Volutpat vitae suspendisse bibendum, non sed volutpat vitae integer suspendisse auctor scelerisque tellus consequat habitasse aptent vehicula. Sit malesuada vestibulum lobortis auctor ante proin hendrerit ornare taciti imperdiet iaculis. Ipsum amet elit lacus malesuada lacinia suspendisse class turpis duis ullamcorper tristique, id maecenas lobortis a phasellus molestie cursus varius posuere ultricies vivamus vel sociosqu magna vehicula, dolor adipiscing sapien velit feugiat eleifend scelerisque proin dictumst vel class litora turpis blandit. Amet consectetur interdum mollis ante pharetra neque sem. Dolor sit non facilisis semper aliquam varius eget porttitor consequat habitasse blandit morbi.</p><p>Lorem placerat maecenas vitae ultrices proin urna arcu eu class odio congue. Lorem cursus dictumst vivamus libero aenean, non erat volutpat venenatis pharetra urna dictumst libero inceptos blandit sem dignissim fames iaculis. Mattis facilisis nec tempor eget vivamus himenaeos odio congue sem. Consectetur non placerat molestie cursus pretium pellentesque curabitur blandit laoreet dignissim morbi. Amet praesent lacinia ligula eleifend nunc mollis phasellus ex arcu platea vel nisl. At feugiat suspendisse est purus ornare eget.</p>','','','',0,0,'','',''),(140,1,'2023-05-03 15:19:05',1,1,'non etiam tincidunt semper tempus pellentesque','&lt;p&gt;&lt;/p&gt;\r\n&lt;ul&gt;\r\n&lt;li&gt;&lt;span class=&quot;herbs garlic&quot; style=&quot;color: #999999;&quot;&gt;OLIVE EXPERIENCE_upgrade&lt;/span&gt;&lt;/li&gt;\r\n&lt;/ul&gt;\r\n&lt;p&gt;Vključuje pribljižno 45 minut vodenega ogleda oljarne, proizvodnje oljčnega olja in &lt;strong&gt;degustacijo 8ih vzorcev oljčnega olja v degustacijski sobi.&lt;/strong&gt;&lt;/p&gt;\r\n&lt;h1&gt;&lt;span class=&quot;herbs&quot;&gt;&lt;/span&gt;&lt;/h1&gt;\r\n&lt;ul&gt;\r\n&lt;li&gt;&lt;span class=&quot;herbs garlic&quot; style=&quot;color: #999999;&quot;&gt;OLIVE EXPERIENCE_upgrade&lt;/span&gt;&lt;/li&gt;\r\n&lt;/ul&gt;\r\n&lt;p style=&quot;text-align: justify;&quot;&gt;Vključuje pribljižno 45 minut vodenega ogleda oljarne, proizvodnje oljčnega olja in degustacijo 8ih vzorcev oljčnega olja v degustacijski sobi na koncu pa &lt;strong&gt;tipičen istrski narezek ter kozarec hi&scaron;ne penine.&lt;/strong&gt;&lt;/p&gt;\r\n&lt;h1&gt;&lt;span class=&quot;herbs&quot;&gt;&lt;/span&gt;&lt;/h1&gt;\r\n&lt;ul&gt;\r\n&lt;li&gt;&lt;span class=&quot;herbs onion garlic&quot; style=&quot;color: #999999;&quot;&gt;OLIVE EXPERIENCE_deluxe&lt;/span&gt;&lt;/li&gt;\r\n&lt;/ul&gt;\r\n&lt;p style=&quot;text-align: justify;&quot;&gt;Vključuje pribljižno 45 minut vodenega ogleda oljarne, proizvodnje oljčnega olja in degustacijo 8ih vzorcev oljčnega olja v degustacijski sobi, &lt;strong&gt;tipičen istrski narezek ter kozarec hi&scaron;ne penine in vožnjo(45min-1h) s starodobnikom po oljčnikih in razglednih točkah slovenske obale.&lt;/strong&gt;&lt;/p&gt;\r\n&lt;p&gt;&lt;/p&gt;\r\n&lt;p&gt;&lt;strong&gt;&lt;/strong&gt;&lt;/p&gt;\r\n&lt;p&gt;&lt;strong&gt;Rezerviraj na&lt;/strong&gt;: &lt;a href=&quot;mailto:matej@lisjak.com&quot;&gt;matej@lisjak.com&lt;/a&gt; &nbsp; &lt;a href=&quot;tel:0038631893378&quot;&gt;00386 31 893 378&lt;/a&gt;&lt;/p&gt;','','','',0,0,'','',''),(140,2,'2023-05-03 15:17:49',1,1,'non etiam tincidunt semper tempus pellentesque','&lt;p&gt;&lt;/p&gt;\r\n&lt;ul&gt;\r\n&lt;li&gt;&lt;span class=&quot;herbs garlic&quot; style=&quot;color: #999999;&quot;&gt;OLIVE EXPERIENCE_upgrade&lt;/span&gt;&lt;/li&gt;\r\n&lt;/ul&gt;\r\n&lt;p&gt;Includes approx. 45 minut gudided tour of olive mill with tasting of 8 olive oil samples.&lt;/p&gt;\r\n&lt;h1&gt;&lt;span class=&quot;herbs&quot;&gt;&lt;/span&gt;&lt;/h1&gt;\r\n&lt;ul&gt;\r\n&lt;li&gt;&lt;span class=&quot;herbs garlic&quot; style=&quot;color: #999999;&quot;&gt;OLIVE EXPERIENCE_upgrade&lt;/span&gt;&lt;/li&gt;\r\n&lt;/ul&gt;\r\n&lt;p style=&quot;text-align: justify;&quot;&gt;Includes approx. 45 minut gudided tour of olive mill with tasting of 8 olive oil samples, cold cuts and glass of house sparkling.&lt;/p&gt;\r\n&lt;h3&gt;&lt;span class=&quot;herbs&quot;&gt;&lt;/span&gt;&lt;/h3&gt;\r\n&lt;h1&gt;&lt;span class=&quot;herbs&quot;&gt;&lt;/span&gt;&lt;/h1&gt;\r\n&lt;ul&gt;\r\n&lt;li&gt;&lt;span class=&quot;herbs onion garlic&quot; style=&quot;color: #999999;&quot;&gt;OLIVE EXPERIENCE_deluxe&lt;/span&gt;&lt;/li&gt;\r\n&lt;/ul&gt;\r\n&lt;p style=&quot;text-align: justify;&quot;&gt;Includes approx. 45 minut guided tour of olive mill with tasting of 8 olive oil samples, cold cuts and glass of house sparkling and cca 45min-1h tour with vintage van.&lt;/p&gt;\r\n&lt;p&gt;&lt;/p&gt;\r\n&lt;p&gt;&lt;strong&gt;&lt;/strong&gt;&lt;/p&gt;\r\n&lt;p&gt;&lt;strong&gt;Book&lt;/strong&gt;: &lt;a href=&quot;mailto:matej@lisjak.com&quot;&gt;matej@lisjak.com&lt;/a&gt; &nbsp; &lt;a href=&quot;tel:0038631893378&quot;&gt;00386 31 893 378&lt;/a&gt;&lt;/p&gt;','','','',0,0,'','',''),(141,2,'2023-01-16 09:13:13',1,1,'sapien at etiam ultrices eget dignissim','&lt;h2 style=&quot;text-align: justify;&quot;&gt;THE PROCESS&lt;/h2&gt;\r\n&lt;p style=&quot;text-align: justify;&quot;&gt;We have always taken the best care over every phase of production. &lt;br /&gt;As the olives move along the chain, they are checked by people who work with inspired professionalism. &lt;br /&gt;Because excellence is obtained through experience.&lt;/p&gt;\r\n&lt;p style=&quot;text-align: justify;&quot;&gt;&lt;/p&gt;\r\n&lt;ul&gt;\r\n&lt;li style=&quot;text-align: justify;&quot;&gt;SELECTION&lt;/li&gt;\r\n&lt;/ul&gt;\r\n&lt;p&gt;We hand pick olives from the best olive fields to create the best product, year after year.&lt;/p&gt;\r\n&lt;p&gt;&lt;/p&gt;\r\n&lt;ul&gt;\r\n&lt;li&gt;TRANSFORMATION&lt;/li&gt;\r\n&lt;/ul&gt;\r\n&lt;p style=&quot;text-align: justify;&quot;&gt;Modern oil production techniques in a controlled and certified system, this is how we transform nature into quality on a highest way possible. We use the most advanced machinery, this is Serie Oro by Pieralisi.&lt;/p&gt;\r\n&lt;p style=&quot;text-align: justify;&quot;&gt;&lt;/p&gt;\r\n&lt;ul&gt;\r\n&lt;li&gt;BLENDING&lt;/li&gt;\r\n&lt;/ul&gt;\r\n&lt;p style=&quot;text-align: justify;&quot;&gt;The art of blending is based on experience. Freshly picked olives. We guarantee 4h from olives to olive oil. Because flavour is the fruit of knowledge and skill we have been practising all these years.&lt;/p&gt;\r\n&lt;p style=&quot;text-align: justify;&quot;&gt;&lt;/p&gt;\r\n&lt;p style=&quot;text-align: justify;&quot;&gt;&lt;strong&gt;I guarantee the best quality of every olive that we squize in green gold. &lt;/strong&gt;&lt;br /&gt;&lt;strong&gt;Matej LISJAK&lt;/strong&gt;&lt;/p&gt;','','','',0,0,'','',''),(142,2,'2023-01-11 13:55:39',1,1,'lobortis mauris inceptos','<p>Consectetur interdum non placerat a est tellus convallis pharetra vivamus vel nostra cras, elit id semper suscipit. Egestas in at velit nec quisque tempor ultrices convallis cubilia urna vehicula risus. Lorem vestibulum nibh tincidunt scelerisque nisi ante quam hac torquent himenaeos turpis enim odio iaculis. Tempor phasellus commodo tristique, viverra nec pharetra tempus. Egestas id pulvinar phasellus accumsan. Sit amet at id maecenas justo massa quam class aptent nostra laoreet dignissim senectus iaculis.</p><p>Primis posuere vel. Volutpat est nisi ex turpis rhoncus neque. Amet in justo vitae lacinia vulputate efficitur taciti nostra porta bibendum laoreet eros imperdiet, nulla mauris et dapibus arcu lectus per himenaeos magna curabitur elementum cras, interdum dictum nulla erat id luctus ligula convallis felis primis hac rhoncus.</p><p>Consectetur dictum a ut proin urna porttitor commodo inceptos diam. Ipsum malesuada viverra maecenas leo ac phasellus felis ante augue sollicitudin tempus odio bibendum iaculis. Convallis gravida aptent nam. Venenatis cursus urna dictumst, tincidunt integer est tempor scelerisque venenatis purus felis eget vivamus sodales congue imperdiet nisl. Finibus litora per congue laoreet. In metus tempor nostra. Vestibulum integer cras. Malesuada tellus proin dapibus quam fermentum porta diam senectus, dolor feugiat integer ultrices ornare dignissim.</p>','','','',0,0,'','',''),