-- Dumping data for table `ngn_postal_atribute_values`
--

INSERT INTO `ngn_postal_atribute_values` VALUES (1,5,0,'1','',0),(2,5,0,'2','',0),(3,5,0,'3','',0),(4,6,0,'BANKTRANSFER','',18),(5,6,0,'POSTPAID','',0),(6,6,1,'UPN','',19),(7,6,1,'CASH','',1),(8,6,1,'VISA','',2),(9,6,0,'PAYPAL','',3),(10,6,1,'MONETA','',4),(11,6,1,'MONEYBOOKERS','',5),(12,6,1,'3DSECURE_BANKART','',6),(13,6,1,'ACTIVA','',7),(14,6,1,'REVERZ','',8),(15,6,1,'AMERICAN','',9),(16,6,1,'MASTERCARD','',10),(17,6,1,'MAESTRO','',11),(18,6,1,'DINERS','',12),(19,6,1,'KARANTA','',13),(20,6,0,'BRAINTREE','',14),(21,6,1,'INDASHOP','',15),(22,6,1,'PAYUNITY','',16),(23,6,1,'INDASHOP','',17),(24,11,1,'1','',0),(25,11,1,'2','',1),(26,11,1,'4','',3),(27,11,1,'3','',2),(28,6,0,'STRIPE','',0);

--
-- Table structure for table `ngn_postal_atribute_values_language`
--

CREATE TABLE `ngn_postal_atribute_values_language` (
  `value_id` int(11) NOT NULL,
  `language_id` int(11) NOT NULL DEFAULT 0,
  `editdate` datetime NOT NULL,
  `enable` int(11) NOT NULL,
  `approved` int(1) NOT NULL DEFAULT 0,
  `language_name` varchar(200) DEFAULT NULL,
  `language_description` text DEFAULT NULL,
  `language_meta` text DEFAULT NULL,
  `language_keywords` varchar(100) DEFAULT NULL,
  `language_url` varchar(100) DEFAULT NULL,
  `language_photo` varchar(100) NOT NULL DEFAULT '',
  PRIMARY KEY (`value_id`,`language_id`),
  KEY `language_id` (`language_id`),
  KEY `editdate` (`editdate`)
) ENGINE=InnoDB DEFAULT CHARSET=utf8;

--
-- Dumping data for table `ngn_postal_atribute_values_language`
--

INSERT INTO `ngn_postal_atribute_values_language` VALUES (1,1,'2022-10-24 14:11:12',0,0,'Višja stopnja',NULL,NULL,NULL,'visja-stopnja',''),(1,2,'2022-10-24 14:11:12',0,0,'Višja stopnja',NULL,NULL,NULL,'visja-stopnja',''),(1,3,'2020-05-18 14:15:59',0,0,'Višja stopnja',NULL,NULL,NULL,'visja-stopnja',''),(2,1,'2022-10-24 14:11:12',0,0,'Nižja stopnja',NULL,NULL,NULL,'nizja-stopnja',''),(2,2,'2022-10-24 14:11:12',0,0,'Nižja stopnja',NULL,NULL,NULL,'nizja-stopnja',''),(2,3,'2020-05-18 14:15:59',0,0,'Nižja stopnja',NULL,NULL,NULL,'nizja-stopnja',''),(3,1,'2022-10-24 14:11:12',0,0,'Brez davka',NULL,NULL,NULL,'brez-davka',''),(3,2,'2022-10-24 14:11:12',0,0,'Brez davka',NULL,NULL,NULL,'brez-davka',''),(3,3,'2020-05-18 14:15:59',0,0,'Brez davka',NULL,NULL,NULL,'brez-davka',''),(4,1,'2022-12-06 09:21:56',0,0,'Bančno nakazilo',NULL,NULL,NULL,'bancno-nakazilo',''),(4,2,'2022-12-06 09:21:56',0,0,'Bank transfer',NULL,NULL,NULL,'bank-transfer',''),(4,3,'2020-06-18 14:59:13',0,0,'Bank transfer upon proforma invoice',NULL,NULL,NULL,'bank-transfer-upon-proforma-invoice',''),(5,1,'2022-12-06 09:21:55',0,0,'Pay at pickup',NULL,NULL,NULL,'pay-at-pickup',''),(5,2,'2022-12-06 09:21:55',0,0,'Plačilo po povzetju',NULL,NULL,NULL,'placilo-po-povzetju',''),(5,3,'2020-06-18 14:59:12',0,0,'',NULL,NULL,NULL,'5-',''),(6,1,'2022-12-06 09:21:56',0,0,'Plačilo z UPN obrazcem',NULL,NULL,NULL,'placilo-z-upn-obrazcem',''),(6,2,'2022-12-06 09:21:56',0,0,'Plačilo z UPN obrazcem',NULL,NULL,NULL,'placilo-z-upn-obrazcem',''),(6,3,'2020-06-18 14:59:13',0,0,'Plačilo z UPN obrazcem',NULL,NULL,NULL,'placilo-z-upn-obrazcem',''),(7,1,'2022-12-06 09:21:55',0,0,'Gotovina',NULL,NULL,NULL,'gotovina',''),(7,2,'2022-12-06 09:21:55',0,0,'Gotovina',NULL,NULL,NULL,'gotovina',''),(7,3,'2020-06-18 14:59:12',0,0,'Gotovina',NULL,NULL,NULL,'gotovina',''),(8,1,'2022-12-06 09:21:55',0,0,'Plačilo z VISA kartico',NULL,NULL,NULL,'placilo-z-visa-kartico',''),(8,2,'2022-12-06 09:21:55',0,0,'Plačilo z VISA kartico',NULL,NULL,NULL,'placilo-z-visa-kartico',''),(8,3,'2020-06-18 14:59:12',0,0,'Plačilo z VISA kartico',NULL,NULL,NULL,'placilo-z-visa-kartico',''),(9,1,'2022-12-06 09:21:56',0,0,'PayPal',NULL,NULL,NULL,'paypal',''),(9,2,'2022-12-06 09:21:56',0,0,'PayPal',NULL,NULL,NULL,'paypal',''),(9,3,'2020-06-18 14:59:12',0,0,'',NULL,NULL,NULL,'9-',''),(10,1,'2022-12-06 09:21:56',0,0,'Plačilo z MONETO',NULL,NULL,NULL,'placilo-z-moneto',''),(10,2,'2022-12-06 09:21:56',0,0,'Plačilo z MONETO',NULL,NULL,NULL,'placilo-z-moneto',''),(10,3,'2020-06-18 14:59:12',0,0,'Plačilo z MONETO',NULL,NULL,NULL,'placilo-z-moneto',''),(11,1,'2022-12-06 09:21:56',0,0,'Plačilo z Moneybookers',NULL,NULL,NULL,'placilo-z-moneybookers',''),(11,2,'2022-12-06 09:21:56',0,0,'Plačilo z Moneybookers',NULL,NULL,NULL,'placilo-z-moneybookers',''),(11,3,'2020-06-18 14:59:12',0,0,'Plačilo z Moneybookers',NULL,NULL,NULL,'placilo-z-moneybookers',''),(12,1,'2022-12-06 09:21:56',0,0,'Plačilo z 3D secure bankart',NULL,NULL,NULL,'placilo-z-3d-secure-bankart',''),(12,2,'2022-12-06 09:21:56',0,0,'Plačilo z 3D secure bankart',NULL,NULL,NULL,'placilo-z-3d-secure-bankart',''),(12,3,'2020-06-18 14:59:12',0,0,'Plačilo z 3D secure bankart',NULL,NULL,NULL,'placilo-z-3d-secure-bankart',''),(13,1,'2022-12-06 09:21:56',0,0,'Plačilo z ACTIVA kartico',NULL,NULL,NULL,'placilo-z-activa-kartico',''),(13,2,'2022-12-06 09:21:56',0,0,'Plačilo z ACTIVA kartico',NULL,NULL,NULL,'placilo-z-activa-kartico',''),(13,3,'2020-06-18 14:59:12',0,0,'Plačilo z ACTIVA kartico',NULL,NULL,NULL,'placilo-z-activa-kartico',''),(14,1,'2022-12-06 09:21:56',0,0,'Plačilo na reverz',NULL,NULL,NULL,'placilo-na-reverz',''),(14,2,'2022-12-06 09:21:56',0,0,'Plačilo na reverz',NULL,NULL,NULL,'placilo-na-reverz',''),(14,3,'2020-06-18 14:59:12',0,0,'Plačilo na reverz',NULL,NULL,NULL,'placilo-na-reverz',''),(15,1,'2022-12-06 09:21:56',0,0,'Plačilo z AMERICAN EXPRESS kartico',NULL,NULL,NULL,'placilo-z-american-express-kartico',''),(15,2,'2022-12-06 09:21:56',0,0,'Plačilo z AMERICAN EXPRESS kartico',NULL,NULL,NULL,'placilo-z-american-express-kartico',''),(15,3,'2020-06-18 14:59:12',0,0,'Plačilo z AMERICAN EXPRESS kartico',NULL,NULL,NULL,'placilo-z-american-express-kartico',''),(16,1,'2022-12-06 09:21:56',0,0,'Plačilo z MASTERCARD kartico',NULL,NULL,NULL,'placilo-z-mastercard-kartico',''),(16,2,'2022-12-06 09:21:56',0,0,'Plačilo z MASTERCARD kartico',NULL,NULL,NULL,'placilo-z-mastercard-kartico',''),(16,3,'2020-06-18 14:59:12',0,0,'Plačilo z MASTERCARD kartico',NULL,NULL,NULL,'placilo-z-mastercard-kartico',''),(17,1,'2022-12-06 09:21:56',0,0,'Plačilo z MAESTRO kartico',NULL,NULL,NULL,'placilo-z-maestro-kartico',''),(17,2,'2022-12-06 09:21:56',0,0,'Plačilo z MAESTRO kartico',NULL,NULL,NULL,'placilo-z-maestro-kartico',''),(17,3,'2020-06-18 14:59:12',0,0,'Plačilo z MAESTRO kartico',NULL,NULL,NULL,'placilo-z-maestro-kartico',''),(18,1,'2022-12-06 09:21:56',0,0,'Plačilo z DINERS kartico',NULL,NULL,NULL,'placilo-z-diners-kartico',''),(18,2,'2022-12-06 09:21:56',0,0,'Plačilo z DINERS kartico',NULL,NULL,NULL,'placilo-z-diners-kartico',''),(18,3,'2020-06-18 14:59:12',0,0,'Plačilo z DINERS kartico',NULL,NULL,NULL,'placilo-z-diners-kartico',''),(19,1,'2022-12-06 09:21:56',0,0,'Plačilo z KARANTA kartico',NULL,NULL,NULL,'placilo-z-karanta-kartico',''),(19,2,'2022-12-06 09:21:56',0,0,'Plačilo z KARANTA kartico',NULL,NULL,NULL,'placilo-z-karanta-kartico',''),(19,3,'2020-06-18 14:59:12',0,0,'Plačilo z KARANTA kartico',NULL,NULL,NULL,'placilo-z-karanta-kartico',''),(20,1,'2022-12-06 09:21:56',0,0,'Kreditna kartica (braintree)',NULL,NULL,NULL,'kreditna-kartica-braintree',''),(20,2,'2022-12-06 09:21:56',0,0,'Credit card',NULL,NULL,NULL,'20-credit-card',''),(20,3,'2020-06-18 14:59:12',0,0,'Credit card payment',NULL,NULL,NULL,'credit-card-payment',''),(21,1,'2022-12-06 09:21:56',0,0,'Plačilo na recepciji',NULL,NULL,NULL,'placilo-na-recepciji',''),(21,2,'2022-12-06 09:21:56',0,0,'Plačilo na recepciji',NULL,NULL,NULL,'placilo-na-recepciji',''),(21,3,'2020-06-18 14:59:13',0,0,'Plačilo na recepciji',NULL,NULL,NULL,'placilo-na-recepciji',''),(22,1,'2022-12-06 09:21:56',0,0,'Credit card (PAYUNITY)',NULL,NULL,NULL,'credit-card-payunity',''),(22,2,'2022-12-06 09:21:56',0,0,'Credit card (PAYUNITY)',NULL,NULL,NULL,'credit-card-payunity',''),(22,3,'2020-06-18 14:59:13',0,0,'Credit card (PAYUNITY)',NULL,NULL,NULL,'credit-card-payunity',''),(23,1,'2022-12-06 09:21:56',0,0,'Brez plačila, brezplačna vstopnica na e-poštni naslov.',NULL,NULL,NULL,'brez-placila-brezplacna-vstopnica-na-e-postni-naslov',''),(23,2,'2022-12-06 09:21:56',0,0,'Brez plačila, brezplačna vstopnica na e-poštni naslov.',NULL,NULL,NULL,'brez-placila-brezplacna-vstopnica-na-e-postni-naslov',''),(23,3,'2020-06-18 14:59:13',0,0,'Brez plačila, brezplačna vstopnica na e-poštni naslov.',NULL,NULL,NULL,'brez-placila-brezplacna-vstopnica-na-e-postni-naslov',''),(24,1,'2020-05-29 09:13:08',0,0,'Slovenija',NULL,NULL,NULL,'slovenija',''),(24,2,'2020-05-29 09:13:08',0,0,'Slovenija',NULL,NULL,NULL,'slovenija',''),(24,3,'2020-05-29 09:13:08',0,0,'Slovenija',NULL,NULL,NULL,'slovenija',''),(25,1,'2020-05-29 09:13:08',0,0,'EU',NULL,NULL,NULL,'eu',''),(25,2,'2020-05-29 09:13:08',0,0,'EU',NULL,NULL,NULL,'eu',''),(25,3,'2020-05-29 09:13:08',0,0,'EU',NULL,NULL,NULL,'eu',''),(26,1,'2020-05-29 09:13:08',0,0,'Ostali svet',NULL,NULL,NULL,'ostali-svet',''),(26,2,'2020-05-29 09:13:08',0,0,'Ostali svet',NULL,NULL,NULL,'ostali-svet',''),(26,3,'2020-05-29 09:13:08',0,0,'Ostali svet',NULL,NULL,NULL,'ostali-svet',''),(27,1,'2020-05-29 09:13:08',0,0,'Ostale države Evrope',NULL,NULL,NULL,'ostale-drzave-evrope',''),(27,2,'2020-05-29 09:13:08',0,0,'Ostale države Evrope',NULL,NULL,NULL,'ostale-drzave-evrope',''),(27,3,'2020-05-29 09:13:08',0,0,'Ostale države Evrope',NULL,NULL,NULL,'ostale-drzave-evrope',''),(28,1,'2022-12-06 09:21:55',0,0,'Kreditna kartica',NULL,NULL,NULL,'28-kreditna-kartica',''),(28,2,'2022-12-06 09:21:55',0,0,'Credit card',NULL,NULL,NULL,'credit-card','');

--
-- Table structure for table `ngn_postal_categories`
--

CREATE TABLE `ngn_postal_categories` (
  `news_id` int(11) NOT NULL,
  `category_id` int(11) NOT NULL,
  `position` int(11) NOT NULL DEFAULT 0,
  PRIMARY KEY (`news_id`,`category_id`),
  KEY `category_id` (`category_id`)
) ENGINE=InnoDB DEFAULT CHARSET=utf8;

--
-- Dumping data for table `ngn_postal_categories`
--

INSERT INTO `ngn_postal_categories` VALUES (3,1,-1),(7,1,-1),(8,1,-1),(9,1,-1),(10,1,-1);

--
-- Table structure for table `ngn_postal_category`
--

CREATE TABLE `ngn_postal_category` (
  `category_id` int(11) NOT NULL AUTO_INCREMENT,
  `category_enable` int(11) DEFAULT NULL,
  `category_createdate` datetime DEFAULT NULL,
  `category_showdate` datetime DEFAULT NULL,
  `category_hidedate` datetime DEFAULT NULL,
  `category_hide` tinyint(1) NOT NULL,
  `category_editdate` datetime DEFAULT NULL,
  `category_position` int(11) DEFAULT NULL,
  `category_type` int(11) NOT NULL,
  `category_parent` int(11) DEFAULT NULL,
  `category_photo` varchar(100) DEFAULT NULL,
  `category_restriction` int(11) NOT NULL,
  `category_photo2` int(11) NOT NULL,
  `category_photo_language1` int(11) NOT NULL,
  `category_photo_language2` int(11) NOT NULL,
  `category_template` int(11) NOT NULL,
  `category_template_news` int(11) NOT NULL,
  `category_source` varchar(200) NOT NULL,
  `category_source_url` varchar(200) NOT NULL,
  PRIMARY KEY (`category_id`),
  KEY `category_enable` (`category_enable`),
  KEY `category_template` (`category_template`),
  KEY `category_template_news` (`category_template_news`),
  KEY `category_createdate` (`category_createdate`),
  KEY `category_editdate` (`category_editdate`),
  KEY `category_hidedate` (`category_hidedate`),
  KEY `category_showdate` (`category_showdate`)
) ENGINE=InnoDB AUTO_INCREMENT=2 DEFAULT CHARSET=utf8;

--
-- Dumping data for table `ngn_postal_category`
--

INSERT INTO `ngn_postal_category` VALUES (1,1,'2016-07-28 16:08:13',NULL,NULL,0,'2022-10-20 16:12:09',0,0,0,'',1,0,0,0,0,0,'','');

--
-- Table structure for table `ngn_postal_category_file`
--

CREATE TABLE `ngn_postal_category_file` (
  `type_id` int(11) NOT NULL AUTO_INCREMENT,
  `type_name` varchar(200) NOT NULL DEFAULT '',
  `type_extension` varchar(200) NOT NULL DEFAULT '',
  `type_type` varchar(200) NOT NULL DEFAULT '',
  `type_enable` int(11) NOT NULL DEFAULT 0,
  `type_photo` varchar(200) NOT NULL DEFAULT '',
  PRIMARY KEY (`type_id`)
) ENGINE=InnoDB DEFAULT CHARSET=utf8;

--
-- Dumping data for table `ngn_postal_category_file`
--


--
-- Table structure for table `ngn_postal_category_files`
--

CREATE TABLE `ngn_postal_category_files` (
  `file_id` int(11) NOT NULL AUTO_INCREMENT,
  `category_id` int(11) NOT NULL DEFAULT 0,
  `file_type` int(11) NOT NULL DEFAULT 0,
  `file_group` int(11) NOT NULL,
  `file_size` int(11) NOT NULL DEFAULT 0,
  `file_list` int(11) NOT NULL DEFAULT 1,
  `file_file` varchar(100) NOT NULL DEFAULT '',
  `file_original_name` varchar(200) NOT NULL DEFAULT '0',
  `file_createdate` datetime NOT NULL,
  `file_showdate` datetime NOT NULL,
  `file_hidedate` datetime NOT NULL,
  `file_hide` smallint(1) NOT NULL,
  `file_owner` int(11) NOT NULL,
  `file_order` int(11) NOT NULL,
  PRIMARY KEY (`file_id`),
  KEY `category_id` (`category_id`),
  KEY `file_type` (`file_type`),
  KEY `file_createdate` (`file_createdate`),
  KEY `file_owner` (`file_owner`),
  KEY `file_group` (`file_group`),
  KEY `file_showdate` (`file_showdate`),
  KEY `file_hidedate` (`file_hidedate`),
  KEY `file_hide` (`file_hide`),
  KEY `file_order` (`file_order`),
  CONSTRAINT `ngn_postal_category_files_ibfk_1` FOREIGN KEY (`category_id`) REFERENCES `ngn_postal_category` (`category_id`) ON DELETE CASCADE ON UPDATE CASCADE
) ENGINE=InnoDB DEFAULT CHARSET=utf8;

--
-- Dumping data for table `ngn_postal_category_files`
--


--
-- Table structure for table `ngn_postal_category_files_language`
--

CREATE TABLE `ngn_postal_category_files_language` (
  `file_id` int(11) NOT NULL,
  `language_id` int(11) NOT NULL DEFAULT 0,
  `editdate` datetime NOT NULL,
  `enable` int(11) NOT NULL,
  `approved` int(1) NOT NULL DEFAULT 0,
  `language_name` varchar(200) DEFAULT NULL,
  `language_description` text DEFAULT NULL,
  `language_meta` text DEFAULT NULL,
  `language_keywords` varchar(100) DEFAULT NULL,
  `language_url` varchar(100) DEFAULT NULL,
  `language_photo` varchar(100) NOT NULL DEFAULT '',
  PRIMARY KEY (`file_id`,`language_id`),
  KEY `language_id` (`language_id`),
  KEY `editdate` (`editdate`),
  CONSTRAINT `ngn_postal_category_files_languageibfk_1` FOREIGN KEY (`file_id`) REFERENCES `ngn_postal_category_files` (`file_id`) ON DELETE CASCADE ON UPDATE CASCADE
) ENGINE=InnoDB DEFAULT CHARSET=utf8;

--
-- Dumping data for table `ngn_postal_category_files_language`
--


--
-- Table structure for table `ngn_postal_category_groups`
--

CREATE TABLE `ngn_postal_category_groups` (
  `id` int(11) NOT NULL AUTO_INCREMENT,
  `category_id` int(11) NOT NULL,
  `group_id` int(11) NOT NULL,
  `position` int(11) NOT NULL,
  `transfer` int(11) NOT NULL DEFAULT 1,
  `category` int(11) NOT NULL DEFAULT 0,
  PRIMARY KEY (`id`),
  UNIQUE KEY `category_id_2` (`category_id`,`group_id`),
  KEY `group_id` (`group_id`),
  KEY `category_id` (`category_id`),
  KEY `position` (`position`),
  CONSTRAINT `ngn_postal_category_groups_ibfk_1` FOREIGN KEY (`category_id`) REFERENCES `ngn_postal_category` (`category_id`) ON DELETE CASCADE ON UPDATE CASCADE,
  CONSTRAINT `ngn_postal_category_groups_ibfk_2` FOREIGN KEY (`group_id`) REFERENCES `ngn_postal_groups` (`group_id`) ON DELETE CASCADE ON UPDATE CASCADE
) ENGINE=InnoDB AUTO_INCREMENT=2 DEFAULT CHARSET=utf8;

--
-- Dumping data for table `ngn_postal_category_groups`
--

INSERT INTO `ngn_postal_category_groups` VALUES (1,1,3,0,1,0);

--
-- Table structure for table `ngn_postal_category_groups_atribute`
--

CREATE TABLE `ngn_postal_category_groups_atribute` (
  `cgid` int(11) NOT NULL,
  `gaid` int(11) NOT NULL,
  `language_id` int(11) NOT NULL,
  `valueInt` int(11) NOT NULL DEFAULT 0,
  `valueFloat` double NOT NULL DEFAULT 0,
  `valueText` text NOT NULL,
  PRIMARY KEY (`cgid`,`gaid`,`language_id`),
  KEY `language_id` (`language_id`),
  KEY `gaid` (`gaid`),
  KEY `cgid` (`cgid`),
  KEY `valueInt` (`valueInt`)
) ENGINE=InnoDB DEFAULT CHARSET=utf8;

--
-- Dumping data for table `ngn_postal_category_groups_atribute`
--


--
-- Table structure for table `ngn_postal_category_groups_atribute_multi`
--

CREATE TABLE `ngn_postal_category_groups_atribute_multi` (
  `cgid` int(11) NOT NULL,
  `category_id` int(11) NOT NULL,
  `gaid` int(11) NOT NULL,
  `language_id` int(11) NOT NULL,
  `valueInt` int(11) NOT NULL,
  `item_order` int(11) NOT NULL,
  PRIMARY KEY (`cgid`,`gaid`,`language_id`),
  KEY `item_order` (`item_order`)
) ENGINE=InnoDB DEFAULT CHARSET=utf8;

--
-- Dumping data for table `ngn_postal_category_groups_atribute_multi`
--


--
-- Table structure for table `ngn_postal_category_language`
--

CREATE TABLE `ngn_postal_category_language` (
  `category_id` int(11) NOT NULL,
  `language_id` int(11) NOT NULL DEFAULT 0,
  `editdate` datetime NOT NULL,
  `enable` int(11) NOT NULL,
  `approved` int(1) NOT NULL DEFAULT 0,
  `language_name` varchar(200) DEFAULT NULL,
  `language_description` text DEFAULT NULL,
  `language_meta` text DEFAULT NULL,
  `language_keywords` varchar(100) DEFAULT NULL,
  `language_url` varchar(100) DEFAULT NULL,
  `photo1` int(11) NOT NULL,
  `photo2` int(11) NOT NULL,
  `language_photo` varchar(100) NOT NULL DEFAULT '',
  `language_photo2` varchar(100) NOT NULL,
  `language_html` text NOT NULL,
  PRIMARY KEY (`category_id`,`language_id`),
  KEY `language_id` (`language_id`),
  KEY `editdate` (`editdate`),
  FULLTEXT KEY `language_html` (`language_html`),
  CONSTRAINT `ngn_postal_category_language_ibfk_1` FOREIGN KEY (`category_id`) REFERENCES `ngn_postal_category` (`category_id`) ON DELETE CASCADE ON UPDATE CASCADE
) ENGINE=InnoDB DEFAULT CHARSET=utf8;

--
-- Dumping data for table `ngn_postal_category_language`
--

INSERT INTO `ngn_postal_category_language` VALUES (1,1,'2022-10-20 16:12:02',1,1,'Po&scaron;ta','','','','posta',0,0,'','',''),(1,2,'2022-10-20 16:12:09',1,1,'Shipping','','','','shipping',0,0,'','','');

--
-- Table structure for table `ngn_postal_category_links`
--

CREATE TABLE `ngn_postal_category_links` (
  `category_id` int(11) NOT NULL,
  `link_id` int(11) NOT NULL,
  `category_position` int(11) NOT NULL DEFAULT 0,
  `link_position` int(11) NOT NULL,
  `link_date` int(11) NOT NULL,
  PRIMARY KEY (`category_id`,`link_id`),
  KEY `link_position` (`link_position`),
  KEY `link_id` (`link_id`),
  KEY `category_position` (`category_position`)
) ENGINE=InnoDB DEFAULT CHARSET=utf8;

--
-- Dumping data for table `ngn_postal_category_links`
--


--
-- Table structure for table `ngn_postal_category_multi`
--

CREATE TABLE `ngn_postal_category_multi` (
  `news_id` int(11) NOT NULL,
  `category_id` int(11) NOT NULL,
  `position` int(11) NOT NULL DEFAULT 0,
  PRIMARY KEY (`news_id`,`category_id`),
  KEY `category_id` (`category_id`),
  CONSTRAINT `ngn_postal_category_multi_ibfk_2` FOREIGN KEY (`category_id`) REFERENCES `ngn_postal_category` (`category_id`) ON DELETE CASCADE ON UPDATE CASCADE
) ENGINE=InnoDB DEFAULT CHARSET=utf8;

--
-- Dumping data for table `ngn_postal_category_multi`
--


--
-- Table structure for table `ngn_postal_category_pages`
--

CREATE TABLE `ngn_postal_category_pages` (
  `category_id` int(11) NOT NULL,
  `link_id` int(11) NOT NULL,
  `language_id` int(11) NOT NULL,
  `category_position` int(11) NOT NULL DEFAULT 0,
  `link_position` int(11) NOT NULL,
  `link_date` int(11) NOT NULL,
  PRIMARY KEY (`category_id`,`link_id`,`language_id`),
  KEY `link_position` (`link_position`),
  KEY `link_id` (`link_id`),
  KEY `category_position` (`category_position`)
) ENGINE=InnoDB DEFAULT CHARSET=utf8;

--
-- Dumping data for table `ngn_postal_category_pages`
--


--
-- Table structure for table `ngn_postal_category_photo`
--

CREATE TABLE `ngn_postal_category_photo` (
  `photo_id` int(11) NOT NULL AUTO_INCREMENT,
  `category_id` int(11) DEFAULT NULL,
  `photo_order` int(11) NOT NULL,
  `photo_gallery` int(11) NOT NULL DEFAULT 1,
  `photo_photo` varchar(100) DEFAULT NULL,
  `photo_path` varchar(200) NOT NULL,
  `photo_owner` int(11) NOT NULL,
  `photo_date` datetime NOT NULL,
  `photo_source` varchar(255) NOT NULL,
  PRIMARY KEY (`photo_id`),
  KEY `category_id` (`category_id`),
  KEY `photo_date` (`photo_date`),
  KEY `photo_owner` (`photo_owner`),
  KEY `photo_source` (`photo_source`),
  CONSTRAINT `ngn_postal_category_photo_ibfk_1` FOREIGN KEY (`category_id`) REFERENCES `ngn_postal_category` (`category_id`) ON DELETE CASCADE ON UPDATE CASCADE
) ENGINE=InnoDB DEFAULT CHARSET=utf8;

--
-- Dumping data for table `ngn_postal_category_photo`
--


--
-- Table structure for table `ngn_postal_category_photo_gallery`
--

CREATE TABLE `ngn_postal_category_photo_gallery` (
  `photo_id` int(11) NOT NULL,
  `category_id` int(11) NOT NULL,
  `photo_gallery` int(11) NOT NULL,
  `photo_order` int(11) NOT NULL,
  PRIMARY KEY (`category_id`,`photo_id`)
) ENGINE=InnoDB DEFAULT CHARSET=utf8;

--
-- Dumping data for table `ngn_postal_category_photo_gallery`
--


--
-- Table structure for table `ngn_postal_category_photo_gallery_language`
--

CREATE TABLE `ngn_postal_category_photo_gallery_language` (
  `photo_id` int(11) NOT NULL,
  `category_id` int(11) NOT NULL,
  `language_id` int(11) NOT NULL,
  `editdate` datetime NOT NULL,
  `enable` int(11) NOT NULL,
  PRIMARY KEY (`photo_id`,`category_id`,`language_id`),
  KEY `editdate` (`editdate`)
) ENGINE=InnoDB DEFAULT CHARSET=utf8;

--
-- Dumping data for table `ngn_postal_category_photo_gallery_language`
--


--
-- Table structure for table `ngn_postal_category_photo_language`
--

CREATE TABLE `ngn_postal_category_photo_language` (
  `photo_id` int(11) NOT NULL,
  `language_id` int(11) NOT NULL DEFAULT 0,
  `editdate` datetime NOT NULL,
  `enable` int(11) NOT NULL,
  `approved` int(1) NOT NULL DEFAULT 0,
  `language_name` varchar(200) DEFAULT NULL,
  `language_description` text DEFAULT NULL,
  `language_meta` text DEFAULT NULL,
  `language_keywords` varchar(100) DEFAULT NULL,
  `language_url` varchar(100) DEFAULT NULL,
  `language_photo` varchar(100) NOT NULL DEFAULT '',
  PRIMARY KEY (`photo_id`,`language_id`),
  KEY `language_id` (`language_id`),
  KEY `editdate` (`editdate`),
  CONSTRAINT `ngn_postal_category_photo_language_ibfk_1` FOREIGN KEY (`photo_id`) REFERENCES `ngn_postal_category_photo` (`photo_id`) ON DELETE CASCADE ON UPDATE CASCADE
) ENGINE=InnoDB DEFAULT CHARSET=utf8;

--
-- Dumping data for table `ngn_postal_category_photo_language`
--


--
-- Table structure for table `ngn_postal_category_roles`
--

CREATE TABLE `ngn_postal_category_roles` (
  `role_id` int(11) NOT NULL,
  `category_id` int(11) NOT NULL,
  `childs` int(11) NOT NULL,
  `exclude` int(11) NOT NULL,
  PRIMARY KEY (`role_id`,`category_id`),
  KEY `category_id` (`category_id`)
) ENGINE=InnoDB DEFAULT CHARSET=utf8;

--
-- Dumping data for table `ngn_postal_category_roles`
--


--
-- Table structure for table `ngn_postal_comments`
--

CREATE TABLE `ngn_postal_comments` (
  `comment_id` int(11) NOT NULL AUTO_INCREMENT,
  `parent_id` int(11) NOT NULL DEFAULT 0,
  `user_id` int(11) NOT NULL DEFAULT 0,
  `category_id` int(11) NOT NULL DEFAULT 0,
  `user_ip` varchar(60) NOT NULL,
  `date` datetime NOT NULL,
  `votes` int(11) NOT NULL,
  `reported` int(11) NOT NULL,
  `enable` int(11) NOT NULL DEFAULT 1,
  `owner_id` int(11) NOT NULL,
  PRIMARY KEY (`comment_id`),
  KEY `news_id` (`parent_id`),
  KEY `user_id` (`user_id`),
  KEY `category_id` (`category_id`),
  KEY `owner_id` (`owner_id`)
) ENGINE=InnoDB DEFAULT CHARSET=utf8;

--
-- Dumping data for table `ngn_postal_comments`
--


--
-- Table structure for table `ngn_postal_comments_admin`
--

CREATE TABLE `ngn_postal_comments_admin` (
  `comment_id` int(11) NOT NULL,
  `role_id` int(11) NOT NULL,
  PRIMARY KEY (`comment_id`,`role_id`),
  KEY `role_id` (`role_id`)
) ENGINE=InnoDB DEFAULT CHARSET=utf8;

--
-- Dumping data for table `ngn_postal_comments_admin`
--


--
-- Table structure for table `ngn_postal_comments_files`
--

CREATE TABLE `ngn_postal_comments_files` (
  `file_id` int(11) NOT NULL AUTO_INCREMENT,
  `comment_id` int(11) NOT NULL DEFAULT 0,
  `file_type` int(11) NOT NULL DEFAULT 0,
  `file_group` int(11) NOT NULL,
  `file_size` int(11) NOT NULL DEFAULT 0,
  `file_list` int(11) NOT NULL DEFAULT 1,
  `file_file` varchar(100) NOT NULL DEFAULT '',
  `file_original_name` varchar(200) NOT NULL DEFAULT '0',
  `file_createdate` datetime NOT NULL,
  `file_showdate` datetime NOT NULL,
  `file_hidedate` datetime NOT NULL,
  `file_hide` smallint(1) NOT NULL,
  `file_owner` int(11) NOT NULL,
  `file_order` int(11) NOT NULL,
  PRIMARY KEY (`file_id`),
  KEY `comment_id` (`comment_id`),
  KEY `file_type` (`file_type`),
  KEY `file_createdate` (`file_createdate`),
  KEY `file_owner` (`file_owner`),
  KEY `file_group` (`file_group`),
  KEY `file_showdate` (`file_showdate`),
  KEY `file_hidedate` (`file_hidedate`),
  KEY `file_hide` (`file_hide`),
  KEY `file_order` (`file_order`)
) ENGINE=InnoDB DEFAULT CHARSET=utf8;

--
-- Dumping data for table `ngn_postal_comments_files`
--


--
-- Table structure for table `ngn_postal_comments_files_language`
--

CREATE TABLE `ngn_postal_comments_files_language` (
  `file_id` int(11) NOT NULL,
  `language_id` int(11) NOT NULL DEFAULT 0,
  `editdate` datetime NOT NULL,
  `enable` int(11) NOT NULL,
  `approved` int(1) NOT NULL DEFAULT 0,
  `language_name` varchar(200) DEFAULT NULL,
  `language_description` text DEFAULT NULL,
  `language_meta` text DEFAULT NULL,
  `language_keywords` varchar(100) DEFAULT NULL,
  `language_url` varchar(100) DEFAULT NULL,
  `language_photo` varchar(100) NOT NULL DEFAULT '',
  PRIMARY KEY (`file_id`,`language_id`),
  KEY `language_id` (`language_id`),
  KEY `editdate` (`editdate`),
  CONSTRAINT `ngn_postal_comments_files_language_ibfk_1` FOREIGN KEY (`file_id`) REFERENCES `ngn_postal_comments_files` (`file_id`) ON DELETE CASCADE ON UPDATE CASCADE
) ENGINE=InnoDB DEFAULT CHARSET=utf8;

--
-- Dumping data for table `ngn_postal_comments_files_language`
--


--
-- Table structure for table `ngn_postal_comments_language`
--

CREATE TABLE `ngn_postal_comments_language` (
  `comment_id` int(11) NOT NULL,
  `language_id` int(11) NOT NULL DEFAULT 0,
  `editdate` datetime NOT NULL,
  `enable` int(11) NOT NULL,
  `approved` int(1) NOT NULL DEFAULT 0,
  `language_name` varchar(200) DEFAULT NULL,
  `language_description` text DEFAULT NULL,
  `language_meta` text DEFAULT NULL,
  `language_keywords` varchar(100) DEFAULT NULL,
  `language_url` varchar(100) DEFAULT NULL,
  `language_photo` varchar(100) NOT NULL DEFAULT '',
  PRIMARY KEY (`comment_id`,`language_id`),
  KEY `language_id` (`language_id`),
  KEY `editdate` (`editdate`),
  CONSTRAINT `ngn_postal_comments_language_ibfk_1` FOREIGN KEY (`comment_id`) REFERENCES `ngn_postal_comments` (`comment_id`) ON DELETE CASCADE ON UPDATE CASCADE
) ENGINE=InnoDB DEFAULT CHARSET=utf8;

--
-- Dumping data for table `ngn_postal_comments_language`
--


--
-- Table structure for table `ngn_postal_comments_votes`
--

CREATE TABLE `ngn_postal_comments_votes` (
  `comment_id` int(11) NOT NULL,
  `vote_date` datetime DEFAULT NULL,
  `vote_ip` varchar(50) NOT NULL,
  `vote_value` int(11) NOT NULL,
  PRIMARY KEY (`comment_id`,`vote_ip`),
  CONSTRAINT `ngn_postal_comments_votes_ibfk_1` FOREIGN KEY (`comment_id`) REFERENCES `ngn_postal_comments` (`comment_id`) ON DELETE CASCADE ON UPDATE CASCADE
) ENGINE=InnoDB DEFAULT CHARSET=utf8;

--
-- Dumping data for table `ngn_postal_comments_votes`
--


--
-- Table structure for table `ngn_postal_custom_values`
--

CREATE TABLE `ngn_postal_custom_values` (
  `news_id` int(11) NOT NULL,
  `category_id` int(11) NOT NULL,
  `gaid` int(11) NOT NULL,
  `language_id` int(11) NOT NULL,
  `valueAutomatic` int(11) NOT NULL DEFAULT 0,
  `valueInt` int(11) NOT NULL,
  `valueFloat` double NOT NULL,
  `valueText` text NOT NULL,
  PRIMARY KEY (`news_id`,`category_id`,`gaid`,`language_id`),
  KEY `category_id` (`category_id`),
  KEY `gaid` (`gaid`),
  KEY `language_id` (`language_id`),
  KEY `valueInt` (`valueInt`)
) ENGINE=InnoDB DEFAULT CHARSET=utf8;

--
-- Dumping data for table `ngn_postal_custom_values`
--

INSERT INTO `ngn_postal_custom_values` VALUES (3,1,1,1,0,943916400,0,''),(3,1,3,1,0,943916400,0,''),(3,1,9,1,0,0,0,''),(3,1,10,1,0,1,0,''),(3,1,12,1,0,0,0,'25'),(7,1,1,1,0,943916400,0,''),(7,1,3,1,0,943916400,0,''),(7,1,9,1,0,0,0,''),(7,1,10,1,0,1,0,''),(7,1,12,1,0,0,0,'24'),(8,1,1,1,0,943916400,0,''),(8,1,3,1,0,943916400,0,''),(8,1,9,1,0,0,0,''),(8,1,10,1,0,1,0,''),(8,1,12,1,0,0,0,'27'),(9,1,1,1,0,943916400,0,''),(9,1,3,1,0,943916400,0,''),(9,1,9,1,0,0,0,''),(9,1,10,1,0,1,0,''),(9,1,12,1,0,0,0,'26'),(10,1,1,1,0,943916400,0,''),(10,1,3,1,0,943916400,0,''),(10,1,9,1,0,0,0,''),(10,1,10,1,0,0,0,'');

--
-- Table structure for table `ngn_postal_custom_values_multi`
--

CREATE TABLE `ngn_postal_custom_values_multi` (
  `news_id` int(11) NOT NULL,
  `category_id` int(11) NOT NULL,
  `gaid` int(11) NOT NULL,
  `language_id` int(11) NOT NULL,
  `valueInt` int(11) NOT NULL,
  `item_order` int(11) NOT NULL,
  PRIMARY KEY (`news_id`,`category_id`,`gaid`,`language_id`,`valueInt`),
  KEY `item_order` (`item_order`)
) ENGINE=InnoDB DEFAULT CHARSET=utf8;

--
-- Dumping data for table `ngn_postal_custom_values_multi`
--

INSERT INTO `ngn_postal_custom_values_multi` VALUES (3,1,12,1,25,0),(7,1,12,1,24,0),(8,1,12,1,27,0),(9,1,12,1,26,0);

--
-- Table structure for table `ngn_postal_file`
--

CREATE TABLE `ngn_postal_file` (
  `type_id` int(11) NOT NULL AUTO_INCREMENT,
  `type_name` varchar(200) NOT NULL DEFAULT '',
  `type_extension` varchar(200) NOT NULL DEFAULT '',
  `type_type` varchar(200) NOT NULL DEFAULT '',
  `type_enable` int(11) NOT NULL DEFAULT 0,
  `type_photo` varchar(200) NOT NULL DEFAULT '',
  PRIMARY KEY (`type_id`)
) ENGINE=InnoDB DEFAULT CHARSET=utf8;

--
-- Dumping data for table `ngn_postal_file`
--


--
-- Table structure for table `ngn_postal_files`
--

CREATE TABLE `ngn_postal_files` (
  `file_id` int(11) NOT NULL AUTO_INCREMENT,
  `news_id` int(11) NOT NULL DEFAULT 0,
  `file_type` int(11) NOT NULL DEFAULT 0,
  `file_group` int(11) NOT NULL,
  `file_size` int(11) NOT NULL DEFAULT 0,
  `file_list` int(11) NOT NULL DEFAULT 1,
  `file_file` varchar(100) NOT NULL DEFAULT '',
  `file_original_name` varchar(200) NOT NULL DEFAULT '0',
  `file_createdate` datetime NOT NULL,
  `file_showdate` datetime NOT NULL,
  `file_hidedate` datetime NOT NULL,
  `file_hide` smallint(1) NOT NULL,
  `file_owner` int(11) NOT NULL,
  `file_order` int(11) NOT NULL,
  PRIMARY KEY (`file_id`),
  KEY `news_id` (`news_id`),
  KEY `file_type` (`file_type`),
  KEY `file_createdate` (`file_createdate`),
  KEY `file_owner` (`file_owner`),
  KEY `file_group` (`file_group`),
  KEY `file_showdate` (`file_showdate`),
  KEY `file_hidedate` (`file_hidedate`),
  KEY `file_hide` (`file_hide`),
  KEY `file_order` (`file_order`)
) ENGINE=InnoDB DEFAULT CHARSET=utf8;

--
-- Dumping data for table `ngn_postal_files`
--


--
-- Table structure for table `ngn_postal_files_groups`
--

CREATE TABLE `ngn_postal_files_groups` (
  `group_id` int(11) NOT NULL AUTO_INCREMENT,
  `group_photo` varchar(50) NOT NULL,
  `group_enable` int(11) NOT NULL DEFAULT 0,
  `group_order` int(11) NOT NULL,
  PRIMARY KEY (`group_id`)
) ENGINE=InnoDB DEFAULT CHARSET=utf8;

--
-- Dumping data for table `ngn_postal_files_groups`
--


--
-- Table structure for table `ngn_postal_files_groups_language`
--

CREATE TABLE `ngn_postal_files_groups_language` (
  `group_id` int(11) NOT NULL,
  `language_id` int(11) NOT NULL DEFAULT 0,
  `editdate` datetime NOT NULL,
  `language_name` varchar(200) DEFAULT NULL,
  PRIMARY KEY (`group_id`,`language_id`),
  KEY `language_id` (`language_id`),
  KEY `editdate` (`editdate`)
) ENGINE=InnoDB DEFAULT CHARSET=utf8;

--
-- Dumping data for table `ngn_postal_files_groups_language`
--


--
-- Table structure for table `ngn_postal_files_language`
--

CREATE TABLE `ngn_postal_files_language` (
  `file_id` int(11) NOT NULL,
  `language_id` int(11) NOT NULL DEFAULT 0,
  `editdate` datetime NOT NULL,
  `enable` int(11) NOT NULL,
  `approved` int(1) NOT NULL DEFAULT 0,
  `language_name` varchar(200) DEFAULT NULL,
  `language_description` text DEFAULT NULL,
  `language_meta` text DEFAULT NULL,
  `language_keywords` varchar(100) DEFAULT NULL,
  `language_url` varchar(100) DEFAULT NULL,
  `language_photo` varchar(100) NOT NULL DEFAULT '',
  PRIMARY KEY (`file_id`,`language_id`),
  KEY `language_id` (`language_id`),
  KEY `editdate` (`editdate`),
  CONSTRAINT `ngn_postal_files_language_ibfk_1` FOREIGN KEY (`file_id`) REFERENCES `ngn_postal_files` (`file_id`) ON DELETE CASCADE ON UPDATE CASCADE
) ENGINE=InnoDB DEFAULT CHARSET=utf8;

--
-- Dumping data for table `ngn_postal_files_language`
--


--
-- Table structure for table `ngn_postal_gallery`
--

CREATE TABLE `ngn_postal_gallery` (
  `gallery_id` int(11) NOT NULL AUTO_INCREMENT,
  `news_id` int(11) NOT NULL,
  `gallery_template` int(11) NOT NULL,
  PRIMARY KEY (`gallery_id`)
) ENGINE=InnoDB DEFAULT CHARSET=utf8;

--
-- Dumping data for table `ngn_postal_gallery`
--


--
-- Table structure for table `ngn_postal_gallery_photo`
--

CREATE TABLE `ngn_postal_gallery_photo` (
  `gallery_id` int(11) NOT NULL,
  `photo_id` int(11) NOT NULL,
  `position` int(11) NOT NULL,
  PRIMARY KEY (`gallery_id`,`photo_id`,`position`)
) ENGINE=InnoDB DEFAULT CHARSET=utf8;

--
-- Dumping data for table `ngn_postal_gallery_photo`
--


--
-- Table structure for table `ngn_postal_groups`
--

CREATE TABLE `ngn_postal_groups` (
  `group_id` int(11) NOT NULL AUTO_INCREMENT,
  `group_var` varchar(50) NOT NULL,
  PRIMARY KEY (`group_id`)
) ENGINE=InnoDB AUTO_INCREMENT=5 DEFAULT CHARSET=utf8;

--
-- Dumping data for table `ngn_postal_groups`
--

INSERT INTO `ngn_postal_groups` VALUES (1,'_2'),(2,'payment'),(3,'personal'),(4,'');

--
-- Table structure for table `ngn_postal_groups_atribute`
--

CREATE TABLE `ngn_postal_groups_atribute` (
  `id` int(11) NOT NULL AUTO_INCREMENT,
  `group_id` int(11) NOT NULL,
  `atribute_id` int(11) NOT NULL,
  `position` int(11) NOT NULL,
  PRIMARY KEY (`id`),
  KEY `group_id` (`group_id`),
  KEY `atribute_id` (`atribute_id`),
  CONSTRAINT `ngn_postal_groups_atribute_ibfk_1` FOREIGN KEY (`group_id`) REFERENCES `ngn_postal_groups` (`group_id`) ON DELETE CASCADE ON UPDATE CASCADE
) ENGINE=InnoDB AUTO_INCREMENT=18 DEFAULT CHARSET=utf8;

--
-- Dumping data for table `ngn_postal_groups_atribute`
--

INSERT INTO `ngn_postal_groups_atribute` VALUES (1,1,1,0),(2,1,2,1),(3,1,3,2),(4,1,4,3),(5,1,5,4),(6,2,6,0),(7,2,4,1),(8,2,3,2),(9,3,7,0),(10,3,8,1),(11,2,10,3),(12,3,11,2),(13,4,1,0),(14,4,2,1),(15,4,12,2),(16,4,4,3),(17,4,5,4);

--
-- Table structure for table `ngn_postal_groups_language`
--

CREATE TABLE `ngn_postal_groups_language` (
  `group_id` int(11) NOT NULL,
  `language_id` int(11) NOT NULL DEFAULT 0,
  `editdate` datetime NOT NULL,
  `enable` int(11) NOT NULL,
  `approved` int(1) NOT NULL DEFAULT 0,
  `language_name` varchar(200) DEFAULT NULL,
  `language_description` text DEFAULT NULL,
  `language_meta` text DEFAULT NULL,
  `language_keywords` varchar(100) DEFAULT NULL,
  `language_url` varchar(100) DEFAULT NULL,
  `language_photo` varchar(100) NOT NULL DEFAULT '',
  PRIMARY KEY (`group_id`,`language_id`),
  KEY `language_id` (`language_id`),
  KEY `editdate` (`editdate`)
) ENGINE=InnoDB DEFAULT CHARSET=utf8;

--
-- Dumping data for table `ngn_postal_groups_language`
--

INSERT INTO `ngn_postal_groups_language` VALUES (1,1,'2020-05-18 14:19:34',0,1,'Lastnosti','',NULL,NULL,NULL,''),(1,2,'2020-05-18 14:19:37',0,1,'Lastnosti','',NULL,NULL,NULL,''),(1,3,'2020-05-18 14:19:39',0,1,'Lastnosti','',NULL,NULL,NULL,''),(2,1,'2020-05-18 14:19:42',0,1,'Tip plačila','',NULL,NULL,NULL,''),(2,2,'2020-05-18 14:19:44',0,1,'Tip plačila','',NULL,NULL,NULL,''),(2,3,'2020-05-18 14:19:47',0,1,'Tip plačila','',NULL,NULL,NULL,''),(3,1,'2020-05-18 14:20:48',0,1,'Nastavitve poštne storitve','',NULL,NULL,NULL,''),(3,2,'2020-05-18 14:19:52',0,1,'Nastavitve poštne storitve','','','','',''),(3,3,'2020-05-18 14:20:50',0,1,'Nastavitve poštne storitve','',NULL,NULL,NULL,''),(4,1,'2020-05-18 14:20:29',0,1,'Lastnosti (odkupnine)','',NULL,NULL,NULL,''),(4,2,'2020-05-18 14:20:33',0,1,'Lastnosti (odkupnine)','','','','',''),(4,3,'2020-05-18 14:20:36',0,1,'Lastnosti (odkupnine)','',NULL,NULL,NULL,'');

--
-- Table structure for table `ngn_postal_item`
--

CREATE TABLE `ngn_postal_item` (
  `item_id` int(11) NOT NULL AUTO_INCREMENT,
  `item_category` int(11) NOT NULL,
  `news_id` int(11) NOT NULL DEFAULT 0,
  `item_order` int(11) NOT NULL,
  `item_createdate` datetime DEFAULT NULL,
  `item_showdate` datetime DEFAULT NULL,
  `item_editdate` datetime NOT NULL,
  `item_hidedate` datetime NOT NULL,
  `item_hide` tinyint(1) NOT NULL,
  `item_enable` int(11) NOT NULL DEFAULT 0,
  `item_photo1` varchar(100) NOT NULL,
  `item_photo2` varchar(100) NOT NULL,
  `item_viewed` int(11) NOT NULL DEFAULT 0,
  PRIMARY KEY (`item_id`),
  KEY `item_category` (`item_category`),
  KEY `news_id` (`news_id`),
  KEY `item_enable` (`item_enable`)
) ENGINE=InnoDB AUTO_INCREMENT=22 DEFAULT CHARSET=utf8;

--
-- Dumping data for table `ngn_postal_item`
--

INSERT INTO `ngn_postal_item` VALUES (3,1,9,100,'1970-01-01 01:01:00','1970-01-01 01:01:00','2023-04-05 15:37:59','2023-04-05 15:37:00',0,1,'','',0),(5,3,3,120,'1970-01-01 01:01:00','1970-01-01 01:01:00','2022-10-24 14:30:21','2022-10-24 14:30:00',0,1,'','',0),(6,2,3,130,'1970-01-01 01:32:50','1970-01-01 01:32:50','2020-08-17 16:49:33','2020-08-17 16:49:00',0,0,'','',0),(8,4,3,150,'1970-01-01 01:01:00','1970-01-01 01:01:00','2022-12-06 09:22:36','2022-12-06 09:22:00',0,1,'','',0),(15,2,7,220,'1970-01-01 01:33:40','1970-01-01 01:33:40','2020-08-17 16:49:33','2020-08-17 16:49:00',0,0,'','',0),(16,3,7,230,'1970-01-01 01:01:00','1970-01-01 01:01:00','2022-10-24 14:07:08','2022-10-24 14:07:00',0,1,'','',0),(17,3,8,240,'1970-01-01 01:01:00','1970-01-01 01:01:00','2022-10-13 09:32:06','2022-10-13 09:32:00',0,1,'','',0),(18,3,9,250,'1970-01-01 01:01:00','1970-01-01 01:01:00','2022-10-13 12:14:41','2022-10-13 12:14:00',0,1,'','',0),(19,4,7,260,'1970-01-01 01:01:00','1970-01-01 01:01:00','2022-10-24 14:06:59','2022-10-24 14:06:00',0,1,'','',0),(20,4,8,270,'1970-01-01 01:01:00','1970-01-01 01:01:00','2022-12-06 09:23:11','2022-12-06 09:23:00',0,1,'','',0),(21,4,9,280,'1970-01-01 01:01:00','1970-01-01 01:01:00','2022-12-06 09:22:21','2022-12-06 09:22:00',0,1,'','',0);

--
-- Table structure for table `ngn_postal_item_category`
--

CREATE TABLE `ngn_postal_item_category` (
  `category_id` int(11) NOT NULL AUTO_INCREMENT,
  `category_enable` int(11) DEFAULT NULL,
  `category_createdate` datetime DEFAULT NULL,
  `category_showdate` datetime DEFAULT NULL,
  `category_hidedate` datetime DEFAULT NULL,
  `category_hide` tinyint(1) NOT NULL,
  `category_editdate` datetime DEFAULT NULL,
  `category_position` int(11) DEFAULT NULL,
  `category_parent` int(11) DEFAULT NULL,
  `category_photo` varchar(100) DEFAULT NULL,
  `category_template` int(11) NOT NULL,
  `category_template_news` int(11) NOT NULL,
  PRIMARY KEY (`category_id`),
  KEY `category_enable` (`category_enable`),
  KEY `category_template` (`category_template`),
  KEY `category_template_news` (`category_template_news`),
  KEY `category_createdate` (`category_createdate`),
  KEY `category_editdate` (`category_editdate`),
  KEY `category_hidedate` (`category_hidedate`),
  KEY `category_showdate` (`category_showdate`)
) ENGINE=InnoDB AUTO_INCREMENT=5 DEFAULT CHARSET=utf8;

--
-- Dumping data for table `ngn_postal_item_category`
--

INSERT INTO `ngn_postal_item_category` VALUES (1,1,'2016-07-28 16:08:57',NULL,NULL,0,'2016-07-29 15:30:10',0,0,'',0,0),(2,1,'2016-07-28 16:09:08',NULL,NULL,0,'2017-01-27 15:57:06',0,0,'',0,0),(3,1,'2016-07-29 15:30:01',NULL,NULL,0,NULL,0,0,'',0,0),(4,1,'2017-01-27 15:56:56',NULL,NULL,0,NULL,0,0,'',0,0);

--
-- Table structure for table `ngn_postal_item_category_language`
--

CREATE TABLE `ngn_postal_item_category_language` (
  `category_id` int(11) NOT NULL,
  `language_id` int(11) NOT NULL DEFAULT 0,
  `editdate` datetime NOT NULL,
  `enable` int(11) NOT NULL,
  `approved` int(1) NOT NULL DEFAULT 0,
  `language_name` varchar(200) DEFAULT NULL,
  `language_description` text DEFAULT NULL,
  `language_meta` text DEFAULT NULL,
  `language_keywords` varchar(100) DEFAULT NULL,
  `language_url` varchar(100) DEFAULT NULL,
  `language_photo` varchar(100) NOT NULL DEFAULT '',
  `language_photo2` varchar(100) NOT NULL,
  PRIMARY KEY (`category_id`,`language_id`),
  KEY `language_id` (`language_id`),
  KEY `editdate` (`editdate`)
) ENGINE=InnoDB DEFAULT CHARSET=utf8;

--
-- Dumping data for table `ngn_postal_item_category_language`
--

INSERT INTO `ngn_postal_item_category_language` VALUES (1,1,'0000-00-00 00:00:00',0,0,'Poštnina na težo','','','','postnina-na-tezo','',''),(2,1,'0000-00-00 00:00:00',0,0,'Odkupnine','','','','odkupnine','',''),(3,1,'0000-00-00 00:00:00',0,0,'Poštnina na ceno','','','','postnina-na-ceno','',''),(4,1,'0000-00-00 00:00:00',0,0,'Tipi plačila','','','','tipi-placila','','');

--
-- Table structure for table `ngn_postal_item_custom_values`
--

CREATE TABLE `ngn_postal_item_custom_values` (
  `item_id` int(11) NOT NULL,
  `item_category_id` int(11) NOT NULL,
  `gaid` int(11) NOT NULL,
  `language_id` int(11) NOT NULL,
  `valueAutomatic` int(11) NOT NULL DEFAULT 0,
  `valueInt` int(11) NOT NULL,
  `valueFloat` double NOT NULL,
  `valueText` text NOT NULL,
  PRIMARY KEY (`item_id`,`item_category_id`,`gaid`,`language_id`),
  KEY `item_category_id` (`item_category_id`),
  KEY `gaid` (`gaid`),
  KEY `language_id` (`language_id`),
  KEY `valueInt` (`valueInt`)
) ENGINE=InnoDB DEFAULT CHARSET=utf8;

--
-- Dumping data for table `ngn_postal_item_custom_values`
--

INSERT INTO `ngn_postal_item_custom_values` VALUES (3,1,1,1,0,0,0,''),(3,1,2,1,0,0,4600,''),(3,1,3,1,0,0,0,'2.60'),(3,1,4,1,0,0,0,'+ 3,17&euro;'),(3,1,5,1,0,1,0,''),(4,1,1,1,0,0,4600,''),(4,1,2,1,0,0,14600,''),(4,1,3,1,0,0,0,'2.86'),(4,1,4,1,0,0,0,'+ 3,49&euro;'),(4,1,5,1,0,1,0,''),(5,1,1,1,0,0,14600,''),(5,1,2,1,0,0,999999999,''),(5,1,3,1,0,0,0,'5.78'),(5,1,4,1,0,0,0,'+ 7,05&euro;'),(5,1,5,1,0,1,0,''),(6,2,1,1,0,0,0,''),(6,2,2,1,0,0,50,''),(6,2,3,1,0,0,0,'+0.65'),(6,2,4,1,0,0,0,'+ 0,65&euro;'),(6,2,5,1,0,3,0,''),(7,2,1,1,0,0,50,''),(7,2,2,1,0,0,2000,''),(7,2,3,1,0,0,0,'+0.65'),(7,2,4,1,0,0,0,'+ 0,65&euro;'),(7,2,5,1,0,3,0,''),(8,2,1,1,0,0,2000,''),(8,2,2,1,0,0,999999999,''),(8,2,3,1,0,0,0,'*1.014'),(8,2,4,1,0,0,0,'* 1,4%'),(8,2,5,1,0,3,0,''),(9,1,1,1,0,0,0,''),(9,1,2,1,0,0,250,''),(9,1,3,1,0,0,0,'1.639344262295082'),(9,1,4,1,0,0,0,'+ 2,00 &euro;'),(9,1,5,1,0,1,0,''),(11,3,1,1,0,0,0,''),(11,3,2,1,0,0,50,''),(11,3,3,1,0,0,0,'2.38'),(11,3,4,1,0,0,0,'+ 2.90 &euro;'),(11,3,5,1,0,1,0,''),(12,3,1,1,0,0,50,''),(12,3,2,1,0,0,99999999999,''),(12,3,3,1,0,0,0,'0'),(12,3,4,1,0,0,0,'0 &euro;'),(12,3,5,1,0,1,0,''),(14,3,1,1,0,0,0,''),(14,3,2,1,0,0,99.99,''),(14,3,3,1,0,0,9.01639344,''),(14,3,4,1,0,0,0,'+ 11,00 &euro;'),(14,3,4,2,0,0,0,'+ 11,00 &euro;'),(14,3,5,1,0,1,0,''),(15,2,1,1,0,0,0,''),(15,2,2,1,0,0,999999999999,''),(15,2,3,1,0,0,1,''),(15,2,4,1,0,0,0,'+ 1,22 &euro;'),(15,2,5,1,0,1,0,''),(15,2,13,1,0,0,0,''),(15,2,14,1,0,0,199.99,''),(15,2,15,1,0,0,0,'9.8360656'),(15,2,16,1,0,0,0,'+ 12 &euro;'),(15,2,16,2,0,0,0,''),(15,2,17,1,0,1,0,''),(18,3,1,1,0,0,0,''),(18,3,2,1,0,0,9999999,''),(18,3,3,1,0,0,0,''),(18,3,4,1,0,0,0,'0 &euro;'),(18,3,5,1,0,1,0,''),(19,4,6,1,0,4,0,''),(19,4,7,1,0,0,0,'0 &euro;'),(19,4,8,1,0,0,0,''),(19,4,11,1,0,0,0,''),(21,4,6,1,0,4,0,''),(21,4,7,1,0,0,0,'0 &euro;'),(21,4,8,1,0,0,0,''),(21,4,11,1,0,0,0,''),(22,4,6,1,0,5,0,''),(22,4,7,1,0,0,0,'0 &euro;'),(22,4,8,1,0,0,0,''),(22,4,11,1,0,0,0,''),(23,4,6,1,0,4,0,''),(23,4,7,1,0,0,0,''),(23,4,7,2,0,0,0,''),(23,4,8,1,0,0,0,''),(23,4,11,1,0,0,0,''),(23,4,11,2,0,0,0,''),(24,3,1,1,0,0,0,''),(24,3,2,1,0,0,999999999,''),(24,3,3,1,0,0,0,'0 &euro;'),(24,3,4,1,0,0,0,'0'),(24,3,5,1,0,3,0,''),(33,4,6,1,0,9,0,''),(33,4,7,1,0,0,0,''),(33,4,8,1,0,0,0,''),(33,4,11,1,0,0,0,''),(34,4,6,1,0,9,0,''),(34,4,7,1,0,0,0,''),(34,4,7,2,0,0,0,''),(34,4,8,1,0,0,0,''),(34,4,11,1,0,0,0,''),(34,4,11,2,0,0,0,''),(35,3,1,1,0,0,0,''),(35,3,2,1,0,0,999999999,''),(35,3,3,1,0,0,0,'0'),(35,3,4,1,0,0,0,'0'),(35,3,5,1,0,3,0,''),(36,4,6,1,0,9,0,''),(36,4,7,1,0,0,0,''),(36,4,8,1,0,0,0,'0'),(36,4,11,1,0,0,0,''),(37,4,6,1,0,4,0,''),(37,4,7,1,0,0,0,''),(37,4,8,1,0,0,0,'0'),(37,4,11,1,0,0,0,''),(38,4,6,1,0,22,0,''),(38,4,7,1,0,0,0,''),(38,4,8,1,0,0,0,''),(38,4,11,1,0,0,0,''),(39,4,6,1,0,22,0,''),(39,4,7,1,0,0,0,''),(39,4,8,1,0,0,0,'0'),(39,4,11,1,0,0,0,''),(40,4,6,1,0,28,0,''),(40,4,7,1,0,0,0,''),(40,4,7,2,0,0,0,''),(40,4,8,1,0,0,0,''),(40,4,11,1,0,0,0,''),(40,4,11,2,0,0,0,''),(45,4,6,1,0,23,0,''),(45,4,7,1,0,0,0,'0'),(45,4,8,1,0,0,0,'0'),(45,4,11,1,0,0,0,''),(47,2,13,1,0,0,0,''),(47,2,14,1,0,0,49.99,''),(47,2,15,1,0,0,0,'3,27868852'),(47,2,16,1,0,0,0,'+ 4 &euro;'),(47,2,16,2,0,0,0,''),(47,2,17,1,0,1,0,''),(48,2,13,1,0,0,50,''),(48,2,14,1,0,0,9000000,''),(48,2,15,1,0,0,0,'0'),(48,2,16,1,0,0,0,'0'),(48,2,16,2,0,0,0,''),(48,2,17,1,0,1,0,''),(49,2,13,1,0,0,200,''),(49,2,14,1,0,0,90000000,''),(49,2,15,1,0,0,0,'0'),(49,2,16,1,0,0,0,'0'),(49,2,16,2,0,0,0,''),(49,2,17,1,0,1,0,''),(50,3,1,1,0,0,100,''),(50,3,2,1,0,0,99999999999,''),(50,3,3,1,0,0,0,''),(50,3,4,1,0,0,0,'+ 0 &euro;'),(50,3,4,2,0,0,0,'+ 0 &euro;'),(50,3,5,1,0,1,0,''),(51,3,1,1,0,0,0,''),(51,3,2,1,0,0,49.999,''),(51,3,3,1,0,0,2.86885245,''),(51,3,4,1,0,0,0,'+ 3,50 &euro;'),(51,3,4,2,0,0,0,''),(51,3,4,3,0,0,0,''),(51,3,5,1,0,1,0,''),(52,3,1,1,0,0,50,''),(52,3,2,1,0,0,900000,''),(52,3,3,1,0,0,0,''),(52,3,4,1,0,0,0,'+ 0 &euro;'),(52,3,4,2,0,0,0,''),(52,3,4,3,0,0,0,''),(52,3,5,1,0,1,0,''),(53,3,1,1,0,0,0,''),(53,3,2,1,0,0,99.99,''),(53,3,3,1,0,0,9.01639344,''),(53,3,4,1,0,0,0,'+ 11,00 &euro;'),(53,3,4,2,0,0,0,''),(53,3,5,1,0,1,0,''),(54,3,1,1,0,0,100,''),(54,3,2,1,0,0,900000,''),(54,3,3,1,0,0,0,''),(54,3,4,1,0,0,0,'+ 0 &euro;'),(54,3,4,2,0,0,0,''),(54,3,5,1,0,1,0,''),(55,3,1,1,0,0,0,''),(55,3,2,1,0,0,900000,''),(55,3,3,1,0,0,24.59016393,''),(55,3,4,1,0,0,0,'+ 30,00 &euro;'),(55,3,4,2,0,0,0,''),(55,3,5,1,0,1,0,''),(56,3,1,1,0,0,500,''),(56,3,2,1,0,0,900000,''),(56,3,3,1,0,0,0,''),(56,3,4,1,0,0,0,'+ 0 &euro;'),(56,3,4,2,0,0,0,''),(56,3,5,1,0,1,0,''),(57,4,6,1,0,4,0,''),(57,4,7,1,0,0,0,''),(57,4,7,2,0,0,0,''),(57,4,8,1,0,0,0,''),(57,4,11,1,0,0,0,''),(57,4,11,2,0,0,0,''),(58,4,6,1,0,28,0,''),(58,4,7,1,0,0,0,''),(58,4,7,2,0,0,0,''),(58,4,8,1,0,0,0,''),(58,4,11,1,0,0,0,''),(58,4,11,2,0,0,0,''),(59,4,6,1,0,9,0,''),(59,4,7,1,0,0,0,''),(59,4,7,2,0,0,0,''),(59,4,8,1,0,0,0,''),(59,4,11,1,0,0,0,''),(59,4,11,2,0,0,0,''),(60,4,6,1,0,9,0,''),(60,4,7,1,0,0,0,''),(60,4,7,2,0,0,0,''),(60,4,8,1,0,0,0,''),(60,4,11,1,0,0,0,''),(60,4,11,2,0,0,0,''),(61,4,6,1,0,28,0,''),(61,4,7,1,0,0,0,''),(61,4,7,2,0,0,0,''),(61,4,8,1,0,0,0,''),(61,4,11,1,0,0,0,''),(61,4,11,2,0,0,0,''),(62,4,6,1,0,4,0,''),(62,4,7,1,0,0,0,''),(62,4,7,2,0,0,0,''),(62,4,8,1,0,0,0,''),(62,4,11,1,0,0,0,''),(62,4,11,2,0,0,0,''),(63,4,6,1,0,9,0,''),(63,4,7,1,0,0,0,''),(63,4,7,2,0,0,0,''),(63,4,8,1,0,0,0,''),(63,4,11,1,0,0,0,''),(63,4,11,2,0,0,0,''),(64,4,6,1,0,28,0,''),(64,4,7,1,0,0,0,''),(64,4,7,2,0,0,0,''),(64,4,8,1,0,0,0,''),(64,4,11,1,0,0,0,''),(64,4,11,2,0,0,0,''),(65,4,6,1,0,4,0,''),(65,4,7,1,0,0,0,''),(65,4,7,2,0,0,0,''),(65,4,8,1,0,0,0,''),(65,4,11,1,0,0,0,''),(65,4,11,2,0,0,0,''),(66,1,1,1,0,0,0,''),(66,1,2,1,0,0,1000,''),(66,1,3,1,0,0,12.29508196721311,''),(66,1,4,1,0,0,0,''),(66,1,4,2,0,0,0,''),(66,1,5,1,0,1,0,''),(67,1,1,1,0,0,1000,''),(67,1,2,1,0,0,2000,''),(67,1,3,1,0,0,24.59016393442623,''),(67,1,4,1,0,0,0,''),(67,1,4,2,0,0,0,''),(67,1,5,1,0,1,0,''),(72,1,1,1,0,0,0,''),(72,1,2,1,0,0,0,''),(72,1,3,1,0,0,0,''),(72,1,4,1,0,0,0,''),(72,1,5,1,0,0,0,''),(73,1,1,1,0,0,0,''),(73,1,2,1,0,0,0,''),(73,1,3,1,0,0,0,''),(73,1,4,1,0,0,0,''),(73,1,5,1,0,0,0,''),(77,1,1,1,0,0,2001,''),(77,1,2,1,0,0,3000,''),(77,1,3,1,0,0,0,''),(77,1,4,2,0,0,0,'1'),(78,1,1,1,0,0,2001,''),(78,1,2,1,0,0,3000,''),(78,1,3,1,0,0,0,''),(78,1,4,2,0,0,0,'1'),(79,1,1,1,0,0,2001,''),(79,1,2,1,0,0,3000,''),(79,1,3,1,0,0,0,''),(79,1,4,2,0,0,0,'1'),(80,1,1,1,0,0,2001,''),(80,1,2,1,0,0,3000,''),(80,1,3,1,0,0,0,''),(80,1,4,1,0,0,0,'1'),(81,1,1,1,0,0,2001,''),(81,1,2,1,0,0,3000,''),(81,1,3,1,0,0,0,''),(81,1,4,1,0,0,0,'1'),(82,1,1,1,0,0,2001,''),(82,1,2,1,0,0,3000,''),(82,1,3,1,0,0,0,''),(82,1,4,1,0,0,0,'1'),(83,1,1,1,0,0,2001,''),(83,1,2,1,0,0,3000,''),(83,1,3,1,0,0,0,''),(83,1,4,1,0,0,0,'1'),(84,1,1,1,0,0,2001,''),(84,1,2,1,0,0,3000,''),(84,1,3,1,0,0,0,''),(84,1,4,1,0,0,0,'1'),(85,1,1,1,0,0,2001,''),(85,1,2,1,0,0,3000,''),(85,1,3,1,0,0,0,''),(85,1,4,1,0,0,0,''),(86,1,1,1,0,0,2001,''),(86,1,2,1,0,0,3000,''),(86,1,3,1,0,0,0,''),(86,1,4,1,0,0,0,''),(87,1,1,1,0,0,2001,''),(87,1,2,1,0,0,3000,''),(87,1,3,1,0,0,0,''),(87,1,4,1,0,0,0,''),(88,1,1,1,0,0,2001,''),(88,1,2,1,0,0,3000,''),(88,1,3,1,0,0,0,''),(88,1,4,1,0,0,0,''),(89,1,1,1,0,0,2001,''),(89,1,2,1,0,0,3000,''),(89,1,3,1,0,0,0,''),(89,1,4,1,0,0,0,''),(90,1,1,1,0,0,2000,''),(90,1,2,1,0,0,3000,''),(90,1,3,1,0,0,36.885245901639,''),(90,1,4,1,0,0,0,''),(90,1,4,2,0,0,0,''),(90,1,5,1,0,1,0,''),(91,1,1,1,0,0,3000,''),(91,1,2,1,0,0,4000,''),(91,1,3,1,0,0,49.180327868852,''),(91,1,4,1,0,0,0,''),(91,1,4,2,0,0,0,''),(91,1,5,1,0,1,0,''),(92,1,1,1,0,0,4000,''),(92,1,2,1,0,0,5000,''),(92,1,3,1,0,0,61.475409836066,''),(92,1,4,1,0,0,0,''),(92,1,4,2,0,0,0,''),(92,1,5,1,0,1,0,''),(93,1,1,1,0,0,5000,''),(93,1,2,1,0,0,6000,''),(93,1,3,1,0,0,73.770491803279,''),(93,1,4,1,0,0,0,''),(93,1,4,2,0,0,0,''),(93,1,5,1,0,1,0,''),(94,1,1,1,0,0,6000,''),(94,1,2,1,0,0,7000,''),(94,1,3,1,0,0,86.065573770492,''),(94,1,4,1,0,0,0,''),(94,1,4,2,0,0,0,''),(94,1,5,1,0,1,0,''),(95,1,1,1,0,0,7000,''),(95,1,2,1,0,0,8000,''),(95,1,3,1,0,0,98.360655737705,''),(95,1,4,1,0,0,0,''),(95,1,4,2,0,0,0,''),(95,1,5,1,0,1,0,''),(96,1,1,1,0,0,8000,''),(96,1,2,1,0,0,9000,''),(96,1,3,1,0,0,110.65573770492,''),(96,1,4,1,0,0,0,''),(96,1,4,2,0,0,0,''),(96,1,5,1,0,1,0,''),(97,1,1,1,0,0,9000,''),(97,1,2,1,0,0,10000,''),(97,1,3,1,0,0,122.95081967213,''),(97,1,4,1,0,0,0,''),(97,1,4,2,0,0,0,''),(97,1,5,1,0,1,0,''),(98,1,1,1,0,0,10000,''),(98,1,2,1,0,0,11000,''),(98,1,3,1,0,0,135.24590163934,''),(98,1,4,1,0,0,0,''),(98,1,4,2,0,0,0,''),(98,1,5,1,0,1,0,''),(99,1,1,1,0,0,11000,''),(99,1,2,1,0,0,12000,''),(99,1,3,1,0,0,147.54098360656,''),(99,1,4,1,0,0,0,''),(99,1,4,2,0,0,0,''),(99,1,5,1,0,1,0,''),(100,1,1,1,0,0,12000,''),(100,1,2,1,0,0,13000,''),(100,1,3,1,0,0,159.83606557377,''),(100,1,4,1,0,0,0,''),(100,1,4,2,0,0,0,''),(100,1,5,1,0,1,0,''),(101,1,1,1,0,0,13000,''),(101,1,2,1,0,0,14000,''),(101,1,3,1,0,0,172.13114754098,''),(101,1,4,1,0,0,0,''),(101,1,4,2,0,0,0,''),(101,1,5,1,0,1,0,''),(102,1,1,1,0,0,14000,''),(102,1,2,1,0,0,15000,''),(102,1,3,1,0,0,184.4262295082,''),(102,1,4,1,0,0,0,''),(102,1,4,2,0,0,0,''),(102,1,5,1,0,1,0,''),(103,1,1,1,0,0,15000,''),(103,1,2,1,0,0,16000,''),(103,1,3,1,0,0,196.72131147541,''),(103,1,4,1,0,0,0,''),(103,1,4,2,0,0,0,''),(103,1,5,1,0,1,0,''),(104,1,1,1,0,0,16000,''),(104,1,2,1,0,0,17000,''),(104,1,3,1,0,0,209.01639344262,''),(104,1,4,1,0,0,0,''),(104,1,4,2,0,0,0,''),(104,1,5,1,0,1,0,''),(105,1,1,1,0,0,17000,''),(105,1,2,1,0,0,18000,''),(105,1,3,1,0,0,221.31147540984,''),(105,1,4,1,0,0,0,''),(105,1,4,2,0,0,0,''),(105,1,5,1,0,1,0,''),(106,1,1,1,0,0,18000,''),(106,1,2,1,0,0,19000,''),(106,1,3,1,0,0,233.60655737705,''),(106,1,4,1,0,0,0,''),(106,1,4,2,0,0,0,''),(106,1,5,1,0,1,0,''),(107,1,1,1,0,0,19000,''),(107,1,2,1,0,0,20000,''),(107,1,3,1,0,0,245.90163934426,''),(107,1,4,1,0,0,0,''),(107,1,4,2,0,0,0,''),(107,1,5,1,0,1,0,''),(108,1,1,1,0,0,20000,''),(108,1,2,1,0,0,21000,''),(108,1,3,1,0,0,258.19672131148,''),(108,1,4,1,0,0,0,''),(108,1,4,2,0,0,0,''),(108,1,5,1,0,1,0,''),(109,1,1,1,0,0,21000,''),(109,1,2,1,0,0,22000,''),(109,1,3,1,0,0,270.49180327869,''),(109,1,4,1,0,0,0,''),(109,1,4,2,0,0,0,''),(109,1,5,1,0,1,0,''),(110,1,1,1,0,0,22000,''),(110,1,2,1,0,0,23000,''),(110,1,3,1,0,0,282.7868852459,''),(110,1,4,1,0,0,0,''),(110,1,4,2,0,0,0,''),(110,1,5,1,0,1,0,''),(111,1,1,1,0,0,23000,''),(111,1,2,1,0,0,24000,''),(111,1,3,1,0,0,295.08196721311,''),(111,1,4,1,0,0,0,''),(111,1,4,2,0,0,0,''),(111,1,5,1,0,1,0,''),(112,1,1,1,0,0,24000,''),(112,1,2,1,0,0,25000,''),(112,1,3,1,0,0,307.37704918033,''),(112,1,4,1,0,0,0,''),(112,1,4,2,0,0,0,''),(112,1,5,1,0,1,0,''),(113,1,1,1,0,0,25000,''),(113,1,2,1,0,0,26000,''),(113,1,3,1,0,0,319.67213114754,''),(113,1,4,1,0,0,0,''),(113,1,4,2,0,0,0,''),(113,1,5,1,0,1,0,''),(114,1,1,1,0,0,26000,''),(114,1,2,1,0,0,27000,''),(114,1,3,1,0,0,331.96721311475,''),(114,1,4,1,0,0,0,''),(114,1,4,2,0,0,0,''),(114,1,5,1,0,1,0,''),(115,1,1,1,0,0,27000,''),(115,1,2,1,0,0,28000,''),(115,1,3,1,0,0,344.26229508197,''),(115,1,4,1,0,0,0,''),(115,1,4,2,0,0,0,''),(115,1,5,1,0,1,0,''),(116,1,1,1,0,0,28000,''),(116,1,2,1,0,0,29000,''),(116,1,3,1,0,0,356.55737704918,''),(116,1,4,1,0,0,0,''),(116,1,4,2,0,0,0,''),(116,1,5,1,0,1,0,''),(117,1,1,1,0,0,29000,''),(117,1,2,1,0,0,30000,''),(117,1,3,1,0,0,368.85245901639,''),(117,1,4,1,0,0,0,''),(117,1,4,2,0,0,0,''),(117,1,5,1,0,1,0,''),(118,1,1,1,0,0,30000,''),(118,1,2,1,0,0,31000,''),(118,1,3,1,0,0,381.14754098361,''),(118,1,4,1,0,0,0,''),(118,1,4,2,0,0,0,''),(118,1,5,1,0,1,0,''),(119,1,1,1,0,0,31000,''),(119,1,2,1,0,0,32000,''),(119,1,3,1,0,0,393.44262295082,''),(119,1,4,1,0,0,0,''),(119,1,4,2,0,0,0,''),(119,1,5,1,0,1,0,''),(120,1,1,1,0,0,32000,''),(120,1,2,1,0,0,33000,''),(120,1,3,1,0,0,405.73770491803,''),(120,1,4,1,0,0,0,''),(120,1,4,2,0,0,0,''),(120,1,5,1,0,1,0,''),(121,1,1,1,0,0,33000,''),(121,1,2,1,0,0,34000,''),(121,1,3,1,0,0,418.03278688525,''),(121,1,4,1,0,0,0,''),(121,1,4,2,0,0,0,''),(121,1,5,1,0,1,0,''),(122,1,1,1,0,0,34000,''),(122,1,2,1,0,0,35000,''),(122,1,3,1,0,0,430.32786885246,''),(122,1,4,1,0,0,0,''),(122,1,4,2,0,0,0,''),(122,1,5,1,0,1,0,''),(123,1,1,1,0,0,35000,''),(123,1,2,1,0,0,36000,''),(123,1,3,1,0,0,442.62295081967,''),(123,1,4,1,0,0,0,''),(123,1,4,2,0,0,0,''),(123,1,5,1,0,1,0,''),(124,1,1,1,0,0,36000,''),(124,1,2,1,0,0,37000,''),(124,1,3,1,0,0,454.91803278689,''),(124,1,4,1,0,0,0,''),(124,1,4,2,0,0,0,''),(124,1,5,1,0,1,0,''),(125,1,1,1,0,0,37000,''),(125,1,2,1,0,0,38000,''),(125,1,3,1,0,0,467.2131147541,''),(125,1,4,1,0,0,0,''),(125,1,4,2,0,0,0,''),(125,1,5,1,0,1,0,''),(126,1,1,1,0,0,38000,''),(126,1,2,1,0,0,39000,''),(126,1,3,1,0,0,479.50819672131,''),(126,1,4,1,0,0,0,''),(126,1,4,2,0,0,0,''),(126,1,5,1,0,1,0,''),(127,1,1,1,0,0,39000,''),(127,1,2,1,0,0,40000,''),(127,1,3,1,0,0,491.80327868852,''),(127,1,4,1,0,0,0,''),(127,1,4,2,0,0,0,''),(127,1,5,1,0,1,0,''),(128,1,1,1,0,0,40000,''),(128,1,2,1,0,0,41000,''),(128,1,3,1,0,0,504.09836065574,''),(128,1,4,1,0,0,0,''),(128,1,4,2,0,0,0,''),(128,1,5,1,0,1,0,''),(129,1,1,1,0,0,41000,''),(129,1,2,1,0,0,42000,''),(129,1,3,1,0,0,516.39344262295,''),(129,1,4,1,0,0,0,''),(129,1,4,2,0,0,0,''),(129,1,5,1,0,1,0,''),(130,1,1,1,0,0,42000,''),(130,1,2,1,0,0,43000,''),(130,1,3,1,0,0,528.68852459016,''),(130,1,4,1,0,0,0,''),(130,1,4,2,0,0,0,''),(130,1,5,1,0,1,0,''),(131,1,1,1,0,0,43000,''),(131,1,2,1,0,0,44000,''),(131,1,3,1,0,0,540.98360655738,''),(131,1,4,1,0,0,0,''),(131,1,4,2,0,0,0,''),(131,1,5,1,0,1,0,''),(132,1,1,1,0,0,44000,''),(132,1,2,1,0,0,45000,''),(132,1,3,1,0,0,553.27868852459,''),(132,1,4,1,0,0,0,''),(132,1,4,2,0,0,0,''),(132,1,5,1,0,1,0,''),(133,1,1,1,0,0,45000,''),(133,1,2,1,0,0,46000,''),(133,1,3,1,0,0,565.5737704918,''),(133,1,4,1,0,0,0,''),(133,1,4,2,0,0,0,''),(133,1,5,1,0,1,0,''),(134,1,1,1,0,0,46000,''),(134,1,2,1,0,0,47000,''),(134,1,3,1,0,0,577.86885245902,''),(134,1,4,1,0,0,0,''),(134,1,4,2,0,0,0,''),(134,1,5,1,0,1,0,''),(135,1,1,1,0,0,47000,''),(135,1,2,1,0,0,48000,''),(135,1,3,1,0,0,590.16393442623,''),(135,1,4,1,0,0,0,''),(135,1,4,2,0,0,0,''),(135,1,5,1,0,1,0,''),(136,1,1,1,0,0,48000,''),(136,1,2,1,0,0,49000,''),(136,1,3,1,0,0,602.45901639344,''),(136,1,4,1,0,0,0,''),(136,1,4,2,0,0,0,''),(136,1,5,1,0,1,0,''),(137,1,1,1,0,0,49000,''),(137,1,2,1,0,0,50000,''),(137,1,3,1,0,0,614.75409836066,''),(137,1,4,1,0,0,0,''),(137,1,4,2,0,0,0,''),(137,1,5,1,0,1,0,''),(138,1,1,1,0,0,50000,''),(138,1,2,1,0,0,51000,''),(138,1,3,1,0,0,627.04918032787,''),(138,1,4,1,0,0,0,''),(138,1,4,2,0,0,0,''),(138,1,5,1,0,1,0,''),(139,1,1,1,0,0,51000,''),(139,1,2,1,0,0,52000,''),(139,1,3,1,0,0,639.34426229508,''),(139,1,4,1,0,0,0,''),(139,1,4,2,0,0,0,''),(139,1,5,1,0,1,0,''),(140,1,1,1,0,0,52000,''),(140,1,2,1,0,0,53000,''),(140,1,3,1,0,0,651.6393442623,''),(140,1,4,1,0,0,0,''),(140,1,4,2,0,0,0,''),(140,1,5,1,0,1,0,''),(141,1,1,1,0,0,53000,''),(141,1,2,1,0,0,54000,''),(141,1,3,1,0,0,663.93442622951,''),(141,1,4,1,0,0,0,''),(141,1,4,2,0,0,0,''),(141,1,5,1,0,1,0,''),(142,1,1,1,0,0,54000,''),(142,1,2,1,0,0,55000,''),(142,1,3,1,0,0,676.22950819672,''),(142,1,4,1,0,0,0,''),(142,1,4,2,0,0,0,''),(142,1,5,1,0,1,0,''),(143,1,1,1,0,0,55000,''),(143,1,2,1,0,0,56000,''),(143,1,3,1,0,0,688.52459016393,''),(143,1,4,1,0,0,0,''),(143,1,4,2,0,0,0,''),(143,1,5,1,0,1,0,''),(144,1,1,1,0,0,56000,''),(144,1,2,1,0,0,57000,''),(144,1,3,1,0,0,700.81967213115,''),(144,1,4,1,0,0,0,''),(144,1,4,2,0,0,0,''),(144,1,5,1,0,1,0,''),(145,1,1,1,0,0,57000,''),(145,1,2,1,0,0,58000,''),(145,1,3,1,0,0,713.11475409836,''),(145,1,4,1,0,0,0,''),(145,1,4,2,0,0,0,''),(145,1,5,1,0,1,0,''),(146,1,1,1,0,0,58000,''),(146,1,2,1,0,0,59000,''),(146,1,3,1,0,0,725.40983606557,''),(146,1,4,1,0,0,0,''),(146,1,4,2,0,0,0,''),(146,1,5,1,0,1,0,''),(147,1,1,1,0,0,59000,''),(147,1,2,1,0,0,60000,''),(147,1,3,1,0,0,737.70491803279,''),(147,1,4,1,0,0,0,''),(147,1,4,2,0,0,0,''),(147,1,5,1,0,1,0,''),(148,1,1,1,0,0,60000,''),(148,1,2,1,0,0,61000,''),(148,1,3,1,0,0,750,''),(148,1,4,1,0,0,0,''),(148,1,4,2,0,0,0,''),(148,1,5,1,0,1,0,''),(149,1,1,1,0,0,61000,''),(149,1,2,1,0,0,62000,''),(149,1,3,1,0,0,762.29508196721,''),(149,1,4,1,0,0,0,''),(149,1,4,2,0,0,0,''),(149,1,5,1,0,1,0,''),(150,1,1,1,0,0,62000,''),(150,1,2,1,0,0,63000,''),(150,1,3,1,0,0,774.59016393443,''),(150,1,4,1,0,0,0,''),(150,1,4,2,0,0,0,''),(150,1,5,1,0,1,0,''),(151,1,1,1,0,0,63000,''),(151,1,2,1,0,0,64000,''),(151,1,3,1,0,0,786.88524590164,''),(151,1,4,1,0,0,0,''),(151,1,4,2,0,0,0,''),(151,1,5,1,0,1,0,''),(152,1,1,1,0,0,64000,''),(152,1,2,1,0,0,65000,''),(152,1,3,1,0,0,799.18032786885,''),(152,1,4,1,0,0,0,''),(152,1,4,2,0,0,0,''),(152,1,5,1,0,1,0,''),(153,1,1,1,0,0,65000,''),(153,1,2,1,0,0,66000,''),(153,1,3,1,0,0,811.47540983607,''),(153,1,4,1,0,0,0,''),(153,1,4,2,0,0,0,''),(153,1,5,1,0,1,0,''),(154,1,1,1,0,0,66000,''),(154,1,2,1,0,0,67000,''),(154,1,3,1,0,0,823.77049180328,''),(154,1,4,1,0,0,0,''),(154,1,4,2,0,0,0,''),(154,1,5,1,0,1,0,''),(155,1,1,1,0,0,67000,''),(155,1,2,1,0,0,68000,''),(155,1,3,1,0,0,836.06557377049,''),(155,1,4,1,0,0,0,''),(155,1,4,2,0,0,0,''),(155,1,5,1,0,1,0,''),(156,1,1,1,0,0,68000,''),(156,1,2,1,0,0,69000,''),(156,1,3,1,0,0,848.3606557377,''),(156,1,4,1,0,0,0,''),(156,1,4,2,0,0,0,''),(156,1,5,1,0,1,0,''),(157,1,1,1,0,0,69000,''),(157,1,2,1,0,0,70000,''),(157,1,3,1,0,0,860.65573770492,''),(157,1,4,1,0,0,0,''),(157,1,4,2,0,0,0,''),(157,1,5,1,0,1,0,''),(158,1,1,1,0,0,70000,''),(158,1,2,1,0,0,71000,''),(158,1,3,1,0,0,872.95081967213,''),(158,1,4,1,0,0,0,''),(158,1,4,2,0,0,0,''),(158,1,5,1,0,1,0,''),(159,1,1,1,0,0,71000,''),(159,1,2,1,0,0,72000,''),(159,1,3,1,0,0,885.24590163934,''),(159,1,4,1,0,0,0,''),(159,1,4,2,0,0,0,''),(159,1,5,1,0,1,0,''),(160,1,1,1,0,0,72000,''),(160,1,2,1,0,0,73000,''),(160,1,3,1,0,0,897.54098360656,''),(160,1,4,1,0,0,0,''),(160,1,4,2,0,0,0,''),(160,1,5,1,0,1,0,''),(161,1,1,1,0,0,73000,''),(161,1,2,1,0,0,74000,''),(161,1,3,1,0,0,909.83606557377,''),(161,1,4,1,0,0,0,''),(161,1,4,2,0,0,0,''),(161,1,5,1,0,1,0,''),(162,1,1,1,0,0,74000,''),(162,1,2,1,0,0,75000,''),(162,1,3,1,0,0,922.13114754098,''),(162,1,4,1,0,0,0,''),(162,1,4,2,0,0,0,''),(162,1,5,1,0,1,0,''),(163,1,1,1,0,0,75000,''),(163,1,2,1,0,0,76000,''),(163,1,3,1,0,0,934.4262295082,''),(163,1,4,1,0,0,0,''),(163,1,4,2,0,0,0,''),(163,1,5,1,0,1,0,''),(164,1,1,1,0,0,76000,''),(164,1,2,1,0,0,77000,''),(164,1,3,1,0,0,946.72131147541,''),(164,1,4,1,0,0,0,''),(164,1,4,2,0,0,0,''),(164,1,5,1,0,1,0,''),(165,1,1,1,0,0,77000,''),(165,1,2,1,0,0,78000,''),(165,1,3,1,0,0,959.01639344262,''),(165,1,4,1,0,0,0,''),(165,1,4,2,0,0,0,''),(165,1,5,1,0,1,0,''),(166,1,1,1,0,0,78000,''),(166,1,2,1,0,0,79000,''),(166,1,3,1,0,0,971.31147540984,''),(166,1,4,1,0,0,0,''),(166,1,4,2,0,0,0,''),(166,1,5,1,0,1,0,''),(167,1,1,1,0,0,79000,''),(167,1,2,1,0,0,80000,''),(167,1,3,1,0,0,983.60655737705,''),(167,1,4,1,0,0,0,''),(167,1,4,2,0,0,0,''),(167,1,5,1,0,1,0,''),(168,1,1,1,0,0,80000,''),(168,1,2,1,0,0,81000,''),(168,1,3,1,0,0,995.90163934426,''),(168,1,4,1,0,0,0,''),(168,1,4,2,0,0,0,''),(168,1,5,1,0,1,0,''),(169,1,1,1,0,0,81000,''),(169,1,2,1,0,0,82000,''),(169,1,3,1,0,0,1008.1967213115,''),(169,1,4,1,0,0,0,''),(169,1,4,2,0,0,0,''),(169,1,5,1,0,1,0,''),(170,1,1,1,0,0,82000,''),(170,1,2,1,0,0,83000,''),(170,1,3,1,0,0,1020.4918032787,''),(170,1,4,1,0,0,0,''),(170,1,4,2,0,0,0,''),(170,1,5,1,0,1,0,''),(171,1,1,1,0,0,83000,''),(171,1,2,1,0,0,84000,''),(171,1,3,1,0,0,1032.7868852459,''),(171,1,4,1,0,0,0,''),(171,1,4,2,0,0,0,''),(171,1,5,1,0,1,0,''),(172,1,1,1,0,0,84000,''),(172,1,2,1,0,0,85000,''),(172,1,3,1,0,0,1045.0819672131,''),(172,1,4,1,0,0,0,''),(172,1,4,2,0,0,0,''),(172,1,5,1,0,1,0,''),(173,1,1,1,0,0,85000,''),(173,1,2,1,0,0,86000,''),(173,1,3,1,0,0,1057.3770491803,''),(173,1,4,1,0,0,0,''),(173,1,4,2,0,0,0,''),(173,1,5,1,0,1,0,''),(174,1,1,1,0,0,86000,''),(174,1,2,1,0,0,87000,''),(174,1,3,1,0,0,1069.6721311475,''),(174,1,4,1,0,0,0,''),(174,1,4,2,0,0,0,''),(174,1,5,1,0,1,0,''),(175,1,1,1,0,0,87000,''),(175,1,2,1,0,0,88000,''),(175,1,3,1,0,0,1081.9672131148,''),(175,1,4,1,0,0,0,''),(175,1,4,2,0,0,0,''),(175,1,5,1,0,1,0,''),(176,1,1,1,0,0,88000,''),(176,1,2,1,0,0,89000,''),(176,1,3,1,0,0,1094.262295082,''),(176,1,4,1,0,0,0,''),(176,1,4,2,0,0,0,''),(176,1,5,1,0,1,0,''),(177,1,1,1,0,0,89000,''),(177,1,2,1,0,0,90000,''),(177,1,3,1,0,0,1106.5573770492,''),(177,1,4,1,0,0,0,''),(177,1,4,2,0,0,0,''),(177,1,5,1,0,1,0,''),(178,1,1,1,0,0,90000,''),(178,1,2,1,0,0,91000,''),(178,1,3,1,0,0,1118.8524590164,''),(178,1,4,1,0,0,0,''),(178,1,4,2,0,0,0,''),(178,1,5,1,0,1,0,''),(179,1,1,1,0,0,91000,''),(179,1,2,1,0,0,92000,''),(179,1,3,1,0,0,1131.1475409836,''),(179,1,4,1,0,0,0,''),(179,1,4,2,0,0,0,''),(179,1,5,1,0,1,0,''),(180,1,1,1,0,0,92000,''),(180,1,2,1,0,0,93000,''),(180,1,3,1,0,0,1143.4426229508,''),(180,1,4,1,0,0,0,''),(180,1,4,2,0,0,0,''),(180,1,5,1,0,1,0,''),(181,1,1,1,0,0,93000,''),(181,1,2,1,0,0,94000,''),(181,1,3,1,0,0,1155.737704918,''),(181,1,4,1,0,0,0,''),(181,1,4,2,0,0,0,''),(181,1,5,1,0,1,0,''),(182,1,1,1,0,0,94000,''),(182,1,2,1,0,0,95000,''),(182,1,3,1,0,0,1168.0327868852,''),(182,1,4,1,0,0,0,''),(182,1,4,2,0,0,0,''),(182,1,5,1,0,1,0,''),(183,1,1,1,0,0,95000,''),(183,1,2,1,0,0,96000,''),(183,1,3,1,0,0,1180.3278688525,''),(183,1,4,1,0,0,0,''),(183,1,4,2,0,0,0,''),(183,1,5,1,0,1,0,''),(184,1,1,1,0,0,96000,''),(184,1,2,1,0,0,97000,''),(184,1,3,1,0,0,1192.6229508197,''),(184,1,4,1,0,0,0,''),(184,1,4,2,0,0,0,''),(184,1,5,1,0,1,0,''),(185,1,1,1,0,0,97000,''),(185,1,2,1,0,0,98000,''),(185,1,3,1,0,0,1204.9180327869,''),(185,1,4,1,0,0,0,''),(185,1,4,2,0,0,0,''),(185,1,5,1,0,1,0,''),(186,1,1,1,0,0,98000,''),(186,1,2,1,0,0,99000,''),(186,1,3,1,0,0,1217.2131147541,''),(186,1,4,1,0,0,0,''),(186,1,4,2,0,0,0,''),(186,1,5,1,0,1,0,'');

--
-- Table structure for table `ngn_postal_item_custom_values_multi`
--

CREATE TABLE `ngn_postal_item_custom_values_multi` (
  `item_id` int(11) NOT NULL,
  `item_category_id` int(11) NOT NULL,
  `gaid` int(11) NOT NULL,
  `language_id` int(11) NOT NULL,
  `valueInt` int(11) NOT NULL,
  `item_order` int(11) NOT NULL,
  PRIMARY KEY (`item_id`,`item_category_id`,`gaid`,`language_id`,`valueInt`),
  KEY `item_order` (`item_order`)
) ENGINE=InnoDB DEFAULT CHARSET=utf8;

--
-- Dumping data for table `ngn_postal_item_custom_values_multi`
--


--
-- Table structure for table `ngn_postal_item_file`
--

CREATE TABLE `ngn_postal_item_file` (
  `type_id` int(11) NOT NULL AUTO_INCREMENT,
  `type_name` varchar(200) NOT NULL DEFAULT '',
  `type_extension` varchar(200) NOT NULL DEFAULT '',
  `type_type` varchar(200) NOT NULL DEFAULT '',
  `type_enable` int(11) NOT NULL DEFAULT 0,
  `type_photo` varchar(200) NOT NULL DEFAULT '',
  PRIMARY KEY (`type_id`)
) ENGINE=InnoDB DEFAULT CHARSET=utf8;

--
-- Dumping data for table `ngn_postal_item_file`
--


--
-- Table structure for table `ngn_postal_item_files`
--

CREATE TABLE `ngn_postal_item_files` (
  `file_id` int(11) NOT NULL AUTO_INCREMENT,
  `item_id` int(11) NOT NULL DEFAULT 0,
  `file_type` int(11) NOT NULL DEFAULT 0,
  `file_group` int(11) NOT NULL,
  `file_size` int(11) NOT NULL DEFAULT 0,
  `file_list` int(11) NOT NULL DEFAULT 1,
  `file_file` varchar(100) NOT NULL DEFAULT '',
  `file_original_name` varchar(200) NOT NULL DEFAULT '0',
  `file_createdate` datetime NOT NULL,
  `file_showdate` datetime NOT NULL,
  `file_hidedate` datetime NOT NULL,
  `file_hide` smallint(1) NOT NULL,
  `file_owner` int(11) NOT NULL,
  `file_order` int(11) NOT NULL,
  PRIMARY KEY (`file_id`),
  KEY `item_id` (`item_id`),
  KEY `file_type` (`file_type`),
  KEY `file_createdate` (`file_createdate`),
  KEY `file_owner` (`file_owner`),
  KEY `file_group` (`file_group`),
  KEY `file_showdate` (`file_showdate`),
  KEY `file_hidedate` (`file_hidedate`),
  KEY `file_hide` (`file_hide`),
  KEY `file_order` (`file_order`)
) ENGINE=InnoDB DEFAULT CHARSET=utf8;

--
-- Dumping data for table `ngn_postal_item_files`
--


--
-- Table structure for table `ngn_postal_item_files_language`
--

CREATE TABLE `ngn_postal_item_files_language` (
  `file_id` int(11) NOT NULL,
  `language_id` int(11) NOT NULL DEFAULT 0,
  `editdate` datetime NOT NULL,
  `enable` int(11) NOT NULL,
  `approved` int(1) NOT NULL DEFAULT 0,
  `language_name` varchar(200) DEFAULT NULL,
  `language_description` text DEFAULT NULL,
  `language_meta` text DEFAULT NULL,
  `language_keywords` varchar(100) DEFAULT NULL,
  `language_url` varchar(100) DEFAULT NULL,
  `language_photo` varchar(100) NOT NULL DEFAULT '',
  PRIMARY KEY (`file_id`,`language_id`),
  KEY `language_id` (`language_id`),
  KEY `editdate` (`editdate`)
) ENGINE=InnoDB DEFAULT CHARSET=utf8;

--
-- Dumping data for table `ngn_postal_item_files_language`
--


--
-- Table structure for table `ngn_postal_item_groups`
--

CREATE TABLE `ngn_postal_item_groups` (
  `id` int(11) NOT NULL AUTO_INCREMENT,
  `item_category_id` int(11) NOT NULL,
  `group_id` int(11) NOT NULL,
  `position` int(11) NOT NULL,
  `transfer` int(11) NOT NULL DEFAULT 1,
  `category` int(11) NOT NULL DEFAULT 0,
  PRIMARY KEY (`id`),
  KEY `group_id` (`group_id`),
  KEY `item_category_id` (`item_category_id`),
  KEY `position` (`position`)
) ENGINE=InnoDB AUTO_INCREMENT=9 DEFAULT CHARSET=utf8;

--
-- Dumping data for table `ngn_postal_item_groups`
--

INSERT INTO `ngn_postal_item_groups` VALUES (1,1,1,0,1,0),(3,3,1,0,1,0),(4,5,2,0,1,0),(5,6,2,0,1,0),(6,7,2,0,1,0),(7,4,2,0,1,0),(8,2,4,0,1,0);

--
-- Table structure for table `ngn_postal_item_groups_atribute`
--

CREATE TABLE `ngn_postal_item_groups_atribute` (
  `cgid` int(11) NOT NULL,
  `gaid` int(11) NOT NULL,
  `language_id` int(11) NOT NULL,
  `valueInt` int(11) NOT NULL DEFAULT 0,
  `valueFloat` double NOT NULL DEFAULT 0,
  `valueText` text NOT NULL,
  PRIMARY KEY (`cgid`,`gaid`,`language_id`),
  KEY `language_id` (`language_id`),
  KEY `gaid` (`gaid`),
  KEY `cgid` (`cgid`),
  KEY `valueInt` (`valueInt`)
) ENGINE=InnoDB DEFAULT CHARSET=utf8;

--
-- Dumping data for table `ngn_postal_item_groups_atribute`
--

INSERT INTO `ngn_postal_item_groups_atribute` VALUES (4,6,1,5,0,''),(5,6,1,4,0,''),(6,6,1,8,0,'');

--
-- Table structure for table `ngn_postal_item_language`
--

CREATE TABLE `ngn_postal_item_language` (
  `item_id` int(11) NOT NULL,
  `language_id` int(11) NOT NULL DEFAULT 0,
  `editdate` datetime NOT NULL,
  `enable` int(11) NOT NULL,
  `approved` int(1) NOT NULL DEFAULT 0,
  `language_name` varchar(200) DEFAULT NULL,
  `language_description` text DEFAULT NULL,
  `language_meta` text DEFAULT NULL,
  `language_keywords` varchar(100) DEFAULT NULL,
  `language_url` varchar(100) DEFAULT NULL,
  `language_photo1` varchar(100) NOT NULL,
  `language_photo2` varchar(100) NOT NULL,
  `language_html` text NOT NULL,
  PRIMARY KEY (`item_id`,`language_id`),
  KEY `language_id` (`language_id`),
  KEY `editdate` (`editdate`),
  FULLTEXT KEY `language_html` (`language_html`)
) ENGINE=InnoDB DEFAULT CHARSET=utf8;

--
-- Dumping data for table `ngn_postal_item_language`
--

INSERT INTO `ngn_postal_item_language` VALUES (3,1,'2023-04-05 15:37:59',1,0,'Po&scaron;tnina na težo (rest of the world)','','','','','','',''),(3,2,'2022-10-24 15:56:00',1,0,'Po&scaron;ta Slovenije na težo','','','','','','',''),(5,1,'2022-10-24 14:24:04',1,0,'Po&scaron;ta Slovenije na ceno - EU','','','','','','',''),(5,2,'2022-10-24 14:30:21',1,0,'Po&scaron;ta Slovenije na ceno - EU','','','','','','',''),(6,1,'2020-08-17 16:48:04',1,0,'Odkupnine - Po&scaron;ta Slovenije EU','','','','','','',''),(6,2,'2020-08-17 16:49:33',1,0,'Odkupnine - Po&scaron;ta Slovenije EU','','','','','','',''),(8,1,'2022-12-06 09:22:36',1,0,'Tipi plačila Po&scaron;ta Slovenije - EU','','','','','','',''),(8,2,'2020-08-17 16:49:33',1,0,'Tipi plačila Po&scaron;ta Slovenije - EU','','','','','','',''),(15,1,'2020-08-17 16:48:03',1,0,'Odkupnine - Po&scaron;ta Slovenije SLO','','','','','','',''),(15,2,'2020-08-17 16:49:33',1,0,'Odkupnine - Po&scaron;ta Slovenije SLO','','','','','','',''),(16,1,'2022-10-24 14:07:08',1,0,'Po&scaron;ta Slovenije na ceno - SLO','','','','','','',''),(16,2,'2020-08-17 16:49:32',1,0,'Po&scaron;ta Slovenije na ceno - SLO','','','','','','',''),(16,3,'2020-05-18 14:33:59',0,0,'Po&scaron;ta Slovenije na ceno - SLO','','','','','','',''),(17,1,'2022-10-13 09:32:06',1,0,'Po&scaron;ta Slovenije na ceno - Ostale države Evrope','','','','','','',''),(17,2,'2020-08-17 16:49:31',1,0,'Po&scaron;ta Slovenije na ceno - Ostale države Evrope','','','','','','',''),(18,1,'2022-10-13 12:14:41',1,0,'Po&scaron;ta Slovenije na ceno - svet','','','','','','',''),(18,2,'2020-08-17 16:49:30',1,0,'Po&scaron;ta Slovenije na ceno - svet','','','','','','',''),(19,1,'2022-10-24 14:06:59',1,0,'Tipi plačila - Slovenia','','','','','','',''),(19,2,'2020-08-17 16:49:32',1,0,'Tipi plačila - Slovenia','','','','','','',''),(20,1,'2022-12-06 09:23:11',1,0,'Tipi plačila - Ostale države Evrope','','','','','','',''),(20,2,'2020-08-17 16:49:31',1,0,'Tipi plačila - Ostale države Evrope','','','','','','',''),(21,1,'2022-12-06 09:22:21',1,0,'Tipi plačila - Rest of the world','','','','','','',''),(21,2,'2020-08-17 16:49:30',1,0,'Tipi plačila - Rest of the world','','','','','','','');

--
-- Table structure for table `ngn_postal_item_photo`
--

CREATE TABLE `ngn_postal_item_photo` (
  `photo_id` int(11) NOT NULL AUTO_INCREMENT,
  `item_id` int(11) DEFAULT NULL,
  `photo_order` int(11) NOT NULL,
  `photo_gallery` int(11) NOT NULL DEFAULT 1,
  `photo_photo` varchar(100) DEFAULT NULL,
  `photo_path` varchar(200) NOT NULL,
  `photo_owner` int(11) NOT NULL,
  `photo_date` datetime NOT NULL,
  `photo_source` varchar(255) NOT NULL,
  PRIMARY KEY (`photo_id`),
  KEY `item_id` (`item_id`),
  KEY `photo_date` (`photo_date`),
  KEY `photo_owner` (`photo_owner`),
  KEY `photo_source` (`photo_source`)
) ENGINE=InnoDB DEFAULT CHARSET=utf8;

--
-- Dumping data for table `ngn_postal_item_photo`
--


--
-- Table structure for table `ngn_postal_item_photo_gallery`
--

CREATE TABLE `ngn_postal_item_photo_gallery` (
  `photo_id` int(11) NOT NULL,
  `item_id` int(11) NOT NULL,
  `photo_gallery` int(11) NOT NULL,
  `photo_order` int(11) NOT NULL,
  PRIMARY KEY (`item_id`,`photo_id`)
) ENGINE=InnoDB DEFAULT CHARSET=utf8;

--
-- Dumping data for table `ngn_postal_item_photo_gallery`
--


--
-- Table structure for table `ngn_postal_item_photo_gallery_language`
--

CREATE TABLE `ngn_postal_item_photo_gallery_language` (
  `photo_id` int(11) NOT NULL,
  `item_id` int(11) NOT NULL,
  `language_id` int(11) NOT NULL,
  `editdate` datetime NOT NULL,
  `enable` int(11) NOT NULL,
  PRIMARY KEY (`photo_id`,`item_id`,`language_id`),
  KEY `editdate` (`editdate`)
) ENGINE=InnoDB DEFAULT CHARSET=utf8;

--
-- Dumping data for table `ngn_postal_item_photo_gallery_language`
--


--
-- Table structure for table `ngn_postal_item_photo_language`
--

CREATE TABLE `ngn_postal_item_photo_language` (
  `photo_id` int(11) NOT NULL,
  `language_id` int(11) NOT NULL DEFAULT 0,
  `editdate` datetime NOT NULL,
  `enable` int(11) NOT NULL,
  `approved` int(1) NOT NULL DEFAULT 0,
  `language_name` varchar(200) DEFAULT NULL,
  `language_description` text DEFAULT NULL,
  `language_meta` text DEFAULT NULL,
  `language_keywords` varchar(100) DEFAULT NULL,
  `language_url` varchar(100) DEFAULT NULL,
  `language_photo` varchar(100) NOT NULL DEFAULT '',
  PRIMARY KEY (`photo_id`,`language_id`),
  KEY `language_id` (`language_id`),
  KEY `editdate` (`editdate`)
) ENGINE=InnoDB DEFAULT CHARSET=utf8;

--
-- Dumping data for table `ngn_postal_item_photo_language`
--


--
-- Table structure for table `ngn_postal_item_variations`
--

CREATE TABLE `ngn_postal_item_variations` (
  `variations_id` int(11) NOT NULL AUTO_INCREMENT,
  `item_id` int(11) NOT NULL,
  `variation_order` int(11) NOT NULL,
  `enable` tinyint(1) NOT NULL,
  PRIMARY KEY (`variations_id`),
  KEY `item_id` (`item_id`),
  KEY `enable` (`enable`)
) ENGINE=InnoDB AUTO_INCREMENT=187 DEFAULT CHARSET=utf8;

--
-- Dumping data for table `ngn_postal_item_variations`
--

INSERT INTO `ngn_postal_item_variations` VALUES (3,1,1,1),(4,1,2,1),(5,1,3,1),(6,2,1,1),(7,2,2,1),(8,2,3,1),(11,4,1,1),(12,4,2,1),(14,5,0,1),(15,6,1,1),(18,9,1,1),(19,10,1,1),(21,7,1,1),(22,7,0,1),(23,8,2,1),(24,11,1,0),(33,10,3,0),(34,8,0,1),(35,12,1,0),(36,13,1,0),(37,13,2,0),(38,10,4,0),(39,13,3,0),(40,8,1,1),(45,14,1,0),(47,15,1,1),(48,15,2,1),(49,6,2,1),(50,5,1,1),(51,16,1,1),(52,16,2,1),(53,17,1,1),(54,17,2,1),(55,18,1,1),(57,19,2,1),(58,19,0,1),(59,19,1,1),(60,20,1,1),(61,20,2,1),(62,20,3,1),(63,21,1,1),(64,21,2,1),(65,21,3,1),(66,3,1,1),(67,3,2,1),(90,3,3,1),(91,3,4,1),(92,3,5,1),(93,3,6,1),(94,3,7,1),(95,3,8,1),(96,3,9,1),(97,3,10,1),(98,3,11,1),(99,3,12,1),(100,3,13,1),(101,3,14,1),(102,3,15,1),(103,3,16,1),(104,3,17,1),(105,3,18,1),(106,3,19,1),(107,3,20,1),(108,3,21,1),(109,3,22,1),(110,3,23,1),(111,3,24,1),(112,3,25,1),(113,3,26,1),(114,3,27,1),(115,3,28,1),(116,3,29,1),(117,3,30,1),(118,3,31,1),(119,3,32,1),(120,3,33,1),(121,3,34,1),(122,3,35,1),(123,3,36,1),(124,3,37,1),(125,3,38,1),(126,3,39,1),(127,3,40,1),(128,3,41,1),(129,3,42,1),(130,3,43,1),(131,3,44,1),(132,3,45,1),(133,3,46,1),(134,3,47,1),(135,3,48,1),(136,3,49,1),(137,3,50,1),(138,3,51,1),(139,3,52,1),(140,3,53,1),(141,3,54,1),(142,3,55,1),(143,3,56,1),(144,3,57,1),(145,3,58,1),(146,3,59,1),(147,3,60,1),(148,3,61,1),(149,3,62,1),(150,3,63,1),(151,3,64,1),(152,3,65,1),(153,3,66,1),(154,3,67,1),(155,3,68,1),(156,3,69,1),(157,3,70,1),(158,3,71,1),(159,3,72,1),(160,3,73,1),(161,3,74,1),(162,3,75,1),(163,3,76,1),(164,3,77,1),(165,3,78,1),(166,3,79,1),(167,3,80,1),(168,3,81,1),(169,3,82,1),(170,3,83,1),(171,3,84,1),(172,3,85,1),(173,3,86,1),(174,3,87,1),(175,3,88,1),(176,3,89,1),(177,3,90,1),(178,3,91,1),(179,3,92,1),(180,3,93,1),(181,3,94,1),(182,3,95,1),(183,3,96,1),(184,3,97,1),(185,3,98,1),(186,3,99,1);

--
-- Table structure for table `ngn_postal_item_variations_language`
--

CREATE TABLE `ngn_postal_item_variations_language` (
  `variation_id` int(11) NOT NULL,
  `language_id` int(11) NOT NULL DEFAULT 0,
  `editdate` datetime NOT NULL,
  `enable` int(11) NOT NULL,
  `approved` int(1) NOT NULL DEFAULT 0,
  `language_name` varchar(200) DEFAULT NULL,
  `language_description` text DEFAULT NULL,
  `language_meta` text DEFAULT NULL,
  `language_keywords` varchar(100) DEFAULT NULL,
  `language_url` varchar(100) DEFAULT NULL,
  `language_photo` varchar(100) NOT NULL DEFAULT '',
  PRIMARY KEY (`variation_id`,`language_id`),
  KEY `language_id` (`language_id`),
  KEY `editdate` (`editdate`)
) ENGINE=InnoDB DEFAULT CHARSET=utf8;

--
-- Dumping data for table `ngn_postal_item_variations_language`
--

INSERT INTO `ngn_postal_item_variations_language` VALUES (3,1,'0000-00-00 00:00:00',1,0,NULL,NULL,NULL,NULL,NULL,''),(3,2,'0000-00-00 00:00:00',1,0,NULL,NULL,NULL,NULL,NULL,''),(4,1,'0000-00-00 00:00:00',1,0,NULL,NULL,NULL,NULL,NULL,''),(4,2,'0000-00-00 00:00:00',1,0,NULL,NULL,NULL,NULL,NULL,''),(5,1,'0000-00-00 00:00:00',1,0,NULL,NULL,NULL,NULL,NULL,''),(5,2,'0000-00-00 00:00:00',1,0,NULL,NULL,NULL,NULL,NULL,''),(6,1,'0000-00-00 00:00:00',1,0,NULL,NULL,NULL,NULL,NULL,''),(6,2,'0000-00-00 00:00:00',1,0,NULL,NULL,NULL,NULL,NULL,''),(7,1,'0000-00-00 00:00:00',1,0,NULL,NULL,NULL,NULL,NULL,''),(7,2,'0000-00-00 00:00:00',1,0,NULL,NULL,NULL,NULL,NULL,''),(8,1,'0000-00-00 00:00:00',1,0,NULL,NULL,NULL,NULL,NULL,''),(8,2,'0000-00-00 00:00:00',1,0,NULL,NULL,NULL,NULL,NULL,''),(11,1,'2020-05-11 11:48:13',1,0,NULL,NULL,NULL,NULL,NULL,''),(11,2,'2020-05-11 11:48:13',1,0,NULL,NULL,NULL,NULL,NULL,''),(12,1,'2020-05-11 11:48:13',1,0,NULL,NULL,NULL,NULL,NULL,''),(12,2,'2020-05-11 11:48:13',1,0,NULL,NULL,NULL,NULL,NULL,''),(14,1,'2022-10-24 14:24:04',1,0,NULL,NULL,NULL,NULL,NULL,''),(14,2,'2022-10-24 14:24:04',1,0,NULL,NULL,NULL,NULL,NULL,''),(15,1,'2020-08-17 16:48:04',1,0,NULL,NULL,NULL,NULL,NULL,''),(15,2,'2020-08-17 16:48:04',1,0,NULL,NULL,NULL,NULL,NULL,''),(18,1,'2020-04-10 15:58:56',1,0,NULL,NULL,NULL,NULL,NULL,''),(18,2,'2020-04-10 15:58:56',1,0,NULL,NULL,NULL,NULL,NULL,''),(19,1,'2020-04-30 17:10:35',1,0,NULL,NULL,NULL,NULL,NULL,''),(19,2,'2020-04-30 17:10:35',1,0,NULL,NULL,NULL,NULL,NULL,''),(21,1,'2020-04-10 15:58:52',1,0,NULL,NULL,NULL,NULL,NULL,''),(21,2,'2020-04-10 15:58:52',1,0,NULL,NULL,NULL,NULL,NULL,''),(22,1,'2020-04-10 15:58:52',1,0,NULL,NULL,NULL,NULL,NULL,''),(22,2,'2020-04-10 15:58:52',1,0,NULL,NULL,NULL,NULL,NULL,''),(23,1,'2022-12-06 09:22:36',1,0,NULL,NULL,NULL,NULL,NULL,''),(23,2,'2020-08-17 16:48:04',1,0,NULL,NULL,NULL,NULL,NULL,''),(33,1,'2020-04-30 17:10:35',0,0,NULL,NULL,NULL,NULL,NULL,''),(33,2,'2020-04-30 17:10:35',0,0,NULL,NULL,NULL,NULL,NULL,''),(34,1,'2022-12-06 09:22:36',1,0,NULL,NULL,NULL,NULL,NULL,''),(34,2,'2020-08-17 16:48:04',1,0,NULL,NULL,NULL,NULL,NULL,''),(38,1,'2020-04-30 17:10:35',0,0,NULL,NULL,NULL,NULL,NULL,''),(38,2,'2020-04-30 17:10:35',0,0,NULL,NULL,NULL,NULL,NULL,''),(40,1,'2022-12-06 09:22:36',1,0,NULL,NULL,NULL,NULL,NULL,''),(40,2,'2020-08-17 16:48:04',1,0,NULL,NULL,NULL,NULL,NULL,''),(47,1,'2020-08-17 16:48:03',1,0,NULL,NULL,NULL,NULL,NULL,''),(47,2,'2020-08-17 16:48:03',1,0,NULL,NULL,NULL,NULL,NULL,''),(48,1,'2020-08-17 16:48:03',1,0,NULL,NULL,NULL,NULL,NULL,''),(48,2,'2020-08-17 16:48:03',1,0,NULL,NULL,NULL,NULL,NULL,''),(49,1,'2020-08-17 16:48:04',1,0,NULL,NULL,NULL,NULL,NULL,''),(49,2,'2020-08-17 16:48:04',1,0,NULL,NULL,NULL,NULL,NULL,''),(50,1,'2022-10-24 14:24:04',1,0,NULL,NULL,NULL,NULL,NULL,''),(50,2,'2022-10-24 14:24:04',1,0,NULL,NULL,NULL,NULL,NULL,''),(51,1,'2022-10-24 14:07:08',1,0,NULL,NULL,NULL,NULL,NULL,''),(51,2,'2022-10-24 14:07:08',1,0,NULL,NULL,NULL,NULL,NULL,''),(51,3,'2020-05-18 14:33:59',0,0,NULL,NULL,NULL,NULL,NULL,''),(52,1,'2022-10-24 14:07:08',1,0,NULL,NULL,NULL,NULL,NULL,''),(52,2,'2022-10-24 14:07:08',1,0,NULL,NULL,NULL,NULL,NULL,''),(52,3,'2020-05-18 14:33:59',0,0,NULL,NULL,NULL,NULL,NULL,''),(53,1,'2022-10-13 09:32:06',1,0,NULL,NULL,NULL,NULL,NULL,''),(53,2,'2022-10-13 09:32:06',1,0,NULL,NULL,NULL,NULL,NULL,''),(54,1,'2022-10-13 09:32:06',1,0,NULL,NULL,NULL,NULL,NULL,''),(54,2,'2022-10-13 09:32:06',1,0,NULL,NULL,NULL,NULL,NULL,''),(55,1,'2022-10-13 12:14:41',1,0,NULL,NULL,NULL,NULL,NULL,''),(55,2,'2022-10-13 12:14:41',1,0,NULL,NULL,NULL,NULL,NULL,''),(57,1,'2022-10-24 14:06:59',1,0,NULL,NULL,NULL,NULL,NULL,''),(57,2,'2022-10-24 14:06:59',1,0,NULL,NULL,NULL,NULL,NULL,''),(58,1,'2022-10-24 14:06:59',1,0,NULL,NULL,NULL,NULL,NULL,''),(58,2,'2022-10-24 14:06:59',1,0,NULL,NULL,NULL,NULL,NULL,''),(59,1,'2022-10-24 14:06:59',1,0,NULL,NULL,NULL,NULL,NULL,''),(59,2,'2022-10-24 14:06:59',1,0,NULL,NULL,NULL,NULL,NULL,''),(60,1,'2022-12-06 09:23:11',1,0,NULL,NULL,NULL,NULL,NULL,''),(60,2,'2020-08-17 16:48:00',1,0,NULL,NULL,NULL,NULL,NULL,''),(61,1,'2022-12-06 09:23:11',1,0,NULL,NULL,NULL,NULL,NULL,''),(61,2,'2020-08-17 16:48:00',1,0,NULL,NULL,NULL,NULL,NULL,''),(62,1,'2022-12-06 09:23:11',1,0,NULL,NULL,NULL,NULL,NULL,''),(62,2,'2020-08-17 16:48:00',1,0,NULL,NULL,NULL,NULL,NULL,''),(63,1,'2022-12-06 09:22:21',1,0,NULL,NULL,NULL,NULL,NULL,''),(63,2,'2020-08-17 16:47:59',1,0,NULL,NULL,NULL,NULL,NULL,''),(64,1,'2022-12-06 09:22:21',1,0,NULL,NULL,NULL,NULL,NULL,''),(64,2,'2020-08-17 16:47:59',1,0,NULL,NULL,NULL,NULL,NULL,''),(65,1,'2022-12-06 09:22:21',1,0,NULL,NULL,NULL,NULL,NULL,''),(65,2,'2020-08-17 16:47:59',1,0,NULL,NULL,NULL,NULL,NULL,''),(66,1,'2023-04-05 15:37:59',1,0,NULL,NULL,NULL,NULL,NULL,''),(66,2,'2022-10-24 15:56:04',1,0,NULL,NULL,NULL,NULL,NULL,''),(67,1,'2023-04-05 15:37:59',1,0,NULL,NULL,NULL,NULL,NULL,''),(67,2,'2022-10-24 15:56:04',1,0,NULL,NULL,NULL,NULL,NULL,''),(90,1,'2023-04-05 15:37:59',1,0,NULL,NULL,NULL,NULL,NULL,''),(90,2,'2022-10-24 15:56:04',1,0,NULL,NULL,NULL,NULL,NULL,''),(91,1,'2023-04-05 15:37:59',1,0,NULL,NULL,NULL,NULL,NULL,''),(91,2,'2022-10-24 15:56:04',1,0,NULL,NULL,NULL,NULL,NULL,''),(92,1,'2023-04-05 15:37:59',1,0,NULL,NULL,NULL,NULL,NULL,''),(92,2,'2022-10-24 15:56:04',1,0,NULL,NULL,NULL,NULL,NULL,''),(93,1,'2023-04-05 15:37:59',1,0,NULL,NULL,NULL,NULL,NULL,''),(93,2,'2022-10-24 15:56:04',1,0,NULL,NULL,NULL,NULL,NULL,''),(94,1,'2023-04-05 15:37:59',1,0,NULL,NULL,NULL,NULL,NULL,''),(94,2,'2022-10-24 15:56:04',1,0,NULL,NULL,NULL,NULL,NULL,''),(95,1,'2023-04-05 15:37:59',1,0,NULL,NULL,NULL,NULL,NULL,''),(95,2,'2022-10-24 15:56:04',1,0,NULL,NULL,NULL,NULL,NULL,''),(96,1,'2023-04-05 15:37:59',1,0,NULL,NULL,NULL,NULL,NULL,''),(96,2,'2022-10-24 15:56:04',1,0,NULL,NULL,NULL,NULL,NULL,''),(97,1,'2023-04-05 15:37:59',1,0,NULL,NULL,NULL,NULL,NULL,''),(97,2,'2022-10-24 15:56:04',1,0,NULL,NULL,NULL,NULL,NULL,''),(98,1,'2023-04-05 15:37:59',1,0,NULL,NULL,NULL,NULL,NULL,''),(98,2,'2022-10-24 15:56:04',1,0,NULL,NULL,NULL,NULL,NULL,''),(99,1,'2023-04-05 15:37:59',1,0,NULL,NULL,NULL,NULL,NULL,''),(99,2,'2022-10-24 15:56:04',1,0,NULL,NULL,NULL,NULL,NULL,''),(100,1,'2023-04-05 15:37:59',1,0,NULL,NULL,NULL,NULL,NULL,''),(100,2,'2022-10-24 15:56:04',1,0,NULL,NULL,NULL,NULL,NULL,''),(101,1,'2023-04-05 15:37:59',1,0,NULL,NULL,NULL,NULL,NULL,''),(101,2,'2022-10-24 15:56:04',1,0,NULL,NULL,NULL,NULL,NULL,''),(102,1,'2023-04-05 15:37:59',1,0,NULL,NULL,NULL,NULL,NULL,''),(102,2,'2022-10-24 15:56:04',1,0,NULL,NULL,NULL,NULL,NULL,''),(103,1,'2023-04-05 15:37:59',1,0,NULL,NULL,NULL,NULL,NULL,''),(103,2,'2022-10-24 15:56:04',1,0,NULL,NULL,NULL,NULL,NULL,''),(104,1,'2023-04-05 15:37:59',1,0,NULL,NULL,NULL,NULL,NULL,''),(104,2,'2022-10-24 15:56:04',1,0,NULL,NULL,NULL,NULL,NULL,''),(105,1,'2023-04-05 15:37:59',1,0,NULL,NULL,NULL,NULL,NULL,''),(105,2,'2022-10-24 15:56:04',1,0,NULL,NULL,NULL,NULL,NULL,''),(106,1,'2023-04-05 15:37:59',1,0,NULL,NULL,NULL,NULL,NULL,''),(106,2,'2022-10-24 15:56:04',1,0,NULL,NULL,NULL,NULL,NULL,''),(107,1,'2023-04-05 15:37:59',1,0,NULL,NULL,NULL,NULL,NULL,''),(107,2,'2022-10-24 15:56:04',1,0,NULL,NULL,NULL,NULL,NULL,''),(108,1,'2023-04-05 15:37:59',1,0,NULL,NULL,NULL,NULL,NULL,''),(108,2,'2022-10-24 15:56:04',1,0,NULL,NULL,NULL,NULL,NULL,''),(109,1,'2023-04-05 15:37:59',1,0,NULL,NULL,NULL,NULL,NULL,''),(109,2,'2022-10-24 15:56:04',1,0,NULL,NULL,NULL,NULL,NULL,''),(110,1,'2023-04-05 15:37:59',1,0,NULL,NULL,NULL,NULL,NULL,''),(110,2,'2022-10-24 15:56:04',1,0,NULL,NULL,NULL,NULL,NULL,''),(111,1,'2023-04-05 15:37:59',1,0,NULL,NULL,NULL,NULL,NULL,''),(111,2,'2022-10-24 15:56:04',1,0,NULL,NULL,NULL,NULL,NULL,''),(112,1,'2023-04-05 15:37:59',1,0,NULL,NULL,NULL,NULL,NULL,''),(112,2,'2022-10-24 15:56:04',1,0,NULL,NULL,NULL,NULL,NULL,''),(113,1,'2023-04-05 15:37:59',1,0,NULL,NULL,NULL,NULL,NULL,''),(113,2,'2022-10-24 15:56:04',1,0,NULL,NULL,NULL,NULL,NULL,''),(114,1,'2023-04-05 15:37:59',1,0,NULL,NULL,NULL,NULL,NULL,''),(114,2,'2022-10-24 15:56:04',1,0,NULL,NULL,NULL,NULL,NULL,''),(115,1,'2023-04-05 15:37:59',1,0,NULL,NULL,NULL,NULL,NULL,''),(115,2,'2022-10-24 15:56:04',1,0,NULL,NULL,NULL,NULL,NULL,''),(116,1,'2023-04-05 15:37:59',1,0,NULL,NULL,NULL,NULL,NULL,''),(116,2,'2022-10-24 15:56:04',1,0,NULL,NULL,NULL,NULL,NULL,''),(117,1,'2023-04-05 15:37:59',1,0,NULL,NULL,NULL,NULL,NULL,''),(117,2,'2022-10-24 15:56:04',1,0,NULL,NULL,NULL,NULL,NULL,''),(118,1,'2023-04-05 15:37:59',1,0,NULL,NULL,NULL,NULL,NULL,''),(118,2,'2022-10-24 15:56:04',1,0,NULL,NULL,NULL,NULL,NULL,''),(119,1,'2023-04-05 15:37:59',1,0,NULL,NULL,NULL,NULL,NULL,''),(119,2,'2022-10-24 15:56:04',1,0,NULL,NULL,NULL,NULL,NULL,''),(120,1,'2023-04-05 15:37:59',1,0,NULL,NULL,NULL,NULL,NULL,''),(120,2,'2022-10-24 15:56:04',1,0,NULL,NULL,NULL,NULL,NULL,''),(121,1,'2023-04-05 15:37:59',1,0,NULL,NULL,NULL,NULL,NULL,''),(121,2,'2022-10-24 15:56:04',1,0,NULL,NULL,NULL,NULL,NULL,''),(122,1,'2023-04-05 15:37:59',1,0,NULL,NULL,NULL,NULL,NULL,''),(122,2,'2022-10-24 15:56:04',1,0,NULL,NULL,NULL,NULL,NULL,''),(123,1,'2023-04-05 15:37:59',1,0,NULL,NULL,NULL,NULL,NULL,''),(123,2,'2022-10-24 15:56:04',1,0,NULL,NULL,NULL,NULL,NULL,''),(124,1,'2023-04-05 15:37:59',1,0,NULL,NULL,NULL,NULL,NULL,''),(124,2,'2022-10-24 15:56:04',1,0,NULL,NULL,NULL,NULL,NULL,''),(125,1,'2023-04-05 15:37:59',1,0,NULL,NULL,NULL,NULL,NULL,''),(125,2,'2022-10-24 15:56:04',1,0,NULL,NULL,NULL,NULL,NULL,''),(126,1,'2023-04-05 15:37:59',1,0,NULL,NULL,NULL,NULL,NULL,''),(126,2,'2022-10-24 15:56:04',1,0,NULL,NULL,NULL,NULL,NULL,''),(127,1,'2023-04-05 15:37:59',1,0,NULL,NULL,NULL,NULL,NULL,''),(127,2,'2022-10-24 15:56:04',1,0,NULL,NULL,NULL,NULL,NULL,''),(128,1,'2023-04-05 15:37:59',1,0,NULL,NULL,NULL,NULL,NULL,''),(128,2,'2022-10-24 15:56:04',1,0,NULL,NULL,NULL,NULL,NULL,''),(129,1,'2023-04-05 15:37:59',1,0,NULL,NULL,NULL,NULL,NULL,''),(129,2,'2022-10-24 15:56:04',1,0,NULL,NULL,NULL,NULL,NULL,''),(130,1,'2023-04-05 15:37:59',1,0,NULL,NULL,NULL,NULL,NULL,''),(130,2,'2022-10-24 15:56:04',1,0,NULL,NULL,NULL,NULL,NULL,''),(131,1,'2023-04-05 15:37:59',1,0,NULL,NULL,NULL,NULL,NULL,''),(131,2,'2022-10-24 15:56:04',1,0,NULL,NULL,NULL,NULL,NULL,''),(132,1,'2023-04-05 15:37:59',1,0,NULL,NULL,NULL,NULL,NULL,''),(132,2,'2022-10-24 15:56:04',1,0,NULL,NULL,NULL,NULL,NULL,''),(133,1,'2023-04-05 15:37:59',1,0,NULL,NULL,NULL,NULL,NULL,''),(133,2,'2022-10-24 15:56:04',1,0,NULL,NULL,NULL,NULL,NULL,''),(134,1,'2023-04-05 15:37:59',1,0,NULL,NULL,NULL,NULL,NULL,''),(134,2,'2022-10-24 15:56:04',1,0,NULL,NULL,NULL,NULL,NULL,''),(135,1,'2023-04-05 15:37:59',1,0,NULL,NULL,NULL,NULL,NULL,''),(135,2,'2022-10-24 15:56:04',1,0,NULL,NULL,NULL,NULL,NULL,''),(136,1,'2023-04-05 15:37:59',1,0,NULL,NULL,NULL,NULL,NULL,''),(136,2,'2022-10-24 15:56:04',1,0,NULL,NULL,NULL,NULL,NULL,''),(137,1,'2023-04-05 15:37:59',1,0,NULL,NULL,NULL,NULL,NULL,''),(137,2,'2022-10-24 15:56:04',1,0,NULL,NULL,NULL,NULL,NULL,''),(138,1,'2023-04-05 15:37:59',1,0,NULL,NULL,NULL,NULL,NULL,''),(138,2,'2022-10-24 15:56:04',1,0,NULL,NULL,NULL,NULL,NULL,''),(139,1,'2023-04-05 15:37:59',1,0,NULL,NULL,NULL,NULL,NULL,''),(139,2,'2022-10-24 15:56:04',1,0,NULL,NULL,NULL,NULL,NULL,''),(140,1,'2023-04-05 15:37:59',1,0,NULL,NULL,NULL,NULL,NULL,''),(140,2,'2022-10-24 15:56:04',1,0,NULL,NULL,NULL,NULL,NULL,''),(141,1,'2023-04-05 15:37:59',1,0,NULL,NULL,NULL,NULL,NULL,''),(141,2,'2022-10-24 15:56:04',1,0,NULL,NULL,NULL,NULL,NULL,''),(142,1,'2023-04-05 15:37:59',1,0,NULL,NULL,NULL,NULL,NULL,''),(142,2,'2022-10-24 15:56:04',1,0,NULL,NULL,NULL,NULL,NULL,''),(143,1,'2023-04-05 15:37:59',1,0,NULL,NULL,NULL,NULL,NULL,''),(143,2,'2022-10-24 15:56:04',1,0,NULL,NULL,NULL,NULL,NULL,''),(144,1,'2023-04-05 15:37:59',1,0,NULL,NULL,NULL,NULL,NULL,''),(144,2,'2022-10-24 15:56:04',1,0,NULL,NULL,NULL,NULL,NULL,''),(145,1,'2023-04-05 15:37:59',1,0,NULL,NULL,NULL,NULL,NULL,''),(145,2,'2022-10-24 15:56:04',1,0,NULL,NULL,NULL,NULL,NULL,''),(146,1,'2023-04-05 15:37:59',1,0,NULL,NULL,NULL,NULL,NULL,''),(146,2,'2022-10-24 15:56:04',1,0,NULL,NULL,NULL,NULL,NULL,''),(147,1,'2023-04-05 15:37:59',1,0,NULL,NULL,NULL,NULL,NULL,''),(147,2,'2022-10-24 15:56:04',1,0,NULL,NULL,NULL,NULL,NULL,''),(148,1,'2023-04-05 15:37:59',1,0,NULL,NULL,NULL,NULL,NULL,''),(148,2,'2022-10-24 15:56:04',1,0,NULL,NULL,NULL,NULL,NULL,''),(149,1,'2023-04-05 15:37:59',1,0,NULL,NULL,NULL,NULL,NULL,''),(149,2,'2022-10-24 15:56:04',1,0,NULL,NULL,NULL,NULL,NULL,''),(150,1,'2023-04-05 15:37:59',1,0,NULL,NULL,NULL,NULL,NULL,''),(150,2,'2022-10-24 15:56:04',1,0,NULL,NULL,NULL,NULL,NULL,''),(151,1,'2023-04-05 15:37:59',1,0,NULL,NULL,NULL,NULL,NULL,''),(151,2,'2022-10-24 15:56:04',1,0,NULL,NULL,NULL,NULL,NULL,''),(152,1,'2023-04-05 15:37:59',1,0,NULL,NULL,NULL,NULL,NULL,''),(152,2,'2022-10-24 15:56:04',1,0,NULL,NULL,NULL,NULL,NULL,''),(153,1,'2023-04-05 15:37:59',1,0,NULL,NULL,NULL,NULL,NULL,''),(153,2,'2022-10-24 15:56:04',1,0,NULL,NULL,NULL,NULL,NULL,''),(154,1,'2023-04-05 15:37:59',1,0,NULL,NULL,NULL,NULL,NULL,''),(154,2,'2022-10-24 15:56:04',1,0,NULL,NULL,NULL,NULL,NULL,''),(155,1,'2023-04-05 15:37:59',1,0,NULL,NULL,NULL,NULL,NULL,''),(155,2,'2022-10-24 15:56:04',1,0,NULL,NULL,NULL,NULL,NULL,''),(156,1,'2023-04-05 15:37:59',1,0,NULL,NULL,NULL,NULL,NULL,''),(156,2,'2022-10-24 15:56:04',1,0,NULL,NULL,NULL,NULL,NULL,''),(157,1,'2023-04-05 15:37:59',1,0,NULL,NULL,NULL,NULL,NULL,''),(157,2,'2022-10-24 15:56:04',1,0,NULL,NULL,NULL,NULL,NULL,''),(158,1,'2023-04-05 15:37:59',1,0,NULL,NULL,NULL,NULL,NULL,''),(158,2,'2022-10-24 15:56:04',1,0,NULL,NULL,NULL,NULL,NULL,''),(159,1,'2023-04-05 15:37:59',1,0,NULL,NULL,NULL,NULL,NULL,''),(159,2,'2022-10-24 15:56:04',1,0,NULL,NULL,NULL,NULL,NULL,''),(160,1,'2023-04-05 15:37:59',1,0,NULL,NULL,NULL,NULL,NULL,''),(160,2,'2022-10-24 15:56:04',1,0,NULL,NULL,NULL,NULL,NULL,''),(161,1,'2023-04-05 15:37:59',1,0,NULL,NULL,NULL,NULL,NULL,''),(161,2,'2022-10-24 15:56:04',1,0,NULL,NULL,NULL,NULL,NULL,''),(162,1,'2023-04-05 15:37:59',1,0,NULL,NULL,NULL,NULL,NULL,''),(162,2,'2022-10-24 15:56:04',1,0,NULL,NULL,NULL,NULL,NULL,''),(163,1,'2023-04-05 15:37:59',1,0,NULL,NULL,NULL,NULL,NULL,''),(163,2,'2022-10-24 15:56:04',1,0,NULL,NULL,NULL,NULL,NULL,''),(164,1,'2023-04-05 15:37:59',1,0,NULL,NULL,NULL,NULL,NULL,''),(164,2,'2022-10-24 15:56:04',1,0,NULL,NULL,NULL,NULL,NULL,''),(165,1,'2023-04-05 15:37:59',1,0,NULL,NULL,NULL,NULL,NULL,''),(165,2,'2022-10-24 15:56:04',1,0,NULL,NULL,NULL,NULL,NULL,''),(166,1,'2023-04-05 15:37:59',1,0,NULL,NULL,NULL,NULL,NULL,''),(166,2,'2022-10-24 15:56:04',1,0,NULL,NULL,NULL,NULL,NULL,''),(167,1,'2023-04-05 15:37:59',1,0,NULL,NULL,NULL,NULL,NULL,''),(167,2,'2022-10-24 15:56:04',1,0,NULL,NULL,NULL,NULL,NULL,''),(168,1,'2023-04-05 15:37:59',1,0,NULL,NULL,NULL,NULL,NULL,''),(168,2,'2022-10-24 15:56:04',1,0,NULL,NULL,NULL,NULL,NULL,''),(169,1,'2023-04-05 15:37:59',1,0,NULL,NULL,NULL,NULL,NULL,''),(169,2,'2022-10-24 15:56:04',1,0,NULL,NULL,NULL,NULL,NULL,''),(170,1,'2023-04-05 15:37:59',1,0,NULL,NULL,NULL,NULL,NULL,''),(170,2,'2022-10-24 15:56:04',1,0,NULL,NULL,NULL,NULL,NULL,''),(171,1,'2023-04-05 15:37:59',1,0,NULL,NULL,NULL,NULL,NULL,''),(171,2,'2022-10-24 15:56:04',1,0,NULL,NULL,NULL,NULL,NULL,''),(172,1,'2023-04-05 15:37:59',1,0,NULL,NULL,NULL,NULL,NULL,''),(172,2,'2022-10-24 15:56:04',1,0,NULL,NULL,NULL,NULL,NULL,''),(173,1,'2023-04-05 15:37:59',1,0,NULL,NULL,NULL,NULL,NULL,''),(173,2,'2022-10-24 15:56:04',1,0,NULL,NULL,NULL,NULL,NULL,''),(174,1,'2023-04-05 15:37:59',1,0,NULL,NULL,NULL,NULL,NULL,''),(174,2,'2022-10-24 15:56:04',1,0,NULL,NULL,NULL,NULL,NULL,''),(175,1,'2023-04-05 15:37:59',1,0,NULL,NULL,NULL,NULL,NULL,''),(175,2,'2022-10-24 15:56:04',1,0,NULL,NULL,NULL,NULL,NULL,''),(176,1,'2023-04-05 15:37:59',1,0,NULL,NULL,NULL,NULL,NULL,''),(176,2,'2022-10-24 15:56:04',1,0,NULL,NULL,NULL,NULL,NULL,''),(177,1,'2023-04-05 15:37:59',1,0,NULL,NULL,NULL,NULL,NULL,''),(177,2,'2022-10-24 15:56:04',1,0,NULL,NULL,NULL,NULL,NULL,''),(178,1,'2023-04-05 15:37:59',1,0,NULL,NULL,NULL,NULL,NULL,''),(178,2,'2022-10-24 15:56:04',1,0,NULL,NULL,NULL,NULL,NULL,''),(179,1,'2023-04-05 15:37:59',1,0,NULL,NULL,NULL,NULL,NULL,''),(179,2,'2022-10-24 15:56:04',1,0,NULL,NULL,NULL,NULL,NULL,''),(180,1,'2023-04-05 15:37:59',1,0,NULL,NULL,NULL,NULL,NULL,''),(180,2,'2022-10-24 15:56:04',1,0,NULL,NULL,NULL,NULL,NULL,''),(181,1,'2023-04-05 15:37:59',1,0,NULL,NULL,NULL,NULL,NULL,''),(181,2,'2022-10-24 15:56:04',1,0,NULL,NULL,NULL,NULL,NULL,''),(182,1,'2023-04-05 15:37:59',1,0,NULL,NULL,NULL,NULL,NULL,''),(182,2,'2022-10-24 15:56:04',1,0,NULL,NULL,NULL,NULL,NULL,''),(183,1,'2023-04-05 15:37:59',1,0,NULL,NULL,NULL,NULL,NULL,''),(183,2,'2022-10-24 15:56:04',1,0,NULL,NULL,NULL,NULL,NULL,''),(184,1,'2023-04-05 15:37:59',1,0,NULL,NULL,NULL,NULL,NULL,''),(184,2,'2022-10-24 15:56:04',1,0,NULL,NULL,NULL,NULL,NULL,''),(185,1,'2023-04-05 15:37:59',1,0,NULL,NULL,NULL,NULL,NULL,''),(185,2,'2022-10-24 15:56:04',1,0,NULL,NULL,NULL,NULL,NULL,''),(186,1,'2023-04-05 15:37:59',1,0,NULL,NULL,NULL,NULL,NULL,''),(186,2,'2022-10-24 15:56:04',1,0,NULL,NULL,NULL,NULL,NULL,'');

--
-- Table structure for table `ngn_postal_language`
--

CREATE TABLE `ngn_postal_language` (
  `news_id` int(11) NOT NULL,
  `language_id` int(11) NOT NULL DEFAULT 0,
  `editdate` datetime NOT NULL,
  `enable` int(11) NOT NULL,
  `approved` int(1) NOT NULL DEFAULT 0,
  `language_name` varchar(200) DEFAULT NULL,
  `language_description` text DEFAULT NULL,
  `language_meta` text DEFAULT NULL,
  `language_keywords` varchar(100) DEFAULT NULL,
  `language_url` varchar(100) DEFAULT NULL,
  `photo1` int(11) NOT NULL,
  `photo2` int(11) NOT NULL,
  `language_photo1` varchar(200) NOT NULL,
  `language_photo2` varchar(200) NOT NULL,
  `language_html` text NOT NULL,
  PRIMARY KEY (`news_id`,`language_id`),
  KEY `language_id` (`language_id`),
  KEY `editdate` (`editdate`),
  KEY `photo1` (`photo1`),
  KEY `photo2` (`photo2`),
  FULLTEXT KEY `language_html` (`language_html`)
) ENGINE=InnoDB DEFAULT CHARSET=utf8;

--
-- Dumping data for table `ngn_postal_language`
--

INSERT INTO `ngn_postal_language` VALUES (3,1,'2022-10-25 10:28:57',1,1,'Dostava na dom','&lt;p&gt;&lt;span&gt;Po&scaron;tar iz Po&scaron;te Slovenije&nbsp;dostavi va&scaron;e naročilo na izbrani naslov.&lt;/span&gt;&lt;/p&gt;','','','dostava-na-dom',0,0,'','',''),(3,2,'2022-10-25 10:28:58',1,1,'Shipping fee','&lt;p&gt;&lt;span&gt;Po&scaron;tar iz Po&scaron;te Slovenije&nbsp;dostavi va&scaron;e naročilo na izbrani naslov.&lt;/span&gt;&lt;/p&gt;','','','3-home-delivery',0,0,'','',''),(3,3,'2020-05-20 15:27:31',1,1,'Shipping fee (EU)','&lt;p&gt;&lt;span&gt;Po&amp;scaron;tar iz Po&amp;scaron;te Slovenije&amp;nbsp;dostavi va&amp;scaron;e naročilo na izbrani naslov.&lt;/span&gt;&lt;/p&gt;','','','',0,0,'','',''),(7,1,'2022-10-25 10:28:49',1,1,'Dostava na dom','&lt;p&gt;&lt;span&gt;Po&scaron;tar iz Po&scaron;te Slovenije&nbsp;dostavi va&scaron;e naročilo na izbrani naslov.&lt;/span&gt;&lt;/p&gt;','','','posta-slovenije',0,0,'','',''),(7,2,'2022-10-25 10:28:53',1,1,'Shipping fee','&lt;p&gt;&lt;span&gt;Po&scaron;tar iz Po&scaron;te Slovenije&nbsp;dostavi va&scaron;e naročilo na izbrani naslov.&lt;/span&gt;&lt;/p&gt;','','','7-home-delivery',0,0,'','',''),(7,3,'2020-05-20 15:27:32',1,1,'Shipping fee (SLO)','&lt;p&gt;&lt;span&gt;Po&amp;scaron;tar iz Po&amp;scaron;te Slovenije&amp;nbsp;dostavi va&amp;scaron;e naročilo na izbrani naslov.&lt;/span&gt;&lt;/p&gt;','','','',0,0,'','',''),(8,1,'2022-10-25 10:28:40',1,1,'Dostava na dom','','','','shipping-fee',0,0,'','',''),(8,2,'2022-10-25 10:28:04',1,1,'Shipping fee','&lt;p&gt;&lt;span&gt;Po&scaron;tar iz Po&scaron;te Slovenije&nbsp;dostavi va&scaron;e naročilo na izbrani naslov.&lt;/span&gt;&lt;/p&gt;','','','shipping-fee',0,0,'','',''),(8,3,'2020-05-20 15:27:33',1,1,'Shipping fee (Rest of EU)','&lt;p&gt;&lt;span&gt;Po&amp;scaron;tar iz Po&amp;scaron;te Slovenije&amp;nbsp;dostavi va&amp;scaron;e naročilo na izbrani naslov.&lt;/span&gt;&lt;/p&gt;','','','',0,0,'','',''),(9,1,'2022-10-25 10:28:28',1,1,'Dostava na dom','&lt;p&gt;&lt;span&gt;Po&scaron;tar iz Po&scaron;te Slovenije&nbsp;dostavi va&scaron;e naročilo na izbrani naslov.&lt;/span&gt;&lt;/p&gt;','','','shipping-fee-rest-of-the-world',0,0,'','',''),(9,2,'2022-10-25 10:28:18',1,1,'Shipping fee','&lt;p&gt;&lt;span&gt;Po&scaron;tar iz Po&scaron;te Slovenije&nbsp;dostavi va&scaron;e naročilo na izbrani naslov.&lt;/span&gt;&lt;/p&gt;','','','shipping-fee-rest-of-the-world',0,0,'','',''),(9,3,'2020-05-20 15:27:36',1,1,'Shipping fee (Rest of the world)','&lt;p&gt;&lt;span&gt;Po&amp;scaron;tar iz Po&amp;scaron;te Slovenije&amp;nbsp;dostavi va&amp;scaron;e naročilo na izbrani naslov.&lt;/span&gt;&lt;/p&gt;','','','',0,0,'','',''),(10,1,'2022-10-20 16:13:30',1,1,'Osebni prevzem','','','','osebni-prevzem',0,0,'','',''),(10,2,'2022-10-20 16:13:34',1,1,'Personal pickup','','','','home-delivery',0,0,'','','');

--
-- Table structure for table `ngn_postal_links`
--

CREATE TABLE `ngn_postal_links` (
  `news_id` int(11) NOT NULL,
  `link_id` int(11) NOT NULL,
  `news_position` int(11) NOT NULL DEFAULT 0,
  `link_position` int(11) NOT NULL,
  `link_date` int(11) NOT NULL,
  PRIMARY KEY (`news_id`,`link_id`),
  KEY `link_position` (`link_position`),
  KEY `link_id` (`link_id`),
  KEY `news_position` (`news_position`)
) ENGINE=InnoDB DEFAULT CHARSET=utf8;

--
-- Dumping data for table `ngn_postal_links`
--


--
-- Table structure for table `ngn_postal_media`
--

CREATE TABLE `ngn_postal_media` (
  `gallery_id` int(11) NOT NULL AUTO_INCREMENT,
  `module` varchar(50) NOT NULL,
  `id` int(11) NOT NULL,
  `template` int(11) NOT NULL,
  PRIMARY KEY (`gallery_id`)
) ENGINE=InnoDB DEFAULT CHARSET=utf8;

--
-- Dumping data for table `ngn_postal_media`
--


--
-- Table structure for table `ngn_postal_media_gallery`
--

CREATE TABLE `ngn_postal_media_gallery` (
  `gallery_id` int(11) NOT NULL,
  `photo_id` int(11) NOT NULL,
  `position` int(11) NOT NULL,
  PRIMARY KEY (`gallery_id`,`photo_id`),
  KEY `position` (`position`)
) ENGINE=InnoDB DEFAULT CHARSET=utf8;

--
-- Dumping data for table `ngn_postal_media_gallery`
--


--
-- Table structure for table `ngn_postal_pages`
--

CREATE TABLE `ngn_postal_pages` (
  `news_id` int(11) NOT NULL,
  `link_id` int(11) NOT NULL,
  `language_id` int(11) NOT NULL,
  `news_position` int(11) NOT NULL DEFAULT 0,
  `link_position` int(11) NOT NULL,
  `link_date` int(11) NOT NULL,
  PRIMARY KEY (`news_id`,`link_id`,`language_id`),
  KEY `link_position` (`link_position`),
  KEY `link_id` (`link_id`),
  KEY `news_position` (`news_position`)
) ENGINE=InnoDB DEFAULT CHARSET=utf8;

--
-- Dumping data for table `ngn_postal_pages`
--


--
-- Table structure for table `ngn_postal_photo`
--

CREATE TABLE `ngn_postal_photo` (
  `photo_id` int(11) NOT NULL AUTO_INCREMENT,
  `news_id` int(11) DEFAULT NULL,
  `photo_order` int(11) NOT NULL,
  `photo_gallery` int(11) NOT NULL DEFAULT 1,
  `photo_photo` varchar(100) DEFAULT NULL,
  `photo_path` varchar(200) NOT NULL,
  `photo_owner` int(11) NOT NULL,
  `photo_date` datetime NOT NULL,
  `photo_source` varchar(255) NOT NULL,
  PRIMARY KEY (`photo_id`),
  KEY `news_id` (`news_id`),
  KEY `photo_date` (`photo_date`),
  KEY `photo_owner` (`photo_owner`),
  KEY `photo_source` (`photo_source`)
) ENGINE=InnoDB DEFAULT CHARSET=utf8;

--
-- Dumping data for table `ngn_postal_photo`
--


--
-- Table structure for table `ngn_postal_photo_gallery`
--

CREATE TABLE `ngn_postal_photo_gallery` (
  `photo_id` int(11) NOT NULL,
  `news_id` int(11) NOT NULL,
  `photo_gallery` int(11) NOT NULL,
  `photo_order` int(11) NOT NULL,
  PRIMARY KEY (`news_id`,`photo_id`)
) ENGINE=InnoDB DEFAULT CHARSET=utf8;

--
-- Dumping data for table `ngn_postal_photo_gallery`
--


--
-- Table structure for table `ngn_postal_photo_gallery_language`
--

CREATE TABLE `ngn_postal_photo_gallery_language` (
  `photo_id` int(11) NOT NULL,
  `news_id` int(11) NOT NULL,
  `language_id` int(11) NOT NULL,
  `editdate` datetime NOT NULL,
  `enable` int(11) NOT NULL,
  PRIMARY KEY (`photo_id`,`news_id`,`language_id`),
  KEY `editdate` (`editdate`)
) ENGINE=InnoDB DEFAULT CHARSET=utf8;

--
-- Dumping data for table `ngn_postal_photo_gallery_language`
--


--
-- Table structure for table `ngn_postal_photo_language`
--

CREATE TABLE `ngn_postal_photo_language` (
  `photo_id` int(11) NOT NULL,
  `language_id` int(11) NOT NULL DEFAULT 0,
  `editdate` datetime NOT NULL,
  `enable` int(11) NOT NULL,
  `approved` int(1) NOT NULL DEFAULT 0,
  `language_name` varchar(200) DEFAULT NULL,
  `language_description` text DEFAULT NULL,
  `language_meta` text DEFAULT NULL,
  `language_keywords` varchar(100) DEFAULT NULL,
  `language_url` varchar(100) DEFAULT NULL,
  `language_photo` varchar(100) NOT NULL DEFAULT '',
  PRIMARY KEY (`photo_id`,`language_id`),
  KEY `language_id` (`language_id`),
  KEY `editdate` (`editdate`),
  CONSTRAINT `ngn_postal_photo_language_id1` FOREIGN KEY (`photo_id`) REFERENCES `ngn_postal_photo` (`photo_id`) ON DELETE NO ACTION ON UPDATE NO ACTION
) ENGINE=InnoDB DEFAULT CHARSET=utf8;

--
-- Dumping data for table `ngn_postal_photo_language`
--


--
-- Table structure for table `ngn_postal_photo_sizes`
--

CREATE TABLE `ngn_postal_photo_sizes` (
  `photo_id` int(11) NOT NULL,
  `size_id` int(11) NOT NULL,
  `photo_width` int(11) NOT NULL,
  `photo_height` int(11) NOT NULL,
  `photo_photo` varchar(100) NOT NULL,
  `photo_path` varchar(200) NOT NULL,
  PRIMARY KEY (`photo_id`,`size_id`)
) ENGINE=InnoDB DEFAULT CHARSET=utf8;

--
-- Dumping data for table `ngn_postal_photo_sizes`
--


--
-- Table structure for table `ngn_postal_photo_usage`
--

CREATE TABLE `ngn_postal_photo_usage` (
  `photo_id` int(11) NOT NULL,
  `module_name` varchar(50) NOT NULL,
  `usage_type` varchar(50) NOT NULL,
  `link_id` int(11) NOT NULL,
  PRIMARY KEY (`photo_id`,`module_name`,`usage_type`,`link_id`)
) ENGINE=InnoDB DEFAULT CHARSET=utf8;

--
-- Dumping data for table `ngn_postal_photo_usage`
--


--
-- Table structure for table `ngn_postal_restrictions`
--

CREATE TABLE `ngn_postal_restrictions` (
  `restrictions_id` int(11) NOT NULL AUTO_INCREMENT,
  `restrictions_name` varchar(100) NOT NULL,
  `restrictions_default` int(11) NOT NULL,
  PRIMARY KEY (`restrictions_id`),
  FULLTEXT KEY `restrictions_name` (`restrictions_name`),
  FULLTEXT KEY `restrictions_name_2` (`restrictions_name`)
) ENGINE=InnoDB AUTO_INCREMENT=2 DEFAULT CHARSET=utf8;

--
-- Dumping data for table `ngn_postal_restrictions`
--

INSERT INTO `ngn_postal_restrictions` VALUES (1,'Default',1);

--
-- Table structure for table `ngn_postal_restrictions_groups`
--

CREATE TABLE `ngn_postal_restrictions_groups` (
  `id` int(11) NOT NULL AUTO_INCREMENT,
  `restriction_id` int(11) NOT NULL,
  `group_id` int(11) NOT NULL,
  `position` int(11) NOT NULL,
  `transfer` int(11) NOT NULL DEFAULT 1,
  `category` int(11) NOT NULL DEFAULT 0,
  PRIMARY KEY (`id`),
  UNIQUE KEY `restriction_id_2` (`restriction_id`,`group_id`),
  KEY `group_id` (`group_id`),
  KEY `restriction_id` (`restriction_id`),
  KEY `position` (`position`)
) ENGINE=InnoDB DEFAULT CHARSET=utf8;

--
-- Dumping data for table `ngn_postal_restrictions_groups`
--


--
-- Table structure for table `ngn_postal_restrictions_settings`
--

CREATE TABLE `ngn_postal_restrictions_settings` (
  `restriction_id` int(11) NOT NULL,
  `restriction_var` varchar(100) NOT NULL,
  `restriction_value_int` int(11) NOT NULL,
  `restriction_value_text` text NOT NULL,
  `restriction_value_float` float NOT NULL,
  PRIMARY KEY (`restriction_id`,`restriction_var`),
  KEY `restriction_var` (`restriction_var`),
  KEY `restriction_id` (`restriction_id`)
) ENGINE=InnoDB DEFAULT CHARSET=utf8;

--
-- Dumping data for table `ngn_postal_restrictions_settings`
--


--
-- Table structure for table `ngn_postal_restrictions_settings_multi`
--

CREATE TABLE `ngn_postal_restrictions_settings_multi` (
  `restriction_id` int(11) NOT NULL,
  `restriction_var` varchar(100) NOT NULL,
  `valueInt` int(11) NOT NULL,
  `position` int(11) NOT NULL,
  PRIMARY KEY (`restriction_id`,`restriction_var`,`valueInt`)
) ENGINE=InnoDB DEFAULT CHARSET=utf8;

--
-- Dumping data for table `ngn_postal_restrictions_settings_multi`
--


--
-- Table structure for table `ngn_postal_roles`
--

CREATE TABLE `ngn_postal_roles` (
  `role_id` int(11) NOT NULL,
  `news_id` int(11) NOT NULL,
  `news_edit` tinyint(11) NOT NULL DEFAULT 0,
  `news_delete` tinyint(11) NOT NULL DEFAULT 0,
  PRIMARY KEY (`role_id`,`news_id`),
  KEY `category_id` (`news_id`)
) ENGINE=InnoDB DEFAULT CHARSET=utf8;

--
-- Dumping data for table `ngn_postal_roles`
--


--
-- Table structure for table `ngn_postal_tags`
--

CREATE TABLE `ngn_postal_tags` (
  `tag_id` int(11) NOT NULL AUTO_INCREMENT,
  `tag_createdate` datetime DEFAULT NULL,
  `tag_showdate` datetime DEFAULT NULL,
  `tag_hidedate` datetime DEFAULT NULL,
  `tag_hide` int(11) NOT NULL,
  `tag_editdate` datetime DEFAULT NULL,
  `tag_owner` int(11) NOT NULL,
  `tag_order` int(11) NOT NULL,
  PRIMARY KEY (`tag_id`),
  KEY `tag_hide` (`tag_hide`),
  KEY `tag_order` (`tag_order`),
  KEY `tag_owner` (`tag_owner`),
  KEY `tag_createdate` (`tag_createdate`),
  KEY `tag_editdate` (`tag_editdate`),
  KEY `tag_hidedate` (`tag_hidedate`),
  KEY `tag_showdate` (`tag_showdate`)
) ENGINE=InnoDB DEFAULT CHARSET=utf8;

--
-- Dumping data for table `ngn_postal_tags`
--


--
-- Table structure for table `ngn_postal_tags_language`
--

CREATE TABLE `ngn_postal_tags_language` (
  `tag_id` int(11) NOT NULL,
  `language_id` int(11) NOT NULL DEFAULT 0,
  `editdate` datetime NOT NULL,
  `enable` int(11) NOT NULL,
  `approved` int(1) NOT NULL DEFAULT 0,
  `language_name` varchar(200) DEFAULT NULL,
  `language_description` text DEFAULT NULL,
  `language_meta` text DEFAULT NULL,
  `language_keywords` varchar(100) DEFAULT NULL,
  `language_url` varchar(100) DEFAULT NULL,
  `language_photo` varchar(100) NOT NULL DEFAULT '',
  PRIMARY KEY (`tag_id`,`language_id`),
  KEY `language_id` (`language_id`),
  KEY `editdate` (`editdate`),
  CONSTRAINT `ngn_postal_tags_language_ibfk_1` FOREIGN KEY (`tag_id`) REFERENCES `ngn_postal_tags` (`tag_id`) ON DELETE CASCADE ON UPDATE CASCADE
) ENGINE=InnoDB DEFAULT CHARSET=utf8;

--
-- Dumping data for table `ngn_postal_tags_language`
--


--
-- Table structure for table `ngn_postal_tags_links`
--

CREATE TABLE `ngn_postal_tags_links` (
  `tag_id` int(11) NOT NULL,
  `news_id` int(11) NOT NULL,
  `language_id` int(11) NOT NULL,
  PRIMARY KEY (`tag_id`,`news_id`,`language_id`),
  KEY `news_id` (`news_id`),
  CONSTRAINT `ngn_postal_tags_links_ibfk_1` FOREIGN KEY (`tag_id`) REFERENCES `ngn_postal_tags` (`tag_id`) ON DELETE CASCADE ON UPDATE CASCADE
) ENGINE=InnoDB DEFAULT CHARSET=utf8;

--
-- Dumping data for table `ngn_postal_tags_links`
--


--
-- Table structure for table `ngn_region`
--

CREATE TABLE `ngn_region` (
  `region_id` int(11) NOT NULL AUTO_INCREMENT,
  `region_country` int(11) DEFAULT NULL,
  PRIMARY KEY (`region_id`),
  KEY `FK_ngn_region_ngn_country_country_id` (`region_country`),
  CONSTRAINT `FK_ngn_region_id` FOREIGN KEY (`region_country`) REFERENCES `ngn_country` (`country_id`) ON DELETE NO ACTION ON UPDATE NO ACTION
) ENGINE=InnoDB DEFAULT CHARSET=utf8;

--
-- Dumping data for table `ngn_region`
--


--
-- Table structure for table `ngn_region_language`
--

CREATE TABLE `ngn_region_language` (
  `region_id` int(11) NOT NULL,
  `language_id` int(11) NOT NULL,
  `language_name` varchar(100) DEFAULT NULL,
  `language_description` text DEFAULT NULL,
  PRIMARY KEY (`region_id`,`language_id`),
  KEY `language_id` (`language_id`),
  CONSTRAINT `ngn_region_language_ibfk_1` FOREIGN KEY (`region_id`) REFERENCES `ngn_region` (`region_id`) ON DELETE CASCADE ON UPDATE CASCADE
) ENGINE=InnoDB DEFAULT CHARSET=utf8;

--
-- Dumping data for table `ngn_region_language`
--


--
-- Table structure for table `ngn_reservation`
--

CREATE TABLE `ngn_reservation` (
  `news_id` int(11) NOT NULL AUTO_INCREMENT,
  `news_order` int(11) NOT NULL,
  `news_type` int(11) NOT NULL,
  `news_owner` int(11) NOT NULL DEFAULT 0,
  `news_createdate` datetime DEFAULT NULL,
  `news_showdate` datetime DEFAULT NULL,
  `news_hidedate` datetime DEFAULT NULL,
  `news_removedate` datetime NOT NULL,
  `news_hide` tinyint(4) NOT NULL DEFAULT 0,
  `news_editdate` datetime DEFAULT NULL,
  `news_category` int(11) NOT NULL DEFAULT 0,
  `news_photo1` varchar(100) NOT NULL DEFAULT '',
  `news_photo2` varchar(100) NOT NULL DEFAULT '',
  `news_photo_language1` int(11) NOT NULL DEFAULT 0,
  `news_photo_language2` int(11) NOT NULL DEFAULT 0,
  `news_enable` int(11) NOT NULL DEFAULT 0,
  `news_source` varchar(200) NOT NULL DEFAULT '',
  `news_source_url` varchar(200) NOT NULL DEFAULT '',
  `news_viewed` int(11) NOT NULL DEFAULT 0,
  `news_template` int(11) NOT NULL,
  PRIMARY KEY (`news_id`),
  KEY `news_category` (`news_category`),
  KEY `news_enable` (`news_enable`),
  KEY `news_hide` (`news_hide`),
  KEY `news_template` (`news_template`),
  KEY `news_removedate` (`news_removedate`),
  KEY `news_createdate` (`news_createdate`),
  KEY `news_editdate` (`news_editdate`),
  KEY `news_hidedate` (`news_hidedate`),
  KEY `news_showdate` (`news_showdate`)
) ENGINE=InnoDB DEFAULT CHARSET=utf8;

--
-- Dumping data for table `ngn_reservation`
--


--
-- Table structure for table `ngn_reservation_atribute`
--

CREATE TABLE `ngn_reservation_atribute` (
  `atribute_id` int(11) NOT NULL AUTO_INCREMENT,
  `atribute_type` int(11) DEFAULT NULL,
  `atribute_link` int(11) DEFAULT NULL,
  `atribute_color` varchar(10) NOT NULL,
  `atribute_font` varchar(10) NOT NULL,
  `atribute_condition` varchar(200) NOT NULL,
  `atribute_default` varchar(200) NOT NULL,
  `atribute_priority` int(11) NOT NULL,
  `atribute_required` int(11) DEFAULT NULL,
  `atribute_var` varchar(50) DEFAULT NULL,
  `atribute_format` varchar(50) NOT NULL,
  `atribute_prefix` varchar(100) NOT NULL,
  `atribute_postfix` varchar(100) NOT NULL,
  `atribute_language` tinyint(1) NOT NULL DEFAULT 0,
  `atribute_editdate` datetime NOT NULL,
  PRIMARY KEY (`atribute_id`),
  KEY `atribute_var` (`atribute_var`)
) ENGINE=InnoDB AUTO_INCREMENT=23 DEFAULT CHARSET=utf8;

--
-- Dumping data for table `ngn_reservation_atribute`
--

INSERT INTO `ngn_reservation_atribute` VALUES (1,0,NULL,'','','','',0,0,'color','','','',0,'0000-00-00 00:00:00'),(2,0,NULL,'','','','',0,0,'emails','','','',0,'0000-00-00 00:00:00'),(3,1,NULL,'','','','',1,0,'invoice_id','','','',0,'0000-00-00 00:00:00'),(4,5,NULL,'','','','',1,0,'payment','','','',0,'0000-00-00 00:00:00'),(5,5,NULL,'','','','',1,0,'language','','','',0,'0000-00-00 00:00:00'),(6,1,NULL,'','','','',1,0,'attendant','','','',0,'0000-00-00 00:00:00'),(7,2,NULL,'','','VISITOR_ATTENDANT','',1,0,'attendant_price','','','',0,'0000-00-00 00:00:00'),(8,1,NULL,'','','','',1,0,'adult','','','',0,'0000-00-00 00:00:00'),(9,2,NULL,'','','VISITOR_ADULT','',1,0,'adult_price','','','',0,'0000-00-00 00:00:00'),(10,1,NULL,'','','','',1,0,'children','','','',0,'0000-00-00 00:00:00'),(11,2,NULL,'','','VISITOR_CHILD','',1,0,'children_price','','','',0,'0000-00-00 00:00:00'),(12,2,NULL,'','','Vodenje','',1,0,'guiding_price','','','',0,'0000-00-00 00:00:00'),(13,2,NULL,'','','Najem','',1,0,'room_price','','','',0,'0000-00-00 00:00:00'),(14,2,NULL,'','','Tematski','',1,0,'package_price','','','',0,'0000-00-00 00:00:00'),(15,0,NULL,'','','','',1,0,'email','','','',0,'0000-00-00 00:00:00'),(16,8,NULL,'','','','',1,0,'approved','','','',0,'0000-00-00 00:00:00'),(17,8,NULL,'','','','',1,0,'finished','','','',0,'0000-00-00 00:00:00'),(18,1,NULL,'','','','',1,0,'added','','','',0,'0000-00-00 00:00:00'),(19,1,NULL,'','','','',1,0,'last_edit','','','',0,'0000-00-00 00:00:00'),(20,0,NULL,'','','','',1,0,'order_form','','','',0,'0000-00-00 00:00:00'),(21,5,NULL,'#ffffff','','','',1,0,'reservation_color','','','',0,'0000-00-00 00:00:00'),(22,3,NULL,'','','','',1,0,'program_end','','','',0,'2022-09-07 15:41:06');

--
-- Table structure for table `ngn_reservation_atribute_display`
--

CREATE TABLE `ngn_reservation_atribute_display` (
  `atribute_id` int(11) NOT NULL,
  `display_id` int(11) DEFAULT NULL,
  PRIMARY KEY (`atribute_id`),
  KEY `display_id_idx` (`display_id`)
) ENGINE=InnoDB DEFAULT CHARSET=utf8;

--
-- Dumping data for table `ngn_reservation_atribute_display`
--


--
-- Table structure for table `ngn_reservation_atribute_display_values`
--

CREATE TABLE `ngn_reservation_atribute_display_values` (
  `display_id` int(11) NOT NULL,
  PRIMARY KEY (`display_id`)
) ENGINE=InnoDB DEFAULT CHARSET=utf8;

--
-- Dumping data for table `ngn_reservation_atribute_display_values`
--


--
-- Table structure for table `ngn_reservation_atribute_display_values_language`
--

CREATE TABLE `ngn_reservation_atribute_display_values_language` (
  `display_id` int(11) NOT NULL,
  `language_id` int(11) DEFAULT NULL,
  `language_name` varchar(100) DEFAULT NULL,
  PRIMARY KEY (`display_id`),
  KEY `language_id_idx` (`language_id`)
) ENGINE=InnoDB DEFAULT CHARSET=utf8;

--
-- Dumping data for table `ngn_reservation_atribute_display_values_language`
--


--
-- Table structure for table `ngn_reservation_atribute_language`
--

CREATE TABLE `ngn_reservation_atribute_language` (
  `atribute_id` int(11) NOT NULL,
  `language_id` int(11) NOT NULL DEFAULT 0,
  `editdate` datetime NOT NULL,
  `enable` int(11) NOT NULL,
  `approved` int(1) NOT NULL DEFAULT 0,
  `language_name` varchar(200) DEFAULT NULL,
  `language_description` text DEFAULT NULL,
  `language_meta` text DEFAULT NULL,
  `language_keywords` varchar(100) DEFAULT NULL,
  `language_url` varchar(100) DEFAULT NULL,
  `language_photo` varchar(100) NOT NULL DEFAULT '',
  PRIMARY KEY (`atribute_id`,`language_id`),
  KEY `language_id` (`language_id`),
  KEY `editdate` (`editdate`)
) ENGINE=InnoDB DEFAULT CHARSET=utf8;

--
-- Dumping data for table `ngn_reservation_atribute_language`
--

INSERT INTO `ngn_reservation_atribute_language` VALUES (1,1,'0000-00-00 00:00:00',0,1,'Barva','','','','',''),(2,1,'0000-00-00 00:00:00',0,1,'Obveščanje preko e-mail','','','','',''),(2,2,'0000-00-00 00:00:00',0,0,'','','','','',''),(3,1,'0000-00-00 00:00:00',0,1,'Invoice id','','','','',''),(3,2,'0000-00-00 00:00:00',0,0,'','','','','',''),(4,1,'0000-00-00 00:00:00',0,1,'Način plačila','','','','',''),(4,2,'0000-00-00 00:00:00',0,0,'','','','','',''),(5,1,'0000-00-00 00:00:00',0,1,'Jezik','','','','',''),(5,2,'0000-00-00 00:00:00',0,0,'','','','','',''),(6,1,'0000-00-00 00:00:00',0,1,'Št. spremljevalcev','','','','',''),(6,2,'0000-00-00 00:00:00',0,0,'','','','','',''),(7,1,'0000-00-00 00:00:00',0,1,'Cena spremljevalec','','','','',''),(7,2,'0000-00-00 00:00:00',0,0,'','','','','',''),(8,1,'0000-00-00 00:00:00',0,1,'Št. odraslih','','','','',''),(8,2,'0000-00-00 00:00:00',0,0,'','','','','',''),(9,1,'0000-00-00 00:00:00',0,1,'Cena odrasli','','','','',''),(9,2,'0000-00-00 00:00:00',0,0,'','','','','',''),(10,1,'0000-00-00 00:00:00',0,1,'Št. otrok','','','','',''),(10,2,'0000-00-00 00:00:00',0,0,'','','','','',''),(11,1,'0000-00-00 00:00:00',0,1,'Cena otrok','','','','',''),(11,2,'0000-00-00 00:00:00',0,0,'','','','','',''),(12,1,'0000-00-00 00:00:00',0,1,'Vodenje','','','','',''),(12,2,'0000-00-00 00:00:00',0,0,'','','','','',''),(13,1,'0000-00-00 00:00:00',0,1,'Najem sobe','','','','',''),(13,2,'0000-00-00 00:00:00',0,0,'','','','','',''),(14,1,'0000-00-00 00:00:00',0,1,'Izbrani paket','','','','',''),(14,2,'0000-00-00 00:00:00',0,0,'','','','','',''),(15,1,'0000-00-00 00:00:00',0,1,'E-mail kontakta','','','','',''),(15,2,'0000-00-00 00:00:00',0,0,'','','','','',''),(16,1,'0000-00-00 00:00:00',0,1,'Potrjen','','','','',''),(16,2,'0000-00-00 00:00:00',0,0,'','','','','',''),(17,1,'0000-00-00 00:00:00',0,1,'Zaključen','','','','',''),(17,2,'0000-00-00 00:00:00',0,0,'','','','','',''),(18,1,'0000-00-00 00:00:00',0,1,'Dodal','','','','',''),(18,2,'0000-00-00 00:00:00',0,0,'','','','','',''),(19,1,'0000-00-00 00:00:00',0,1,'Zadnji spreminjal','','','','',''),(19,2,'0000-00-00 00:00:00',0,0,'','','','','',''),(20,1,'0000-00-00 00:00:00',0,1,'Št. naročilnice','','','','',''),(20,2,'0000-00-00 00:00:00',0,0,'','','','','',''),(21,1,'2020-07-10 11:15:11',0,1,'Barva rezervacije','','','','',''),(21,2,'0000-00-00 00:00:00',0,0,'','','','','',''),(22,1,'2022-09-07 15:41:06',0,1,'Datum zaključka','','','','',''),(22,2,'0000-00-00 00:00:00',0,0,'','','','','','');

--
-- Table structure for table `ngn_reservation_atribute_links`
--

CREATE TABLE `ngn_reservation_atribute_links` (
  `atribute_id` int(11) NOT NULL,
  `link_id` int(11) NOT NULL,
  `position` int(11) NOT NULL,
  `link_date` datetime NOT NULL,
  PRIMARY KEY (`atribute_id`,`link_id`),
  KEY `atribute_id_idx` (`link_id`)
) ENGINE=InnoDB DEFAULT CHARSET=utf8;

--
-- Dumping data for table `ngn_reservation_atribute_links`
--


--
-- Table structure for table `ngn_reservation_atribute_values`
--

CREATE TABLE `ngn_reservation_atribute_values` (
  `value_id` int(11) NOT NULL AUTO_INCREMENT,
  `atribute_id` int(11) NOT NULL,
  `value_same` int(11) NOT NULL,
  `value_value` varchar(50) DEFAULT NULL,
  `value_photo` varchar(100) NOT NULL,
  `value_order` int(11) NOT NULL,
  PRIMARY KEY (`value_id`,`atribute_id`),
  KEY `atribute_id` (`atribute_id`),
  KEY `value_order` (`value_order`)
) ENGINE=InnoDB AUTO_INCREMENT=13 DEFAULT CHARSET=utf8;

--
-- Dumping data for table `ngn_reservation_atribute_values`
--

INSERT INTO `ngn_reservation_atribute_values` VALUES (1,4,1,'','',0),(2,4,1,'','',0),(3,4,1,'','',0),(4,4,1,'','',0),(5,4,1,'BANKTRANSFER','',0),(6,4,1,'','',0),(7,5,1,'','',0),(8,5,1,'','',0),(9,21,0,'#ff0000','',0),(10,21,0,'#f4ec0d','',0),(11,21,0,'#04dd04','',0),(12,21,0,'#00dfff','',0);

--
-- Table structure for table `ngn_reservation_atribute_values_language`
--

CREATE TABLE `ngn_reservation_atribute_values_language` (
  `value_id` int(11) NOT NULL,
  `language_id` int(11) NOT NULL DEFAULT 0,
  `editdate` datetime NOT NULL,
  `enable` int(11) NOT NULL,
  `approved` int(1) NOT NULL DEFAULT 0,
  `language_name` varchar(200) DEFAULT NULL,
  `language_description` text DEFAULT NULL,
  `language_meta` text DEFAULT NULL,
  `language_keywords` varchar(100) DEFAULT NULL,
  `language_url` varchar(100) DEFAULT NULL,
  `language_photo` varchar(100) NOT NULL DEFAULT '',
  PRIMARY KEY (`value_id`,`language_id`),
  KEY `language_id` (`language_id`),
  KEY `editdate` (`editdate`)
) ENGINE=InnoDB DEFAULT CHARSET=utf8;

--
-- Dumping data for table `ngn_reservation_atribute_values_language`
--

INSERT INTO `ngn_reservation_atribute_values_language` VALUES (1,1,'0000-00-00 00:00:00',0,0,'Na licu mesta',NULL,NULL,NULL,'na-licu-mesta',''),(1,2,'0000-00-00 00:00:00',0,0,'Na licu mesta',NULL,NULL,NULL,'na-licu-mesta',''),(2,1,'0000-00-00 00:00:00',0,0,'Naročilnica',NULL,NULL,NULL,'narocilnica',''),(2,2,'0000-00-00 00:00:00',0,0,'Naročilnica',NULL,NULL,NULL,'narocilnica',''),(3,1,'0000-00-00 00:00:00',0,0,'Voucher',NULL,NULL,NULL,'voucher',''),(3,2,'0000-00-00 00:00:00',0,0,'Voucher',NULL,NULL,NULL,'voucher',''),(4,1,'0000-00-00 00:00:00',0,0,'Ljubljana card',NULL,NULL,NULL,'ljubljana-card',''),(4,2,'0000-00-00 00:00:00',0,0,'Ljubljana card',NULL,NULL,NULL,'ljubljana-card',''),(5,1,'0000-00-00 00:00:00',0,0,'TRR',NULL,NULL,NULL,'trr',''),(5,2,'0000-00-00 00:00:00',0,0,'TRR',NULL,NULL,NULL,'trr',''),(6,1,'0000-00-00 00:00:00',0,0,'Predračun',NULL,NULL,NULL,'predracun',''),(6,2,'0000-00-00 00:00:00',0,0,'Predračun',NULL,NULL,NULL,'predracun',''),(7,1,'0000-00-00 00:00:00',0,0,'SI',NULL,NULL,NULL,'si',''),(7,2,'0000-00-00 00:00:00',0,0,'SI',NULL,NULL,NULL,'si',''),(8,1,'0000-00-00 00:00:00',0,0,'EN',NULL,NULL,NULL,'en',''),(8,2,'0000-00-00 00:00:00',0,0,'EN',NULL,NULL,NULL,'en',''),(9,1,'2020-07-10 11:15:11',0,0,'Rdeča',NULL,NULL,NULL,'rdeca',''),(9,2,'2020-07-10 11:15:11',0,0,'Red',NULL,NULL,NULL,'red',''),(10,1,'2020-07-10 11:15:11',0,0,'Rumena',NULL,NULL,NULL,'rumena',''),(10,2,'2020-07-10 11:15:11',0,0,'Yellow',NULL,NULL,NULL,'yellow',''),(11,1,'2020-07-10 11:15:11',0,0,'Zelena',NULL,NULL,NULL,'zelena',''),(11,2,'2020-07-10 11:15:11',0,0,'Green',NULL,NULL,NULL,'green',''),(12,1,'2020-07-10 11:15:11',0,0,'Modra',NULL,NULL,NULL,'modra',''),(12,2,'2020-07-10 11:15:11',0,0,'Blue',NULL,NULL,NULL,'blue','');

--
-- Table structure for table `ngn_reservation_categories`
--

CREATE TABLE `ngn_reservation_categories` (
  `news_id` int(11) NOT NULL,
  `category_id` int(11) NOT NULL,
  `position` int(11) NOT NULL DEFAULT 0,
  PRIMARY KEY (`news_id`,`category_id`),
  KEY `category_id` (`category_id`)
) ENGINE=InnoDB DEFAULT CHARSET=utf8;

--
-- Dumping data for table `ngn_reservation_categories`
--


--
-- Table structure for table `ngn_reservation_category`
--

CREATE TABLE `ngn_reservation_category` (
  `category_id` int(11) NOT NULL AUTO_INCREMENT,
  `category_enable` int(11) DEFAULT NULL,
  `category_createdate` datetime DEFAULT NULL,
  `category_showdate` datetime DEFAULT NULL,
  `category_hidedate` datetime DEFAULT NULL,
  `category_hide` tinyint(1) NOT NULL,
  `category_editdate` datetime DEFAULT NULL,
  `category_position` int(11) DEFAULT NULL,
  `category_type` int(11) NOT NULL,
  `category_parent` int(11) DEFAULT NULL,
  `category_photo` int(11) DEFAULT NULL,
  `category_restriction` int(11) NOT NULL,
  `category_template` int(11) NOT NULL,
  `category_template_news` int(11) NOT NULL,
  `category_source` varchar(200) NOT NULL,
  `category_source_url` varchar(200) NOT NULL,
  `category_photo2` int(11) DEFAULT NULL,
  `category_photo_language1` int(11) NOT NULL,
  `category_photo_language2` int(11) NOT NULL,
  PRIMARY KEY (`category_id`),
  KEY `category_enable` (`category_enable`),
  KEY `category_template` (`category_template`),
  KEY `category_template_news` (`category_template_news`),
  KEY `category_createdate` (`category_createdate`),
  KEY `category_editdate` (`category_editdate`),
  KEY `category_hidedate` (`category_hidedate`),
  KEY `category_showdate` (`category_showdate`)
) ENGINE=InnoDB AUTO_INCREMENT=21 DEFAULT CHARSET=utf8;

--
-- Dumping data for table `ngn_reservation_category`
--

INSERT INTO `ngn_reservation_category` VALUES (9,1,'2016-09-23 10:54:03',NULL,NULL,0,'2019-05-31 10:49:28',0,0,0,0,1,0,0,'','',NULL,0,0),(15,1,'2019-05-30 11:35:08',NULL,NULL,0,'2019-05-31 09:08:04',0,0,9,0,1,0,0,'','',NULL,0,0),(16,1,'2019-05-30 11:35:33',NULL,NULL,0,'2019-05-31 09:09:53',0,0,9,0,1,0,0,'','',NULL,0,0),(17,1,'2019-05-30 11:43:04',NULL,NULL,0,'2019-05-31 09:10:01',0,0,9,0,1,0,0,'','',NULL,0,0),(18,1,'2019-05-30 11:43:12',NULL,NULL,0,'2019-05-31 09:10:06',0,0,9,0,1,0,0,'','',NULL,0,0),(19,1,'2019-05-30 11:43:25',NULL,NULL,0,'2019-07-25 12:38:48',0,0,9,0,1,0,0,'','',NULL,0,0),(20,1,'2019-05-30 11:43:36',NULL,NULL,0,'2019-05-31 09:10:16',0,0,9,0,1,0,0,'','',NULL,0,0);

--
-- Table structure for table `ngn_reservation_category_file`
--

CREATE TABLE `ngn_reservation_category_file` (
  `type_id` int(11) NOT NULL AUTO_INCREMENT,
  `type_name` varchar(200) NOT NULL DEFAULT '',
  `type_extension` varchar(200) NOT NULL DEFAULT '',
  `type_type` varchar(200) NOT NULL DEFAULT '',
  `type_enable` int(11) NOT NULL DEFAULT 0,
  `type_photo` varchar(200) NOT NULL DEFAULT '',
  PRIMARY KEY (`type_id`)
) ENGINE=InnoDB DEFAULT CHARSET=utf8;

--
-- Dumping data for table `ngn_reservation_category_file`
--


--
-- Table structure for table `ngn_reservation_category_files`
--

CREATE TABLE `ngn_reservation_category_files` (
  `file_id` int(11) NOT NULL AUTO_INCREMENT,
  `category_id` int(11) NOT NULL DEFAULT 0,
  `file_type` int(11) NOT NULL DEFAULT 0,
  `file_group` int(11) NOT NULL,
  `file_size` int(11) NOT NULL DEFAULT 0,
  `file_list` int(11) NOT NULL DEFAULT 1,
  `file_file` varchar(100) NOT NULL DEFAULT '',
  `file_original_name` varchar(200) NOT NULL DEFAULT '0',
  `file_createdate` datetime NOT NULL,
  `file_showdate` datetime NOT NULL,
  `file_hidedate` datetime NOT NULL,
  `file_hide` smallint(1) NOT NULL,
  `file_owner` int(11) NOT NULL,
  `file_order` int(11) NOT NULL,
  PRIMARY KEY (`file_id`),
  KEY `category_id` (`category_id`),
  KEY `file_type` (`file_type`),
  KEY `file_createdate` (`file_createdate`),
  KEY `file_owner` (`file_owner`),
  KEY `file_group` (`file_group`),
  KEY `file_showdate` (`file_showdate`),
  KEY `file_hidedate` (`file_hidedate`),
  KEY `file_hide` (`file_hide`),
  KEY `file_order` (`file_order`),
  CONSTRAINT `ngn_reservation_category_files_ibfk_1` FOREIGN KEY (`category_id`) REFERENCES `ngn_reservation_category` (`category_id`) ON DELETE CASCADE ON UPDATE CASCADE
) ENGINE=InnoDB DEFAULT CHARSET=utf8;

--
-- Dumping data for table `ngn_reservation_category_files`
--


--
-- Table structure for table `ngn_reservation_category_files_language`
--

CREATE TABLE `ngn_reservation_category_files_language` (
  `file_id` int(11) NOT NULL,
  `language_id` int(11) NOT NULL DEFAULT 0,
  `editdate` datetime NOT NULL,
  `enable` int(11) NOT NULL,
  `approved` int(1) NOT NULL DEFAULT 0,
  `language_name` varchar(200) DEFAULT NULL,
  `language_description` text DEFAULT NULL,
  `language_meta` text DEFAULT NULL,
  `language_keywords` varchar(100) DEFAULT NULL,
  `language_url` varchar(100) DEFAULT NULL,
  `language_photo` varchar(100) NOT NULL DEFAULT '',
  PRIMARY KEY (`file_id`,`language_id`),
  KEY `language_id` (`language_id`),
  KEY `editdate` (`editdate`),
  CONSTRAINT `ngn_reservation_category_files_languageibfk_1` FOREIGN KEY (`file_id`) REFERENCES `ngn_reservation_category_files` (`file_id`) ON DELETE CASCADE ON UPDATE CASCADE
) ENGINE=InnoDB DEFAULT CHARSET=utf8;

--
-- Dumping data for table `ngn_reservation_category_files_language`
--


--
-- Table structure for table `ngn_reservation_category_groups`
--

CREATE TABLE `ngn_reservation_category_groups` (
  `id` int(11) NOT NULL AUTO_INCREMENT,
  `category_id` int(11) NOT NULL,
  `group_id` int(11) NOT NULL,
  `position` int(11) NOT NULL,
  `transfer` int(11) NOT NULL DEFAULT 1,
  `category` int(11) NOT NULL DEFAULT 0,
  PRIMARY KEY (`id`),
  UNIQUE KEY `category_id_2` (`category_id`,`group_id`),
  KEY `group_id` (`group_id`),
  KEY `category_id` (`category_id`),
  KEY `position` (`position`),
  CONSTRAINT `ngn_reservation_category_groups_ibfk_1` FOREIGN KEY (`category_id`) REFERENCES `ngn_reservation_category` (`category_id`) ON DELETE CASCADE ON UPDATE CASCADE,
  CONSTRAINT `ngn_reservation_category_groups_ibfk_2` FOREIGN KEY (`group_id`) REFERENCES `ngn_reservation_groups` (`group_id`) ON DELETE CASCADE ON UPDATE CASCADE
) ENGINE=InnoDB AUTO_INCREMENT=67 DEFAULT CHARSET=utf8;

--
-- Dumping data for table `ngn_reservation_category_groups`
--

INSERT INTO `ngn_reservation_category_groups` VALUES (28,9,1,0,1,1),(29,9,3,1,0,1),(34,15,1,0,1,1),(35,15,3,1,0,1),(36,16,1,0,1,1),(37,16,3,1,0,1),(38,17,1,0,1,1),(39,17,3,1,0,1),(40,18,1,0,1,1),(41,18,3,1,0,1),(42,19,1,0,1,1),(43,19,3,1,0,1),(44,20,1,0,1,1),(45,20,3,1,0,1),(46,15,4,2,1,0),(47,9,4,2,1,0),(48,16,4,2,1,0),(49,17,4,2,1,0),(50,18,4,2,1,0),(51,19,4,2,1,0),(52,20,4,2,1,0),(53,15,5,3,1,0),(54,18,5,3,1,0),(55,16,5,3,1,0),(56,17,5,3,1,0),(57,19,5,3,1,0),(58,20,5,3,1,0),(59,15,6,4,1,0),(60,16,6,4,1,0),(61,17,6,4,1,0),(62,18,6,4,1,0),(63,19,6,4,1,0),(64,20,6,4,1,0),(65,9,6,4,1,0),(66,9,5,3,1,0);

--
-- Table structure for table `ngn_reservation_category_groups_atribute`
--

CREATE TABLE `ngn_reservation_category_groups_atribute` (
  `cgid` int(11) NOT NULL,
  `gaid` int(11) NOT NULL,
  `language_id` int(11) NOT NULL,
  `valueInt` int(11) NOT NULL DEFAULT 0,
  `valueFloat` double NOT NULL DEFAULT 0,
  `valueText` text NOT NULL,
  PRIMARY KEY (`cgid`,`gaid`,`language_id`),
  KEY `language_id` (`language_id`),
  KEY `gaid` (`gaid`),
  KEY `cgid` (`cgid`),
  KEY `valueInt` (`valueInt`)
) ENGINE=InnoDB DEFAULT CHARSET=utf8;

--
-- Dumping data for table `ngn_reservation_category_groups_atribute`
--

INSERT INTO `ngn_reservation_category_groups_atribute` VALUES (1,1,1,0,0,'#ff0000'),(2,1,1,0,0,'#0000ff'),(3,2,1,0,0,'#ff0000'),(4,2,1,0,0,'#000000'),(7,5,1,0,0,'matevz@ngn.si;miha@ngn.si'),(8,1,1,0,0,'#826d6d'),(9,5,1,0,0,''),(22,1,1,0,0,''),(23,5,1,0,0,''),(24,1,1,0,0,'#5156cc'),(25,5,1,0,0,''),(26,1,1,0,0,'#57e554'),(27,5,1,0,0,''),(28,1,1,0,0,''),(29,5,1,0,0,''),(30,1,1,0,0,'#ff0000'),(31,5,1,0,0,''),(32,1,1,0,0,'#57e554'),(33,5,1,0,0,''),(34,1,1,0,0,'#3b9c3e'),(35,5,1,0,0,''),(36,1,1,0,0,'#5a62ab'),(37,5,1,0,0,''),(38,1,1,0,0,'#4fb9c7'),(39,5,1,0,0,''),(40,1,1,0,0,'#ff0000'),(41,5,1,0,0,''),(42,1,1,0,0,'#ffd600'),(43,5,1,0,0,''),(44,1,1,0,0,'#aa20ad'),(45,5,1,0,0,''),(47,6,1,0,0,''),(47,7,1,0,0,''),(47,8,1,0,0,''),(47,9,1,0,0,''),(47,10,1,0,0,''),(47,11,1,0,0,''),(47,12,1,0,0,''),(47,13,1,0,0,''),(47,14,1,0,0,''),(47,15,1,0,0,''),(47,16,1,0,0,''),(47,17,1,0,0,'');

--
-- Table structure for table `ngn_reservation_category_groups_atribute_multi`
--

CREATE TABLE `ngn_reservation_category_groups_atribute_multi` (
  `cgid` int(11) NOT NULL,
  `category_id` int(11) NOT NULL,
  `gaid` int(11) NOT NULL,
  `language_id` int(11) NOT NULL,
  `valueInt` int(11) NOT NULL,
  `item_order` int(11) NOT NULL,
  PRIMARY KEY (`cgid`,`gaid`,`language_id`),
  KEY `item_order` (`item_order`)
) ENGINE=InnoDB DEFAULT CHARSET=utf8;

--
-- Dumping data for table `ngn_reservation_category_groups_atribute_multi`
--


--
-- Table structure for table `ngn_reservation_category_language`
--

CREATE TABLE `ngn_reservation_category_language` (
  `category_id` int(11) NOT NULL,
  `language_id` int(11) NOT NULL DEFAULT 0,
  `editdate` datetime NOT NULL,
  `enable` int(11) NOT NULL,
  `approved` int(1) NOT NULL DEFAULT 0,
  `language_name` varchar(200) DEFAULT NULL,
  `language_description` text DEFAULT NULL,
  `language_meta` text DEFAULT NULL,
  `language_keywords` varchar(100) DEFAULT NULL,
  `language_url` varchar(100) DEFAULT NULL,
  `photo1` int(11) NOT NULL,
  `photo2` int(11) NOT NULL,
  `language_photo` varchar(100) NOT NULL DEFAULT '',
  `language_photo2` varchar(100) NOT NULL,
  `language_html` text NOT NULL,
  PRIMARY KEY (`category_id`,`language_id`),
  KEY `language_id` (`language_id`),
  KEY `editdate` (`editdate`),
  FULLTEXT KEY `language_html` (`language_html`),
  CONSTRAINT `ngn_reservation_category_language_ibfk_1` FOREIGN KEY (`category_id`) REFERENCES `ngn_reservation_category` (`category_id`) ON DELETE CASCADE ON UPDATE CASCADE
) ENGINE=InnoDB DEFAULT CHARSET=utf8;

--
-- Dumping data for table `ngn_reservation_category_language`
--

INSERT INTO `ngn_reservation_category_language` VALUES (9,1,'0000-00-00 00:00:00',1,1,'Obiski','','','','obiski',0,0,'','',''),(9,2,'0000-00-00 00:00:00',0,0,'','','','','',0,0,'','',''),(9,3,'0000-00-00 00:00:00',0,0,'','','','','',0,0,'','',''),(9,5,'0000-00-00 00:00:00',0,0,'','','','','',0,0,'','',''),(15,1,'0000-00-00 00:00:00',0,1,'Rojstni dan','','','','rojstni-dan',0,0,'','',''),(15,2,'0000-00-00 00:00:00',0,0,'','','','','',0,0,'','',''),(16,1,'0000-00-00 00:00:00',0,0,'Osnovne šole','','','','osnovne-sole',0,0,'','',''),(17,1,'0000-00-00 00:00:00',0,0,'Srednje šole','','','','srednje-sole',0,0,'','',''),(18,1,'0000-00-00 00:00:00',0,0,'Podjetje','','','','podjetje',0,0,'','',''),(19,1,'0000-00-00 00:00:00',0,0,'Fizična oseba','','','','fizicna-oseba',0,0,'','',''),(20,1,'0000-00-00 00:00:00',0,0,'Ostalo','','','','ostalo',0,0,'','','');

--
-- Table structure for table `ngn_reservation_category_links`
--

CREATE TABLE `ngn_reservation_category_links` (
  `category_id` int(11) NOT NULL,
  `link_id` int(11) NOT NULL,
  `category_position` int(11) NOT NULL DEFAULT 0,
  `link_position` int(11) NOT NULL,
  `link_date` int(11) NOT NULL,
  PRIMARY KEY (`category_id`,`link_id`),
  KEY `link_position` (`link_position`),
  KEY `link_id` (`link_id`),
  KEY `category_position` (`category_position`)
) ENGINE=InnoDB DEFAULT CHARSET=utf8;

--
-- Dumping data for table `ngn_reservation_category_links`
--


--
-- Table structure for table `ngn_reservation_category_multi`
--

CREATE TABLE `ngn_reservation_category_multi` (
  `news_id` int(11) NOT NULL,
  `category_id` int(11) NOT NULL,
  `position` int(11) NOT NULL DEFAULT 0,
  PRIMARY KEY (`news_id`,`category_id`),
  KEY `category_id` (`category_id`),
  CONSTRAINT `ngn_reservation_category_multi_ibfk_2` FOREIGN KEY (`category_id`) REFERENCES `ngn_reservation_category` (`category_id`) ON DELETE CASCADE ON UPDATE CASCADE
) ENGINE=InnoDB DEFAULT CHARSET=utf8;

--
-- Dumping data for table `ngn_reservation_category_multi`
--


--
-- Table structure for table `ngn_reservation_category_pages`
--

CREATE TABLE `ngn_reservation_category_pages` (
  `category_id` int(11) NOT NULL,
  `link_id` int(11) NOT NULL,
  `language_id` int(11) NOT NULL,
  `category_position` int(11) NOT NULL DEFAULT 0,
  `link_position` int(11) NOT NULL,
  `link_date` int(11) NOT NULL,
  PRIMARY KEY (`category_id`,`link_id`,`language_id`),
  KEY `link_position` (`link_position`),
  KEY `link_id` (`link_id`),
  KEY `category_position` (`category_position`)
) ENGINE=InnoDB DEFAULT CHARSET=utf8;

--
-- Dumping data for table `ngn_reservation_category_pages`
--


--
-- Table structure for table `ngn_reservation_category_photo`
--

CREATE TABLE `ngn_reservation_category_photo` (
  `photo_id` int(11) NOT NULL AUTO_INCREMENT,
  `category_id` int(11) DEFAULT NULL,
  `photo_order` int(11) NOT NULL,
  `photo_gallery` int(11) NOT NULL DEFAULT 1,
  `photo_photo` varchar(100) DEFAULT NULL,
  `photo_path` varchar(200) NOT NULL,
  `photo_owner` int(11) NOT NULL,
  `photo_date` datetime NOT NULL,
  `photo_source` varchar(255) NOT NULL,
  PRIMARY KEY (`photo_id`),
  KEY `category_id` (`category_id`),
  KEY `photo_date` (`photo_date`),
  KEY `photo_owner` (`photo_owner`),
  KEY `photo_source` (`photo_source`),
  CONSTRAINT `ngn_reservation_category_photo_ibfk_1` FOREIGN KEY (`category_id`) REFERENCES `ngn_reservation_category` (`category_id`) ON DELETE CASCADE ON UPDATE CASCADE
) ENGINE=InnoDB DEFAULT CHARSET=utf8;

--
-- Dumping data for table `ngn_reservation_category_photo`
--


--
-- Table structure for table `ngn_reservation_category_photo_gallery`
--

CREATE TABLE `ngn_reservation_category_photo_gallery` (
  `photo_id` int(11) NOT NULL,
  `category_id` int(11) NOT NULL,
  `photo_gallery` int(11) NOT NULL,
  `photo_order` int(11) NOT NULL,
  PRIMARY KEY (`category_id`,`photo_id`)
) ENGINE=InnoDB DEFAULT CHARSET=utf8;

--
-- Dumping data for table `ngn_reservation_category_photo_gallery`
--


--
-- Table structure for table `ngn_reservation_category_photo_gallery_language`
--

CREATE TABLE `ngn_reservation_category_photo_gallery_language` (
  `photo_id` int(11) NOT NULL,
  `category_id` int(11) NOT NULL,
  `language_id` int(11) NOT NULL,
  `editdate` datetime NOT NULL,
  `enable` int(11) NOT NULL,
  PRIMARY KEY (`photo_id`,`category_id`,`language_id`),
  KEY `editdate` (`editdate`)
) ENGINE=InnoDB DEFAULT CHARSET=utf8;

--
-- Dumping data for table `ngn_reservation_category_photo_gallery_language`
--


--
-- Table structure for table `ngn_reservation_category_photo_language`
--

CREATE TABLE `ngn_reservation_category_photo_language` (
  `photo_id` int(11) NOT NULL,
  `language_id` int(11) NOT NULL DEFAULT 0,
  `editdate` datetime NOT NULL,
  `enable` int(11) NOT NULL,
  `approved` int(1) NOT NULL DEFAULT 0,
  `language_name` varchar(200) DEFAULT NULL,
  `language_description` text DEFAULT NULL,
  `language_meta` text DEFAULT NULL,
  `language_keywords` varchar(100) DEFAULT NULL,
  `language_url` varchar(100) DEFAULT NULL,
  `language_photo` varchar(100) NOT NULL DEFAULT '',
  PRIMARY KEY (`photo_id`,`language_id`),
  KEY `language_id` (`language_id`),
  KEY `editdate` (`editdate`),
  CONSTRAINT `ngn_reservation_category_photo_language_ibfk_1` FOREIGN KEY (`photo_id`) REFERENCES `ngn_reservation_category_photo` (`photo_id`) ON DELETE CASCADE ON UPDATE CASCADE
) ENGINE=InnoDB DEFAULT CHARSET=utf8;

--
-- Dumping data for table `ngn_reservation_category_photo_language`
--


--
-- Table structure for table `ngn_reservation_category_roles`
--

CREATE TABLE `ngn_reservation_category_roles` (
  `role_id` int(11) NOT NULL,
  `category_id` int(11) NOT NULL,
  `childs` int(11) NOT NULL,
  `exclude` int(11) NOT NULL,
  PRIMARY KEY (`role_id`,`category_id`),
  KEY `category_id` (`category_id`)
) ENGINE=InnoDB DEFAULT CHARSET=utf8;

--
-- Dumping data for table `ngn_reservation_category_roles`
--


--
-- Table structure for table `ngn_reservation_category_videos`
--

CREATE TABLE `ngn_reservation_category_videos` (
  `file_id` int(11) NOT NULL AUTO_INCREMENT,
  `category_id` int(11) NOT NULL DEFAULT 0,
  `file_photo` varchar(200) NOT NULL,
  `file_size` int(11) NOT NULL DEFAULT 0,
  `file_file` varchar(100) NOT NULL DEFAULT '',
  `file_original_name` varchar(200) NOT NULL DEFAULT '0',
  PRIMARY KEY (`file_id`),
  KEY `category_id` (`category_id`)
) ENGINE=InnoDB DEFAULT CHARSET=utf8;

--
-- Dumping data for table `ngn_reservation_category_videos`
--


--
-- Table structure for table `ngn_reservation_category_videos_language`
--

CREATE TABLE `ngn_reservation_category_videos_language` (
  `file_id` int(11) NOT NULL,
  `language_id` int(11) NOT NULL DEFAULT 0,
  `enable` int(11) NOT NULL,
  `language_name` varchar(200) DEFAULT NULL,
  `language_description` text DEFAULT NULL,
  `language_meta` text DEFAULT NULL,
  `language_keywords` varchar(100) DEFAULT NULL,
  `language_url` varchar(100) DEFAULT NULL,
  `language_photo` varchar(100) NOT NULL DEFAULT '',
  PRIMARY KEY (`file_id`,`language_id`),
  KEY `language_id` (`language_id`)
) ENGINE=InnoDB DEFAULT CHARSET=utf8;

--
-- Dumping data for table `ngn_reservation_category_videos_language`
--


--
-- Table structure for table `ngn_reservation_comments`
--

CREATE TABLE `ngn_reservation_comments` (
  `comment_id` int(11) NOT NULL AUTO_INCREMENT,
  `parent_id` int(11) NOT NULL DEFAULT 0,
  `user_id` int(11) NOT NULL DEFAULT 0,
  `category_id` int(11) NOT NULL DEFAULT 0,
  `user_ip` varchar(60) NOT NULL,
  `date` datetime NOT NULL,
  `votes` int(11) NOT NULL,
  `reported` int(11) NOT NULL,
  `enable` int(11) NOT NULL DEFAULT 1,
  `owner_id` int(11) NOT NULL,
  PRIMARY KEY (`comment_id`),
  KEY `news_id` (`parent_id`),
  KEY `user_id` (`user_id`),
  KEY `category_id` (`category_id`),
  KEY `owner_id` (`owner_id`)
) ENGINE=InnoDB DEFAULT CHARSET=utf8;

--
-- Dumping data for table `ngn_reservation_comments`
--


--
-- Table structure for table `ngn_reservation_comments_admin`
--

CREATE TABLE `ngn_reservation_comments_admin` (
  `comment_id` int(11) NOT NULL,
  `role_id` int(11) NOT NULL,
  PRIMARY KEY (`comment_id`,`role_id`),
  KEY `role_id` (`role_id`)
) ENGINE=InnoDB DEFAULT CHARSET=utf8;

--
-- Dumping data for table `ngn_reservation_comments_admin`
--


--
-- Table structure for table `ngn_reservation_comments_files`
--

CREATE TABLE `ngn_reservation_comments_files` (
  `file_id` int(11) NOT NULL AUTO_INCREMENT,
  `comment_id` int(11) NOT NULL DEFAULT 0,
  `file_type` int(11) NOT NULL DEFAULT 0,
  `file_group` int(11) NOT NULL,
  `file_size` int(11) NOT NULL DEFAULT 0,
  `file_list` int(11) NOT NULL DEFAULT 1,
  `file_file` varchar(100) NOT NULL DEFAULT '',
  `file_original_name` varchar(200) NOT NULL DEFAULT '0',
  `file_createdate` datetime NOT NULL,
  `file_showdate` datetime NOT NULL,
  `file_hidedate` datetime NOT NULL,
  `file_hide` smallint(1) NOT NULL,
  `file_owner` int(11) NOT NULL,
  `file_order` int(11) NOT NULL,
  PRIMARY KEY (`file_id`),
  KEY `comment_id` (`comment_id`),
  KEY `file_type` (`file_type`),
  KEY `file_createdate` (`file_createdate`),
  KEY `file_owner` (`file_owner`),
  KEY `file_group` (`file_group`),
  KEY `file_showdate` (`file_showdate`),
  KEY `file_hidedate` (`file_hidedate`),
  KEY `file_hide` (`file_hide`),
  KEY `file_order` (`file_order`)
) ENGINE=InnoDB DEFAULT CHARSET=utf8;

--
-- Dumping data for table `ngn_reservation_comments_files`
--


--
-- Table structure for table `ngn_reservation_comments_files_language`
--

CREATE TABLE `ngn_reservation_comments_files_language` (
  `file_id` int(11) NOT NULL,
  `language_id` int(11) NOT NULL DEFAULT 0,
  `editdate` datetime NOT NULL,
  `enable` int(11) NOT NULL,
  `approved` int(1) NOT NULL DEFAULT 0,
  `language_name` varchar(200) DEFAULT NULL,
  `language_description` text DEFAULT NULL,
  `language_meta` text DEFAULT NULL,
  `language_keywords` varchar(100) DEFAULT NULL,
  `language_url` varchar(100) DEFAULT NULL,
  `language_photo` varchar(100) NOT NULL DEFAULT '',
  PRIMARY KEY (`file_id`,`language_id`),
  KEY `language_id` (`language_id`),
  KEY `editdate` (`editdate`),
  CONSTRAINT `ngn_reservation_comments_files_language_ibfk_1` FOREIGN KEY (`file_id`) REFERENCES `ngn_reservation_comments_files` (`file_id`) ON DELETE CASCADE ON UPDATE CASCADE
) ENGINE=InnoDB DEFAULT CHARSET=utf8;

--
-- Dumping data for table `ngn_reservation_comments_files_language`
--


--
-- Table structure for table `ngn_reservation_comments_language`
--

CREATE TABLE `ngn_reservation_comments_language` (
  `comment_id` int(11) NOT NULL,
  `language_id` int(11) NOT NULL DEFAULT 0,
  `editdate` datetime NOT NULL,
  `enable` int(11) NOT NULL,
  `approved` int(1) NOT NULL DEFAULT 0,
  `language_name` varchar(200) DEFAULT NULL,
  `language_description` text DEFAULT NULL,
  `language_meta` text DEFAULT NULL,
  `language_keywords` varchar(100) DEFAULT NULL,
  `language_url` varchar(100) DEFAULT NULL,
  `language_photo` varchar(100) NOT NULL DEFAULT '',
  PRIMARY KEY (`comment_id`,`language_id`),
  KEY `language_id` (`language_id`),
  KEY `editdate` (`editdate`),
  CONSTRAINT `ngn_reservation_comments_language_ibfk_1` FOREIGN KEY (`comment_id`) REFERENCES `ngn_reservation_comments` (`comment_id`) ON DELETE CASCADE ON UPDATE CASCADE
) ENGINE=InnoDB DEFAULT CHARSET=utf8;

--
-- Dumping data for table `ngn_reservation_comments_language`
--


--
-- Table structure for table `ngn_reservation_comments_votes`
--

CREATE TABLE `ngn_reservation_comments_votes` (
  `comment_id` int(11) NOT NULL,
  `vote_date` datetime DEFAULT NULL,
  `vote_ip` varchar(50) NOT NULL,
  `vote_value` int(11) NOT NULL,
  PRIMARY KEY (`comment_id`,`vote_ip`),
  CONSTRAINT `ngn_reservation_comments_votes_ibfk_1` FOREIGN KEY (`comment_id`) REFERENCES `ngn_reservation_comments` (`comment_id`) ON DELETE CASCADE ON UPDATE CASCADE
) ENGINE=InnoDB DEFAULT CHARSET=utf8;

--
-- Dumping data for table `ngn_reservation_comments_votes`
--


--
-- Table structure for table `ngn_reservation_custom_values`
--

CREATE TABLE `ngn_reservation_custom_values` (
  `news_id` int(11) NOT NULL,
  `category_id` int(11) NOT NULL,
  `gaid` int(11) NOT NULL,
  `language_id` int(11) NOT NULL,
  `valueAutomatic` int(11) NOT NULL DEFAULT 0,
  `valueInt` int(11) NOT NULL,
  `valueFloat` double NOT NULL,
  `valueText` text NOT NULL,
  PRIMARY KEY (`news_id`,`category_id`,`gaid`,`language_id`),
  KEY `category_id` (`category_id`),
  KEY `gaid` (`gaid`),
  KEY `language_id` (`language_id`),
  KEY `valueInt` (`valueInt`)
) ENGINE=InnoDB DEFAULT CHARSET=utf8;

--
-- Dumping data for table `ngn_reservation_custom_values`
--


--
-- Table structure for table `ngn_reservation_custom_values_multi`
--

CREATE TABLE `ngn_reservation_custom_values_multi` (
  `news_id` int(11) NOT NULL,
  `category_id` int(11) NOT NULL,
  `gaid` int(11) NOT NULL,
  `language_id` int(11) NOT NULL,
  `valueInt` int(11) NOT NULL,
  `item_order` int(11) NOT NULL,
  PRIMARY KEY (`news_id`,`category_id`,`gaid`,`language_id`,`valueInt`),
  KEY `item_order` (`item_order`)
) ENGINE=InnoDB DEFAULT CHARSET=utf8;

--
-- Dumping data for table `ngn_reservation_custom_values_multi`
--


--
-- Table structure for table `ngn_reservation_file`
--

CREATE TABLE `ngn_reservation_file` (
  `type_id` int(11) NOT NULL AUTO_INCREMENT,
  `type_name` varchar(200) NOT NULL DEFAULT '',
  `type_extension` varchar(200) NOT NULL DEFAULT '',
  `type_type` varchar(200) NOT NULL DEFAULT '',
  `type_enable` int(11) NOT NULL DEFAULT 0,
  `type_photo` varchar(200) NOT NULL DEFAULT '',
  PRIMARY KEY (`type_id`)
) ENGINE=InnoDB DEFAULT CHARSET=utf8;

--
-- Dumping data for table `ngn_reservation_file`
--


--
-- Table structure for table `ngn_reservation_files`
--

CREATE TABLE `ngn_reservation_files` (
  `file_id` int(11) NOT NULL AUTO_INCREMENT,
  `news_id` int(11) NOT NULL DEFAULT 0,
  `file_type` int(11) NOT NULL DEFAULT 0,
  `file_group` int(11) NOT NULL,
  `file_size` int(11) NOT NULL DEFAULT 0,
  `file_list` int(11) NOT NULL DEFAULT 1,
  `file_file` varchar(100) NOT NULL DEFAULT '',
  `file_original_name` varchar(200) NOT NULL DEFAULT '0',
  `file_createdate` datetime NOT NULL,
  `file_showdate` datetime NOT NULL,
  `file_hidedate` datetime NOT NULL,
  `file_hide` smallint(1) NOT NULL,
  `file_owner` int(11) NOT NULL,
  `file_order` int(11) NOT NULL,
  PRIMARY KEY (`file_id`),
  KEY `news_id` (`news_id`),
  KEY `file_type` (`file_type`),
  KEY `file_createdate` (`file_createdate`),
  KEY `file_owner` (`file_owner`),
  KEY `file_group` (`file_group`),
  KEY `file_showdate` (`file_showdate`),
  KEY `file_hidedate` (`file_hidedate`),
  KEY `file_hide` (`file_hide`),
  KEY `file_order` (`file_order`)
) ENGINE=InnoDB DEFAULT CHARSET=utf8;

--
-- Dumping data for table `ngn_reservation_files`
--


--
-- Table structure for table `ngn_reservation_files_groups`
--

CREATE TABLE `ngn_reservation_files_groups` (
  `group_id` int(11) NOT NULL AUTO_INCREMENT,
  `group_photo` varchar(50) NOT NULL,
  `group_enable` int(11) NOT NULL DEFAULT 0,
  `group_order` int(11) NOT NULL,
  PRIMARY KEY (`group_id`)
) ENGINE=InnoDB DEFAULT CHARSET=utf8;

--
-- Dumping data for table `ngn_reservation_files_groups`
--


--
-- Table structure for table `ngn_reservation_files_groups_language`
--

CREATE TABLE `ngn_reservation_files_groups_language` (
  `group_id` int(11) NOT NULL,
  `language_id` int(11) NOT NULL DEFAULT 0,
  `editdate` datetime NOT NULL,
  `language_name` varchar(200) DEFAULT NULL,
  PRIMARY KEY (`group_id`,`language_id`),
  KEY `language_id` (`language_id`),
  KEY `editdate` (`editdate`)
) ENGINE=InnoDB DEFAULT CHARSET=utf8;

--
-- Dumping data for table `ngn_reservation_files_groups_language`
--


--
-- Table structure for table `ngn_reservation_files_language`
--

CREATE TABLE `ngn_reservation_files_language` (
  `file_id` int(11) NOT NULL,
  `language_id` int(11) NOT NULL DEFAULT 0,
  `editdate` datetime NOT NULL,
  `enable` int(11) NOT NULL,
  `approved` int(1) NOT NULL DEFAULT 0,
  `language_name` varchar(200) DEFAULT NULL,
  `language_description` text DEFAULT NULL,
  `language_meta` text DEFAULT NULL,
  `language_keywords` varchar(100) DEFAULT NULL,
  `language_url` varchar(100) DEFAULT NULL,
  `language_photo` varchar(100) NOT NULL DEFAULT '',
  PRIMARY KEY (`file_id`,`language_id`),
  KEY `language_id` (`language_id`),
  KEY `editdate` (`editdate`),
  CONSTRAINT `ngn_reservation_files_language_ibfk_1` FOREIGN KEY (`file_id`) REFERENCES `ngn_reservation_files` (`file_id`) ON DELETE CASCADE ON UPDATE CASCADE
) ENGINE=InnoDB DEFAULT CHARSET=utf8;

--
-- Dumping data for table `ngn_reservation_files_language`
--


--
-- Table structure for table `ngn_reservation_gallery`
--

CREATE TABLE `ngn_reservation_gallery` (
  `gallery_id` int(11) NOT NULL AUTO_INCREMENT,
  `news_id` int(11) NOT NULL,
  `gallery_template` int(11) NOT NULL,
  PRIMARY KEY (`gallery_id`)
) ENGINE=InnoDB DEFAULT CHARSET=utf8;

--
-- Dumping data for table `ngn_reservation_gallery`
--


--
-- Table structure for table `ngn_reservation_gallery_photo`
--

CREATE TABLE `ngn_reservation_gallery_photo` (
  `gallery_id` int(11) NOT NULL,
  `photo_id` int(11) NOT NULL,
  `position` int(11) NOT NULL,
  PRIMARY KEY (`gallery_id`,`photo_id`,`position`)
) ENGINE=InnoDB DEFAULT CHARSET=utf8;

--
-- Dumping data for table `ngn_reservation_gallery_photo`
--


--
-- Table structure for table `ngn_reservation_groups`
--

CREATE TABLE `ngn_reservation_groups` (
  `group_id` int(11) NOT NULL AUTO_INCREMENT,
  `group_var` varchar(50) NOT NULL,
  PRIMARY KEY (`group_id`)
) ENGINE=InnoDB AUTO_INCREMENT=7 DEFAULT CHARSET=utf8;

--
-- Dumping data for table `ngn_reservation_groups`
--

INSERT INTO `ngn_reservation_groups` VALUES (1,''),(3,''),(4,'invoice'),(5,'extra_data'),(6,'hidden');

--
-- Table structure for table `ngn_reservation_groups_atribute`
--

CREATE TABLE `ngn_reservation_groups_atribute` (
  `id` int(11) NOT NULL AUTO_INCREMENT,
  `group_id` int(11) NOT NULL,
  `atribute_id` int(11) NOT NULL,
  `position` int(11) NOT NULL,
  PRIMARY KEY (`id`),
  KEY `group_id` (`group_id`),
  KEY `atribute_id` (`atribute_id`),
  CONSTRAINT `ngn_reservation_groups_atribute_ibfk_1` FOREIGN KEY (`group_id`) REFERENCES `ngn_reservation_groups` (`group_id`) ON DELETE CASCADE ON UPDATE CASCADE
) ENGINE=InnoDB AUTO_INCREMENT=28 DEFAULT CHARSET=utf8;

--
-- Dumping data for table `ngn_reservation_groups_atribute`
--

INSERT INTO `ngn_reservation_groups_atribute` VALUES (1,1,1,0),(5,3,2,0),(6,4,3,0),(7,4,5,1),(8,4,4,2),(9,4,6,4),(10,4,7,3),(11,4,8,6),(12,4,9,5),(13,4,10,8),(14,4,11,7),(15,4,12,10),(16,4,13,11),(17,4,14,9),(20,5,15,0),(21,5,17,1),(22,5,16,2),(23,6,19,2),(24,6,18,1),(26,6,20,0),(27,1,21,1);

--
-- Table structure for table `ngn_reservation_groups_language`
--

CREATE TABLE `ngn_reservation_groups_language` (
  `group_id` int(11) NOT NULL,
  `language_id` int(11) NOT NULL DEFAULT 0,
  `editdate` datetime NOT NULL,
  `enable` int(11) NOT NULL,
  `approved` int(1) NOT NULL DEFAULT 0,
  `language_name` varchar(200) DEFAULT NULL,
  `language_description` text DEFAULT NULL,
  `language_meta` text DEFAULT NULL,
  `language_keywords` varchar(100) DEFAULT NULL,
  `language_url` varchar(100) DEFAULT NULL,
  `language_photo` varchar(100) NOT NULL DEFAULT '',
  PRIMARY KEY (`group_id`,`language_id`),
  KEY `language_id` (`language_id`),
  KEY `editdate` (`editdate`)
) ENGINE=InnoDB DEFAULT CHARSET=utf8;

--
-- Dumping data for table `ngn_reservation_groups_language`
--

INSERT INTO `ngn_reservation_groups_language` VALUES (1,1,'0000-00-00 00:00:00',0,1,'Barva','',NULL,NULL,NULL,''),(3,1,'0000-00-00 00:00:00',0,1,'Obveščanje sprememb','',NULL,NULL,NULL,''),(4,1,'0000-00-00 00:00:00',0,1,'Invoice data','',NULL,NULL,NULL,''),(4,2,'0000-00-00 00:00:00',0,0,'','','','','',''),(5,1,'0000-00-00 00:00:00',0,1,'Dodatni podatki','',NULL,NULL,NULL,''),(5,2,'0000-00-00 00:00:00',0,0,'','','','','',''),(6,1,'0000-00-00 00:00:00',0,1,'Skriti atributi','',NULL,NULL,NULL,''),(6,2,'0000-00-00 00:00:00',0,0,'','','','','','');

--
-- Table structure for table `ngn_reservation_item`
--

CREATE TABLE `ngn_reservation_item` (
  `item_id` int(11) NOT NULL AUTO_INCREMENT,
  `item_category` int(11) NOT NULL,
  `news_id` int(11) NOT NULL DEFAULT 0,
  `item_order` int(11) NOT NULL,
  `item_createdate` datetime DEFAULT NULL,
  `item_showdate` datetime DEFAULT NULL,
  `item_editdate` datetime NOT NULL,
  `item_hidedate` datetime NOT NULL,
  `item_hide` tinyint(1) NOT NULL,
  `item_enable` int(11) NOT NULL DEFAULT 0,
  `item_photo1` varchar(100) NOT NULL,
  `item_photo2` varchar(100) NOT NULL,
  `item_viewed` int(11) NOT NULL DEFAULT 0,
  PRIMARY KEY (`item_id`),
  KEY `item_category` (`item_category`),
  KEY `news_id` (`news_id`),
  KEY `item_enable` (`item_enable`)
) ENGINE=InnoDB DEFAULT CHARSET=utf8;

--
-- Dumping data for table `ngn_reservation_item`
--


--
-- Table structure for table `ngn_reservation_item_category`
--

CREATE TABLE `ngn_reservation_item_category` (
  `category_id` int(11) NOT NULL AUTO_INCREMENT,
  `category_enable` int(11) DEFAULT NULL,
  `category_createdate` datetime DEFAULT NULL,
  `category_showdate` datetime DEFAULT NULL,
  `category_hidedate` datetime DEFAULT NULL,
  `category_hide` tinyint(1) NOT NULL,
  `category_editdate` datetime DEFAULT NULL,
  `category_position` int(11) DEFAULT NULL,
  `category_parent` int(11) DEFAULT NULL,
  `category_photo` int(11) DEFAULT NULL,
  `category_template` int(11) NOT NULL,
  `category_template_news` int(11) NOT NULL,
  `category_photo2` int(11) DEFAULT NULL,
  PRIMARY KEY (`category_id`),
  KEY `category_enable` (`category_enable`),
  KEY `category_template` (`category_template`),
  KEY `category_template_news` (`category_template_news`),
  KEY `category_createdate` (`category_createdate`),
  KEY `category_editdate` (`category_editdate`),
  KEY `category_hidedate` (`category_hidedate`),
  KEY `category_showdate` (`category_showdate`)
) ENGINE=InnoDB DEFAULT CHARSET=utf8;

--
-- Dumping data for table `ngn_reservation_item_category`
--


--
-- Table structure for table `ngn_reservation_item_category_language`
--

CREATE TABLE `ngn_reservation_item_category_language` (
  `category_id` int(11) NOT NULL,
  `language_id` int(11) NOT NULL DEFAULT 0,
  `editdate` datetime NOT NULL,
  `enable` int(11) NOT NULL,
  `approved` int(1) NOT NULL DEFAULT 0,
  `language_name` varchar(200) DEFAULT NULL,
  `language_description` text DEFAULT NULL,
  `language_meta` text DEFAULT NULL,
  `language_keywords` varchar(100) DEFAULT NULL,
  `language_url` varchar(100) DEFAULT NULL,
  `language_photo` varchar(100) NOT NULL DEFAULT '',
  PRIMARY KEY (`category_id`,`language_id`),
  KEY `language_id` (`language_id`),
  KEY `editdate` (`editdate`)
) ENGINE=InnoDB DEFAULT CHARSET=utf8;

--
-- Dumping data for table `ngn_reservation_item_category_language`
--


--
-- Table structure for table `ngn_reservation_item_custom_values`
--

CREATE TABLE `ngn_reservation_item_custom_values` (
  `item_id` int(11) NOT NULL,
  `item_category_id` int(11) NOT NULL,
  `gaid` int(11) NOT NULL,
  `language_id` int(11) NOT NULL,
  `valueAutomatic` int(11) NOT NULL DEFAULT 0,
  `valueInt` int(11) NOT NULL,
  `valueFloat` double NOT NULL,
  `valueText` text NOT NULL,
  PRIMARY KEY (`item_id`,`item_category_id`,`gaid`,`language_id`),
  KEY `item_category_id` (`item_category_id`),
  KEY `gaid` (`gaid`),
  KEY `language_id` (`language_id`),
  KEY `valueInt` (`valueInt`),
  CONSTRAINT `ngn_reservation_item_custom_values_ibfk_1` FOREIGN KEY (`item_id`) REFERENCES `ngn_reservation_item_variations` (`variations_id`) ON DELETE CASCADE ON UPDATE CASCADE
) ENGINE=InnoDB DEFAULT CHARSET=utf8;

--
-- Dumping data for table `ngn_reservation_item_custom_values`
--


--
-- Table structure for table `ngn_reservation_item_custom_values_multi`
--

CREATE TABLE `ngn_reservation_item_custom_values_multi` (
  `item_id` int(11) NOT NULL,
  `item_category_id` int(11) NOT NULL,
  `gaid` int(11) NOT NULL,
  `language_id` int(11) NOT NULL,
  `valueInt` int(11) NOT NULL,
  `item_order` int(11) NOT NULL,
  PRIMARY KEY (`item_id`,`item_category_id`,`gaid`,`language_id`,`valueInt`),
  KEY `item_order` (`item_order`)
) ENGINE=InnoDB DEFAULT CHARSET=utf8;

--
-- Dumping data for table `ngn_reservation_item_custom_values_multi`
--


--
-- Table structure for table `ngn_reservation_item_file`
--

CREATE TABLE `ngn_reservation_item_file` (
  `type_id` int(11) NOT NULL AUTO_INCREMENT,
  `type_name` varchar(200) NOT NULL DEFAULT '',
  `type_extension` varchar(200) NOT NULL DEFAULT '',
  `type_type` varchar(200) NOT NULL DEFAULT '',
  `type_enable` int(11) NOT NULL DEFAULT 0,
  `type_photo` varchar(200) NOT NULL DEFAULT '',
  PRIMARY KEY (`type_id`)
) ENGINE=InnoDB DEFAULT CHARSET=utf8;

--
-- Dumping data for table `ngn_reservation_item_file`
--


--
-- Table structure for table `ngn_reservation_item_files`
--

CREATE TABLE `ngn_reservation_item_files` (
  `file_id` int(11) NOT NULL AUTO_INCREMENT,
  `item_id` int(11) NOT NULL DEFAULT 0,
  `file_type` int(11) NOT NULL DEFAULT 0,
  `file_group` int(11) NOT NULL,
  `file_size` int(11) NOT NULL DEFAULT 0,
  `file_list` int(11) NOT NULL DEFAULT 1,
  `file_file` varchar(100) NOT NULL DEFAULT '',
  `file_original_name` varchar(200) NOT NULL DEFAULT '0',
  `file_createdate` datetime NOT NULL,
  `file_showdate` datetime NOT NULL,
  `file_hidedate` datetime NOT NULL,
  `file_hide` smallint(1) NOT NULL,
  `file_owner` int(11) NOT NULL,
  `file_order` int(11) NOT NULL,
  PRIMARY KEY (`file_id`),
  KEY `item_id` (`item_id`),
  KEY `file_type` (`file_type`),
  KEY `file_createdate` (`file_createdate`),
  KEY `file_owner` (`file_owner`),
  KEY `file_group` (`file_group`),
  KEY `file_showdate` (`file_showdate`),
  KEY `file_hidedate` (`file_hidedate`),
  KEY `file_hide` (`file_hide`),
  KEY `file_order` (`file_order`)
) ENGINE=InnoDB DEFAULT CHARSET=utf8;

--
-- Dumping data for table `ngn_reservation_item_files`
--


--
-- Table structure for table `ngn_reservation_item_files_language`
--

CREATE TABLE `ngn_reservation_item_files_language` (
  `file_id` int(11) NOT NULL,
  `language_id` int(11) NOT NULL DEFAULT 0,
  `editdate` datetime NOT NULL,
  `enable` int(11) NOT NULL,
  `approved` int(1) NOT NULL DEFAULT 0,
  `language_name` varchar(200) DEFAULT NULL,
  `language_description` text DEFAULT NULL,
  `language_meta` text DEFAULT NULL,
  `language_keywords` varchar(100) DEFAULT NULL,
  `language_url` varchar(100) DEFAULT NULL,
  `language_photo` varchar(100) NOT NULL DEFAULT '',
  PRIMARY KEY (`file_id`,`language_id`),
  KEY `language_id` (`language_id`),
  KEY `editdate` (`editdate`)
) ENGINE=InnoDB DEFAULT CHARSET=utf8;

--
-- Dumping data for table `ngn_reservation_item_files_language`
--


--
-- Table structure for table `ngn_reservation_item_groups`
--

CREATE TABLE `ngn_reservation_item_groups` (
  `id` int(11) NOT NULL AUTO_INCREMENT,
  `item_category_id` int(11) NOT NULL,
  `group_id` int(11) NOT NULL,
  `position` int(11) NOT NULL,
  `transfer` int(11) NOT NULL DEFAULT 1,
  `category` int(11) NOT NULL DEFAULT 0,
  PRIMARY KEY (`id`),
  KEY `group_id` (`group_id`),
  KEY `item_category_id` (`item_category_id`),
  KEY `position` (`position`)
) ENGINE=InnoDB DEFAULT CHARSET=utf8;

--
-- Dumping data for table `ngn_reservation_item_groups`
--


--
-- Table structure for table `ngn_reservation_item_groups_atribute`
--

CREATE TABLE `ngn_reservation_item_groups_atribute` (
  `cgid` int(11) NOT NULL,
  `gaid` int(11) NOT NULL,
  `language_id` int(11) NOT NULL,
  `valueInt` int(11) NOT NULL DEFAULT 0,
  `valueFloat` double NOT NULL DEFAULT 0,
  `valueText` text NOT NULL,
  PRIMARY KEY (`cgid`,`gaid`,`language_id`),
  KEY `language_id` (`language_id`),
  KEY `gaid` (`gaid`),
  KEY `cgid` (`cgid`),
  KEY `valueInt` (`valueInt`)
) ENGINE=InnoDB DEFAULT CHARSET=utf8;

--
-- Dumping data for table `ngn_reservation_item_groups_atribute`
--


--
-- Table structure for table `ngn_reservation_item_language`
--

CREATE TABLE `ngn_reservation_item_language` (
  `item_id` int(11) NOT NULL,
  `language_id` int(11) NOT NULL DEFAULT 0,
  `editdate` datetime NOT NULL,
  `enable` int(11) NOT NULL,
  `approved` int(1) NOT NULL DEFAULT 0,
  `language_name` varchar(200) DEFAULT NULL,
  `language_description` text DEFAULT NULL,
  `language_meta` text DEFAULT NULL,
  `language_keywords` varchar(100) DEFAULT NULL,
  `language_url` varchar(100) DEFAULT NULL,
  `language_photo1` varchar(100) NOT NULL,
  `language_photo2` varchar(100) NOT NULL,
  `language_html` text NOT NULL,
  PRIMARY KEY (`item_id`,`language_id`),
  KEY `language_id` (`language_id`),
  KEY `editdate` (`editdate`),
  FULLTEXT KEY `language_html` (`language_html`)
) ENGINE=InnoDB DEFAULT CHARSET=utf8;

--
-- Dumping data for table `ngn_reservation_item_language`
--


--
-- Table structure for table `ngn_reservation_item_photo`
--

CREATE TABLE `ngn_reservation_item_photo` (
  `photo_id` int(11) NOT NULL AUTO_INCREMENT,
  `item_id` int(11) DEFAULT NULL,
  `photo_order` int(11) NOT NULL,
  `photo_gallery` int(11) NOT NULL DEFAULT 1,
  `photo_photo` varchar(100) DEFAULT NULL,
  `photo_path` varchar(200) NOT NULL,
  `photo_owner` int(11) NOT NULL,
  `photo_date` datetime NOT NULL,
  `photo_source` varchar(255) NOT NULL,
  PRIMARY KEY (`photo_id`),
  KEY `item_id` (`item_id`),
  KEY `photo_date` (`photo_date`),
  KEY `photo_owner` (`photo_owner`),
  KEY `photo_source` (`photo_source`)
) ENGINE=InnoDB DEFAULT CHARSET=utf8;

--
-- Dumping data for table `ngn_reservation_item_photo`
--


--
-- Table structure for table `ngn_reservation_item_photo_gallery`
--

CREATE TABLE `ngn_reservation_item_photo_gallery` (
  `photo_id` int(11) NOT NULL,
  `item_id` int(11) NOT NULL,
  `photo_gallery` int(11) NOT NULL,
  `photo_order` int(11) NOT NULL,
  PRIMARY KEY (`item_id`,`photo_id`)
) ENGINE=InnoDB DEFAULT CHARSET=utf8;

--
-- Dumping data for table `ngn_reservation_item_photo_gallery`
--


--
-- Table structure for table `ngn_reservation_item_photo_gallery_language`
--

CREATE TABLE `ngn_reservation_item_photo_gallery_language` (
  `photo_id` int(11) NOT NULL,
  `item_id` int(11) NOT NULL,
  `language_id` int(11) NOT NULL,
  `editdate` datetime NOT NULL,
  `enable` int(11) NOT NULL,
  PRIMARY KEY (`photo_id`,`item_id`,`language_id`),
  KEY `editdate` (`editdate`)
) ENGINE=InnoDB DEFAULT CHARSET=utf8;

--
-- Dumping data for table `ngn_reservation_item_photo_gallery_language`
--


--
-- Table structure for table `ngn_reservation_item_photo_language`
--

CREATE TABLE `ngn_reservation_item_photo_language` (
  `photo_id` int(11) NOT NULL,
  `language_id` int(11) NOT NULL DEFAULT 0,
  `editdate` datetime NOT NULL,
  `enable` int(11) NOT NULL,
  `approved` int(1) NOT NULL DEFAULT 0,
  `language_name` varchar(200) DEFAULT NULL,
  `language_description` text DEFAULT NULL,
  `language_meta` text DEFAULT NULL,
  `language_keywords` varchar(100) DEFAULT NULL,
  `language_url` varchar(100) DEFAULT NULL,
  `language_photo` varchar(100) NOT NULL DEFAULT '',
  PRIMARY KEY (`photo_id`,`language_id`),
  KEY `language_id` (`language_id`),
  KEY `editdate` (`editdate`)
) ENGINE=InnoDB DEFAULT CHARSET=utf8;

--
-- Dumping data for table `ngn_reservation_item_photo_language`
--


--
-- Table structure for table `ngn_reservation_item_variations`
--

CREATE TABLE `ngn_reservation_item_variations` (
  `variations_id` int(11) NOT NULL AUTO_INCREMENT,
  `item_id` int(11) NOT NULL,
  `variation_order` int(11) NOT NULL,
  `enable` tinyint(1) NOT NULL,
  PRIMARY KEY (`variations_id`),
  KEY `item_id` (`item_id`),
  KEY `enable` (`enable`),
  CONSTRAINT `ngn_reservation_item_variations_ibfk_1` FOREIGN KEY (`item_id`) REFERENCES `ngn_reservation_item` (`item_id`) ON DELETE CASCADE ON UPDATE CASCADE
) ENGINE=InnoDB DEFAULT CHARSET=utf8;

--
-- Dumping data for table `ngn_reservation_item_variations`
--


--
-- Table structure for table `ngn_reservation_item_variations_language`
--

CREATE TABLE `ngn_reservation_item_variations_language` (
  `variation_id` int(11) NOT NULL,
  `language_id` int(11) NOT NULL DEFAULT 0,
  `editdate` datetime NOT NULL,
  `enable` int(11) NOT NULL,
  `approved` int(1) NOT NULL DEFAULT 0,
  `language_name` varchar(200) DEFAULT NULL,
  `language_description` text DEFAULT NULL,
  `language_meta` text DEFAULT NULL,
  `language_keywords` varchar(100) DEFAULT NULL,
  `language_url` varchar(100) DEFAULT NULL,
  `language_photo` varchar(100) NOT NULL DEFAULT '',
  PRIMARY KEY (`variation_id`,`language_id`),
  KEY `language_id` (`language_id`),
  KEY `editdate` (`editdate`)
) ENGINE=InnoDB DEFAULT CHARSET=utf8;

--
-- Dumping data for table `ngn_reservation_item_variations_language`
--


--
-- Table structure for table `ngn_reservation_item_videos`
--

CREATE TABLE `ngn_reservation_item_videos` (
  `file_id` int(11) NOT NULL AUTO_INCREMENT,
  `item_id` int(11) NOT NULL DEFAULT 0,
  `file_photo` varchar(200) NOT NULL,
  `file_size` int(11) NOT NULL DEFAULT 0,
  `file_file` varchar(100) NOT NULL DEFAULT '',
  `file_original_name` varchar(200) NOT NULL DEFAULT '0',
  PRIMARY KEY (`file_id`),
  KEY `item_id` (`item_id`)
) ENGINE=InnoDB DEFAULT CHARSET=utf8;

--
-- Dumping data for table `ngn_reservation_item_videos`
--


--
-- Table structure for table `ngn_reservation_item_videos_language`
--

CREATE TABLE `ngn_reservation_item_videos_language` (
  `file_id` int(11) NOT NULL,
  `language_id` int(11) NOT NULL DEFAULT 0,
  `enable` int(11) NOT NULL,
  `language_name` varchar(200) DEFAULT NULL,
  `language_description` text DEFAULT NULL,
  `language_meta` text DEFAULT NULL,
  `language_keywords` varchar(100) DEFAULT NULL,
  `language_url` varchar(100) DEFAULT NULL,
  `language_photo` varchar(100) NOT NULL DEFAULT '',
  PRIMARY KEY (`file_id`,`language_id`),
  KEY `language_id` (`language_id`)
) ENGINE=InnoDB DEFAULT CHARSET=utf8;

--
-- Dumping data for table `ngn_reservation_item_videos_language`
--


--
-- Table structure for table `ngn_reservation_language`
--

CREATE TABLE `ngn_reservation_language` (
  `news_id` int(11) NOT NULL,
  `language_id` int(11) NOT NULL DEFAULT 0,
  `editdate` datetime NOT NULL,
  `enable` int(11) NOT NULL,
  `approved` int(1) NOT NULL DEFAULT 0,
  `language_name` varchar(200) DEFAULT NULL,
  `language_description` text DEFAULT NULL,
  `language_meta` text DEFAULT NULL,
  `language_keywords` varchar(100) DEFAULT NULL,
  `language_url` varchar(100) DEFAULT NULL,
  `photo1` int(11) NOT NULL,
  `photo2` int(11) NOT NULL,
  `language_photo1` varchar(200) NOT NULL,
  `language_photo2` varchar(200) NOT NULL,
  `language_html` text NOT NULL,
  PRIMARY KEY (`news_id`,`language_id`),
  KEY `language_id` (`language_id`),
  KEY `editdate` (`editdate`),
  KEY `photo1` (`photo1`),
  KEY `photo2` (`photo2`),
  FULLTEXT KEY `language_html` (`language_html`)
) ENGINE=InnoDB DEFAULT CHARSET=utf8;

--
-- Dumping data for table `ngn_reservation_language`
--


--
-- Table structure for table `ngn_reservation_links`
--

CREATE TABLE `ngn_reservation_links` (
  `news_id` int(11) NOT NULL,
  `link_id` int(11) NOT NULL,
  `news_position` int(11) NOT NULL DEFAULT 0,
  `link_position` int(11) NOT NULL,
  `link_date` int(11) NOT NULL,
  PRIMARY KEY (`news_id`,`link_id`),
  KEY `link_position` (`link_position`),
  KEY `link_id` (`link_id`),
  KEY `news_position` (`news_position`)
) ENGINE=InnoDB DEFAULT CHARSET=utf8;

--
-- Dumping data for table `ngn_reservation_links`
--


--
-- Table structure for table `ngn_reservation_media`
--

CREATE TABLE `ngn_reservation_media` (
  `gallery_id` int(11) NOT NULL AUTO_INCREMENT,
  `module` varchar(50) NOT NULL,
  `id` int(11) NOT NULL,
  `template` int(11) NOT NULL,
  PRIMARY KEY (`gallery_id`)
) ENGINE=InnoDB DEFAULT CHARSET=utf8;

--
-- Dumping data for table `ngn_reservation_media`
--


--
-- Table structure for table `ngn_reservation_media_gallery`
--

CREATE TABLE `ngn_reservation_media_gallery` (
  `gallery_id` int(11) NOT NULL,
  `photo_id` int(11) NOT NULL,
  `position` int(11) NOT NULL,
  PRIMARY KEY (`gallery_id`,`photo_id`),
  KEY `position` (`position`)
) ENGINE=InnoDB DEFAULT CHARSET=utf8;

--
-- Dumping data for table `ngn_reservation_media_gallery`
--


--
-- Table structure for table `ngn_reservation_pages`
--

CREATE TABLE `ngn_reservation_pages` (
  `news_id` int(11) NOT NULL,
  `link_id` int(11) NOT NULL,
  `language_id` int(11) NOT NULL,
  `news_position` int(11) NOT NULL DEFAULT 0,
  `link_position` int(11) NOT NULL,
  `link_date` int(11) NOT NULL,
  PRIMARY KEY (`news_id`,`link_id`,`language_id`),
  KEY `link_position` (`link_position`),
  KEY `link_id` (`link_id`),
  KEY `news_position` (`news_position`)
) ENGINE=InnoDB DEFAULT CHARSET=utf8;

--
-- Dumping data for table `ngn_reservation_pages`
--


--
-- Table structure for table `ngn_reservation_photo`
--

CREATE TABLE `ngn_reservation_photo` (
  `photo_id` int(11) NOT NULL AUTO_INCREMENT,
  `news_id` int(11) DEFAULT NULL,
  `photo_order` int(11) NOT NULL,
  `photo_gallery` int(11) NOT NULL DEFAULT 1,
  `photo_photo` varchar(100) DEFAULT NULL,
  `photo_path` varchar(200) NOT NULL,
  `photo_owner` int(11) NOT NULL,
  `photo_date` datetime NOT NULL,
  `photo_source` varchar(255) NOT NULL,
  PRIMARY KEY (`photo_id`),
  KEY `news_id` (`news_id`),
  KEY `photo_date` (`photo_date`),
  KEY `photo_owner` (`photo_owner`),
  KEY `photo_source` (`photo_source`)
) ENGINE=InnoDB DEFAULT CHARSET=utf8;

--
-- Dumping data for table `ngn_reservation_photo`
--


--
-- Table structure for table `ngn_reservation_photo_gallery`
--

CREATE TABLE `ngn_reservation_photo_gallery` (
  `photo_id` int(11) NOT NULL,
  `news_id` int(11) NOT NULL,
  `photo_gallery` int(11) NOT NULL,
  `photo_order` int(11) NOT NULL,
  PRIMARY KEY (`news_id`,`photo_id`)
) ENGINE=InnoDB DEFAULT CHARSET=utf8;

--
-- Dumping data for table `ngn_reservation_photo_gallery`
--


--
-- Table structure for table `ngn_reservation_photo_gallery_language`
--

CREATE TABLE `ngn_reservation_photo_gallery_language` (
  `photo_id` int(11) NOT NULL,
  `news_id` int(11) NOT NULL,
  `language_id` int(11) NOT NULL,
  `editdate` datetime NOT NULL,
  `enable` int(11) NOT NULL,
  PRIMARY KEY (`photo_id`,`news_id`,`language_id`),
  KEY `editdate` (`editdate`)
) ENGINE=InnoDB DEFAULT CHARSET=utf8;

--
-- Dumping data for table `ngn_reservation_photo_gallery_language`
--


--
-- Table structure for table `ngn_reservation_photo_language`
--

CREATE TABLE `ngn_reservation_photo_language` (
  `photo_id` int(11) NOT NULL,
  `language_id` int(11) NOT NULL DEFAULT 0,
  `editdate` datetime NOT NULL,
  `enable` int(11) NOT NULL,
  `approved` int(1) NOT NULL DEFAULT 0,
  `language_name` varchar(200) DEFAULT NULL,
  `language_description` text DEFAULT NULL,
  `language_meta` text DEFAULT NULL,
  `language_keywords` varchar(100) DEFAULT NULL,
  `language_url` varchar(100) DEFAULT NULL,
  `language_photo` varchar(100) NOT NULL DEFAULT '',
  PRIMARY KEY (`photo_id`,`language_id`),
  KEY `language_id` (`language_id`),
  KEY `editdate` (`editdate`),
  CONSTRAINT `ngn_reservation_photo_language_id1` FOREIGN KEY (`photo_id`) REFERENCES `ngn_reservation_photo` (`photo_id`) ON DELETE NO ACTION ON UPDATE NO ACTION
) ENGINE=InnoDB DEFAULT CHARSET=utf8;

--
-- Dumping data for table `ngn_reservation_photo_language`
--


--
-- Table structure for table `ngn_reservation_photo_sizes`
--

CREATE TABLE `ngn_reservation_photo_sizes` (
  `photo_id` int(11) NOT NULL,
  `size_id` int(11) NOT NULL,
  `photo_width` int(11) NOT NULL,
  `photo_height` int(11) NOT NULL,
  `photo_photo` varchar(100) NOT NULL,
  `photo_path` varchar(200) NOT NULL,
  PRIMARY KEY (`photo_id`,`size_id`)
) ENGINE=InnoDB DEFAULT CHARSET=utf8;

--
-- Dumping data for table `ngn_reservation_photo_sizes`
--


--
-- Table structure for table `ngn_reservation_photo_usage`
--

CREATE TABLE `ngn_reservation_photo_usage` (
  `photo_id` int(11) NOT NULL,
  `module_name` varchar(50) NOT NULL,
  `usage_type` varchar(50) NOT NULL,
  `link_id` int(11) NOT NULL,
  PRIMARY KEY (`photo_id`,`module_name`,`usage_type`,`link_id`)
) ENGINE=InnoDB DEFAULT CHARSET=utf8;

--
-- Dumping data for table `ngn_reservation_photo_usage`
--


--
-- Table structure for table `ngn_reservation_restrictions`
--

CREATE TABLE `ngn_reservation_restrictions` (
  `restrictions_id` int(11) NOT NULL AUTO_INCREMENT,
  `restrictions_name` varchar(100) NOT NULL,
  `restrictions_default` int(11) NOT NULL,
  PRIMARY KEY (`restrictions_id`),
  FULLTEXT KEY `restrictions_name` (`restrictions_name`),
  FULLTEXT KEY `restrictions_name_2` (`restrictions_name`)
) ENGINE=InnoDB AUTO_INCREMENT=2 DEFAULT CHARSET=utf8;

--
-- Dumping data for table `ngn_reservation_restrictions`
--

INSERT INTO `ngn_reservation_restrictions` VALUES (1,'Default',1);

--
-- Table structure for table `ngn_reservation_restrictions_groups`
--

CREATE TABLE `ngn_reservation_restrictions_groups` (
  `id` int(11) NOT NULL AUTO_INCREMENT,
  `restriction_id` int(11) NOT NULL,
  `group_id` int(11) NOT NULL,
  `position` int(11) NOT NULL,
  `transfer` int(11) NOT NULL DEFAULT 1,
  `category` int(11) NOT NULL DEFAULT 0,
  PRIMARY KEY (`id`),
  UNIQUE KEY `restriction_id_2` (`restriction_id`,`group_id`),
  KEY `group_id` (`group_id`),
  KEY `restriction_id` (`restriction_id`),
  KEY `position` (`position`)
) ENGINE=InnoDB DEFAULT CHARSET=utf8;

--
-- Dumping data for table `ngn_reservation_restrictions_groups`
--


--
-- Table structure for table `ngn_reservation_restrictions_settings`
--

CREATE TABLE `ngn_reservation_restrictions_settings` (
  `restriction_id` int(11) NOT NULL,
  `restriction_var` varchar(100) NOT NULL,
  `restriction_value_int` int(11) NOT NULL,
  `restriction_value_text` text NOT NULL,
  `restriction_value_float` float NOT NULL,
  PRIMARY KEY (`restriction_id`,`restriction_var`),
  KEY `restriction_var` (`restriction_var`),
  KEY `restriction_id` (`restriction_id`)
) ENGINE=InnoDB DEFAULT CHARSET=utf8;

--
-- Dumping data for table `ngn_reservation_restrictions_settings`
--


--
-- Table structure for table `ngn_reservation_restrictions_settings_multi`
--

CREATE TABLE `ngn_reservation_restrictions_settings_multi` (
  `restriction_id` int(11) NOT NULL,
  `restriction_var` varchar(100) NOT NULL,
  `valueInt` int(11) NOT NULL,
  `position` int(11) NOT NULL,
  PRIMARY KEY (`restriction_id`,`restriction_var`,`valueInt`)
) ENGINE=InnoDB DEFAULT CHARSET=utf8;

--
-- Dumping data for table `ngn_reservation_restrictions_settings_multi`
--


--
-- Table structure for table `ngn_reservation_roles`
--

CREATE TABLE `ngn_reservation_roles` (
  `role_id` int(11) NOT NULL,
  `news_id` int(11) NOT NULL,
  `news_edit` tinyint(11) NOT NULL DEFAULT 0,
  `news_delete` tinyint(11) NOT NULL DEFAULT 0,
  PRIMARY KEY (`role_id`,`news_id`),
  KEY `category_id` (`news_id`)
) ENGINE=InnoDB DEFAULT CHARSET=utf8;

--
-- Dumping data for table `ngn_reservation_roles`
--


--
-- Table structure for table `ngn_reservation_tags`
--

CREATE TABLE `ngn_reservation_tags` (
  `tag_id` int(11) NOT NULL AUTO_INCREMENT,
  `tag_createdate` datetime DEFAULT NULL,
  `tag_showdate` datetime DEFAULT NULL,
  `tag_hidedate` datetime DEFAULT NULL,
  `tag_hide` int(11) NOT NULL,
  `tag_editdate` datetime DEFAULT NULL,
  `tag_owner` int(11) NOT NULL,
  `tag_order` int(11) NOT NULL,
  PRIMARY KEY (`tag_id`),
  KEY `tag_hide` (`tag_hide`),
  KEY `tag_order` (`tag_order`),
  KEY `tag_owner` (`tag_owner`),
  KEY `tag_createdate` (`tag_createdate`),
  KEY `tag_editdate` (`tag_editdate`),
  KEY `tag_hidedate` (`tag_hidedate`),
  KEY `tag_showdate` (`tag_showdate`)
) ENGINE=InnoDB DEFAULT CHARSET=utf8;

--
-- Dumping data for table `ngn_reservation_tags`
--


--
-- Table structure for table `ngn_reservation_tags_language`
--

CREATE TABLE `ngn_reservation_tags_language` (
  `tag_id` int(11) NOT NULL,
  `language_id` int(11) NOT NULL DEFAULT 0,
  `editdate` datetime NOT NULL,
  `enable` int(11) NOT NULL,
  `approved` int(1) NOT NULL DEFAULT 0,
  `language_name` varchar(200) DEFAULT NULL,
  `language_description` text DEFAULT NULL,
  `language_meta` text DEFAULT NULL,
  `language_keywords` varchar(100) DEFAULT NULL,
  `language_url` varchar(100) DEFAULT NULL,
  `language_photo` varchar(100) NOT NULL DEFAULT '',
  PRIMARY KEY (`tag_id`,`language_id`),
  KEY `language_id` (`language_id`),
  KEY `editdate` (`editdate`),
  CONSTRAINT `ngn_reservation_tags_language_ibfk_1` FOREIGN KEY (`tag_id`) REFERENCES `ngn_reservation_tags` (`tag_id`) ON DELETE CASCADE ON UPDATE CASCADE
) ENGINE=InnoDB DEFAULT CHARSET=utf8;

--
-- Dumping data for table `ngn_reservation_tags_language`
--


--
-- Table structure for table `ngn_reservation_tags_links`
--

CREATE TABLE `ngn_reservation_tags_links` (
  `tag_id` int(11) NOT NULL,
  `news_id` int(11) NOT NULL,
  `language_id` int(11) NOT NULL,
  PRIMARY KEY (`tag_id`,`news_id`,`language_id`),
  KEY `news_id` (`news_id`),
  CONSTRAINT `ngn_reservation_tags_links_ibfk_1` FOREIGN KEY (`tag_id`) REFERENCES `ngn_reservation_tags` (`tag_id`) ON DELETE CASCADE ON UPDATE CASCADE
) ENGINE=InnoDB DEFAULT CHARSET=utf8;

--
-- Dumping data for table `ngn_reservation_tags_links`
--


--
-- Table structure for table `ngn_reservation_videos`
--

CREATE TABLE `ngn_reservation_videos` (
  `file_id` int(11) NOT NULL AUTO_INCREMENT,
  `news_id` int(11) NOT NULL DEFAULT 0,
  `file_photo` varchar(200) NOT NULL,
  `file_size` int(11) NOT NULL DEFAULT 0,
  `file_file` varchar(100) NOT NULL DEFAULT '',
  `file_original_name` varchar(200) NOT NULL DEFAULT '0',
  PRIMARY KEY (`file_id`),
  KEY `news_id` (`news_id`)
) ENGINE=InnoDB DEFAULT CHARSET=utf8;

--
-- Dumping data for table `ngn_reservation_videos`
--


--
-- Table structure for table `ngn_reservation_videos_language`
--

CREATE TABLE `ngn_reservation_videos_language` (
  `file_id` int(11) NOT NULL,
  `language_id` int(11) NOT NULL DEFAULT 0,
  `enable` int(11) NOT NULL,
  `language_name` varchar(200) DEFAULT NULL,
  `language_description` text DEFAULT NULL,
  `language_meta` text DEFAULT NULL,
  `language_keywords` varchar(100) DEFAULT NULL,
  `language_url` varchar(100) DEFAULT NULL,
  `language_photo` varchar(100) NOT NULL DEFAULT '',
  PRIMARY KEY (`file_id`,`language_id`),
  KEY `language_id` (`language_id`)
) ENGINE=InnoDB DEFAULT CHARSET=utf8;

--
-- Dumping data for table `ngn_reservation_videos_language`
--


--
-- Table structure for table `ngn_reservations_delete`
--

CREATE TABLE `ngn_reservations_delete` (
  `invoice_id` int(11) NOT NULL,
  `date_added` datetime NOT NULL,
  `date_timeout` datetime NOT NULL,
  PRIMARY KEY (`invoice_id`)
) ENGINE=InnoDB DEFAULT CHARSET=utf8;

--
-- Dumping data for table `ngn_reservations_delete`
--


--
-- Table structure for table `ngn_selling_regions`
--

CREATE TABLE `ngn_selling_regions` (
  `id` int(11) NOT NULL AUTO_INCREMENT,
  `name` varchar(20) NOT NULL,
  `pricing` int(11) NOT NULL,
  `currency` varchar(20) NOT NULL,
  `tax` int(11) NOT NULL,
  `user_address` int(11) NOT NULL,
  `default_language` int(11) NOT NULL,
  PRIMARY KEY (`id`)
) ENGINE=InnoDB AUTO_INCREMENT=5 DEFAULT CHARSET=utf8;

--
-- Dumping data for table `ngn_selling_regions`
--

INSERT INTO `ngn_selling_regions` VALUES (1,'slovenia',42,'euro',1,2,0),(2,'eu',42,'euro',1,16632,0),(3,'noneu',48,'euro',10,16633,0),(4,'world',65,'euro',53,16641,0);

--
-- Table structure for table `ngn_selling_regions_countries`
--

CREATE TABLE `ngn_selling_regions_countries` (
  `selling_region` int(11) NOT NULL,
  `country_id` int(11) NOT NULL,
  PRIMARY KEY (`selling_region`,`country_id`),
  KEY `country` (`country_id`),
  CONSTRAINT `ngn_selling_regions_countries_ibfk_1` FOREIGN KEY (`selling_region`) REFERENCES `ngn_selling_regions` (`id`) ON DELETE CASCADE ON UPDATE CASCADE,
  CONSTRAINT `ngn_selling_regions_countries_ibfk_2` FOREIGN KEY (`country_id`) REFERENCES `ngn_country` (`country_id`) ON DELETE CASCADE ON UPDATE CASCADE
) ENGINE=InnoDB DEFAULT CHARSET=utf8;

--
-- Dumping data for table `ngn_selling_regions_countries`
--

INSERT INTO `ngn_selling_regions_countries` VALUES (1,1),(2,6),(2,7),(2,9),(2,11),(2,12),(2,14),(2,15),(2,18),(2,19),(2,21),(2,23),(2,24),(2,26),(2,27),(2,29),(2,30),(2,31),(2,33),(2,36),(2,37),(2,39),(2,40),(2,41),(2,44),(2,46),(2,47),(3,3),(3,4),(3,8),(3,10),(3,13),(3,17),(3,20),(3,22),(3,25),(3,28),(3,32),(3,34),(3,35),(3,38),(3,43),(3,45),(3,48),(3,49),(3,50),(3,51),(3,52),(3,139),(3,247),(4,2),(4,5),(4,16),(4,42),(4,53),(4,54),(4,57),(4,58),(4,60),(4,61),(4,62),(4,63),(4,64),(4,66),(4,67),(4,69),(4,70),(4,71),(4,72),(4,73),(4,76),(4,77),(4,78),(4,79),(4,80),(4,81),(4,83),(4,84),(4,85),(4,86),(4,87),(4,89),(4,90),(4,91),(4,92),(4,93),(4,94),(4,95),(4,96),(4,97),(4,98),(4,99),(4,100),(4,101),(4,102),(4,103),(4,104),(4,105),(4,106),(4,107),(4,109),(4,110),(4,114),(4,115),(4,116),(4,117),(4,118),(4,119),(4,120),(4,121),(4,123),(4,126),(4,129),(4,130),(4,131),(4,132),(4,133),(4,136),(4,140),(4,228),(4,229),(4,230),(4,231),(4,232),(4,233),(4,234),(4,235),(4,236),(4,238),(4,239),(4,242),(4,243),(4,244),(4,245),(4,248),(4,250),(4,251),(4,252),(4,253),(4,254),(4,255),(4,256),(4,257),(4,258),(4,259),(4,261),(4,262),(4,263),(4,264),(4,268),(4,270),(4,271),(4,272),(4,273),(4,274),(4,276),(4,277),(4,278),(4,279),(4,280),(4,281),(4,282),(4,285),(4,287),(4,288),(4,289),(4,290),(4,291),(4,292),(4,293),(4,295),(4,296),(4,297),(4,298),(4,299),(4,300),(4,301),(4,302),(4,304),(4,305),(4,306),(4,307),(4,308),(4,309),(4,310),(4,311),(4,312),(4,313),(4,316),(4,317),(4,318),(4,321),(4,322),(4,323),(4,324),(4,325),(4,326),(4,327),(4,328),(4,329),(4,331),(4,332),(4,333),(4,335),(4,336),(4,337),(4,338),(4,341),(4,342),(4,343),(4,344),(4,345),(4,347),(4,348),(4,349),(4,350),(4,351),(4,354),(4,355),(4,356),(4,357),(4,358),(4,359),(4,360),(4,361),(4,362),(4,363),(4,364),(4,366),(4,367),(4,368),(4,369),(4,371),(4,374),(4,375),(4,376),(4,377),(4,378),(4,379),(4,380),(4,381),(4,382),(4,383),(4,384),(4,385),(4,386);

--
-- Table structure for table `ngn_selling_regions_language`
--

CREATE TABLE `ngn_selling_regions_language` (
  `selling_region` int(11) NOT NULL,
  `language_id` int(11) NOT NULL,
  `language_name` text NOT NULL,
  PRIMARY KEY (`selling_region`,`language_id`),
  KEY `language_id` (`language_id`),
  CONSTRAINT `ngn_selling_regions_language_ibfk_1` FOREIGN KEY (`selling_region`) REFERENCES `ngn_selling_regions` (`id`)
) ENGINE=InnoDB DEFAULT CHARSET=utf8;

--
-- Dumping data for table `ngn_selling_regions_language`
--

INSERT INTO `ngn_selling_regions_language` VALUES (1,1,'Slovenija'),(1,2,'Slovenia'),(2,1,'European Union'),(2,2,'European Union'),(3,1,'Other European countries'),(3,2,'Other European countries'),(4,1,'Rest of The World'),(4,2,'Rest of The World');

--
-- Table structure for table `ngn_session`
--

CREATE TABLE `ngn_session` (
  `session_id` varchar(50) NOT NULL,
  `user_id` int(11) DEFAULT NULL,
  `user_name` varchar(80) DEFAULT NULL,
  `ip` varchar(50) DEFAULT NULL,
  `time` datetime DEFAULT NULL,
  `guest` int(3) DEFAULT NULL,
  `admin` int(11) DEFAULT NULL,
  `timeout` datetime DEFAULT NULL,
  `language` int(11) DEFAULT NULL,
  `admin_language` int(11) DEFAULT NULL,
  `cms_language` int(11) DEFAULT NULL,
  PRIMARY KEY (`session_id`),
  KEY `user_id` (`user_id`),
  KEY `time` (`time`),
  KEY `timeout` (`timeout`)
) ENGINE=InnoDB DEFAULT CHARSET=utf8;

--
-- Dumping data for table `ngn_session`
--


--
-- Table structure for table `ngn_sessions`
--

CREATE TABLE `ngn_sessions` (
  `session_id` varchar(50) NOT NULL,
  `user_id` int(11) DEFAULT NULL,
  `user_name` varchar(80) DEFAULT NULL,
  `ip` varchar(50) DEFAULT NULL,
  `time` datetime DEFAULT NULL,
  `guest` int(3) DEFAULT NULL,
  `admin` int(11) DEFAULT NULL,
  `timeout` datetime DEFAULT NULL,
  `language` int(11) DEFAULT NULL,
  `admin_language` int(11) DEFAULT NULL,
  `cms_language` int(11) DEFAULT NULL,
  PRIMARY KEY (`session_id`),
  KEY `user_id` (`user_id`),
  KEY `timeout` (`timeout`),
  KEY `time` (`time`)
) ENGINE=InnoDB DEFAULT CHARSET=utf8;

--
-- Dumping data for table `ngn_sessions`
--

INSERT INTO `ngn_sessions` VALUES ('00002afecc12b5bf1605b8760228b23a',0,'','64.71.131.243','2023-08-04 09:08:48',1,0,'0000-00-00 00:00:00',1,1,NULL),('00005b887f78fc29d38580edbb6c1e31',0,'','212.227.216.12','2023-04-06 05:06:36',1,0,'0000-00-00 00:00:00',2,1,NULL),('000106137409f57b57c8df07d766ecbc',0,'','66.249.66.79','2023-07-14 22:52:53',1,0,'0000-00-00 00:00:00',1,1,NULL),('000379a6bb2309127b195ba959ac0c83',0,'','207.46.13.20','2022-12-23 05:39:59',1,0,'0000-00-00 00:00:00',2,1,NULL),('000427336db4a23d1c562c18578e8592',0,'','60.223.122.163','2023-04-05 20:13:23',1,0,'0000-00-00 00:00:00',1,1,NULL),('0005b55a61f762c0af5a3a2b840a7fa8',0,'','123.183.224.102','2023-03-17 07:09:31',1,0,'0000-00-00 00:00:00',1,1,NULL),('000620749d46b9818e78ee0766934a1d',0,'','185.181.60.12','2023-07-02 11:00:52',1,0,'0000-00-00 00:00:00',1,1,NULL),('00065336c8d9a491fc08ffd564f72c43',0,'','60.223.122.43','2023-03-15 23:58:15',1,0,'0000-00-00 00:00:00',1,1,NULL),('0006ece30367ad91f60300d507edc57b',0,'','176.9.16.209','2023-02-14 10:58:17',1,0,'0000-00-00 00:00:00',2,1,NULL),('0007014bb03733dac70ac97b2a26a39e',0,'','185.191.171.5','2023-03-08 04:16:12',1,0,'0000-00-00 00:00:00',2,1,NULL),('000755ce3f7c802cde54abe6c435a290',0,'','207.46.13.212','2023-04-18 13:03:09',1,0,'0000-00-00 00:00:00',3,1,NULL),('000823bc860ebd9637aa353329fd5211',0,'','66.249.77.86','2023-04-18 08:05:11',1,0,'0000-00-00 00:00:00',1,1,NULL),('0009719dd8f1102b3a598ec42f65066d',0,'','185.191.171.18','2023-03-09 09:52:40',1,0,'0000-00-00 00:00:00',2,1,NULL),('000a44789967b55453f64ffabf1a9bb8',0,'','3.1.189.147','2023-06-08 13:50:47',1,0,'0000-00-00 00:00:00',0,1,NULL),('000addbbfd89df15404d8703f26e410b',0,'','120.229.23.106','2023-01-25 17:59:23',1,0,'0000-00-00 00:00:00',2,1,NULL),('000b29ebc57955d424570ec7ce1c94fe',0,'','54.36.148.133','2023-03-20 07:47:10',1,0,'0000-00-00 00:00:00',2,1,NULL),('000b7a2e6292b4b29c112e735bd8c939',0,'','200.139.24.4','2023-04-12 00:47:06',1,0,'0000-00-00 00:00:00',1,1,NULL),('000b99cc33512b425580ed8fb5e2ab41',0,'','52.167.144.39','2023-03-22 01:18:57',1,0,'0000-00-00 00:00:00',1,1,NULL),('000ca1fc9353b59970e8cbe01af5e89f',0,'','54.86.155.37','2023-08-12 00:04:27',1,0,'0000-00-00 00:00:00',1,1,NULL),('000da5d607e59150c3537ec2d36a2c58',0,'','84.236.49.204','2023-07-10 00:47:23',1,0,'0000-00-00 00:00:00',1,1,NULL),('000e9e6d0d406f767c2bcd5945496122',0,'','49.7.20.89','2023-01-21 23:54:29',1,0,'0000-00-00 00:00:00',2,1,NULL),('000edf7fb5bf24c69005b1f2dfcaa381',0,'','178.58.241.217','2023-01-13 10:47:50',1,0,'0000-00-00 00:00:00',2,1,NULL),('000f4fce5a900b77187fffad3df399cc',0,'','66.249.66.200','2022-11-30 14:34:07',1,0,'0000-00-00 00:00:00',2,1,NULL),('0010e4475f86b75568cafaff8b0b2eb7',0,'','185.244.175.23','2023-04-21 06:09:21',1,0,'0000-00-00 00:00:00',1,1,NULL),('00115b693726d4325a973d0826b7e9bd',0,'','40.77.127.103','2023-01-14 02:54:56',1,0,'0000-00-00 00:00:00',2,1,NULL),('0011c70082b18bb3aabddc840c54c9b2',0,'','72.14.201.54','2023-06-19 00:46:40',1,0,'0000-00-00 00:00:00',1,1,NULL),('0011c9bb1a29daaad776fe7816332ba4',0,'','123.183.224.67','2022-11-20 15:24:56',1,0,'0000-00-00 00:00:00',2,1,NULL),('0012d1bca4aa771abde810360147e2b3',0,'','49.7.21.122','2023-07-24 07:02:56',1,0,'0000-00-00 00:00:00',1,1,NULL),('0012f71d0d1c0beb66936e8ef17932e0',0,'','54.179.52.56','2023-06-13 02:05:20',1,0,'0000-00-00 00:00:00',3,1,NULL),('001376b81c08a1664b7d6f9e4b12e994',0,'','77.75.79.119','2023-02-04 08:35:09',1,0,'0000-00-00 00:00:00',2,1,NULL),('001685c4496ab1ab363dfa3c0e74b4cc',2505,'roman@ifrs.sk','85.248.31.1','2023-06-28 15:13:43',0,0,'0000-00-00 00:00:00',2,1,NULL),('00169e2ae5ea67c32866360b5bb54374',0,'','66.249.69.228','2023-04-13 03:54:04',1,0,'0000-00-00 00:00:00',1,1,NULL),('0016a672d3562e9a7f9e127a35ec65ce',0,'','52.167.144.47','2023-04-13 12:14:40',1,0,'0000-00-00 00:00:00',1,1,NULL),('0017e289567f6ef05fcba2000e9db023',0,'','34.86.177.154','2023-07-19 13:05:56',1,0,'0000-00-00 00:00:00',1,1,NULL),('001948212efa6182049e637aeaf15888',0,'','123.183.224.82','2023-01-09 00:52:19',1,0,'0000-00-00 00:00:00',2,1,NULL),('001a96b0e38084800575ef4fb4f33a2a',0,'','104.43.205.159','2023-01-14 03:08:44',1,0,'0000-00-00 00:00:00',2,1,NULL),('001bee8b68d29c1b8fc339b2f763f72f',0,'','64.71.131.243','2023-06-10 05:41:57',1,0,'0000-00-00 00:00:00',1,1,NULL),('001c107f4c9ee93c196bba288866ae6b',0,'','34.78.96.74','2023-01-20 11:08:50',1,0,'0000-00-00 00:00:00',2,1,NULL),('001ca24a7135df57cc98bf0bd405e7e3',0,'','178.79.140.242','2023-05-30 09:44:36',1,0,'0000-00-00 00:00:00',1,1,NULL),('001d1acf72858416ce8fadf990e4e226',0,'','40.77.167.129','2023-04-27 13:45:36',1,0,'0000-00-00 00:00:00',2,1,NULL),('001d75f8322ed81ba86a72eb0e99aff3',0,'','188.198.104.69','2023-06-16 14:36:30',1,0,'0000-00-00 00:00:00',1,1,NULL),('001dad1c5fc457e28a96207cdca39bad',0,'','110.139.43.154','2023-06-06 08:43:43',1,0,'0000-00-00 00:00:00',1,1,NULL),('001df4e4a77f98b3bd002f77118404d9',0,'','79.45.232.112','2023-06-07 12:54:11',1,0,'0000-00-00 00:00:00',1,1,NULL),('001f3ab413e627a17de65bdb9de4f21d',0,'','54.187.216.72','2023-07-26 12:00:02',1,0,'0000-00-00 00:00:00',1,1,NULL),('0020c87ecf16a96899f52e0a15bb51e4',0,'','61.135.159.212','2023-05-22 14:15:43',1,0,'0000-00-00 00:00:00',1,1,NULL),('00214a036389b88220ce117011963f98',0,'','216.244.66.238','2023-07-23 17:08:42',1,0,'0000-00-00 00:00:00',2,1,NULL),('0021f6fb5ac26804da2d0c37f2e6e413',0,'','136.243.228.193','2023-05-25 07:38:28',1,0,'0000-00-00 00:00:00',1,1,NULL),('002381af430176722c938cf3ef75d1ed',0,'','49.7.21.88','2023-02-15 17:41:00',1,0,'0000-00-00 00:00:00',2,1,NULL),('00254e11230a7d3bd9f8ec8128d65487',0,'','74.125.208.149','2023-05-18 11:43:03',1,0,'0000-00-00 00:00:00',1,1,NULL),('00275c7a1675925c14b00be1eea5b7ca',0,'','216.244.66.238','2023-04-21 03:57:42',1,0,'0000-00-00 00:00:00',2,1,NULL),('00281442feed0215fde229d6e3ddcbfa',0,'','66.249.66.129','2023-08-08 04:35:36',1,0,'0000-00-00 00:00:00',1,1,NULL),('00292d434efbe316df6260fccb3123bf',0,'','52.167.144.153','2023-07-03 08:20:49',1,0,'0000-00-00 00:00:00',2,1,NULL),('00292dc4a9b68726bb41c0765be322d3',0,'','185.191.171.23','2023-01-25 17:00:58',1,0,'0000-00-00 00:00:00',2,1,NULL),('00293c1feb823306790cb0e62b4c5072',0,'','186.179.105.210','2023-07-19 11:23:40',1,0,'0000-00-00 00:00:00',1,1,NULL),('002a9c82bee58bb1fdf903854dbbdf77',0,'','157.55.39.68','2023-01-11 12:36:13',1,0,'0000-00-00 00:00:00',2,1,NULL),('002aae89ada6b2567499194a069dfe04',0,'','66.249.66.196','2023-01-19 14:44:18',1,0,'0000-00-00 00:00:00',2,1,NULL),('002abe3d576fab5e74bd5d2a6f363355',0,'','154.39.239.244','2023-08-08 15:32:22',1,0,'0000-00-00 00:00:00',1,1,NULL),('002b7e81d840f032714cb7b761b34b0b',0,'','66.249.66.33','2023-03-11 11:42:17',1,0,'0000-00-00 00:00:00',2,1,NULL),('002b8a333aabf2f21a8a5e3a581358d0',0,'','123.183.224.101','2023-04-17 22:30:51',1,0,'0000-00-00 00:00:00',1,1,NULL),('002bd18632de6f683d6c30ab438f7e74',0,'','13.80.183.173','2023-01-05 22:33:25',1,0,'0000-00-00 00:00:00',2,1,NULL),('002bd8983c4c3004619e4e7e8e22d8fc',0,'','92.242.36.2','2023-02-01 18:41:58',1,0,'0000-00-00 00:00:00',2,1,NULL),('002bdf68033b2de93c62340e6fb39afb',0,'','216.244.66.238','2023-03-23 09:59:08',1,0,'0000-00-00 00:00:00',2,1,NULL),('002c2824cb1c65a7b885be533336b156',0,'','178.23.220.11','2023-07-29 22:16:16',1,0,'0000-00-00 00:00:00',1,1,NULL),('002d4ea240b34407e6cbe0eafdf55fba',0,'','66.249.64.210','2023-05-11 03:54:51',1,0,'0000-00-00 00:00:00',2,1,NULL),('002da583370e09d3f97cdf41ca871bc8',0,'','54.36.148.226','2023-05-25 06:13:09',1,0,'0000-00-00 00:00:00',1,1,NULL),('002dd46856e61b0ff5e66a4775444e30',0,'','44.212.92.96','2023-03-16 22:41:30',1,0,'0000-00-00 00:00:00',1,1,NULL),('002f6c9110f4b2d57b578d9ef703b31a',0,'','54.202.18.147','2023-07-06 01:03:05',1,0,'0000-00-00 00:00:00',1,1,NULL),('0030a07df75d73f67125232e8344fee8',0,'','44.195.81.124','2023-01-15 13:06:23',1,0,'0000-00-00 00:00:00',2,1,NULL),('0030a9d49ee2778761176ea63ad68ace',0,'','49.7.21.117','2023-06-01 13:03:30',1,0,'0000-00-00 00:00:00',1,1,NULL),('00330331ecdf0fc4a76f834c4731eb8c',0,'','49.7.20.95','2023-03-27 20:20:54',1,0,'0000-00-00 00:00:00',1,1,NULL),('003335b50e2840bde99c7f88d709ac4b',0,'','52.167.144.221','2023-08-03 20:38:27',1,0,'0000-00-00 00:00:00',1,1,NULL),('0033a5e41fe70121e182e82d41d13169',0,'','68.183.54.135','2023-02-27 00:02:12',1,0,'0000-00-00 00:00:00',2,1,NULL),('0034a5ae6eb49a470d42c414f8bb111f',0,'','66.249.66.33','2023-02-25 21:45:32',1,0,'0000-00-00 00:00:00',2,1,NULL),('0034e700dcc36fa7515f2cefdd6807d6',0,'','40.122.36.100','2023-01-14 02:53:04',1,0,'0000-00-00 00:00:00',2,1,NULL),('0034f0c604d3f7422853013f3c5cf17c',0,'','61.135.159.175','2023-01-15 05:33:44',1,0,'0000-00-00 00:00:00',2,1,NULL),('0035eb72796279efe52d61d939195052',0,'','216.244.66.238','2023-05-15 09:36:37',1,0,'0000-00-00 00:00:00',1,1,NULL),('00363574b6e057c86c42d3a6073ee0a3',0,'','18.141.120.22','2023-06-07 21:17:09',1,0,'0000-00-00 00:00:00',2,1,NULL),('0036c9ff2c30cab67766ee4b441cd254',0,'','154.9.34.123','2023-07-15 09:29:29',1,0,'0000-00-00 00:00:00',1,1,NULL),('00385376c35ca7b582c3ade7738c7284',0,'','94.130.237.165','2022-12-12 23:05:32',1,0,'0000-00-00 00:00:00',2,1,NULL),('0038640b6ef6fbb8773cd0c2fec2ae37',0,'','52.167.144.98','2023-02-05 11:02:08',1,0,'0000-00-00 00:00:00',2,1,NULL),('003a6c2b011c31fef567f388f374075c',0,'','54.36.148.141','2023-07-02 16:37:43',1,0,'0000-00-00 00:00:00',1,1,NULL),('003b021cc479c0bf0d1ea7de41ef1e3a',0,'','49.7.20.95','2023-03-23 13:44:02',1,0,'0000-00-00 00:00:00',1,1,NULL),('003b4c7f36295c39a938aea2eb8828a5',0,'','157.55.39.159','2023-01-26 10:44:10',1,0,'0000-00-00 00:00:00',2,1,NULL),('003c3813651352253d7037a17f6e059f',0,'','49.7.21.121','2023-05-09 10:51:23',1,0,'0000-00-00 00:00:00',1,1,NULL),('003c663ef1fcd51c4457bd10dc39e7a9',0,'','123.183.224.66','2023-07-18 13:44:26',1,0,'0000-00-00 00:00:00',1,1,NULL),('003ce94d867688d620a4af0e4373d248',0,'','49.7.21.96','2023-01-19 19:59:23',1,0,'0000-00-00 00:00:00',2,1,NULL),('004051d928aa53ad043f5e2bdb8feb72',0,'','66.249.66.9','2023-03-26 15:34:29',1,0,'0000-00-00 00:00:00',1,1,NULL),('0040fcafd92786f94703047aeace72b9',0,'','54.90.233.153','2023-07-04 10:57:07',1,0,'0000-00-00 00:00:00',2,1,NULL),('0041128f30f0a03e6f3973dca3eb7186',0,'','3.86.35.55','2023-04-20 22:02:54',1,0,'0000-00-00 00:00:00',1,1,NULL),('004312e396f195af2df596665246d401',0,'','217.146.176.204','2023-04-05 12:50:03',1,0,'0000-00-00 00:00:00',1,1,NULL),('004452f210c9d76933ca3dd4e5f1e566',0,'','49.7.21.83','2023-07-02 10:16:47',1,0,'0000-00-00 00:00:00',1,1,NULL),('0044983a08d21be9edb4aa4bbd59f720',0,'','195.250.203.151','2023-06-06 17:53:30',1,0,'0000-00-00 00:00:00',1,1,NULL),('0045e407b1c1f372ff2a9c66083d9259',0,'','185.191.171.5','2022-12-18 21:36:22',1,0,'0000-00-00 00:00:00',2,1,NULL),('0047144956550ad1f72663b8020c7909',0,'','89.58.3.140','2022-09-28 16:11:45',1,0,'0000-00-00 00:00:00',1,1,NULL),('0048868e94eee57c61398b3e2ad727d9',0,'','89.104.100.30','2023-04-13 02:00:48',1,0,'0000-00-00 00:00:00',1,1,NULL),('00491ac6d2c3efab14c92f582588e4fa',0,'','69.171.249.21','2022-12-01 20:11:42',1,0,'0000-00-00 00:00:00',2,1,NULL),('004a5a576b31eafd48c43148c72d5132',0,'','80.187.116.72','2023-03-13 13:24:02',1,0,'0000-00-00 00:00:00',2,1,NULL),('004b77c9691db418228963d7375bf048',0,'','89.212.168.166','2023-06-06 10:21:48',1,0,'0000-00-00 00:00:00',1,1,NULL),('004d1faaaaf7788430593b0237d6facb',0,'','54.36.149.97','2023-02-25 08:42:04',1,0,'0000-00-00 00:00:00',2,1,NULL),('004d9488e2b71dde9a9d3747ce2b739d',0,'','54.36.149.5','2023-02-25 06:57:14',1,0,'0000-00-00 00:00:00',2,1,NULL),('004da0ce52f2cb033fd8bac811b356f9',0,'','174.69.224.109','2023-04-30 05:47:58',1,0,'0000-00-00 00:00:00',1,1,NULL),('004dc27e2c2bad8979fa2e872e030a26',0,'','178.58.51.242','2023-03-24 19:05:25',1,0,'0000-00-00 00:00:00',2,1,NULL),('004e9a14ff0b177030b2df566771172a',0,'','66.249.79.22','2023-04-15 04:29:19',1,0,'0000-00-00 00:00:00',0,1,NULL),('004f657c7b78c4e448b62fe4ba175c55',0,'','183.239.193.237','2023-01-25 15:29:52',1,0,'0000-00-00 00:00:00',2,1,NULL),('004f6d9907a1fc3b1a908334ee55ff9d',0,'','89.143.146.195','2023-05-09 22:57:25',1,0,'0000-00-00 00:00:00',1,1,NULL),('004faae737d176ae9a1717be20b0f6de',0,'','216.244.66.238','2023-08-03 10:49:50',1,0,'0000-00-00 00:00:00',1,1,NULL),('0050524b667990c6f9e43987b825c1f7',0,'','40.77.167.208','2023-08-08 21:06:46',1,0,'0000-00-00 00:00:00',1,1,NULL),('005102825fccdb1ec77ae4e489b70c44',0,'','17.241.227.159','2023-04-07 19:14:14',1,0,'0000-00-00 00:00:00',1,1,NULL),('0051278d09023bfc1f79b6cd22cd52d2',0,'','118.184.177.88','2023-05-13 16:04:21',1,0,'0000-00-00 00:00:00',1,1,NULL),('0051978db63d3be276b5dab13ed39b37',0,'','174.194.130.50','2023-05-05 13:30:57',1,0,'0000-00-00 00:00:00',1,1,NULL),('005223a102cb5adb92aa4f42b98d3ea0',0,'','54.187.216.72','2023-08-14 13:59:16',1,0,'0000-00-00 00:00:00',1,1,NULL),('005391f760bdd14d8201cce09a5f0dfc',0,'','94.130.237.165','2023-01-08 19:43:41',1,0,'0000-00-00 00:00:00',2,1,NULL),('0055eef4d539de133b9f128cd31761be',0,'','217.113.194.106','2023-07-02 00:13:31',1,0,'0000-00-00 00:00:00',1,1,NULL),('0056905cb0c4de8d3c96d7914bada3af',0,'','74.15.193.210','2022-12-08 13:25:39',1,0,'0000-00-00 00:00:00',2,1,NULL),('005765f10d6c22226a2a209858a91866',0,'','176.9.16.209','2023-07-09 22:56:57',1,0,'0000-00-00 00:00:00',1,1,NULL),('00576af7bd91b00cd4e8243297ddae57',0,'','185.191.171.8','2023-06-25 07:16:26',1,0,'0000-00-00 00:00:00',2,1,NULL),('0057fec236a9b5ceaa014850860b6684',0,'','185.191.171.8','2023-07-19 04:06:04',1,0,'0000-00-00 00:00:00',2,1,NULL),('0058512e068d06bcaf6ff4622a3c7efd',0,'','115.73.208.65','2023-02-12 21:38:48',1,0,'0000-00-00 00:00:00',2,1,NULL),('00586be2adffd4950394f27be245e188',0,'','43.156.182.219','2023-05-19 16:12:44',1,0,'0000-00-00 00:00:00',1,1,NULL),('0058f6c03b4a4df5cf378070db53a0ff',0,'','49.7.21.72','2023-02-25 12:30:31',1,0,'0000-00-00 00:00:00',2,1,NULL),('0059860afe0f7467e46d2f5eafc7eae0',0,'','66.249.70.180','2023-02-01 04:20:08',1,0,'0000-00-00 00:00:00',2,1,NULL),('0059f6d657451192f406669eb3014ce9',0,'','185.191.171.26','2023-01-06 07:10:34',1,0,'0000-00-00 00:00:00',2,1,NULL),('005a2a181f97498a4a73135e75c9cc93',0,'','139.144.232.34','2023-04-07 20:05:12',1,0,'0000-00-00 00:00:00',1,1,NULL),('005b0d18868062cb1e7e3fd1eb7295b9',0,'','185.191.171.13','2023-05-26 23:49:23',1,0,'0000-00-00 00:00:00',2,1,NULL),('005ba4c46fa26a99415d01bd55ded77a',0,'','136.243.228.193','2023-07-09 15:41:49',1,0,'0000-00-00 00:00:00',2,1,NULL),('005cda654b9d7f887b5565f2d1511242',0,'','13.90.214.64','2023-08-02 07:10:28',1,0,'0000-00-00 00:00:00',1,1,NULL),('005d30896580bfa5e14f7f5825a02830',0,'','178.58.72.89','2023-04-03 17:47:17',1,0,'0000-00-00 00:00:00',1,1,NULL),('005d3288c22b81ee4e2b933d1c6b92ec',0,'','94.130.237.165','2023-01-08 19:41:23',1,0,'0000-00-00 00:00:00',2,1,NULL),('005d53885cd8e12d601c0f2155871a3b',0,'','54.36.148.251','2023-06-01 19:41:29',1,0,'0000-00-00 00:00:00',1,1,NULL),('005dbcef842c803be5a4884cbbe1d27b',0,'','136.143.177.61','2023-05-19 18:41:18',1,0,'0000-00-00 00:00:00',1,1,NULL),('005dcfcc3c87ce48ae69b2a04737f947',0,'','68.183.54.135','2023-02-27 00:06:26',1,0,'0000-00-00 00:00:00',2,1,NULL),('005fbf40b2f4ee33168072b8d1644151',0,'','188.150.113.180','2023-06-25 18:15:39',1,0,'0000-00-00 00:00:00',1,1,NULL),('006008d87f8403ae874be11331d1c3e5',0,'','43.156.182.219','2023-05-19 16:13:14',1,0,'0000-00-00 00:00:00',1,1,NULL),('006030c30c56c1c7554992912bc3d412',0,'','20.15.133.182','2023-07-11 10:26:41',1,0,'0000-00-00 00:00:00',2,1,NULL),('006046f6d35a73aadde5bb9962011d85',0,'','185.191.171.15','2023-03-20 04:18:18',1,0,'0000-00-00 00:00:00',1,1,NULL),('0060c6e495b98fca7463e4e7f579bb9e',0,'','20.72.171.222','2023-02-08 13:33:43',1,0,'0000-00-00 00:00:00',2,1,NULL),('0060de034b574dab77366fa9dd857f2a',0,'','185.191.171.10','2023-01-30 00:33:23',1,0,'0000-00-00 00:00:00',2,1,NULL),('006330c47760c5f8e2c87886c0fda121',0,'','213.225.11.222','2023-08-04 12:13:14',1,0,'0000-00-00 00:00:00',1,1,NULL),('0064e42317f67f4463aaa88ff9ca641e',0,'','66.249.66.34','2023-07-14 02:56:55',1,0,'0000-00-00 00:00:00',1,1,NULL),('0064e881ee0e75facfaaf622a208945b',0,'','54.187.174.169','2022-12-16 16:45:08',1,0,'0000-00-00 00:00:00',1,1,NULL),('00650fec4d6477d6a0332ba436e5cc4a',0,'','54.90.233.153','2023-07-04 10:56:29',1,0,'0000-00-00 00:00:00',1,1,NULL),('0065496b4a9c5424227f9885f7353b3b',0,'','216.244.66.238','2023-06-17 23:34:27',1,0,'0000-00-00 00:00:00',2,1,NULL),('00658a36afc0e51237255b39acb63770',0,'','217.113.194.69','2023-08-08 22:54:31',1,0,'0000-00-00 00:00:00',2,1,NULL),('0065eafb4185bd68ffe478a4c698b1a3',0,'','45.43.65.150','2022-11-17 03:29:55',1,0,'0000-00-00 00:00:00',2,1,NULL),('00661f4c06f1ffd3392af60ea6d3fb84',0,'','116.179.37.114','2022-12-31 17:49:13',1,0,'0000-00-00 00:00:00',2,1,NULL),('00679d89fc169e03d8cef035a78c0813',0,'','40.77.167.169','2023-07-12 18:40:26',1,0,'0000-00-00 00:00:00',1,1,NULL),('006896ed97d8c929dc716481de9396a4',0,'','185.191.171.5','2023-07-28 17:46:24',1,0,'0000-00-00 00:00:00',1,1,NULL),('0068ab54111d2a8e4d2102a6586678a0',0,'','85.127.95.84','2023-05-08 19:15:22',1,0,'0000-00-00 00:00:00',1,1,NULL),('0068ddee05cad6abf55b4c522f95bb3a',0,'','193.77.216.210','2023-03-24 15:19:53',1,0,'0000-00-00 00:00:00',1,1,NULL),('006adb08ce303604681ee7e5b635c7fb',0,'','69.171.249.4','2023-02-20 17:38:04',1,0,'0000-00-00 00:00:00',2,1,NULL),('006b728d802be1f2113fd9815f173421',0,'','188.230.215.29','2023-04-18 22:07:11',1,0,'0000-00-00 00:00:00',1,1,NULL),('006e5d9e99fd45f5545e2ca0139b058e',0,'','66.249.66.33','2023-08-05 02:40:47',1,0,'0000-00-00 00:00:00',1,1,NULL),('006e5fb85b95c10ed21d6a9daa0964eb',0,'','185.191.171.40','2023-06-02 13:43:11',1,0,'0000-00-00 00:00:00',2,1,NULL),('006fbfc5911d6a3654938efe135ba6d1',0,'','95.176.176.147','2023-08-12 09:57:14',1,0,'0000-00-00 00:00:00',2,1,NULL),('00703967be3082c19ffab63f2067684c',0,'','171.235.170.119','2023-07-19 10:45:49',1,0,'0000-00-00 00:00:00',1,1,NULL),('0070706100adc399aa9dd2c5e38751e0',0,'','176.9.16.209','2023-04-29 11:18:52',1,0,'0000-00-00 00:00:00',2,1,NULL),('00719a04d5c9831407a104566b247bf2',0,'','80.187.100.22','2023-07-20 21:17:50',1,0,'0000-00-00 00:00:00',2,1,NULL),('007222510ebb4e9416057c1665fb1b30',0,'','66.249.64.66','2023-05-23 13:49:23',1,0,'0000-00-00 00:00:00',1,1,NULL),('00744449208371d843d7e47980c0e7f5',0,'','168.151.103.177','2023-05-12 06:29:59',1,0,'0000-00-00 00:00:00',1,1,NULL),('00758d3547cb8f422331c2d37a4e58fe',0,'','46.165.226.166','2023-03-03 17:32:30',1,0,'0000-00-00 00:00:00',2,1,NULL),('007678cf7f124a3f24878aee7d1712f5',0,'','40.77.167.174','2023-02-09 19:57:29',1,0,'0000-00-00 00:00:00',2,1,NULL),('0076960408b69c747da7ca002849f33f',0,'','52.165.168.223','2023-01-14 03:30:02',1,0,'0000-00-00 00:00:00',2,1,NULL),('0077a749c13f6c9107f718f4a7d04918',0,'','158.123.130.2','2023-06-02 10:59:09',1,0,'0000-00-00 00:00:00',1,1,NULL),('0078855a27fbbc6e747798fb3989ae0c',0,'','54.36.148.181','2022-12-14 03:19:28',1,0,'0000-00-00 00:00:00',2,1,NULL),('0078f7f99b22b486c9535dd6f47b2f22',0,'','157.55.39.210','2023-07-02 15:16:10',1,0,'0000-00-00 00:00:00',2,1,NULL),('0079174a1b32e0dbf1e36a4cd8c32a74',0,'','185.219.166.202','2023-03-08 12:22:46',1,0,'0000-00-00 00:00:00',2,1,NULL),('00798e9c8cf4e4cf9f45b7445bb24109',0,'','49.7.20.98','2023-02-06 00:58:42',1,0,'0000-00-00 00:00:00',2,1,NULL),('007a433e57a7628fbc924db2821310a6',0,'','77.75.77.101','2023-04-05 11:21:32',1,0,'0000-00-00 00:00:00',2,1,NULL),('007b1f2a8ecb0d48bb938bc2678d2586',0,'','3.139.61.111','2023-06-17 09:58:51',1,0,'0000-00-00 00:00:00',1,1,NULL),('007beb409621f892ab4fb82ec93b448d',0,'','40.69.167.241','2023-01-14 03:29:44',1,0,'0000-00-00 00:00:00',2,1,NULL),('007c005a78cc34510c18bbc822e5b96c',0,'','185.191.171.23','2023-04-23 22:54:56',1,0,'0000-00-00 00:00:00',2,1,NULL),('007f05c675ff77b277f6832373bd7642',0,'','185.191.171.1','2022-12-17 22:38:22',1,0,'0000-00-00 00:00:00',2,1,NULL),('00800a1f3008941b8ce8802b149981ea',0,'','193.189.172.114','2023-05-14 18:24:45',1,0,'0000-00-00 00:00:00',2,1,NULL),('0080a1b41ffed7977bf9c71274931f35',0,'','116.202.175.208','2023-05-17 13:21:43',1,0,'0000-00-00 00:00:00',2,1,NULL),('0080a21680683295f9c27e97f588412f',0,'','66.249.92.21','2023-01-14 06:47:30',1,0,'0000-00-00 00:00:00',2,1,NULL),('0081314ee337a6df72d277b3cd4b4d3d',0,'','176.9.16.209','2023-02-14 11:00:26',1,0,'0000-00-00 00:00:00',2,1,NULL),('008165dedb829149be647d311d956945',0,'','49.7.21.124','2023-06-20 18:41:06',1,0,'0000-00-00 00:00:00',1,1,NULL),('00832047a2ee85b9a8ab7a7e19e25acd',0,'','185.191.171.3','2023-02-01 00:57:12',1,0,'0000-00-00 00:00:00',2,1,NULL),('0083a02bdd88e717635f98d3682eef5f',0,'','85.215.100.105','2023-04-03 20:52:36',1,0,'0000-00-00 00:00:00',1,1,NULL),('00841ec303375646b4d372a6072fb63a',0,'','216.244.66.238','2023-02-11 00:57:24',1,0,'0000-00-00 00:00:00',2,1,NULL),('0088026165f8ccaa91bbce8321820e8e',0,'','193.77.189.240','2022-09-27 16:55:09',1,0,'0000-00-00 00:00:00',2,1,NULL),('00882b5492895f18d21a1b71763ed4aa',0,'','216.244.66.238','2023-03-30 06:34:30',1,0,'0000-00-00 00:00:00',2,1,NULL),('008968cb28ea8de966f6d370de6d83eb',0,'','185.191.171.17','2023-07-15 10:18:36',1,0,'0000-00-00 00:00:00',2,1,NULL),('008985e275260f97b9ce05a2b079e8a7',0,'','49.7.21.112','2023-07-19 06:31:59',1,0,'0000-00-00 00:00:00',1,1,NULL),('0089be78fee5b43540ce2d38d2e8fa75',0,'','54.36.148.219','2023-07-09 09:05:54',1,0,'0000-00-00 00:00:00',1,1,NULL),('0089f9731f03849bda0da97102e80912',0,'','31.45.214.88','2023-03-26 23:04:52',1,0,'0000-00-00 00:00:00',1,1,NULL),('008a1d15dceaad0b2c978a8cbadfbdc9',0,'','84.255.205.151','2023-05-10 16:44:52',1,0,'0000-00-00 00:00:00',1,1,NULL),('008a497361739f9bc1c6f8677a8d3a93',0,'','192.126.213.115','2023-03-08 08:28:55',1,0,'0000-00-00 00:00:00',2,1,NULL),('008ba7361e249b6d897f26186276df08',0,'','40.77.167.83','2023-08-01 00:05:04',1,0,'0000-00-00 00:00:00',2,1,NULL),('008c989ad1ea95b594399fc7de3120d1',0,'','66.249.66.163','2023-07-13 22:52:21',1,0,'0000-00-00 00:00:00',1,1,NULL),('008cb7b6902b41d6ad02bea3af7ae970',0,'','144.91.79.239','2023-01-06 16:26:39',1,0,'0000-00-00 00:00:00',2,1,NULL),('008d112bccd5b70bfce7d56eb3bb6518',0,'','40.77.167.169','2023-07-12 10:58:53',1,0,'0000-00-00 00:00:00',1,1,NULL),('008d6c0f491250d03b02a297e0f73158',0,'','185.191.171.3','2023-02-11 23:31:58',1,0,'0000-00-00 00:00:00',2,1,NULL),('008e1b828d3f72b5d1e42a80af1349e8',0,'','193.186.4.98','2023-03-18 17:15:31',1,0,'0000-00-00 00:00:00',1,1,NULL),('008e20c8d0c5566e1f96b895d8c4f3a9',0,'','40.77.167.169','2023-07-12 02:58:19',1,0,'0000-00-00 00:00:00',1,1,NULL),('008ebd323d2d0de73301e83e0f61747b',0,'','54.36.148.182','2023-06-18 07:07:00',1,0,'0000-00-00 00:00:00',2,1,NULL),('00906d39ef775d17345789fb41d02230',0,'','176.9.16.209','2023-01-20 06:50:26',1,0,'0000-00-00 00:00:00',2,1,NULL),('00916301646e709432fe83f85370e39c',0,'','23.239.17.95','2023-04-16 19:43:54',1,0,'0000-00-00 00:00:00',1,1,NULL),('0091f3bf20bca31c985ad8a2dc49fc46',0,'','44.192.75.196','2023-01-30 05:02:10',1,0,'0000-00-00 00:00:00',2,1,NULL),('0093280b3454971d9447d53c8af2e366',0,'','216.244.66.238','2023-02-21 05:25:19',1,0,'0000-00-00 00:00:00',2,1,NULL),('009369b2ea22d816fced854efc9188f5',0,'','185.191.171.6','2023-08-02 05:00:50',1,0,'0000-00-00 00:00:00',2,1,NULL),('0093d9cdaab8b641bcc4deef106efcb3',0,'','123.125.109.104','2023-08-12 15:42:45',1,0,'0000-00-00 00:00:00',1,1,NULL),('0094979f61594b87c80bc8d12704de9a',0,'','49.7.21.121','2023-05-12 00:27:22',1,0,'0000-00-00 00:00:00',1,1,NULL),('00955769abc7adf9313fbffa1d048913',0,'','40.77.167.216','2023-08-02 15:47:08',1,0,'0000-00-00 00:00:00',1,1,NULL),('0095da7f42cfc6ae802bdf292375b2eb',0,'','49.7.20.92','2023-01-02 07:11:22',1,0,'0000-00-00 00:00:00',2,1,NULL),('0096bd1e46db2fe6367c46df085318b8',0,'','66.249.66.79','2023-05-04 04:02:39',1,0,'0000-00-00 00:00:00',2,1,NULL),('00978c1c1ce12548b676302702944697',0,'','172.105.248.125','2023-07-24 14:07:37',1,0,'0000-00-00 00:00:00',1,1,NULL),('00987f29ecf4869dc05608c6bd60102a',0,'','216.244.66.238','2023-06-18 00:00:46',1,0,'0000-00-00 00:00:00',3,1,NULL),('0098f1afa579171dfa8b543ef3ca9595',0,'','40.77.167.26','2022-12-03 09:01:12',1,0,'0000-00-00 00:00:00',2,1,NULL),('009959500249288ef8b3fbf85999d828',0,'','122.10.16.230','2023-01-09 15:34:35',1,0,'0000-00-00 00:00:00',2,1,NULL),('009a958c45c2287b2a9e8673dcbb0eb8',0,'','66.249.92.32','2023-02-22 07:42:04',1,0,'0000-00-00 00:00:00',2,1,NULL),('009d05a31ccf3f863b3ef9ffd04aed78',0,'','52.167.144.90','2023-06-14 17:53:18',1,0,'0000-00-00 00:00:00',2,1,NULL),('009eaea09a6169611f2fad766880d6a3',0,'','188.197.118.104','2023-07-14 20:27:33',1,0,'0000-00-00 00:00:00',1,1,NULL),('009fcd119365386c6d60541c4b867824',0,'','52.167.144.70','2023-03-03 16:04:30',1,0,'0000-00-00 00:00:00',2,1,NULL),('00a0ddc4eefb91a70ff817056d47477d',0,'','50.27.51.228','2023-08-10 06:32:47',1,0,'0000-00-00 00:00:00',1,1,NULL),('00a23720595c267160b9d4aebd1777ab',0,'','46.123.242.249','2023-05-21 15:38:43',1,0,'0000-00-00 00:00:00',1,1,NULL),('00a2b58acb1832abbd03e66aca16ca30',0,'','69.63.184.120','2023-06-11 13:56:37',1,0,'0000-00-00 00:00:00',1,1,NULL),('00a3227203d2045e5b6b2a2d18e94bf0',0,'','54.187.205.235','2023-06-02 19:08:45',1,0,'0000-00-00 00:00:00',1,1,NULL),('00a3b3d569a13670b111b247ab7d5a00',0,'','54.174.88.241','2023-08-02 20:53:35',1,0,'0000-00-00 00:00:00',1,1,NULL),('00a4233e99ba4944cee4783274061fda',0,'','216.244.66.238','2023-05-28 08:00:53',1,0,'0000-00-00 00:00:00',1,1,NULL),('00a48abc83bd69a5e9b2448a75c0606d',0,'','43.156.166.158','2023-05-21 07:55:09',1,0,'0000-00-00 00:00:00',1,1,NULL),('00a4a0613cc49295b7ae5bc72d7a456d',0,'','62.47.227.34','2023-03-04 11:39:24',1,0,'0000-00-00 00:00:00',2,1,NULL),('00a53c0a66d974b4a4cdf329552e17f1',0,'','176.9.16.209','2023-03-11 19:38:28',1,0,'0000-00-00 00:00:00',2,1,NULL),('00a58717f4d71f7095b510fccf9b188c',0,'','136.243.228.193','2023-05-25 07:34:12',1,0,'0000-00-00 00:00:00',2,1,NULL),('00a671e731b7e3d809f645d6f6e76bf9',0,'','185.191.171.19','2023-01-09 15:13:14',1,0,'0000-00-00 00:00:00',2,1,NULL),('00a6a819b0d461a01daa15c839ef9df8',0,'','176.9.16.209','2023-07-09 22:16:54',1,0,'0000-00-00 00:00:00',2,1,NULL),('00a817c10f922c67471e93173aca5ae8',0,'','52.206.84.190','2023-05-05 03:15:45',1,0,'0000-00-00 00:00:00',1,1,NULL),('00a8f0b1679e3e47d00e7a2b39bbf299',0,'','205.164.56.154','2023-01-21 21:31:39',1,0,'0000-00-00 00:00:00',2,1,NULL),('00a8f6296246611d3cc3d97aa39787af',0,'','77.241.136.108','2023-02-21 14:39:28',1,0,'0000-00-00 00:00:00',2,1,NULL),('00a9a2ded5fe8d9229c71d8937b15292',0,'','182.150.1.23','2023-06-21 09:39:47',1,0,'0000-00-00 00:00:00',1,1,NULL),('00a9a64ca0df0c763f9a2953b2c02abe',0,'','49.7.20.95','2023-02-03 21:23:53',1,0,'0000-00-00 00:00:00',2,1,NULL),('00a9cb07c1e3c5ed512aa17918b4daac',0,'','185.191.171.22','2023-02-09 10:33:28',1,0,'0000-00-00 00:00:00',2,1,NULL),('00a9e14807b389ef9abb0804971aa290',0,'','193.77.189.240','2022-10-17 11:41:37',1,0,'0000-00-00 00:00:00',1,1,NULL),('00aabdcc028730c71593c7c4d5e95097',0,'','193.77.189.240','2022-08-24 17:30:56',1,0,'0000-00-00 00:00:00',2,1,NULL),('00ab6b926934c019703dc5d721a18d51',0,'','121.40.163.19','2023-06-02 14:33:21',1,0,'0000-00-00 00:00:00',1,1,NULL),('00abd0571b3d10ea796f1b972c09f0f6',0,'','49.7.20.98','2023-01-09 09:46:10',1,0,'0000-00-00 00:00:00',2,1,NULL),('00ac088b4181f7753c9580444dbb11b8',0,'','20.15.133.160','2023-08-03 19:36:15',1,0,'0000-00-00 00:00:00',2,1,NULL),('00ac358d754d8fed03811feea6df7e94',0,'','188.198.42.13','2023-01-06 17:21:49',1,0,'0000-00-00 00:00:00',2,1,NULL),('00ac7bb6f64df0d465868cd1f2f8bb14',0,'','23.248.199.122','2023-08-01 13:50:14',1,0,'0000-00-00 00:00:00',1,1,NULL),('00acc9b4e173cff9cdaf0a352fe56f1a',0,'','20.224.100.188','2023-04-01 04:53:01',1,0,'0000-00-00 00:00:00',1,1,NULL),('00acdcdc04f25597f2bf61ac740bb24c',0,'','188.197.118.104','2023-07-14 20:27:33',1,0,'0000-00-00 00:00:00',1,1,NULL),('00ad4d9c3d0f247ba264239dc02f2f25',0,'','216.244.66.238','2023-06-13 18:40:28',1,0,'0000-00-00 00:00:00',2,1,NULL),('00ae0348a2f59c8a84162c783867c622',0,'','66.249.66.76','2023-04-03 22:34:22',1,0,'0000-00-00 00:00:00',1,1,NULL),('00af12f0231a504c937d65b00df78100',0,'','66.249.66.81','2023-08-14 13:36:49',1,0,'0000-00-00 00:00:00',1,1,NULL),('00af9d4c56c022180241d669fc5da148',0,'','54.36.148.81','2022-11-29 23:42:25',1,0,'0000-00-00 00:00:00',2,1,NULL),('00b0d6065e0205a83e538dd277d1a15d',0,'','66.249.64.70','2023-04-22 17:39:17',1,0,'0000-00-00 00:00:00',1,1,NULL),('00b194707cca03cd73bda14be40ac745',0,'','46.123.242.8','2023-03-20 22:02:09',1,0,'0000-00-00 00:00:00',1,1,NULL),('00b2b0598a49fce527334e37ec2a9e9c',0,'','216.244.66.238','2023-04-16 10:38:58',1,0,'0000-00-00 00:00:00',1,1,NULL),('00b39afd55c61a3cc0d711f5af94ef26',0,'','49.7.21.116','2023-01-21 12:08:41',1,0,'0000-00-00 00:00:00',2,1,NULL),('00b45e69ca3c4b69dd0d84459441c7ff',0,'','123.183.224.25','2023-02-21 07:12:32',1,0,'0000-00-00 00:00:00',2,1,NULL),('00b4a4aee3ce821df7689cd84369c722',0,'','170.187.194.251','2023-04-16 17:33:58',1,0,'0000-00-00 00:00:00',1,1,NULL),('00b4f995b1d0d6f79212b51358c2e9bf',0,'','104.200.19.24','2023-07-24 14:09:12',1,0,'0000-00-00 00:00:00',1,1,NULL),('00b51547df38666186893b33215f60d6',0,'','185.191.171.35','2023-02-13 18:04:11',1,0,'0000-00-00 00:00:00',2,1,NULL),('00b645c7f2a9fc8598a195a63b79412f',0,'','52.167.144.162','2023-03-16 05:24:29',1,0,'0000-00-00 00:00:00',1,1,NULL),('00b6c91beaadb8e492ff34cc9dd77f11',0,'','185.191.171.33','2023-02-16 02:23:27',1,0,'0000-00-00 00:00:00',2,1,NULL),('00b70f9db8c8fff3077fe3d262295c48',0,'','74.125.208.137','2023-07-24 00:27:40',1,0,'0000-00-00 00:00:00',1,1,NULL),('00b84a583f6c8052c345742c45a67a61',0,'','81.182.255.154','2023-04-08 00:45:47',1,0,'0000-00-00 00:00:00',1,1,NULL),('00b8cbf8843d22297a515cf6c3199a72',0,'','66.249.66.196','2023-07-11 16:51:40',1,0,'0000-00-00 00:00:00',1,1,NULL),('00b9320267627ffabf118de897068488',0,'','185.191.171.35','2023-04-13 16:18:12',1,0,'0000-00-00 00:00:00',2,1,NULL),('00b95ec608ebb221082eb3177121df7a',0,'','66.249.66.81','2023-07-16 05:04:56',1,0,'0000-00-00 00:00:00',1,1,NULL),('00b98a5ba1779e004ecd2b5baa0fe0e4',0,'','162.241.85.189','2023-06-24 21:47:56',1,0,'0000-00-00 00:00:00',1,1,NULL),('00ba3df1b91d3e887697ac8472319864',0,'','131.153.142.170','2023-08-14 09:18:47',1,0,'0000-00-00 00:00:00',1,1,NULL),('00bc3cbda2e924deb6e5a93bebb58019',0,'','193.77.189.240','2023-01-27 16:54:58',1,0,'0000-00-00 00:00:00',2,1,NULL),('00bc46668c0269a3c1a8940cd8da6013',0,'','66.249.70.180','2023-01-24 18:16:34',1,0,'0000-00-00 00:00:00',2,1,NULL),('00bc7575b6801417a82fd4d05efb9ecf',0,'','185.191.171.40','2023-06-02 06:37:50',1,0,'0000-00-00 00:00:00',3,1,NULL),('00bdc8fc60e4c08ce20bd880077ebdf5',0,'','123.125.109.134','2023-06-14 08:11:51',1,0,'0000-00-00 00:00:00',1,1,NULL),('00c27d9e0ee1ac1f2086a73a8a7562e4',0,'','103.254.226.68','2023-05-07 20:50:02',1,0,'0000-00-00 00:00:00',1,1,NULL),('00c4e5ba008755362ed3b8fe56fd1a4c',0,'','68.183.54.135','2023-02-27 00:08:36',1,0,'0000-00-00 00:00:00',2,1,NULL),('00c504812622cca07b0f5623cdfa0a59',0,'','61.135.159.175','2022-12-25 18:02:45',1,0,'0000-00-00 00:00:00',2,1,NULL),('00c5372ca97f9d9551107259ea8c975b',0,'','84.52.134.211','2022-11-25 22:46:25',1,0,'0000-00-00 00:00:00',2,1,NULL),('00c594d5e0750848686be2bf7002d094',0,'','157.55.39.159','2023-01-26 01:42:48',1,0,'0000-00-00 00:00:00',2,1,NULL),('00c6a9c7218a8dd31365d106bc9f315d',0,'','82.165.224.66','2023-05-24 10:36:15',1,0,'0000-00-00 00:00:00',2,1,NULL),('00c7217c5eff15b007ddcc5c8c1859cd',0,'','54.36.148.76','2023-08-07 03:50:37',1,0,'0000-00-00 00:00:00',1,1,NULL),('00c7256f2d1a713d6229cc3a58793283',0,'','65.109.158.43','2023-06-24 09:18:46',1,0,'0000-00-00 00:00:00',2,1,NULL),('00c7360ad039e72631e12ea064a88934',0,'','185.191.171.37','2023-03-08 00:38:41',1,0,'0000-00-00 00:00:00',2,1,NULL),('00c7daf9eaafa64814db560c958b7539',0,'','3.232.50.116','2023-06-06 01:07:45',1,0,'0000-00-00 00:00:00',1,1,NULL),('00c8d302f577a9ece4154293c4890424',0,'','74.125.208.147','2023-05-09 02:29:03',1,0,'0000-00-00 00:00:00',1,1,NULL),('00c92261dddfbdfa0a448b905022fd21',0,'','216.244.66.238','2023-08-15 19:06:06',1,0,'0000-00-00 00:00:00',2,1,NULL),('00c968295e9423f076b998505e49c8ff',0,'','143.42.189.61','2023-05-30 17:12:04',1,0,'0000-00-00 00:00:00',1,1,NULL),('00cc71bc31de4fce80f0b373fb5c438f',0,'','20.120.20.66','2023-01-16 19:52:24',1,0,'0000-00-00 00:00:00',2,1,NULL),('00ccdd43d057eaf18705b6fa981a1ad7',0,'','89.212.206.24','2023-03-20 20:25:41',1,0,'0000-00-00 00:00:00',1,1,NULL),('00cdc528b0a678e33053ed8f53080cef',0,'','54.184.63.18','2023-07-26 00:19:04',1,0,'0000-00-00 00:00:00',1,1,NULL),('00ce0dd1a16ed8346029d346511767ef',0,'','217.196.65.20','2022-12-09 02:58:40',1,0,'0000-00-00 00:00:00',2,1,NULL),('00cfd026d6373c85e39e213c01f8c242',0,'','185.191.171.19','2023-02-13 20:56:39',1,0,'0000-00-00 00:00:00',2,1,NULL),('00cfd64a2233fbd74886ef3fd6d70cab',0,'','66.249.66.34','2023-03-09 14:41:16',1,0,'0000-00-00 00:00:00',2,1,NULL),('00cfda05e2ac8bbd746bb55693882991',0,'','66.249.66.163','2023-06-22 02:52:04',1,0,'0000-00-00 00:00:00',0,1,NULL),('00d0f302e1cb39b1548f1bbd35f641b4',0,'','54.36.148.152','2023-06-25 12:12:01',1,0,'0000-00-00 00:00:00',1,1,NULL),('00d25926ceb3fa9b82b5ec079d0f6ff2',0,'','45.39.65.106','2023-01-24 20:10:37',1,0,'0000-00-00 00:00:00',2,1,NULL),('00d319b2699924b8bf2352225dafd7b5',0,'','207.46.13.209','2023-06-26 14:13:29',1,0,'0000-00-00 00:00:00',1,1,NULL),('00d51826a7b9c7965b81cc037d1d1277',0,'','185.191.171.15','2022-12-18 13:44:38',1,0,'0000-00-00 00:00:00',2,1,NULL),('00d51c39b1032c5574790180c659516e',0,'','107.172.225.61','2023-02-27 04:19:39',1,0,'0000-00-00 00:00:00',2,1,NULL),('00d5484f2f7806639181ce37e3cbffd8',0,'','193.186.4.98','2023-01-25 23:51:52',1,0,'0000-00-00 00:00:00',2,1,NULL),('00d5618873039cff054bf34314f13839',0,'','122.10.16.216','2022-11-15 13:41:13',1,0,'0000-00-00 00:00:00',2,1,NULL),('00d646696b314a71bb747ea34734ff40',0,'','40.77.167.246','2023-03-24 17:45:54',1,0,'0000-00-00 00:00:00',1,1,NULL),('00d7b56fd26a7ddf33456fe64c0a3791',0,'','61.147.93.228','2023-08-08 20:51:28',1,0,'0000-00-00 00:00:00',1,1,NULL),('00d7e05e810334cf4c17e5bbdbfa2630',0,'','94.6.50.140','2022-11-26 16:57:07',1,0,'0000-00-00 00:00:00',2,1,NULL),('00d82d8a255b78dc0dbb10a9888f8757',0,'','66.249.66.34','2023-03-08 13:25:54',1,0,'0000-00-00 00:00:00',2,1,NULL),('00d842d2f06d061f1f14abff1f10f2cb',0,'','49.7.20.89','2023-02-07 12:02:51',1,0,'0000-00-00 00:00:00',2,1,NULL),('00d982335df7bd84f72ae4a431a324d2',0,'','34.213.9.85','2023-02-14 00:11:12',1,0,'0000-00-00 00:00:00',2,1,NULL),('00d98fabcbc6a8efc41476de159cefe9',0,'','34.243.60.125','2023-02-05 08:25:22',1,0,'0000-00-00 00:00:00',2,1,NULL),('00d9a4ace60b69d30b3ae8fd1584a77e',0,'','77.118.119.242','2023-08-15 15:21:53',1,0,'0000-00-00 00:00:00',1,1,NULL),('00d9dc47e5542609cdb83f160ed362e8',0,'','193.77.189.240','2022-03-18 13:17:36',1,0,'0000-00-00 00:00:00',1,1,NULL),('00d9f53af64d23f2ee66df641d3c4dbf',0,'','52.167.144.173','2023-05-13 14:42:15',1,0,'0000-00-00 00:00:00',2,1,NULL),('00d9fa417f986d1498ad85fcca794f47',0,'','182.180.96.203','2023-05-13 08:28:53',1,0,'0000-00-00 00:00:00',1,1,NULL),('00da0bd757ba312d7d9c2451546f7a4d',0,'','34.86.177.154','2023-01-11 13:13:36',1,0,'0000-00-00 00:00:00',2,1,NULL),('00da9e884ae8f4efdc2c4df12afa1871',0,'','77.75.79.31','2023-03-24 22:37:29',1,0,'0000-00-00 00:00:00',2,1,NULL),('00dba0f2c22b284e6bf7884e819ab372',0,'','216.244.66.238','2023-08-08 11:58:28',1,0,'0000-00-00 00:00:00',3,1,NULL),('00dba5fdebcd32f6693171a54348131b',0,'','45.77.85.70','2023-02-11 01:47:12',1,0,'0000-00-00 00:00:00',2,1,NULL),('00dd4ddc7f88b4f291066b779e9ab92d',0,'','216.244.66.238','2023-04-04 08:38:01',1,0,'0000-00-00 00:00:00',2,1,NULL),('00ddb01461f081b883992e89185571d1',0,'','185.191.171.23','2023-05-29 16:49:51',1,0,'0000-00-00 00:00:00',1,1,NULL),('00de51307e0a87fc3c4976ecc779df2b',0,'','66.249.66.81','2023-08-03 09:59:49',1,0,'0000-00-00 00:00:00',1,1,NULL),('00e0d42dbfc9b72dbeb34c74c0809533',0,'','18.246.71.15','2023-03-27 13:18:29',1,0,'0000-00-00 00:00:00',1,1,NULL),('00e112b0e367def890bd77746cc3cba5',2253,'ryan.werder@ef.org','3.232.50.116','2023-06-06 01:07:45',0,0,'0000-00-00 00:00:00',1,1,NULL),('00e11a8889c468eebf1614f821337c42',0,'','185.191.171.17','2023-06-13 13:53:17',1,0,'0000-00-00 00:00:00',2,1,NULL),('00e1e42752efae5a40c75ecf7d922722',0,'','82.165.224.34','2023-05-30 11:18:26',1,0,'0000-00-00 00:00:00',1,1,NULL),('00e20b0f8a3ced34d75931b5c03be67b',0,'','94.21.219.59','2023-05-05 20:22:01',1,0,'0000-00-00 00:00:00',2,1,NULL),('00e2a4189479182fa3e8230f5cbcd5c9',0,'','141.3.143.208','2023-05-08 14:49:37',1,0,'0000-00-00 00:00:00',1,1,NULL),('00e371a5c0aa4ed72cea09e6989e4013',0,'','64.124.8.21','2023-03-06 08:12:42',1,0,'0000-00-00 00:00:00',2,1,NULL),('00e42126766d380757f62f2dc8a69a8f',0,'','79.124.59.74','2023-06-11 16:00:59',1,0,'0000-00-00 00:00:00',0,1,NULL),('00e46b4966e2ab4cec32981423ed180b',0,'','198.74.48.189','2023-06-27 15:45:09',1,0,'0000-00-00 00:00:00',1,1,NULL),('00e49721d55cd816d227a0bb403ca7d5',0,'','74.125.208.5','2023-03-20 18:44:56',1,0,'0000-00-00 00:00:00',1,1,NULL),('00e619a8ef39a62760081a897bb23ae2',0,'','69.160.160.50','2023-07-06 00:23:30',1,0,'0000-00-00 00:00:00',1,1,NULL),('00e6ebd8d86a1e4360c2acfe719cfcb9',0,'','52.167.144.78','2023-05-27 09:04:14',1,0,'0000-00-00 00:00:00',1,1,NULL),('00e753be55dcba585d0f84d38d9d55e3',0,'','157.55.39.68','2023-01-23 03:51:40',1,0,'0000-00-00 00:00:00',2,1,NULL),('00e7eca79743642ce2490a9be320b598',0,'','176.9.16.209','2023-02-14 10:54:37',1,0,'0000-00-00 00:00:00',2,1,NULL),('00e86ed39013e931d65452b5b74611b4',0,'','165.232.32.26','2023-05-01 21:58:46',1,0,'0000-00-00 00:00:00',1,1,NULL),('00e89350d7477a6a56cbd3b929d6f4a4',0,'','54.147.220.109','2023-03-06 17:46:00',1,0,'0000-00-00 00:00:00',2,1,NULL),('00e9d2095c43ad292a03e9fc0ea33a5f',0,'','65.108.99.174','2023-04-07 06:13:34',1,0,'0000-00-00 00:00:00',1,1,NULL),('00ea1abf8c9c510e4896759334ec4410',0,'','185.191.171.21','2023-07-02 08:24:26',1,0,'0000-00-00 00:00:00',2,1,NULL),('00eaeaab4084ff4cab9508911bd870d9',0,'','185.191.171.2','2023-01-29 00:29:00',1,0,'0000-00-00 00:00:00',2,1,NULL),('00ecc7f884631156841c8c8b09532d52',0,'','185.191.171.5','2023-05-16 06:07:55',1,0,'0000-00-00 00:00:00',1,1,NULL),('00eee6f1361682dd92d390ea5ead601f',0,'','66.249.66.10','2023-03-31 03:33:57',1,0,'0000-00-00 00:00:00',1,1,NULL),('00f091c691020e9c61879b6e9fca63c9',0,'','217.113.194.89','2023-06-01 08:40:01',1,0,'0000-00-00 00:00:00',2,1,NULL),('00f1287e62262a176b8e34065f2bf432',0,'','185.191.171.43','2023-02-20 21:25:15',1,0,'0000-00-00 00:00:00',2,1,NULL),('00f13e72b03bb338bf44b4b0a0475f14',0,'','95.163.255.18','2022-11-24 21:25:46',1,0,'0000-00-00 00:00:00',2,1,NULL),('00f2faf49874bf879aacdb6c4474a85c',0,'','17.241.219.228','2022-12-17 13:40:43',1,0,'0000-00-00 00:00:00',2,1,NULL),('00f30ee7d38c36b1138d9e2e4c4e7f1f',0,'','61.135.159.201','2023-07-10 18:36:12',1,0,'0000-00-00 00:00:00',1,1,NULL),('00f4686ce863038de1661d3798e5f849',0,'','93.103.9.29','2023-04-05 17:28:48',1,0,'0000-00-00 00:00:00',1,1,NULL),('00f4d96e826d0f44ade1e90465b0633f',0,'','216.244.66.238','2023-03-18 08:59:29',1,0,'0000-00-00 00:00:00',0,1,NULL),('00f5f80e9ebc0cbdd598f02c9baf6d08',0,'','68.183.54.135','2023-02-27 00:07:30',1,0,'0000-00-00 00:00:00',2,1,NULL),('00f60c2080aa034dcb8427096da9d8c5',0,'','188.197.118.104','2023-07-14 20:28:49',1,0,'0000-00-00 00:00:00',1,1,NULL),('00f80a12e4591d114de294e237f0adf3',0,'','54.36.148.166','2022-11-15 09:39:09',1,0,'0000-00-00 00:00:00',2,1,NULL),('00fa6e9facfb818b3b1c8bbfe6e815a4',0,'','66.249.66.80','2023-07-16 11:59:01',1,0,'0000-00-00 00:00:00',2,1,NULL),('00fa76395699bb8b6e7aac81ff67927a',0,'','213.16.114.36','2023-01-17 16:49:38',1,0,'0000-00-00 00:00:00',2,1,NULL),('00fb66629be8f5658bdc2771d2c8a478',0,'','185.191.171.35','2023-01-07 04:54:26',1,0,'0000-00-00 00:00:00',2,1,NULL),('00fba21c727664328a47fdec401cf098',0,'','173.252.83.15','2023-02-21 17:51:26',1,0,'0000-00-00 00:00:00',2,1,NULL),('00fd4d9d2ad33cdbedc1306b758618be',0,'','144.91.79.239','2022-11-14 17:36:51',1,0,'0000-00-00 00:00:00',2,1,NULL),('00fe5509ebf198efe8bb496d0c5152a3',0,'','66.249.66.198','2023-07-15 17:25:23',1,0,'0000-00-00 00:00:00',1,1,NULL),('00ffc813559da554bb0f6ac638ff7c49',0,'','185.191.171.5','2023-03-30 04:36:32',1,0,'0000-00-00 00:00:00',2,1,NULL),('010020abe1d86b5d5e9da3f66117bd96',0,'','149.56.160.151','2023-02-22 04:36:53',1,0,'0000-00-00 00:00:00',2,1,NULL),('0102dee9b081dea1dc2b9314628de8f9',0,'','216.244.66.238','2023-07-02 18:08:13',1,0,'0000-00-00 00:00:00',1,1,NULL),('0104559ef81787beb7eca1e021dbaa7f',0,'','20.7.51.174','2023-02-14 12:49:40',1,0,'0000-00-00 00:00:00',2,1,NULL),('01048d1974afa36111a090cf4f03bb46',0,'','123.183.224.96','2023-06-11 21:54:52',1,0,'0000-00-00 00:00:00',1,1,NULL),('0106b37b3e746d954a280c42df1fe963',0,'','61.135.159.175','2022-12-26 05:51:12',1,0,'0000-00-00 00:00:00',2,1,NULL),('0106e85939c681c3374a16569df63584',0,'','89.142.148.98','2022-11-23 12:03:50',1,0,'0000-00-00 00:00:00',2,1,NULL),('01073ac046c8ae7a704cb5fa96d1541f',0,'','66.249.66.79','2023-05-26 18:23:20',1,0,'0000-00-00 00:00:00',1,1,NULL),('0108259b3b8baa0e0aec7c4e5a719ebd',0,'','54.36.148.230','2023-04-15 08:47:29',1,0,'0000-00-00 00:00:00',1,1,NULL),('0108504ca962fbee96e10d259cde7343',0,'','66.249.66.80','2023-04-26 18:40:34',1,0,'0000-00-00 00:00:00',1,1,NULL),('010899abb94b673467d17ace674b2cda',0,'','204.11.182.103','2023-03-24 12:18:11',1,0,'0000-00-00 00:00:00',1,1,NULL),('0109237d5ff98c98674510c7d2975428',0,'','194.6.242.249','2023-04-04 10:23:19',1,0,'0000-00-00 00:00:00',1,1,NULL),('01092ea5bdb1bad3edc33a13ccb42c76',0,'','61.135.159.139','2023-06-11 13:19:52',1,0,'0000-00-00 00:00:00',1,1,NULL),('0109f257d6ef7ed643650198d427dba2',0,'','54.36.148.130','2023-04-14 22:38:14',1,0,'0000-00-00 00:00:00',1,1,NULL),('010ab50c629f2474b6780f30d449ed87',0,'','123.183.224.65','2023-05-12 15:45:16',1,0,'0000-00-00 00:00:00',1,1,NULL),('010d6b1f1ac56804efdaac58aa187616',0,'','61.135.159.175','2023-01-07 17:56:32',1,0,'0000-00-00 00:00:00',2,1,NULL),('010dc79cfe74106800053b491ceffbea',0,'','144.217.135.144','2023-05-23 19:33:01',1,0,'0000-00-00 00:00:00',2,1,NULL),('010dc85ae7549a27f1acf985548865be',0,'','80.187.100.173','2023-05-08 22:05:42',1,0,'0000-00-00 00:00:00',2,1,NULL),('010e0886d0710ecc778371ead4a541a4',0,'','86.61.81.160','2023-04-15 22:53:39',1,0,'0000-00-00 00:00:00',1,1,NULL),('010f339360ec87eb36322c4e126f6d22',0,'','216.244.66.238','2023-04-28 08:28:03',1,0,'0000-00-00 00:00:00',2,1,NULL),('010f457e2dc6d784f2eead9b68f24052',0,'','185.191.171.23','2023-05-30 03:01:35',1,0,'0000-00-00 00:00:00',1,1,NULL),('011022f5121a35ed8bfe699213dcddb5',0,'','65.108.99.109','2023-01-11 19:57:19',1,0,'0000-00-00 00:00:00',2,1,NULL),('0110fb7758d9d8236a33267fa361e1dd',0,'','65.21.35.238','2023-08-07 06:29:10',1,0,'0000-00-00 00:00:00',1,1,NULL),('0111458084e27950f6fdc0be657da221',0,'','185.191.171.21','2023-07-16 07:22:34',1,0,'0000-00-00 00:00:00',2,1,NULL),('0111d173492e3002583e0650248813f3',0,'','185.191.171.18','2023-02-20 23:21:04',1,0,'0000-00-00 00:00:00',2,1,NULL),('0111ef14da3c9329ae3657a1406d6cc0',0,'','84.196.150.136','2023-01-06 19:07:16',1,0,'0000-00-00 00:00:00',2,1,NULL),('01124d82c44ad28f846c9db9c1ed88e0',0,'','35.207.127.39','2023-02-18 19:40:38',1,0,'0000-00-00 00:00:00',2,1,NULL),('011287566494241d2dec412c20e2b380',0,'','185.191.171.5','2023-04-01 08:50:42',1,0,'0000-00-00 00:00:00',1,1,NULL),('0113301bdbd83fc807fa89b3870316d5',0,'','54.36.149.49','2022-12-03 03:03:08',1,0,'0000-00-00 00:00:00',2,1,NULL),('011402f66fa73596a8a4f738b04101c4',0,'','43.154.234.66','2023-08-09 14:07:19',1,0,'0000-00-00 00:00:00',1,1,NULL),('01144440d17c945fec16ca1c5a4c549a',0,'','66.249.66.33','2023-06-26 15:54:02',1,0,'0000-00-00 00:00:00',1,1,NULL),('0114abedf942fcb6e6774e0ea97f6af5',0,'','173.252.87.14','2023-06-09 16:05:38',1,0,'0000-00-00 00:00:00',1,1,NULL),('01157eabb7d8df64d9e62828324aed87',0,'','185.191.171.39','2023-04-03 03:59:54',1,0,'0000-00-00 00:00:00',1,1,NULL),('0115daf6b39fcd515f3d4e6d915413dc',0,'','45.79.90.12','2023-05-30 02:37:27',1,0,'0000-00-00 00:00:00',1,1,NULL),('01162a8a58db356f2b8520b94a041aee',0,'','58.250.125.149','2023-01-28 07:14:03',1,0,'0000-00-00 00:00:00',2,1,NULL),('01169344f36dc6a2dda95f08d6f4afaf',0,'','54.36.148.148','2022-12-17 11:08:13',1,0,'0000-00-00 00:00:00',2,1,NULL),('0116b04c9a4fb593c57e422c7eb9a726',0,'','66.249.66.32','2023-03-27 12:16:07',1,0,'0000-00-00 00:00:00',1,1,NULL),('011750f2540f612778074da2c93f34b8',0,'','107.150.33.43','2023-05-16 00:13:52',1,0,'0000-00-00 00:00:00',1,1,NULL),('0117b58e08f64659eece190f66502c4b',0,'','66.249.66.76','2023-04-04 05:22:02',1,0,'0000-00-00 00:00:00',1,1,NULL),('011994f3159c61cb9528d01dc21896da',0,'','193.186.4.98','2023-06-16 23:10:36',1,0,'0000-00-00 00:00:00',2,1,NULL),('011bcd538aaa85a901d06e2af9654114',0,'','185.191.171.24','2023-02-09 18:53:46',1,0,'0000-00-00 00:00:00',2,1,NULL),('011cb0620049a90af7ff8e39988b52df',0,'','41.60.95.16','2023-03-30 16:18:53',1,0,'0000-00-00 00:00:00',1,1,NULL),('011cd2b523cb684582b509a9b49be8f5',0,'','51.38.99.247','2023-08-06 18:22:35',1,0,'0000-00-00 00:00:00',1,1,NULL),('011e636a34b887ffc7dbae40fe9d9958',0,'','52.165.46.177','2023-01-14 03:25:11',1,0,'0000-00-00 00:00:00',2,1,NULL),('011e97871c43251795e2792566966fb9',0,'','185.191.171.4','2023-01-06 05:49:53',1,0,'0000-00-00 00:00:00',2,1,NULL),('011ed4752b177b529a744bc6508a5606',0,'','116.202.175.208','2023-05-17 13:21:26',1,0,'0000-00-00 00:00:00',2,1,NULL),('011f9e4a9dc9c21873407c15e5f2d00b',0,'','185.191.171.43','2023-05-12 09:25:21',1,0,'0000-00-00 00:00:00',1,1,NULL),('011f9edb3e9cf677d758950c0f6ab206',0,'','155.133.13.25','2023-02-11 11:38:23',1,0,'0000-00-00 00:00:00',2,1,NULL),('011fec2a57348607e70d3bdceb76eba3',0,'','54.36.148.133','2023-02-08 02:14:30',1,0,'0000-00-00 00:00:00',2,1,NULL),('012029ff85bd255f5e756e1b423af0f1',0,'','85.208.98.18','2022-12-11 02:12:03',1,0,'0000-00-00 00:00:00',2,1,NULL),('01207739b0ec3c3598d9d9ea402d75d8',0,'','34.73.3.104','2023-07-20 04:37:56',1,0,'0000-00-00 00:00:00',1,1,NULL),('01225537e2c1d4f687a06a123b993091',0,'','40.94.104.33','2023-05-24 16:22:09',1,0,'0000-00-00 00:00:00',1,1,NULL),('0123365d2c991f0541abc2427d3160f4',0,'','118.184.177.76','2023-01-20 17:37:17',1,0,'0000-00-00 00:00:00',2,1,NULL),('01247db564f5d213efc5d27f3dab3ec0',0,'','144.76.68.17','2023-03-28 01:07:32',1,0,'0000-00-00 00:00:00',2,1,NULL),('0124ac5e93d078b09dbd60fa21080212',0,'','185.191.171.2','2023-05-25 07:28:32',1,0,'0000-00-00 00:00:00',1,1,NULL),('0125dec821df5972a1aeb6fded3a5014',0,'','13.90.214.64','2023-08-02 06:25:24',1,0,'0000-00-00 00:00:00',1,1,NULL),('012632f9ce3dc5e50dac2f7682a53168',0,'','185.191.171.11','2023-02-01 09:09:22',1,0,'0000-00-00 00:00:00',2,1,NULL),('01271304c48863c2f5a75b1ebebad5b3',0,'','54.255.127.160','2023-06-08 13:58:49',1,0,'0000-00-00 00:00:00',2,1,NULL),('0128e3ee49cf6fd9375d2f7a3b2ed9d0',0,'','44.212.92.96','2023-03-16 22:41:46',1,0,'0000-00-00 00:00:00',1,1,NULL),('012a4e398221a5f5046d15e2c2ea404d',0,'','40.122.241.60','2023-01-14 03:19:24',1,0,'0000-00-00 00:00:00',2,1,NULL),('012b63d60356c512507447c5095608e0',0,'','65.21.35.205','2023-05-21 10:49:36',1,0,'0000-00-00 00:00:00',1,1,NULL),('012b82750de67b64c1bf5cadc894a685',0,'','118.184.177.44','2023-04-25 10:01:19',1,0,'0000-00-00 00:00:00',1,1,NULL),('012b91c130579f809c0a4a3c35b22a58',0,'','103.112.4.146','2023-01-10 11:36:03',1,0,'0000-00-00 00:00:00',2,1,NULL),('012beb0bacafb9c26babbdad3fdaf008',0,'','66.249.66.176','2023-06-07 04:03:45',1,0,'0000-00-00 00:00:00',1,1,NULL),('012ca9a5d6b895fc7407d08ad2dfdc53',0,'','54.187.205.235','2023-03-01 03:25:09',1,0,'0000-00-00 00:00:00',1,1,NULL),('012cb6f0b8805dea545b093ff4b4f38e',0,'','178.58.104.222','2023-08-12 20:23:49',1,0,'0000-00-00 00:00:00',1,1,NULL),('012d1d2f290c9a56419b5b9249cdcda4',0,'','38.154.132.8','2023-02-23 08:42:44',1,0,'0000-00-00 00:00:00',2,1,NULL),('012de445a71f28a8565b8feb75ed839a',0,'','77.245.57.108','2023-01-03 05:56:34',1,0,'0000-00-00 00:00:00',2,1,NULL),('012de4c2cf77daa0a48e512b778ecbab',0,'','188.196.4.88','2023-01-14 20:22:12',1,0,'0000-00-00 00:00:00',2,1,NULL),('012edf843729aeb3d4b3e826d73e2857',0,'','54.36.148.166','2023-08-13 12:27:32',1,0,'0000-00-00 00:00:00',1,1,NULL),('012f29b4201d4f46c9a307a2c4649764',0,'','20.15.133.174','2023-07-05 10:20:02',1,0,'0000-00-00 00:00:00',2,1,NULL),('012f3d5860e42e05d3c0343bb2d61342',0,'','13.67.186.230','2023-01-14 03:04:38',1,0,'0000-00-00 00:00:00',2,1,NULL),('0131300994e3284a2d59b2c03d01b35c',0,'','185.191.171.38','2023-03-29 12:06:24',1,0,'0000-00-00 00:00:00',1,1,NULL),('0132a0b345ca6383661381e476d5ed37',0,'','40.69.137.214','2023-01-14 03:08:59',1,0,'0000-00-00 00:00:00',2,1,NULL),('0133803c77a4c8a6abaff60d7fc1ea74',0,'','46.165.226.166','2023-03-03 17:32:22',1,0,'0000-00-00 00:00:00',2,1,NULL),('0133cfb783897be7757eff6a090217c7',0,'','54.36.148.134','2023-04-17 22:59:14',1,0,'0000-00-00 00:00:00',1,1,NULL),('0134a05bfb582c7ae155111409515545',0,'','84.225.155.136','2023-08-13 11:26:42',1,0,'0000-00-00 00:00:00',1,1,NULL),('013533fb3203a49320c11095b1ef6a3d',0,'','185.191.171.12','2023-06-03 21:56:47',1,0,'0000-00-00 00:00:00',1,1,NULL),('013608b844acc8f4bf3a498aea93e6e5',0,'','178.197.184.76','2023-06-21 21:40:49',1,0,'0000-00-00 00:00:00',1,1,NULL),('0136d94ed3c25daab7b9413cbcb7c7a0',0,'','52.167.144.78','2023-06-02 00:03:30',1,0,'0000-00-00 00:00:00',0,1,NULL),('0138a321ddab67e983ebc13cb2140337',0,'','209.182.216.138','2022-12-03 22:59:43',1,0,'0000-00-00 00:00:00',2,1,NULL),('0139255b31aea14165728edfcc30a8be',0,'','46.123.255.96','2022-11-15 23:55:23',1,0,'0000-00-00 00:00:00',2,1,NULL),('0139cf12a76a60d843d462190e652a6e',0,'','186.233.185.235','2023-07-31 22:16:43',1,0,'0000-00-00 00:00:00',1,1,NULL),('0139e74670733ef28af3146bf6b8057d',0,'','87.250.224.230','2023-05-29 20:14:42',1,0,'0000-00-00 00:00:00',1,1,NULL),('0139f0c9e834ec89f0517db5677aa195',0,'','188.174.236.11','2023-02-07 11:43:25',1,0,'0000-00-00 00:00:00',2,1,NULL),('013a5d7ae799251430593950882af7b3',0,'','185.191.171.15','2023-04-19 14:14:53',1,0,'0000-00-00 00:00:00',1,1,NULL),('013c0bad1d7ca978aae09944389b6e49',0,'','212.227.216.123','2023-06-24 09:45:47',1,0,'0000-00-00 00:00:00',1,1,NULL),('013c2265a2cb4450d54437085ec3e32f',0,'','162.55.86.61','2023-07-30 09:29:41',1,0,'0000-00-00 00:00:00',1,1,NULL),('013ce8b8ce9098dd07dbe6abaa685d1e',0,'','89.212.90.111','2023-02-19 22:50:37',1,0,'0000-00-00 00:00:00',2,1,NULL),('013e232a1f67b2c1ae13577f47ba38be',0,'','58.250.125.154','2022-12-17 07:19:20',1,0,'0000-00-00 00:00:00',2,1,NULL),('013e2a6f3f433e40091b554dce8c97af',0,'','95.176.162.77','2022-11-30 13:11:54',1,0,'0000-00-00 00:00:00',2,1,NULL),('013e7d6bef9b0ebb92a0c5b9d45635da',0,'','89.212.90.111','2023-05-29 13:12:08',1,0,'0000-00-00 00:00:00',1,1,NULL),('013f4c5058da3fd1de49586e42e20085',0,'','95.168.120.9','2023-08-07 17:02:10',1,0,'0000-00-00 00:00:00',1,1,NULL),('013f6169e401d3e85b88ab1aa3fe3e3b',0,'','157.55.39.215','2023-07-15 07:05:53',1,0,'0000-00-00 00:00:00',2,1,NULL),('013fb688112a9e1f57d5dd0efe1f40f1',0,'','31.15.190.254','2023-03-11 08:16:43',1,0,'0000-00-00 00:00:00',2,1,NULL),('0140f6e5ad1c9d734bf049ad8508dcd9',0,'','20.10.16.124','2023-02-27 08:33:12',1,0,'0000-00-00 00:00:00',2,1,NULL),('0141127fb17ce088f49e2f13f9e5b903',0,'','46.123.248.200','2022-12-13 20:22:11',1,0,'0000-00-00 00:00:00',2,1,NULL),('01443fe7cd59075c074bc3253b2bbbc0',0,'','13.213.189.110','2023-06-08 06:08:16',1,0,'0000-00-00 00:00:00',2,1,NULL),('01450a232f8eeca0e98e2cf9b9212394',0,'','66.249.66.32','2023-02-22 08:15:13',1,0,'0000-00-00 00:00:00',2,1,NULL),('0145b5d7cde5745b217561ca33aaa519',0,'','52.167.144.125','2023-07-14 09:19:12',1,0,'0000-00-00 00:00:00',1,1,NULL),('0145cc071022f9f77523fe4ade8fad51',0,'','66.249.66.34','2023-04-26 09:47:19',1,0,'0000-00-00 00:00:00',3,1,NULL),('014605b84441dd498cc6f67c0edf6c03',0,'','54.36.148.40','2023-05-05 15:57:06',1,0,'0000-00-00 00:00:00',2,1,NULL),('0146312c54f16f6cf4563f11257ccf16',0,'','52.167.144.95','2023-03-19 01:26:27',1,0,'0000-00-00 00:00:00',2,1,NULL),('0146da50c0a63a87b2de3f9d0c3983bc',0,'','52.167.144.122','2023-06-23 19:02:27',1,0,'0000-00-00 00:00:00',2,1,NULL),('01471afbf6f8ec0faa978eef41e79bdd',0,'','185.191.171.13','2022-12-11 22:32:04',1,0,'0000-00-00 00:00:00',2,1,NULL),('0147f39e45266d1471ae37e5bec0f6a1',0,'','52.167.144.125','2023-07-15 04:31:38',1,0,'0000-00-00 00:00:00',1,1,NULL),('01496b462a02726e2e2e502c0108465c',0,'','185.191.171.39','2023-02-13 21:37:20',1,0,'0000-00-00 00:00:00',2,1,NULL),('014a92e86ae87cb2c351ab0c0ef9d348',0,'','216.244.66.238','2023-08-04 08:07:55',1,0,'0000-00-00 00:00:00',3,1,NULL),('014abff0b6e22a748647ca4190b774ad',0,'','123.56.46.72','2023-06-03 04:00:58',1,0,'0000-00-00 00:00:00',1,1,NULL),('014c0c4748b737c431df9d9a04e3a125',0,'','193.186.4.79','2023-08-10 13:48:42',1,0,'0000-00-00 00:00:00',1,1,NULL),('014cadcb5c84b2ee90aff95cd36ff36d',0,'','52.167.144.38','2023-04-08 03:03:06',1,0,'0000-00-00 00:00:00',2,1,NULL),('014e80c6db9f81124524dbff76f8e41c',0,'','117.7.139.194','2023-01-29 03:53:12',1,0,'0000-00-00 00:00:00',2,1,NULL),('014fc81ad9e37dd54188935fb855b688',0,'','89.212.122.167','2023-08-04 08:56:29',1,0,'0000-00-00 00:00:00',1,1,NULL),('01514c164a29a37e927eefda92742027',0,'','40.77.167.117','2023-04-05 21:29:15',1,0,'0000-00-00 00:00:00',3,1,NULL),('015214610287fd0e6aed8c77bb9aa597',0,'','157.55.39.239','2023-02-22 18:04:48',1,0,'0000-00-00 00:00:00',2,1,NULL),('0153ea01420ebb5251b6de06549e585e',0,'','79.124.59.74','2023-06-11 16:00:57',1,0,'0000-00-00 00:00:00',0,1,NULL),('0154998a9271490b98491f1056065aaa',0,'','54.36.148.64','2023-01-11 01:16:34',1,0,'0000-00-00 00:00:00',2,1,NULL),('01551bc4c67402bcc65af54505d6aa5a',0,'','151.36.208.240','2023-01-01 19:59:29',1,0,'0000-00-00 00:00:00',2,1,NULL),('0155adf64197f1c4241c5e652e6647ed',0,'','84.115.216.97','2023-03-13 08:10:36',1,0,'0000-00-00 00:00:00',2,1,NULL),('0155dc4b5778db32f131188e7bd8e7a6',0,'','207.46.13.210','2023-07-25 00:00:11',1,0,'0000-00-00 00:00:00',3,1,NULL),('01561724b9d46228e218cee274d6003b',0,'','77.88.5.219','2023-01-13 04:07:41',1,0,'0000-00-00 00:00:00',2,1,NULL),('01564cfd5e4782958332460f8d498880',0,'','78.1.47.145','2023-07-10 16:04:26',1,0,'0000-00-00 00:00:00',1,1,NULL),('01572869414d9ca6eb055165bdca886e',0,'','198.12.125.114','2023-07-21 15:04:09',1,0,'0000-00-00 00:00:00',2,1,NULL),('015975677baf15d9477dc9a18901ac8d',0,'','95.108.213.203','2023-06-14 05:34:26',1,0,'0000-00-00 00:00:00',2,1,NULL),('015abb68d319223e86826ded7178c9e1',0,'','13.89.207.191','2023-01-14 02:57:28',1,0,'0000-00-00 00:00:00',2,1,NULL),('015b77fc88221b19730a64d4b4d65fc7',0,'','54.197.80.132','2023-03-06 11:29:48',1,0,'0000-00-00 00:00:00',2,1,NULL),('015c49578f08bdb1a15edae746c8c1c3',0,'','89.212.157.164','2023-03-20 22:17:24',1,0,'0000-00-00 00:00:00',1,1,NULL),('015cb802141bb7b7f6c676c1995841b1',0,'','162.241.216.167','2023-07-16 16:31:01',1,0,'0000-00-00 00:00:00',1,1,NULL),('015d2dc8b0e96cfa6ff37e60f68bafe4',0,'','49.7.20.158','2023-06-15 17:25:22',1,0,'0000-00-00 00:00:00',1,1,NULL),('015dd662bb986bb90e47d4f1e2745308',0,'','185.191.171.25','2023-01-07 02:22:54',1,0,'0000-00-00 00:00:00',2,1,NULL),('015df06b50812e4cddb0cdeb3c74db8a',0,'','66.249.64.210','2023-03-07 02:41:03',1,0,'0000-00-00 00:00:00',2,1,NULL),('015e1a0084a92174259c2fc5b85bef81',0,'','157.55.39.253','2023-07-24 11:47:31',1,0,'0000-00-00 00:00:00',1,1,NULL),('015e5a0487946e72da180ae853f694bc',0,'','5.62.43.224','2023-02-27 18:46:34',1,0,'0000-00-00 00:00:00',2,1,NULL),('01607cc1ea338807bd013ec891449ffd',0,'','54.36.148.175','2023-03-16 21:34:03',1,0,'0000-00-00 00:00:00',1,1,NULL),('016110e550cdb4c850612ceb4856152a',0,'','66.249.66.79','2023-07-10 16:47:37',1,0,'0000-00-00 00:00:00',1,1,NULL),('016179896809660bc7a8fafcea9b9060',0,'','49.7.20.95','2022-12-06 19:47:46',1,0,'0000-00-00 00:00:00',2,1,NULL),('01621fa6b3397ed798f3c62b0c07796e',0,'','118.184.177.76','2023-03-17 09:34:04',1,0,'0000-00-00 00:00:00',1,1,NULL),('0165a8fccc39ee3acb14dac9c371e835',0,'','54.36.148.131','2023-03-11 04:03:42',1,0,'0000-00-00 00:00:00',2,1,NULL),('016615c40650de947ef63334bca7bfbc',0,'','82.165.224.62','2023-06-21 07:21:21',1,0,'0000-00-00 00:00:00',1,1,NULL),('0167109c0fa894576ec012e4e7ae8c10',0,'','61.135.159.175','2023-01-04 11:40:59',1,0,'0000-00-00 00:00:00',2,1,NULL),('0168b0c2200ac4e7ff9cc280bca2782c',0,'','104.47.22.190','2023-06-28 16:14:21',1,0,'0000-00-00 00:00:00',1,1,NULL),('0168e0876d13797e2beabcd4fe845b1d',0,'','40.77.167.115','2023-07-20 19:05:28',1,0,'0000-00-00 00:00:00',2,1,NULL),('016ad583fc20b3f03b43f040308cb266',0,'','61.135.159.130','2022-12-02 05:44:30',1,0,'0000-00-00 00:00:00',2,1,NULL),('016b4c396a170009517bde5dda0225aa',0,'','40.77.167.97','2023-03-06 02:17:49',1,0,'0000-00-00 00:00:00',2,1,NULL),('016bccf546ce1ee1842376149dd66ba3',0,'','66.249.66.194','2023-02-14 13:26:18',1,0,'0000-00-00 00:00:00',2,1,NULL),('016ddc7b8745bf7333eb39727e81d1f8',0,'','95.163.255.15','2022-12-18 06:42:02',1,0,'0000-00-00 00:00:00',2,1,NULL),('016eb55089d6c0f65aaeddaffa850f78',0,'','185.62.130.159','2023-08-01 23:26:43',1,0,'0000-00-00 00:00:00',2,1,NULL),('0170b8d00cb9cca512a697fc31226103',0,'','54.36.149.75','2023-02-02 04:44:46',1,0,'0000-00-00 00:00:00',2,1,NULL),('01715e8d5ccf9af035d2e683de9374e0',0,'','49.7.20.98','2023-04-02 10:01:30',1,0,'0000-00-00 00:00:00',1,1,NULL),('0172260775b1db918ad4ea70f898bafa',0,'','20.121.26.165','2022-11-19 11:46:33',1,0,'0000-00-00 00:00:00',2,1,NULL),('017350a54ffedd84f1d2d7042b50b17a',0,'','5.189.152.91','2023-07-31 05:10:21',1,0,'0000-00-00 00:00:00',1,1,NULL),('0174525c347cd6ccccabf1fc4d32c340',0,'','20.163.248.99','2023-02-18 10:14:54',1,0,'0000-00-00 00:00:00',2,1,NULL),('0174798befda2fab1b47f0404976eebd',0,'','54.187.205.235','2023-05-13 19:54:22',1,0,'0000-00-00 00:00:00',1,1,NULL),('0176764df947dc5048b823b54c7ae512',0,'','185.191.171.26','2023-05-27 07:13:10',1,0,'0000-00-00 00:00:00',1,1,NULL),('01772f7ab5b88f6842cf087f80d5a04e',0,'','193.77.189.240','2023-06-05 17:54:33',1,0,'0000-00-00 00:00:00',1,1,NULL),('0178b273579631ccda1fe6f02a4436f2',0,'','20.15.133.185','2023-07-22 20:38:20',1,0,'0000-00-00 00:00:00',2,1,NULL),('0179acad5b46af3a3ddaa332da0dea02',0,'','119.12.128.177','2022-12-27 11:08:04',1,0,'0000-00-00 00:00:00',2,1,NULL),('017a154d079df0eec81738c4c527dde2',0,'','207.46.13.23','2023-01-13 23:01:54',1,0,'0000-00-00 00:00:00',2,1,NULL),('017a78454d3766924ee41ea5952fcf78',0,'','18.237.202.229','2023-06-11 02:50:38',1,0,'0000-00-00 00:00:00',1,1,NULL),('017b6ada576a9a9beab238fec7363c4a',0,'','34.140.115.72','2023-03-13 15:10:45',1,0,'0000-00-00 00:00:00',1,1,NULL),('017d22049316b3dd9baefe64831134f2',0,'','118.184.177.82','2023-06-27 06:34:37',1,0,'0000-00-00 00:00:00',1,1,NULL),('017f6056da90458b0f6a9255b958e412',0,'','217.113.194.96','2023-08-01 20:20:02',1,0,'0000-00-00 00:00:00',2,1,NULL),('017fbae4b8257d67544c4ad50ee93876',0,'','72.14.201.98','2023-07-21 19:31:05',1,0,'0000-00-00 00:00:00',1,1,NULL),('018019b6eba00f930628d0ea6d591adc',0,'','40.77.125.251','2023-01-14 03:05:52',1,0,'0000-00-00 00:00:00',2,1,NULL),('0180dcdd6f02013e03783ab512e21b4c',0,'','66.249.66.200','2022-12-06 23:16:53',1,0,'0000-00-00 00:00:00',2,1,NULL),('01812a1def422707138511c820195999',0,'','68.235.43.125','2023-06-03 15:38:42',1,0,'0000-00-00 00:00:00',2,1,NULL),('018197a485d24d7a6a758f691843ed19',0,'','54.154.5.104','2023-05-18 14:18:43',1,0,'0000-00-00 00:00:00',1,1,NULL),('0182b09d36042512479c5d4bba4d30ed',0,'','188.197.193.194','2023-07-07 23:00:33',1,0,'0000-00-00 00:00:00',1,1,NULL),('018524fcbf3558a54d52ee63e66ebee4',0,'','45.76.186.116','2022-12-06 23:48:37',1,0,'0000-00-00 00:00:00',2,1,NULL),('0185303a62766bed7c8c39d0fc971143',0,'','52.167.144.78','2023-05-20 07:48:45',1,0,'0000-00-00 00:00:00',2,1,NULL),('01855b00b745001d1920b9e6e9da7fa9',0,'','216.244.66.238','2023-06-05 02:47:23',1,0,'0000-00-00 00:00:00',2,1,NULL),('0185ec61f3d9051469c673f470b1406c',0,'','66.249.66.164','2023-07-01 10:26:37',1,0,'0000-00-00 00:00:00',1,1,NULL),('0186069d3dad4385a31c125477d82db0',0,'','123.125.109.135','2023-05-20 19:04:02',1,0,'0000-00-00 00:00:00',1,1,NULL),('0186459c74bf8d57fa5dde75df5a8a81',0,'','66.249.66.8','2023-03-01 20:18:21',1,0,'0000-00-00 00:00:00',2,1,NULL),('0186f80aae7a9fb33b108ec4e32b3b84',0,'','146.212.45.40','2023-04-13 14:07:46',1,0,'0000-00-00 00:00:00',1,1,NULL),('01870cc5af57045eacd5f728f4aff79f',0,'','54.174.88.241','2023-08-02 20:52:41',1,0,'0000-00-00 00:00:00',1,1,NULL),('0187d84b088eda863b7da7bb94963210',0,'','46.165.226.166','2023-03-03 17:32:19',1,0,'0000-00-00 00:00:00',2,1,NULL),('0187ff49baa08a9ea6958857352e3b9b',0,'','157.55.39.121','2023-02-10 10:36:55',1,0,'0000-00-00 00:00:00',2,1,NULL),('01885316bd1d92384550ac6bf795efa4',0,'','88.128.88.33','2023-05-20 09:45:30',1,0,'0000-00-00 00:00:00',2,1,NULL),('0189c3995499cfca6de65178ae1799a1',0,'','66.249.74.20','2023-04-14 06:31:59',1,0,'0000-00-00 00:00:00',1,1,NULL),('0189db62c875924199a84e8066179d8e',0,'','23.239.20.197','2023-07-24 19:23:04',1,0,'0000-00-00 00:00:00',1,1,NULL),('018a3600daca5e47ffc9b6884e9d6181',0,'','66.249.66.11','2023-05-08 18:47:14',1,0,'0000-00-00 00:00:00',2,1,NULL),('018a61a733cf57097d564220e7459807',0,'','123.125.109.134','2023-04-08 20:12:55',1,0,'0000-00-00 00:00:00',1,1,NULL),('018b31b6036be2a7ca2776360a6a4ed4',0,'','95.176.131.194','2023-03-24 18:47:41',1,0,'0000-00-00 00:00:00',1,1,NULL),('018c72958614a682de7797381a63e8c2',0,'','54.221.0.40','2023-08-12 00:05:34',1,0,'0000-00-00 00:00:00',1,1,NULL),('018cc4291d8274bf8c566ddff3071504',0,'','49.7.20.95','2023-02-14 19:06:35',1,0,'0000-00-00 00:00:00',2,1,NULL),('018dd21cc9570fdfbd0d2b39bc988882',0,'','185.191.171.21','2023-05-22 09:53:01',1,0,'0000-00-00 00:00:00',2,1,NULL),('018e0e685ca248109251a0f4cfbbcd5e',0,'','212.15.178.17','2023-01-14 17:11:05',1,0,'0000-00-00 00:00:00',2,1,NULL),('018f26089e0c57f92dc5c77525834005',0,'','123.126.68.36','2023-08-12 18:40:34',1,0,'0000-00-00 00:00:00',1,1,NULL),('018f917a42c3946731d3db92dc650a9e',0,'','185.191.171.39','2023-01-10 02:55:31',1,0,'0000-00-00 00:00:00',2,1,NULL),('018fb05d0a66bbcbc3314a78eb1bf179',0,'','49.7.21.111','2023-06-20 15:02:17',1,0,'0000-00-00 00:00:00',1,1,NULL),('018fdef8ad906c819c0f98c792781056',0,'','34.122.249.46','2023-01-22 03:33:57',1,0,'0000-00-00 00:00:00',2,1,NULL),('01907b0be8eba09089154eb5b596ce44',0,'','69.171.249.116','2023-06-06 18:20:20',1,0,'0000-00-00 00:00:00',1,1,NULL),('0191cdd151935aa601ce3adc059db1f6',0,'','54.36.148.115','2023-07-23 01:56:18',1,0,'0000-00-00 00:00:00',2,1,NULL),('01932f6394a38e2d4d9a2670d2e4d9c2',0,'','5.45.207.161','2023-06-13 09:44:32',1,0,'0000-00-00 00:00:00',1,1,NULL),('0193d20d5ee54da259020de18ea96cdf',0,'','54.36.148.216','2022-12-03 01:26:22',1,0,'0000-00-00 00:00:00',2,1,NULL),('0194625acac720ce6a4d174a7ae97c93',0,'','185.65.207.26','2023-07-25 01:46:55',1,0,'0000-00-00 00:00:00',1,1,NULL),('019614ec23ae37483fa252ee9ff001a7',0,'','94.21.10.110','2022-12-18 18:00:25',1,0,'0000-00-00 00:00:00',2,1,NULL),('019761707ee561dee5b01fc63925e6ab',0,'','185.191.171.5','2023-06-01 22:22:08',1,0,'0000-00-00 00:00:00',1,1,NULL),('019871ae88a3af29ad761f7acaa8374f',0,'','52.167.144.78','2023-06-05 10:15:16',1,0,'0000-00-00 00:00:00',2,1,NULL),('0198dbb32c5724914a89fff7b75ece3a',0,'','66.249.64.68','2023-04-16 20:23:57',1,0,'0000-00-00 00:00:00',2,1,NULL),('0198fe882abc93dff742ce21566541f8',0,'','216.244.66.238','2023-01-25 14:15:38',1,0,'0000-00-00 00:00:00',2,1,NULL),('019b4835f6f7fe3454e262a769c99c78',0,'','185.191.171.7','2023-06-24 23:08:55',1,0,'0000-00-00 00:00:00',1,1,NULL),('019b4a4aee55c80596c661744334fd78',0,'','185.191.171.14','2023-01-07 05:43:42',1,0,'0000-00-00 00:00:00',2,1,NULL),('019c88e8e5086e24ac3ed511970d070c',0,'','104.208.33.76','2023-01-14 02:50:16',1,0,'0000-00-00 00:00:00',2,1,NULL),('019cc2b2fe2163c8e99f58b28a52ee06',0,'','217.182.175.187','2023-06-12 18:19:06',1,0,'0000-00-00 00:00:00',1,1,NULL),('019d4483b07f20c2ff987b6f6a871f65',0,'','72.14.201.98','2023-07-19 03:21:46',1,0,'0000-00-00 00:00:00',2,1,NULL),('019d7c5f009ba63206e35aceca793151',0,'','40.77.167.246','2023-03-22 08:50:58',1,0,'0000-00-00 00:00:00',1,1,NULL),('019d7e39be63f33ab260e1c97d7c10b9',0,'','88.99.161.50','2023-01-12 08:09:04',1,0,'0000-00-00 00:00:00',2,1,NULL),('019dd2757fe3e00d2c611336860965f2',0,'','123.183.224.74','2023-02-14 10:50:42',1,0,'0000-00-00 00:00:00',2,1,NULL),('019de1dc0e7a691ab3bd76f0d62db382',0,'','52.167.144.90','2023-06-13 08:32:19',1,0,'0000-00-00 00:00:00',2,1,NULL),('019e7afab3083d70b42286ad8d9d8edc',0,'','66.249.66.32','2023-02-16 03:23:41',1,0,'0000-00-00 00:00:00',2,1,NULL),('019e920f44451280319f4db9dff73941',0,'','3.227.22.136','2023-08-15 18:28:59',1,0,'0000-00-00 00:00:00',1,1,NULL),('019f6b698bd7500941e7a548147bce44',0,'','89.142.244.136','2023-05-07 00:10:42',1,0,'0000-00-00 00:00:00',1,1,NULL),('019fed2bf751531500f31c3b4fccd357',0,'','216.244.66.238','2023-05-22 09:53:48',1,0,'0000-00-00 00:00:00',1,1,NULL),('01a0260eff08c4fbe42273e2b0f6c06e',0,'','143.42.2.48','2023-06-21 08:33:32',1,0,'0000-00-00 00:00:00',1,1,NULL),('01a1fb7cb2487c4e917c1b017e766674',0,'','59.147.51.57','2022-12-18 12:28:27',1,0,'0000-00-00 00:00:00',2,1,NULL),('01a21361ba26549ada809128b72c1d2e',0,'','77.94.131.140','2023-08-08 00:17:46',1,0,'0000-00-00 00:00:00',1,1,NULL),('01a2cd42944a9d797d48d6b80e67dc8d',0,'','35.207.127.39','2022-12-05 17:18:55',1,0,'0000-00-00 00:00:00',2,1,NULL),('01a6cbff29c11668f4d794b383bd8692',0,'','163.159.1.146','2023-07-26 13:48:39',1,0,'0000-00-00 00:00:00',1,1,NULL),('01a6cf1383648cbf196701d4ddf0fb94',0,'','65.109.158.43','2023-06-24 09:18:53',1,0,'0000-00-00 00:00:00',2,1,NULL),('01a70b093e856bd665cf8e60f90850a6',0,'','185.191.171.18','2023-07-16 22:19:04',1,0,'0000-00-00 00:00:00',2,1,NULL),('01a752545955a2466b223fe53e409826',0,'','123.183.224.69','2023-06-09 12:31:49',1,0,'0000-00-00 00:00:00',1,1,NULL),('01a8846ae432c04ef8e73f7b27791d2c',0,'','74.125.208.31','2023-03-02 13:25:35',1,0,'0000-00-00 00:00:00',2,1,NULL),('01a8b06f2c9c962e6a40bfbd0b2300f2',0,'','27.124.21.147','2023-08-03 06:36:01',1,0,'0000-00-00 00:00:00',1,1,NULL),('01a8b157af2fa0a005bdeb42560a334e',0,'','164.90.241.135','2023-05-11 21:04:42',1,0,'0000-00-00 00:00:00',1,1,NULL),('01a919a2c06fba3d18a8842c6b47fd16',0,'','185.191.171.45','2023-01-26 15:39:49',1,0,'0000-00-00 00:00:00',2,1,NULL),('01a91b2dcc31a8070c638f6739935a76',0,'','188.197.193.194','2023-07-07 22:59:26',1,0,'0000-00-00 00:00:00',1,1,NULL),('01a959bc6604671b4599d9ec6b8e051d',0,'','41.139.227.103','2023-07-05 20:50:57',1,0,'0000-00-00 00:00:00',1,1,NULL),('01a9648ff375bf9334dd1838dff8d61a',0,'','87.250.224.240','2023-06-14 05:26:22',1,0,'0000-00-00 00:00:00',2,1,NULL),('01aa621e349b284cac7401606157ff3c',0,'','93.103.239.17','2022-12-04 12:36:43',1,0,'0000-00-00 00:00:00',2,1,NULL),('01aa650ebd141872ce4e75ef1ef937cc',0,'','170.187.189.228','2023-06-14 17:10:52',1,0,'0000-00-00 00:00:00',1,1,NULL),('01aa6739f47f2e0a600e4d05c6fdf2a7',0,'','66.249.66.37','2023-01-20 20:18:57',1,0,'0000-00-00 00:00:00',2,1,NULL),('01ae409d5bf218d488c0b722901b4116',0,'','74.125.208.5','2023-03-21 14:28:56',1,0,'0000-00-00 00:00:00',1,1,NULL),('01ae91b17f69c4aa82e3c73b86c2225a',0,'','66.249.92.143','2023-07-26 08:12:47',1,0,'0000-00-00 00:00:00',1,1,NULL),('01b0f60b5a29e75d3ddf9efe9569a8cf',0,'','46.165.226.166','2023-03-03 17:32:46',1,0,'0000-00-00 00:00:00',2,1,NULL),('01b15f0c7dde3026fec263d7fdb9f97c',0,'','85.208.96.199','2023-07-30 02:04:18',1,0,'0000-00-00 00:00:00',3,1,NULL),('01b2177f6f3556d61ba24442659cdfd6',0,'','95.108.213.31','2022-12-31 11:06:13',1,0,'0000-00-00 00:00:00',2,1,NULL),('01b2557453c6ae313c23c93319c0eeb6',0,'','172.104.9.219','2023-04-03 23:12:17',1,0,'0000-00-00 00:00:00',1,1,NULL),('01b26d084522c0c84403b180926b2ff4',0,'','69.204.136.58','2023-07-12 21:00:36',1,0,'0000-00-00 00:00:00',2,1,NULL),('01b2e25f42edad400de0b1436fcc1114',0,'','216.244.66.238','2023-04-08 12:44:53',1,0,'0000-00-00 00:00:00',2,1,NULL),('01b440bf9979fa0e183a42e12c180d02',0,'','103.143.28.35','2023-04-16 15:53:43',1,0,'0000-00-00 00:00:00',1,1,NULL),('01b4a89c6b76fe8b9b7f7ab27efd219b',0,'','31.13.127.20','2023-02-02 22:09:03',1,0,'0000-00-00 00:00:00',2,1,NULL),('01b5d0b92eb0614beaecdaf0cc6181f3',0,'','188.69.3.208','2023-06-06 00:07:06',1,0,'0000-00-00 00:00:00',2,1,NULL),('01b68d330bd1fda4c9b3873c38005293',0,'','49.7.21.106','2023-06-05 17:23:52',1,0,'0000-00-00 00:00:00',1,1,NULL),('01b8545d540b140343ce23625702a404',0,'','66.249.70.178','2022-11-25 19:47:33',1,0,'0000-00-00 00:00:00',2,1,NULL),('01b8bfec441697af85530e123d220074',0,'','47.88.11.18','2023-08-11 04:39:35',1,0,'0000-00-00 00:00:00',1,1,NULL),('01b8ccafcc00d82c669de57106398e97',0,'','123.183.224.78','2023-06-09 18:47:16',1,0,'0000-00-00 00:00:00',1,1,NULL),('01b91b710065de42d15ed4ca711b71e2',0,'','103.83.81.250','2023-07-06 07:11:19',1,0,'0000-00-00 00:00:00',1,1,NULL),('01ba89c4efcb7ccedb3961ae30109806',0,'','185.191.171.40','2022-12-19 06:15:26',1,0,'0000-00-00 00:00:00',2,1,NULL),('01bac3ae45b7cb12f1334ff6cee77d33',0,'','204.12.219.140','2023-05-20 04:11:51',1,0,'0000-00-00 00:00:00',1,1,NULL),('01bb7a69cbe932e7518518ae35a1f53f',0,'','109.74.198.116','2023-06-26 18:45:02',1,0,'0000-00-00 00:00:00',1,1,NULL),('01bbc40780bd2d220581872c0e9184f9',0,'','40.77.96.240','2023-01-14 02:53:16',1,0,'0000-00-00 00:00:00',2,1,NULL),('01bbcb8529358cd2b48100aff92ddb4b',0,'','123.183.224.27','2023-04-03 01:19:45',1,0,'0000-00-00 00:00:00',1,1,NULL),('01bbfc7c12a46306b40ba5f9c2a3a1a8',0,'','49.7.20.95','2023-01-06 22:23:50',1,0,'0000-00-00 00:00:00',2,1,NULL),('01bc9b7c0bd817258edffc53460820b9',0,'','40.86.96.48','2023-01-14 03:06:50',1,0,'0000-00-00 00:00:00',2,1,NULL),('01bd328e417dcab11e486e3f784011e1',0,'','52.167.144.83','2023-06-05 08:02:59',1,0,'0000-00-00 00:00:00',2,1,NULL),('01bea83cb9987e464c3ecb875ac76e6e',0,'','74.125.208.138','2023-06-24 11:36:14',1,0,'0000-00-00 00:00:00',1,1,NULL),('01beac02df45f43054df6eb73548b779',0,'','185.191.171.6','2023-03-07 19:47:03',1,0,'0000-00-00 00:00:00',2,1,NULL),('01bf17b1812be980faa76e5f07179ab6',0,'','52.167.144.96','2023-06-23 13:35:45',1,0,'0000-00-00 00:00:00',2,1,NULL),('01bf5218e094d1ccc629f12a66fbf185',0,'','185.191.171.14','2023-03-21 13:47:52',1,0,'0000-00-00 00:00:00',1,1,NULL),('01bfd533f26449b653b247ea2c7d99b7',0,'','66.249.66.80','2022-12-14 23:52:53',1,0,'0000-00-00 00:00:00',2,1,NULL),('01c04f0828ff6eec4d054998731aa829',0,'','52.167.144.90','2023-06-04 21:07:07',1,0,'0000-00-00 00:00:00',0,1,NULL),('01c0ffe7baa8d35c4b0fe0562088ea42',0,'','17.241.75.196','2023-07-19 08:22:19',1,0,'0000-00-00 00:00:00',2,1,NULL),('01c17abc9c8cd92ab51b666c5821f481',0,'','118.184.177.102','2023-05-15 20:18:48',1,0,'0000-00-00 00:00:00',1,1,NULL),('01c22df32b4feb3152777d63ad796660',0,'','61.135.159.190','2023-08-02 09:37:21',1,0,'0000-00-00 00:00:00',1,1,NULL),('01c27c2752df76506a5d0002885b0a02',0,'','54.36.148.235','2023-07-17 10:30:22',1,0,'0000-00-00 00:00:00',2,1,NULL),('01c47f3f1fdc6544f769a38ae5694d92',0,'','20.10.16.124','2023-03-06 16:21:56',1,0,'0000-00-00 00:00:00',2,1,NULL),('01c4b45c7ec91c3c288148d223e74396',0,'','185.191.171.37','2023-05-03 02:26:06',1,0,'0000-00-00 00:00:00',1,1,NULL),('01c5b4402eb75c347e1efee6fe097ac5',0,'','51.138.105.186','2023-01-17 13:05:22',1,0,'0000-00-00 00:00:00',2,1,NULL),('01c5dd98d552d31361e3091d25ab26d2',0,'','116.179.37.55','2022-12-31 17:49:12',1,0,'0000-00-00 00:00:00',2,1,NULL),('01c5f5ceff9565b372f640106b89ace4',0,'','110.77.246.4','2023-01-28 19:11:47',1,0,'0000-00-00 00:00:00',2,1,NULL),('01c7c18e3858d80cb5702b1a60e4c931',0,'','118.107.46.87','2023-07-26 21:34:26',1,0,'0000-00-00 00:00:00',1,1,NULL),('01c83216a2d4a5c4941f87077b7771a3',0,'','1.2.161.30','2023-07-05 20:58:33',1,0,'0000-00-00 00:00:00',1,1,NULL),('01c85c6d7e5da092e03cd641cc0e168c',0,'','52.167.144.87','2023-08-08 23:06:04',1,0,'0000-00-00 00:00:00',2,1,NULL),('01c966928ba0e9db9823ade54cc02ded',0,'','216.244.66.238','2023-08-07 09:52:13',1,0,'0000-00-00 00:00:00',1,1,NULL),('01c9c0e7589a495bf4d394a96031d539',0,'','136.243.228.193','2023-07-09 15:40:40',1,0,'0000-00-00 00:00:00',2,1,NULL),('01cac3c1f0f66b363374e50c75a66a76',0,'','213.225.36.246','2023-02-20 14:18:16',1,0,'0000-00-00 00:00:00',2,1,NULL),('01caccc2fe6ed5309399089324afab13',0,'','1.20.160.63','2023-07-20 07:36:29',1,0,'0000-00-00 00:00:00',1,1,NULL),('01cc0f2b711b1ee1b47a061498337906',0,'','192.64.4.18','2023-07-08 01:29:02',1,0,'0000-00-00 00:00:00',0,1,NULL),('01cde04ecab3c899566f59c8ff735b6c',0,'','116.202.175.208','2023-05-17 13:21:15',1,0,'0000-00-00 00:00:00',2,1,NULL),('01ce0fcd7e89b48773e720b12622ce1f',0,'','94.21.252.69','2023-07-20 12:46:28',1,0,'0000-00-00 00:00:00',2,1,NULL),('01ce43281653ccf2901c36bc7dbf4e66',0,'','116.202.175.208','2023-05-17 13:21:46',1,0,'0000-00-00 00:00:00',1,1,NULL),('01d0ba0667115f1ee1df4232362099ff',0,'','66.249.66.8','2023-03-15 01:06:32',1,0,'0000-00-00 00:00:00',1,1,NULL),('01d134cc2b9a1e28a2d8f255230d6d0e',0,'','18.237.245.219','2022-11-16 00:28:38',1,0,'0000-00-00 00:00:00',2,1,NULL),('01d3628e590a466ca9a6eb3335bd2437',0,'','66.249.66.145','2023-08-08 19:32:35',1,0,'0000-00-00 00:00:00',1,1,NULL),('01d387794a1d4f53cd84683063a91099',0,'','20.15.133.190','2023-07-19 11:47:26',1,0,'0000-00-00 00:00:00',2,1,NULL),('01d42894b5d744545a80a66cd75c88f0',0,'','216.244.66.238','2023-04-15 11:45:27',1,0,'0000-00-00 00:00:00',2,1,NULL),('01d46fe3ebebb203a39e07cb2131c64f',0,'','185.191.171.45','2023-01-26 14:49:15',1,0,'0000-00-00 00:00:00',2,1,NULL),('01d5aadefa554fc9a3ead14593f46a3f',0,'','185.191.171.39','2022-12-03 19:18:04',1,0,'0000-00-00 00:00:00',2,1,NULL),('01d7aee73523374c4ee4640ced99c5d7',0,'','176.76.249.254','2023-03-05 09:07:34',1,0,'0000-00-00 00:00:00',2,1,NULL),('01da1e875e9d06f81ac8758b49ce7a33',0,'','172.104.199.84','2023-06-26 00:01:47',1,0,'0000-00-00 00:00:00',1,1,NULL),('01da5fc0f3503173d01342515347df9a',0,'','52.167.144.83','2023-06-05 23:59:38',1,0,'0000-00-00 00:00:00',2,1,NULL),('01db44d4ade7659af7352a1134cc249a',0,'','66.249.66.80','2023-07-16 01:49:21',1,0,'0000-00-00 00:00:00',1,1,NULL),('01dbe43c8f57076e226200f2cab5b8d8',0,'','72.14.201.98','2023-04-04 14:52:28',1,0,'0000-00-00 00:00:00',1,1,NULL),('01dcf9e5c6c6355e360a4167ba4aecc1',0,'','66.249.66.18','2023-01-14 15:44:26',1,0,'0000-00-00 00:00:00',2,1,NULL),('01dd46143b4c6f21370e22b037f6a76e',0,'','114.119.130.255','2023-04-03 04:13:49',1,0,'0000-00-00 00:00:00',1,1,NULL),('01dda18530523161946ad1cc606a5e56',0,'','116.179.37.56','2022-12-31 17:49:06',1,0,'0000-00-00 00:00:00',2,1,NULL),('01ddd3244355cfd5697c741658f351fc',0,'','118.184.177.75','2023-02-06 15:26:29',1,0,'0000-00-00 00:00:00',2,1,NULL),('01de2de1271bbf0221ce219d64bf8058',0,'','34.79.174.58','2023-06-16 19:29:10',1,0,'0000-00-00 00:00:00',1,1,NULL),('01dea0dfa862a3b85fdc331e04c9fe14',0,'','52.167.144.109','2023-05-01 16:32:26',1,0,'0000-00-00 00:00:00',1,1,NULL),('01df0a9ed9d22424212512269693e393',0,'','118.184.177.81','2023-05-06 12:37:44',1,0,'0000-00-00 00:00:00',1,1,NULL),('01df0b90d5d606c209195dc5c9fefebc',0,'','74.125.208.137','2023-06-29 15:56:31',1,0,'0000-00-00 00:00:00',1,1,NULL),('01df615ec8fa760fcbf1ac862ffc33e1',0,'','123.126.68.87','2023-08-04 18:45:26',1,0,'0000-00-00 00:00:00',1,1,NULL),('01e0297cc1298d3512b373616c0d7070',0,'','54.36.148.134','2023-01-18 01:34:53',1,0,'0000-00-00 00:00:00',2,1,NULL),('01e11f60a58cdcf50674c8878b93544a',0,'','66.249.70.180','2023-01-28 01:39:37',1,0,'0000-00-00 00:00:00',2,1,NULL),('01e1a71d924177412d25055cb25ec40b',0,'','66.249.66.163','2023-06-24 04:01:50',1,0,'0000-00-00 00:00:00',1,1,NULL),('01e33cec692faae3fac42cde594c8fbf',0,'','69.171.249.14','2023-05-31 14:30:07',1,0,'0000-00-00 00:00:00',1,1,NULL),('01e3762cbc602380b521c2849bdfd8e2',0,'','66.249.70.180','2023-01-08 00:23:12',1,0,'0000-00-00 00:00:00',2,1,NULL),('01e3e2ec4f3ad1edee361784f720053b',0,'','217.113.194.108','2023-07-02 00:18:09',1,0,'0000-00-00 00:00:00',1,1,NULL),('01e45d373973ff20f8f89791b49d946b',0,'','35.187.31.229','2023-03-04 02:55:09',1,0,'0000-00-00 00:00:00',2,1,NULL),('01e61ea43d0fd8227ea63819f9f170f6',0,'','66.249.66.34','2023-05-12 21:33:02',1,0,'0000-00-00 00:00:00',2,1,NULL),('01e6ec31e556478e2ea4aef6dd16596a',0,'','54.36.148.14','2023-03-12 07:03:38',1,0,'0000-00-00 00:00:00',2,1,NULL),('01e86e6ed96f4140a043dfb1d764078a',0,'','52.91.89.93','2023-06-26 11:40:10',1,0,'0000-00-00 00:00:00',1,1,NULL),('01e8d366002f148a3f95c627686b47ed',0,'','49.7.21.110','2023-08-01 15:33:17',1,0,'0000-00-00 00:00:00',1,1,NULL),('01e95e97aabb841cf1b5b6a695604529',0,'','20.191.45.212','2023-03-10 15:37:20',1,0,'0000-00-00 00:00:00',2,1,NULL),('01e97c3da954ef60615caffd6802bc55',0,'','54.36.148.118','2023-01-04 12:53:40',1,0,'0000-00-00 00:00:00',2,1,NULL),('01ea4745f02ca0d1d9c016cdddc29731',0,'','66.249.70.180','2023-01-22 21:43:24',1,0,'0000-00-00 00:00:00',2,1,NULL),('01eb223834f4b61bb4ff05c5a1ec3e3d',0,'','3.17.36.40','2023-07-18 20:59:41',1,0,'0000-00-00 00:00:00',1,1,NULL),('01eb39d2d7bf93aa9a4eca937b629b4c',0,'','72.14.186.141','2023-07-24 00:31:47',1,0,'0000-00-00 00:00:00',1,1,NULL),('01eba2b90fb08ae2ab118232099b7998',0,'','65.108.103.112','2023-05-09 10:51:44',1,0,'0000-00-00 00:00:00',2,1,NULL),('01ebccdfa306adb17021da35a4237904',0,'','118.184.177.73','2023-04-05 13:28:23',1,0,'0000-00-00 00:00:00',1,1,NULL),('01ec490ed882977e955d6046cb6efeab',0,'','84.115.212.252','2023-04-07 02:49:19',1,0,'0000-00-00 00:00:00',1,1,NULL),('01ecadf9809db85b081c39cd760b6b5c',0,'','94.44.240.11','2023-01-05 16:13:43',1,0,'0000-00-00 00:00:00',2,1,NULL),('01ecceecff424ff0fd611600d075dc62',0,'','24.202.255.5','2023-03-08 01:38:27',1,0,'0000-00-00 00:00:00',2,1,NULL),('01ecdee2dfc397b5c99470bbf2efb5c3',0,'','49.7.20.92','2022-12-04 06:23:35',1,0,'0000-00-00 00:00:00',2,1,NULL),('01ee61f2406fffb67565b13baf554543',0,'','44.201.37.235','2023-08-11 20:37:13',1,0,'0000-00-00 00:00:00',1,1,NULL),('01ee8a73ee2f764e35f98fcf1480ad8c',0,'','27.65.251.44','2023-07-10 19:45:57',1,0,'0000-00-00 00:00:00',1,1,NULL),('01ef18a299e0c3b444a1e92057c005a0',0,'','213.32.242.136','2023-06-26 21:36:34',1,0,'0000-00-00 00:00:00',1,1,NULL),('01efa0564dcacb3812978c59fda5f372',0,'','66.249.66.33','2023-03-30 03:51:55',1,0,'0000-00-00 00:00:00',1,1,NULL),('01efecf499038b0edc69c4ee2c45b216',0,'','89.212.78.72','2023-01-30 17:07:26',1,0,'0000-00-00 00:00:00',2,1,NULL),('01f147ebbf8a397f06f1dbbd83fbdc54',0,'','93.103.33.53','2023-04-14 10:10:07',1,0,'0000-00-00 00:00:00',2,1,NULL),('01f1932a9a2761e5aa222dccd37939f9',0,'','54.36.149.10','2023-06-07 21:52:03',1,0,'0000-00-00 00:00:00',1,1,NULL),('01f2815a8ef15978025d2f5895e3eaf1',0,'','66.249.66.18','2023-01-17 19:42:40',1,0,'0000-00-00 00:00:00',2,1,NULL),('01f30ce9be0879c1f90f772876596e6d',0,'','66.249.66.81','2023-07-25 08:20:42',1,0,'0000-00-00 00:00:00',2,1,NULL),('01f38d15604d677f42157896b2d0265e',0,'','188.230.136.82','2022-06-16 10:23:25',1,0,'0000-00-00 00:00:00',1,1,NULL),('01f42dc0c940f570364c78fdc215e1a9',0,'','185.191.171.15','2023-03-25 23:33:00',1,0,'0000-00-00 00:00:00',3,1,NULL),('01f46e114606999c7bdb19fdf3272529',0,'','185.191.171.25','2023-01-16 16:42:22',1,0,'0000-00-00 00:00:00',2,1,NULL),('01f497690a033ba73266cb71a5913fdf',0,'','157.55.39.217','2023-04-15 15:24:14',1,0,'0000-00-00 00:00:00',2,1,NULL),('01f4f88438f20a234be4817130d93c38',0,'','185.191.171.35','2023-07-11 21:55:57',1,0,'0000-00-00 00:00:00',2,1,NULL),('01f594577a12818724d0817ccfb3b247',0,'','157.55.39.68','2023-01-21 19:43:58',1,0,'0000-00-00 00:00:00',2,1,NULL),('01f711a66868cde602224050544ea642',0,'','49.7.21.84','2023-07-03 09:26:40',1,0,'0000-00-00 00:00:00',1,1,NULL),('01f9044aa1628b893a4a31c0219fbe7e',0,'','52.167.144.39','2023-03-21 03:39:08',1,0,'0000-00-00 00:00:00',3,1,NULL),('01f961905a15cc2f6749e84d443e2ad4',0,'','61.135.159.130','2022-12-08 14:35:46',1,0,'0000-00-00 00:00:00',2,1,NULL),('01fb813f2cee20155c8dae2ebda2f60e',0,'','66.249.66.10','2023-04-05 17:53:37',1,0,'0000-00-00 00:00:00',1,1,NULL),('01fbce44fa3b46c46cfdfd94cda4186b',0,'','72.14.201.98','2023-03-21 05:16:58',1,0,'0000-00-00 00:00:00',1,1,NULL),('01fca400a19e39437afd12c13bf28071',0,'','40.77.167.174','2023-02-09 01:45:27',1,0,'0000-00-00 00:00:00',2,1,NULL),('01fd084b9516098b0ef1eedf242dc59b',0,'','118.184.177.75','2022-12-21 15:53:40',1,0,'0000-00-00 00:00:00',2,1,NULL),('01fd746a8e32207c25fa4b22202d82e9',0,'','66.249.66.34','2023-04-25 12:38:43',1,0,'0000-00-00 00:00:00',1,1,NULL),('01fe0fd6b837e79572f2cd2134579f4a',0,'','217.113.194.82','2023-06-01 08:47:03',1,0,'0000-00-00 00:00:00',1,1,NULL),('02005128fabf98692f17b9009b7e4fe7',0,'','72.14.201.98','2023-07-11 12:53:12',1,0,'0000-00-00 00:00:00',1,1,NULL),('02007f3f63de160fa3474c3cc44a04ea',0,'','69.160.160.51','2023-02-07 07:05:12',1,0,'0000-00-00 00:00:00',2,1,NULL),('020096ad0d083598f3cb724f8a876bbc',0,'','40.77.167.190','2023-02-02 03:10:42',1,0,'0000-00-00 00:00:00',2,1,NULL),('02021b48ec32f4307698aedfc9268336',0,'','34.78.102.4','2022-12-16 00:42:57',1,0,'0000-00-00 00:00:00',2,1,NULL),('0202c8028f8cbaa2316f63d00e894613',0,'','46.165.226.166','2023-03-03 17:33:02',1,0,'0000-00-00 00:00:00',2,1,NULL),('02036352bf5e7a8e5762362a24136ade',0,'','178.33.10.64','2023-07-19 03:22:55',1,0,'0000-00-00 00:00:00',1,1,NULL),('02041fb84094b113a140612580fcc721',0,'','173.236.202.71','2023-07-16 16:41:17',1,0,'0000-00-00 00:00:00',1,1,NULL),('020707eadf86caec9f6be11731ad9a36',0,'','34.125.221.58','2023-04-03 21:47:17',1,0,'0000-00-00 00:00:00',1,1,NULL),('0207247eb341d1ca66519b9c26ecb0e3',0,'','162.55.85.228','2023-02-12 13:37:22',1,0,'0000-00-00 00:00:00',2,1,NULL),('0207ca728c4779d6d2f51f183f3c7a59',0,'','58.250.125.132','2023-06-15 14:36:12',1,0,'0000-00-00 00:00:00',1,1,NULL),('02081f613e94703bee62dc702b3316a9',0,'','136.243.228.193','2023-03-21 14:29:51',1,0,'0000-00-00 00:00:00',2,1,NULL),('020835ab023c878a119888fbe7f739e6',0,'','93.159.230.89','2023-02-22 09:32:50',1,0,'0000-00-00 00:00:00',2,1,NULL),('02089a1c73e35488341a0aa2579c49a5',0,'','94.130.237.165','2023-03-07 16:38:13',1,0,'0000-00-00 00:00:00',2,1,NULL),('0208c6ce814d6febe6667cf19671fd9b',0,'','52.167.144.72','2023-02-28 10:30:59',1,0,'0000-00-00 00:00:00',2,1,NULL),('020cec4b3dc24485b26f90e035c12034',0,'','3.0.178.179','2023-06-08 12:39:38',1,0,'0000-00-00 00:00:00',2,1,NULL),('020d5336aa857d10b0b2666768658639',0,'','54.90.233.153','2023-07-04 10:54:14',1,0,'0000-00-00 00:00:00',1,1,NULL),('020e5e6b6ef05c9c9767a869f138a728',0,'','193.77.189.240','2022-03-10 09:59:48',1,0,'0000-00-00 00:00:00',1,1,NULL),('020f832100cc31f9eaaff853e4af1503',0,'','95.163.255.15','2022-12-31 14:09:21',1,0,'0000-00-00 00:00:00',2,1,NULL),('021107032077974fd74f73078337f72b',0,'','85.248.31.1','2023-06-28 15:19:41',1,0,'0000-00-00 00:00:00',1,1,NULL),('0211f3202c679b404bfaf15c7b3c429d',0,'','185.191.171.22','2023-02-20 17:06:37',1,0,'0000-00-00 00:00:00',2,1,NULL),('0212047c0d4856e8acbb3da667f27247',0,'','54.36.149.56','2022-11-24 22:50:17',1,0,'0000-00-00 00:00:00',2,1,NULL),('02130478b1cddeaebd41271b4dc2ee6e',0,'','61.135.159.133','2023-03-02 08:39:03',1,0,'0000-00-00 00:00:00',2,1,NULL),('02132a2d01cbc6df6934b0286ed214a0',0,'','54.36.148.255','2023-03-30 11:33:50',1,0,'0000-00-00 00:00:00',2,1,NULL),('021450205e9763711a86e40fdedaf506',0,'','52.167.144.28','2023-07-01 07:16:23',1,0,'0000-00-00 00:00:00',1,1,NULL),('0214ac436aa6037b2a0fe521cc1c2a06',0,'','54.36.148.71','2023-06-13 15:01:33',1,0,'0000-00-00 00:00:00',2,1,NULL),('0214cf3ac75d49c9b109b24dca8cee5c',0,'','193.183.150.144','2023-05-15 05:34:34',1,0,'0000-00-00 00:00:00',1,1,NULL),('0214dedc8a5a2319421b62aebe33351f',0,'','40.77.167.169','2023-07-08 20:20:08',1,0,'0000-00-00 00:00:00',2,1,NULL),('0214ebe5c6af110d2278c27ab952d8f5',0,'','54.187.174.169','2022-12-26 21:35:41',1,0,'0000-00-00 00:00:00',1,1,NULL),('021633c53b0c658170e3b3b184afb511',0,'','31.13.127.15','2023-06-15 14:53:23',1,0,'0000-00-00 00:00:00',1,1,NULL),('0216de0d0e6f7061bd946fd2d8383034',0,'','54.242.56.195','2023-03-01 13:22:58',1,0,'0000-00-00 00:00:00',2,1,NULL),('02174e28dddbb6ad6a16352534ea5e3c',0,'','149.56.150.77','2023-07-24 08:55:22',1,0,'0000-00-00 00:00:00',1,1,NULL),('0217583348e6840e0924be19dd09b93d',0,'','168.61.220.105','2023-01-14 03:23:34',1,0,'0000-00-00 00:00:00',2,1,NULL),('021760752dc9281aeb6c9c02dc5f8cd1',0,'','66.249.66.33','2023-05-28 05:19:14',1,0,'0000-00-00 00:00:00',0,1,NULL),('0217c251bcdacf832061c4cb43ab0036',0,'','216.244.66.238','2023-02-20 21:08:22',1,0,'0000-00-00 00:00:00',2,1,NULL),('02185772a123f4b4203a1b7c1578f280',0,'','54.36.148.2','2023-04-17 10:07:12',1,0,'0000-00-00 00:00:00',1,1,NULL),('021a190152d57d456dcc7f52b513acc4',0,'','54.36.148.121','2023-06-03 21:11:26',1,0,'0000-00-00 00:00:00',2,1,NULL),('021c3a15ffaefef3f0fbb349c308d7ec',0,'','157.90.182.29','2022-12-12 06:07:19',1,0,'0000-00-00 00:00:00',2,1,NULL),('021e75cb52e7a2410ee868c964ad5c6e',0,'','178.79.99.50','2023-05-08 17:55:41',1,0,'0000-00-00 00:00:00',1,1,NULL),('021e7d292de0604f06a0200d11470a12',0,'','89.58.27.78','2023-03-13 13:23:50',1,0,'0000-00-00 00:00:00',2,1,NULL),('021e9ee1947c157411b5c7978ff76cad',0,'','52.140.223.236','2023-03-15 04:35:30',1,0,'0000-00-00 00:00:00',1,1,NULL),('021eb6290c02d5f439aabbe2eaa9d6c9',0,'','34.79.174.58','2023-04-03 22:19:08',1,0,'0000-00-00 00:00:00',1,1,NULL),('021ec1543dce8bc6cd4ed7d5f4683583',0,'','66.249.64.65','2023-06-18 13:47:59',1,0,'0000-00-00 00:00:00',1,1,NULL),('021ec41252e9c887a6dbb0bf7ef1353c',0,'','66.249.66.81','2023-07-03 05:01:54',1,0,'0000-00-00 00:00:00',1,1,NULL),('021fe8c3b5b4387a0bede38456b425fb',0,'','207.32.152.224','2022-12-01 13:31:00',1,0,'0000-00-00 00:00:00',2,1,NULL),('022018521a6d8307700c4d88ad77b50a',0,'','188.196.177.125','2023-05-09 14:33:48',1,0,'0000-00-00 00:00:00',1,1,NULL),('0220bc9a27fdccee5dd0cd1e364ded7b',0,'','40.86.16.136','2023-01-14 03:06:15',1,0,'0000-00-00 00:00:00',2,1,NULL),('02212f679c4e716ec6afc32bf7774f58',0,'','52.167.144.78','2023-05-21 16:34:18',1,0,'0000-00-00 00:00:00',2,1,NULL),('02215ac20db4f87661a7c2e9784c9790',0,'','122.248.235.98','2023-06-08 08:13:18',1,0,'0000-00-00 00:00:00',1,1,NULL),('0221aa822d6cc97ac4f0539e60528fca',0,'','136.243.228.193','2023-07-09 15:43:41',1,0,'0000-00-00 00:00:00',1,1,NULL),('022455b2ce740898165b2edf64902b7c',0,'','52.167.144.84','2023-02-18 17:45:57',1,0,'0000-00-00 00:00:00',2,1,NULL),('02246a408a28bbe832c9359e6d5c4867',0,'','61.135.159.175','2023-05-13 13:19:06',1,0,'0000-00-00 00:00:00',1,1,NULL),('02247d663fdb8930757ad57227ddc245',0,'','198.252.62.82','2023-04-05 11:47:04',1,0,'0000-00-00 00:00:00',2,1,NULL),('02265ed87a1c940349123e0d3d56a9d1',0,'','185.191.171.12','2022-11-18 19:51:53',1,0,'0000-00-00 00:00:00',2,1,NULL),('022695837eee8a299124249abee11b1b',0,'','49.7.21.115','2023-05-28 04:06:24',1,0,'0000-00-00 00:00:00',1,1,NULL),('0226ce2df42d42ef3c3bb5aa4f121ddf',0,'','4.246.185.19','2023-05-13 05:47:48',1,0,'0000-00-00 00:00:00',2,1,NULL),('02276ab00049a608313e4458901777d7',0,'','44.211.36.230','2023-02-26 05:27:22',1,0,'0000-00-00 00:00:00',2,1,NULL),('02278999a141b34dc9585f90aefe003d',0,'','89.212.33.88','2023-03-11 19:24:16',1,0,'0000-00-00 00:00:00',2,1,NULL),('0228c8b38802dc5996029f6d7fa94ff5',0,'','157.55.39.68','2023-01-22 05:07:52',1,0,'0000-00-00 00:00:00',2,1,NULL),('02297cc737a87ca7809277558db496fa',0,'','178.113.174.110','2023-03-05 22:14:49',1,0,'0000-00-00 00:00:00',2,1,NULL),('022abc00211f64694fc2048f0bf84e3b',0,'','94.130.237.165','2023-06-09 18:11:43',1,0,'0000-00-00 00:00:00',2,1,NULL),('022affdb1b92bb810c31a2dc8762e101',0,'','162.55.86.61','2023-08-15 07:52:38',1,0,'0000-00-00 00:00:00',1,1,NULL),('022b6d8f49f88c3461aba295c5d5593b',0,'','46.135.6.214','2023-05-12 20:32:43',1,0,'0000-00-00 00:00:00',2,1,NULL),('022bede6c93b3c6f81de3ffbf89bdbd3',0,'','66.249.83.192','2023-04-19 21:02:00',1,0,'0000-00-00 00:00:00',1,1,NULL),('022c296ac06bb6185d85e7a07fca336d',0,'','122.2.66.82','2023-08-04 11:10:18',1,0,'0000-00-00 00:00:00',1,1,NULL),('022d47d551aa770d20720af117af8628',0,'','95.163.255.13','2022-12-24 10:41:29',1,0,'0000-00-00 00:00:00',2,1,NULL),('022d8c8807c616f8f83717a8f8d31ba0',0,'','162.55.90.109','2023-07-03 05:16:20',1,0,'0000-00-00 00:00:00',1,1,NULL),('022db52726e279da489d5370925284c9',0,'','52.167.144.83','2023-06-07 20:28:12',1,0,'0000-00-00 00:00:00',2,1,NULL),('022df83338f7ed5459b45fa93ef53077',0,'','34.86.177.154','2023-05-21 14:14:33',1,0,'0000-00-00 00:00:00',1,1,NULL),('022eb7eee2ca6f562ce5ffaffb75f3b8',0,'','66.249.66.164','2023-06-23 00:06:19',1,0,'0000-00-00 00:00:00',1,1,NULL),('022f9ad67f89aec793cdef928195edaa',0,'','185.191.171.40','2023-05-15 13:00:45',1,0,'0000-00-00 00:00:00',2,1,NULL),('0231e746518f44d346258da3e8e5ff06',0,'','35.203.251.69','2023-01-09 15:08:09',1,0,'0000-00-00 00:00:00',2,1,NULL),('0236fc2c24508d5eeb73ab22bf4ced4f',0,'','66.249.69.226','2023-07-20 08:51:14',1,0,'0000-00-00 00:00:00',3,1,NULL),('023705aea43b2384e40728ae7e205930',0,'','185.191.171.23','2023-07-27 20:17:11',1,0,'0000-00-00 00:00:00',1,1,NULL),('0237466be9d6bf6e4dbb93302485d911',0,'','54.36.148.226','2023-01-20 05:01:00',1,0,'0000-00-00 00:00:00',2,1,NULL),('0239a7fcf5372ebfcdbe54d0436bde91',0,'','45.56.175.201','2023-03-08 00:20:38',1,0,'0000-00-00 00:00:00',2,1,NULL),('023a563334d42564f38292a9112312e2',0,'','40.122.226.25','2023-01-14 03:01:16',1,0,'0000-00-00 00:00:00',2,1,NULL),('023bfb1bd776e5cbc2556a5291238b16',0,'','185.191.171.11','2023-05-22 11:47:44',1,0,'0000-00-00 00:00:00',2,1,NULL),('023c7f9148cab5f12a7193105fa3d3ed',0,'','185.191.171.12','2023-01-03 18:30:07',1,0,'0000-00-00 00:00:00',2,1,NULL),('023c91954bc2a516d9f4c201d53c5ea5',0,'','170.239.247.50','2023-01-31 04:09:08',1,0,'0000-00-00 00:00:00',2,1,NULL),('023d74ee10d4d81f5a9782b095b34a71',0,'','66.249.66.81','2023-05-30 05:13:06',1,0,'0000-00-00 00:00:00',0,1,NULL),('023fbc58b84d895d5569686fcdfae038',0,'','77.75.78.160','2023-05-23 03:30:12',1,0,'0000-00-00 00:00:00',2,1,NULL),('023fcd00ac3da29c32035b0e7a760236',0,'','176.9.114.107','2023-08-09 18:07:32',1,0,'0000-00-00 00:00:00',1,1,NULL),('023fd83f5a216911975e0ffd88f46f06',0,'','172.190.71.5','2023-07-10 08:52:10',1,0,'0000-00-00 00:00:00',1,1,NULL),('0240cd66eb262e50c6eafc07567db0b3',0,'','54.187.205.235','2023-03-25 17:44:12',1,0,'0000-00-00 00:00:00',1,1,NULL),('0241c9d5131fef72d042989534e63f8d',0,'','82.165.224.6','2022-12-22 06:10:19',1,0,'0000-00-00 00:00:00',2,1,NULL),('0244e30256896ec6f36c7ca7103d87e8',0,'','176.76.237.143','2023-04-03 13:28:51',1,0,'0000-00-00 00:00:00',1,1,NULL),('0246ba8c106aa8ae677bb3ffb725be54',0,'','185.191.171.43','2023-03-29 07:37:24',1,0,'0000-00-00 00:00:00',1,1,NULL),('024724186e73bf0c981a98df1195fe76',0,'','52.150.22.205','2023-03-07 08:12:40',1,0,'0000-00-00 00:00:00',2,1,NULL),('0247c5ffdfdef06f994b19a61d9d2980',0,'','13.215.135.115','2023-06-13 04:42:32',1,0,'0000-00-00 00:00:00',2,1,NULL),('02488ffba3056d4d8dcb7c5c61389ec5',0,'','52.173.147.62','2023-01-14 03:20:48',1,0,'0000-00-00 00:00:00',2,1,NULL),('024ab88d0f04eccfe3f0cef6390a8294',0,'','54.36.148.244','2023-06-23 16:17:26',1,0,'0000-00-00 00:00:00',2,1,NULL),('024ae19b393d2320a9c6c8b172b1d718',0,'','37.18.231.97','2023-03-06 13:57:09',1,0,'0000-00-00 00:00:00',2,1,NULL),('024cd7e307edcb75c2c1fcb317c475ac',0,'','116.202.175.208','2023-05-17 13:20:49',1,0,'0000-00-00 00:00:00',2,1,NULL),('024d10364a0dbfcb016e05238de00b81',0,'','66.249.66.80','2023-05-15 06:51:23',1,0,'0000-00-00 00:00:00',2,1,NULL),('024d8c50ce68dce1a8c965e3f2679bcb',0,'','185.191.171.22','2023-04-25 06:29:55',1,0,'0000-00-00 00:00:00',2,1,NULL),('024dc1cf558cb9dd5ee7cd37b264e735',0,'','40.77.167.165','2023-03-16 19:45:56',1,0,'0000-00-00 00:00:00',1,1,NULL),('024f2f95f89cd799b52c2796ddbce011',0,'','72.14.201.98','2023-05-17 11:07:46',1,0,'0000-00-00 00:00:00',1,1,NULL),('024f70a5f24a5969c49475e864cbe1de',0,'','64.71.131.243','2023-04-26 05:59:24',1,0,'0000-00-00 00:00:00',1,1,NULL),('024fa3773b2bc657c3790c66cc97d841',0,'','217.113.194.111','2023-08-01 19:41:17',1,0,'0000-00-00 00:00:00',2,1,NULL),('024fb7a9e919c8806adc6109054f5e52',0,'','185.191.171.42','2023-01-26 11:22:18',1,0,'0000-00-00 00:00:00',2,1,NULL),('024fe7296eedbec4188bf3de986d742f',0,'','52.167.144.95','2023-03-11 11:34:31',1,0,'0000-00-00 00:00:00',2,1,NULL),('02513e114172c8b1f8e081ed9f4e829f',0,'','54.187.216.72','2022-12-23 03:18:07',1,0,'0000-00-00 00:00:00',1,1,NULL),('02516a5bd5beeaa4f15d77e2e93b9b85',0,'','66.249.66.35','2023-07-22 04:12:18',1,0,'0000-00-00 00:00:00',2,1,NULL),('0252042c6477de09be1cd9cad5281743',0,'','139.144.202.109','2023-07-25 14:36:35',1,0,'0000-00-00 00:00:00',1,1,NULL),('025270318028a5df5c336850d6a59b74',0,'','54.36.148.201','2023-03-18 04:45:44',1,0,'0000-00-00 00:00:00',1,1,NULL),('0252b88f74bf8755479881a8beea3ec7',0,'','216.244.66.238','2023-07-09 03:50:45',1,0,'0000-00-00 00:00:00',2,1,NULL),('0253ae981c16b9066339f8083d554097',0,'','151.51.1.37','2023-01-06 12:16:06',1,0,'0000-00-00 00:00:00',2,1,NULL),('02565f82ce8b2e77e073ead1c30a1ec2',0,'','207.148.72.51','2022-12-24 21:07:50',1,0,'0000-00-00 00:00:00',2,1,NULL),('02568c476c285cc69d6c0c34b9b44c1e',0,'','123.125.109.137','2023-02-12 05:55:40',1,0,'0000-00-00 00:00:00',2,1,NULL),('0256d7131ebe7d4650e06ec942185f83',0,'','185.191.171.42','2023-06-22 14:35:12',1,0,'0000-00-00 00:00:00',1,1,NULL),('02591095fa2fe6963a2fc1ff833ca7f3',0,'','188.166.248.215','2023-05-27 09:45:43',1,0,'0000-00-00 00:00:00',1,1,NULL),('025dc3c7538355147f4efa77966a53bc',0,'','116.202.175.208','2023-05-17 13:21:07',1,0,'0000-00-00 00:00:00',1,1,NULL),('025fda7b85b899e71f3dddeb5ff3107c',0,'','54.174.88.241','2023-08-02 20:49:54',1,0,'0000-00-00 00:00:00',1,1,NULL),('02602431b0e7bd22acda615bdce42200',0,'','31.13.127.7','2023-05-04 11:21:57',1,0,'0000-00-00 00:00:00',1,1,NULL),('02602442be65c2c8e5c71e5f48f5b9dc',0,'','146.212.213.122','2023-01-12 00:52:10',1,0,'0000-00-00 00:00:00',2,1,NULL),('026042a78956ab1801204503a2654141',0,'','23.148.24.63','2023-06-14 14:25:42',1,0,'0000-00-00 00:00:00',1,1,NULL),('02622a3aee4c963e2541da4b324eed2f',719,'denis@ngn.si','193.77.189.240','2022-10-20 13:10:45',0,1,'0000-00-00 00:00:00',2,1,NULL),('0262347f91ae0292f6c654073bbcbd8d',0,'','66.249.66.33','2023-03-17 08:51:59',1,0,'0000-00-00 00:00:00',1,1,NULL),('026266600d9f53c616fcd3d4f5d00b70',0,'','185.191.171.24','2023-01-05 17:26:52',1,0,'0000-00-00 00:00:00',2,1,NULL),('02638fece25bb2f37423bfe421e779b0',0,'','185.191.171.15','2023-03-13 09:07:05',1,0,'0000-00-00 00:00:00',2,1,NULL),('0263b35970509daba29e439930f2d5cb',0,'','66.249.66.9','2023-04-29 00:39:01',1,0,'0000-00-00 00:00:00',1,1,NULL),('0264b1fc0f4cbc61443e09be9152e112',0,'','66.249.66.81','2023-04-26 07:33:46',1,0,'0000-00-00 00:00:00',1,1,NULL),('0266f1a7753779cdb9ac92b2eaba5644',0,'','185.191.171.38','2023-01-30 02:39:43',1,0,'0000-00-00 00:00:00',2,1,NULL),('0267d629c9c173b208dfd3690394b216',0,'','66.249.66.9','2023-04-23 21:08:40',1,0,'0000-00-00 00:00:00',1,1,NULL),('026807d173d689a79c0ddc89eb92994f',0,'','87.117.234.60','2023-04-05 01:56:07',1,0,'0000-00-00 00:00:00',1,1,NULL),('02690288c912898ca229b62cd572f63f',0,'','185.191.171.7','2023-06-13 23:30:23',1,0,'0000-00-00 00:00:00',2,1,NULL),('02690ba0ebced00fbcbe6d6c0f1d3a83',0,'','118.184.177.43','2023-02-21 14:33:53',1,0,'0000-00-00 00:00:00',2,1,NULL),('0269ec1261d5760cb6c2ba16c6bf8635',0,'','73.62.249.213','2023-07-30 21:47:13',1,0,'0000-00-00 00:00:00',2,1,NULL),('026b66beeef5227c71b291d6265453c7',0,'','66.249.66.8','2023-03-19 19:01:51',1,0,'0000-00-00 00:00:00',1,1,NULL),('026c1045506d8634759b89209cc5d79a',0,'','54.36.148.131','2022-12-27 13:23:24',1,0,'0000-00-00 00:00:00',2,1,NULL),('026c1831514ee95957211d4e79fccef2',0,'','52.167.144.87','2023-07-28 06:07:37',1,0,'0000-00-00 00:00:00',2,1,NULL),('026c8a854e9eec8854919699f45c94ae',0,'','185.191.171.33','2023-03-31 23:31:47',1,0,'0000-00-00 00:00:00',1,1,NULL),('026cb439733ad80b7e60f39570670787',0,'','34.216.231.130','2023-06-07 01:06:44',1,0,'0000-00-00 00:00:00',1,1,NULL),('026d1de4a36ee1a855b1f69269886b59',0,'','52.167.144.83','2023-06-07 20:37:24',1,0,'0000-00-00 00:00:00',1,1,NULL),('026d5f6c7eee4107b43e58d5b449e78c',0,'','31.13.127.14','2023-05-30 13:43:34',1,0,'0000-00-00 00:00:00',1,1,NULL),('026dbb9d660333b8cda33e9dfb434821',0,'','139.144.68.14','2023-07-08 07:59:15',1,0,'0000-00-00 00:00:00',1,1,NULL),('026e40823ec76f582b1ec049a8fbf657',0,'','40.77.189.150','2023-04-03 23:45:13',1,0,'0000-00-00 00:00:00',1,1,NULL),('026e412fbe32e8b5c5f28933e2737bc1',0,'','54.36.148.148','2023-07-24 19:05:15',1,0,'0000-00-00 00:00:00',2,1,NULL),('026ed8f6fc49145d029358f1ad9bfb75',0,'','104.41.131.136','2023-03-16 12:37:37',1,0,'0000-00-00 00:00:00',1,1,NULL),('027075ecf3ae07aaaf2de43865cf9ece',0,'','110.77.169.44','2022-12-13 01:03:02',1,0,'0000-00-00 00:00:00',2,1,NULL),('0271736cd4aacc7401b4843a17540078',0,'','77.75.79.119','2023-02-26 06:37:14',1,0,'0000-00-00 00:00:00',2,1,NULL),('02717bf69dd21be0724fb08d7650d3d3',0,'','66.249.64.70','2023-04-07 00:16:56',1,0,'0000-00-00 00:00:00',1,1,NULL),('027326aeb4d360480b70c36afd9e4165',0,'','141.94.105.141','2023-06-23 14:09:23',1,0,'0000-00-00 00:00:00',2,1,NULL),('027329c4e72aeab2b6116777bd1a5db4',0,'','157.55.39.192','2023-01-28 08:21:12',1,0,'0000-00-00 00:00:00',2,1,NULL),('0273a90e98d13de1182d4a5c88f13cba',0,'','54.90.233.153','2023-07-04 10:56:21',1,0,'0000-00-00 00:00:00',1,1,NULL),('0276339f898f3cd988aec04ae1186dee',0,'','13.89.216.166','2023-01-14 03:24:58',1,0,'0000-00-00 00:00:00',2,1,NULL),('0276833e6e1cf73ff15fc06e0c60f104',0,'','106.59.243.231','2022-12-11 22:47:05',1,0,'0000-00-00 00:00:00',2,1,NULL),('027685a33077cfa5bc01fc5f4bdaa537',0,'','157.55.39.121','2023-02-11 12:44:52',1,0,'0000-00-00 00:00:00',2,1,NULL),('027736f7783834466681b4f458e4763f',0,'','176.9.16.209','2023-07-09 21:47:56',1,0,'0000-00-00 00:00:00',1,1,NULL),('027748f97cf455864af57417c6542aa7',0,'','84.255.220.84','2023-07-31 11:46:31',1,0,'0000-00-00 00:00:00',1,1,NULL),('0277e6f80556a580cd746957af0298dc',0,'','54.36.148.66','2023-04-17 12:19:41',1,0,'0000-00-00 00:00:00',2,1,NULL),('0278a4566653b9abd91a3655a297f29c',0,'','193.95.198.114','2023-03-06 16:33:03',1,0,'0000-00-00 00:00:00',2,1,NULL),('02793a5f480fb98719faef5dad8ed446',0,'','3.238.124.113','2023-08-09 20:26:18',1,0,'0000-00-00 00:00:00',1,1,NULL),('02797d9ac6ac57425af141a5ba0f8639',0,'','66.249.66.8','2023-03-29 19:37:35',1,0,'0000-00-00 00:00:00',2,1,NULL),('0279a70f4c6600a5c780b734e76366eb',0,'','18.157.176.38','2023-02-14 17:56:15',1,0,'0000-00-00 00:00:00',2,1,NULL),('027a04fcc6e0bd113691bd977b50bf01',0,'','85.208.96.197','2023-08-06 20:38:26',1,0,'0000-00-00 00:00:00',1,1,NULL),('027a432985620cbc7df8a50525d50917',0,'','151.4.48.252','2023-08-11 21:50:41',1,0,'0000-00-00 00:00:00',2,1,NULL),('027b3c5326e55c10d200f1313657e695',0,'','157.55.39.165','2022-11-14 22:11:10',1,0,'0000-00-00 00:00:00',2,1,NULL),('027bb9f8f2e4e2d5dac23ebb9274b8a9',0,'','89.143.33.69','2023-03-21 16:04:33',1,0,'0000-00-00 00:00:00',1,1,NULL),('027c23006e49389d5d661d6b74b55f26',0,'','61.135.159.164','2023-07-22 06:42:00',1,0,'0000-00-00 00:00:00',1,1,NULL),('027c3cc914d07db03a3c17177b8e865a',0,'','49.7.20.95','2022-12-17 17:16:19',1,0,'0000-00-00 00:00:00',2,1,NULL),('027c497124869aee26d28a5052068eb0',0,'','65.21.35.205','2023-05-21 10:47:12',1,0,'0000-00-00 00:00:00',1,1,NULL),('027c71d7f55571860a46834d1522b2bc',0,'','61.135.159.175','2022-12-25 08:45:15',1,0,'0000-00-00 00:00:00',2,1,NULL),('027ca25931a5a963f1bed2578eabb258',0,'','185.191.171.35','2023-05-26 09:44:34',1,0,'0000-00-00 00:00:00',2,1,NULL),('027df4dfe45adaa5bd380b8e066d913a',0,'','52.167.144.178','2023-03-10 12:11:56',1,0,'0000-00-00 00:00:00',2,1,NULL),('027e0ca4a949d7ad2f772cd3e717a198',0,'','77.75.79.72','2023-04-19 10:24:06',1,0,'0000-00-00 00:00:00',2,1,NULL),('027eb30d5358222b717bf1df928b5622',0,'','66.249.66.74','2023-02-21 02:49:00',1,0,'0000-00-00 00:00:00',2,1,NULL),('027f5d928082f94997111227c47d7714',0,'','185.191.171.8','2022-11-18 12:18:18',1,0,'0000-00-00 00:00:00',2,1,NULL),('027fe5d3a54a2f7f4206e4f6cfc1614b',0,'','157.55.39.68','2023-01-16 10:05:18',1,0,'0000-00-00 00:00:00',2,1,NULL),('0281250593500f53e3b0a030e835ecc6',0,'','89.142.241.248','2023-05-14 10:12:37',1,0,'0000-00-00 00:00:00',1,1,NULL),('02813868b7ac80bfe51321c65d324dc1',719,'denis@ngn.si','193.77.189.240','2022-08-26 16:29:11',0,1,'0000-00-00 00:00:00',2,1,NULL),('02839078e4b315a37e5b0c8ccf6e3cd7',0,'','34.230.62.135','2023-08-01 10:53:05',1,0,'0000-00-00 00:00:00',1,1,NULL),('02839d91f2a04ee9d8790ebb759d9156',0,'','18.195.84.206','2023-07-03 00:51:24',1,0,'0000-00-00 00:00:00',2,1,NULL),('0284a3a6f2c7c4717a7eca374c4ea64e',0,'','91.232.241.194','2023-06-30 01:07:07',1,0,'0000-00-00 00:00:00',1,1,NULL),('02851849bc9db68499b02929c517f7d6',0,'','104.52.218.214','2023-08-15 03:12:17',1,0,'0000-00-00 00:00:00',1,1,NULL),('02851aad8988b92690b45d319e300ad8',0,'','52.54.181.49','2023-08-11 20:42:18',1,0,'0000-00-00 00:00:00',1,1,NULL),('02859c9e1779906037ec488638e775f9',0,'','185.191.171.12','2023-01-05 22:07:43',1,0,'0000-00-00 00:00:00',2,1,NULL),('02859f34e4b5fa498553f80cbcad007f',0,'','23.248.193.186','2023-08-02 12:00:07',1,0,'0000-00-00 00:00:00',1,1,NULL),('0286425e77ad708c181ee97e7e1cd935',0,'','69.160.160.53','2022-11-23 11:20:48',1,0,'0000-00-00 00:00:00',2,1,NULL),('0288d1ae9a58b3e993e2313620f6c9ea',0,'','92.118.62.138','2023-02-21 17:59:24',1,0,'0000-00-00 00:00:00',1,1,NULL),('0288fab56ea3b03d23421daba290fd06',0,'','66.249.66.33','2023-05-25 09:41:44',1,0,'0000-00-00 00:00:00',1,1,NULL),('02893a0cdf8f5029f4091f1681e3b33a',0,'','180.97.189.107','2023-07-15 02:58:49',1,0,'0000-00-00 00:00:00',1,1,NULL),('028968e967133b2af77a0c722d6a83b2',0,'','40.77.167.84','2023-06-17 21:52:49',1,0,'0000-00-00 00:00:00',2,1,NULL),('0289d430a06f9de691bbd69340684f45',0,'','103.47.238.234','2023-04-14 12:24:31',1,0,'0000-00-00 00:00:00',1,1,NULL),('028c403e53424a861493bdbc452decf1',0,'','107.77.234.142','2023-07-21 15:28:41',1,0,'0000-00-00 00:00:00',1,1,NULL),('028d0d97e6c2e1f74fc4bb1fb9cd09db',0,'','52.167.144.90','2023-06-05 15:38:02',1,0,'0000-00-00 00:00:00',3,1,NULL),('028e7e6e4f821b5068f341647a395e85',0,'','86.61.26.137','2023-05-24 14:50:21',1,0,'0000-00-00 00:00:00',1,1,NULL),('028eeec1a980c980c24bbec3de6cbd22',0,'','95.111.227.171','2022-04-12 17:40:11',1,0,'0000-00-00 00:00:00',1,1,NULL),('028f1c32ea54fd6c4c773fa048846943',0,'','49.7.20.92','2023-01-13 00:03:14',1,0,'0000-00-00 00:00:00',2,1,NULL),('028f881b6845bfec063363e24779effc',0,'','66.249.66.74','2023-02-05 03:55:54',1,0,'0000-00-00 00:00:00',2,1,NULL),('028ffacbbddbda04342abf354c28f0aa',0,'','66.249.64.68','2023-04-21 14:17:21',1,0,'0000-00-00 00:00:00',1,1,NULL),('0291696225ee5836129b0b19cc7ded2f',0,'','176.76.240.105','2023-02-13 14:47:49',1,0,'0000-00-00 00:00:00',2,1,NULL),('02916aa511091e805f276ba7bd7f369f',0,'','66.249.66.34','2023-05-23 22:11:24',1,0,'0000-00-00 00:00:00',1,1,NULL),('0291c6205b3c470c9809cd00e7c3a9ba',0,'','52.167.144.78','2023-06-06 03:05:12',1,0,'0000-00-00 00:00:00',2,1,NULL),('029272ee5911108f70601d68a13c3256',0,'','74.125.208.138','2023-07-23 15:27:01',1,0,'0000-00-00 00:00:00',1,1,NULL),('02931f458366993a6d170bd848841e9d',0,'','178.58.99.163','2023-03-04 19:42:40',1,0,'0000-00-00 00:00:00',2,1,NULL),('029444386546f905efa34ff0496f375a',0,'','185.191.171.24','2023-08-03 05:57:45',1,0,'0000-00-00 00:00:00',3,1,NULL),('0295561cc2b98bddb2d34b2519c42c77',0,'','46.123.243.64','2023-01-01 15:16:02',1,0,'0000-00-00 00:00:00',2,1,NULL),('0297077473d159d0802bceaa77ca3d6a',0,'','216.244.66.238','2023-07-03 14:47:57',1,0,'0000-00-00 00:00:00',1,1,NULL),('02980e1eff869ea007993aa040af3101',0,'','66.249.70.176','2022-11-27 02:51:09',1,0,'0000-00-00 00:00:00',2,1,NULL),('0298d1a7dc80e442f6afa538bba47a82',0,'','79.124.59.74','2023-06-11 16:06:23',1,0,'0000-00-00 00:00:00',0,1,NULL),('02993e0299ec6e9dcd0afc5c3ab9e274',0,'','72.14.201.98','2023-01-28 13:03:16',1,0,'0000-00-00 00:00:00',2,1,NULL),('029958cd38ba833105ba3a6c2f7c0b5d',0,'','3.86.252.218','2023-03-06 11:45:45',1,0,'0000-00-00 00:00:00',2,1,NULL),('0299fc9536f0925b1fb11b692ff9cb95',0,'','162.0.215.190','2023-04-02 01:35:12',1,0,'0000-00-00 00:00:00',1,1,NULL),('029acc622d961273a5570da36e7bb2b8',0,'','40.77.167.129','2023-05-03 20:49:24',1,0,'0000-00-00 00:00:00',1,1,NULL),('029b97c8eab1de27a8a1083a4eb7010b',0,'','173.252.111.17','2023-03-14 20:26:53',1,0,'0000-00-00 00:00:00',1,1,NULL),('029c480a86fc838a9b33852d6c07946d',0,'','212.104.84.63','2022-11-17 21:00:31',1,0,'0000-00-00 00:00:00',2,1,NULL),('029c689a71e559570cae8127148015ca',0,'','119.29.2.94','2023-02-16 22:22:32',1,0,'0000-00-00 00:00:00',2,1,NULL),('02a0bd2b275aaa6c6add0a137f3da165',0,'','49.7.20.150','2023-07-18 09:45:11',1,0,'0000-00-00 00:00:00',1,1,NULL),('02a1104fac986cf81276121e333576d8',0,'','176.76.242.98','2023-02-16 20:46:24',1,0,'0000-00-00 00:00:00',2,1,NULL),('02a1236b4fa7ec33ca0053b7741644f9',0,'','216.244.66.238','2023-06-01 22:23:23',1,0,'0000-00-00 00:00:00',3,1,NULL),('02a15cb7d8da72e14d2c2a72adb0f4fd',0,'','66.249.66.194','2023-02-15 16:14:49',1,0,'0000-00-00 00:00:00',2,1,NULL),('02a2638aa1c5c85664ac933e21e5d8d5',0,'','44.234.114.218','2023-07-24 23:30:19',1,0,'0000-00-00 00:00:00',1,1,NULL),('02a303b2ab5b6978fa39faf57d4ed2bd',0,'','93.103.202.106','2023-03-05 09:12:34',1,0,'0000-00-00 00:00:00',2,1,NULL),('02a3185334e16704185d143cccc93f8e',0,'','66.249.66.74','2023-03-09 21:25:32',1,0,'0000-00-00 00:00:00',2,1,NULL),('02a413980b7c8fcf832d8d2a8d1989e3',0,'','40.77.167.246','2023-03-17 22:32:54',1,0,'0000-00-00 00:00:00',1,1,NULL),('02a436460ac7d3f67319e2d76ba64494',0,'','217.113.194.66','2023-08-16 02:23:54',1,0,'0000-00-00 00:00:00',2,1,NULL),('02a6c4462d9ebfa878742794c847e16f',0,'','185.191.171.34','2023-02-16 10:56:06',1,0,'0000-00-00 00:00:00',2,1,NULL),('02a78961bccfeea97d22efbe1fe07dd9',0,'','89.58.3.140','2023-03-17 20:13:26',1,0,'0000-00-00 00:00:00',1,1,NULL),('02a7c8af672ad868279d84231853bbce',0,'','95.163.255.19','2023-01-26 08:18:47',1,0,'0000-00-00 00:00:00',2,1,NULL),('02a7fe013e53090433a6c066982a465a',0,'','118.184.177.76','2023-01-16 08:49:52',1,0,'0000-00-00 00:00:00',2,1,NULL),('02a8627d9b3490fd37bd4b5b735c233a',0,'','40.77.167.224','2023-07-10 08:56:22',1,0,'0000-00-00 00:00:00',2,1,NULL),('02a903af7e00a71b067b3f996487d4b3',0,'','66.249.66.165','2023-06-14 09:37:38',1,0,'0000-00-00 00:00:00',1,1,NULL),('02a92e8f1a5652fbe12d82f753457baa',0,'','194.166.25.84','2023-06-24 22:51:59',1,0,'0000-00-00 00:00:00',1,1,NULL),('02a96195dba3b5baf9e816e066b07c53',0,'','185.191.171.40','2022-12-20 15:36:24',1,0,'0000-00-00 00:00:00',2,1,NULL),('02a9c214f0e361f6dcb281e49d2f039d',0,'','171.115.223.205','2023-08-03 22:33:21',1,0,'0000-00-00 00:00:00',1,1,NULL),('02aa438a052c1499ff25265e5cb02575',0,'','92.37.8.38','2023-03-11 01:38:34',1,0,'0000-00-00 00:00:00',2,1,NULL),('02ab2dcf8d087a2f453dc36d292f1a52',0,'','123.125.109.84','2023-08-11 12:41:37',1,0,'0000-00-00 00:00:00',1,1,NULL),('02ab5927e11bec1bf34c06abcaedf8fe',0,'','66.249.66.33','2023-03-10 01:47:05',1,0,'0000-00-00 00:00:00',2,1,NULL),('02abb4a441a12cd30ae53c6f77937f60',0,'','95.108.213.169','2023-07-12 18:57:26',1,0,'0000-00-00 00:00:00',1,1,NULL),('02abb754fc2a2c24ac92cce1d235666e',0,'','84.245.121.162','2023-02-06 16:30:02',1,0,'0000-00-00 00:00:00',2,1,NULL),('02acc0df9aba04d159fa12da72c0bf14',0,'','216.244.66.238','2023-01-17 22:46:26',1,0,'0000-00-00 00:00:00',2,1,NULL),('02ae3a83862f3c7a42d851251caf80e7',0,'','65.108.99.118','2023-07-07 08:43:41',1,0,'0000-00-00 00:00:00',1,1,NULL),('02af0cfc9b386128f92ad608eb2e271c',0,'','66.249.66.164','2023-07-29 18:43:29',1,0,'0000-00-00 00:00:00',1,1,NULL),('02af70dfd02f17cad777b92fe1fb0a90',0,'','66.249.66.196','2022-11-23 19:33:39',1,0,'0000-00-00 00:00:00',2,1,NULL),('02b094b1823492e2ff04ddc5faa8939a',0,'','207.46.13.198','2022-12-28 05:23:46',1,0,'0000-00-00 00:00:00',2,1,NULL),('02b34325ce58eb96cebe22a5414ee3c6',0,'','136.243.228.193','2023-03-21 14:28:31',1,0,'0000-00-00 00:00:00',2,1,NULL),('02b3b559613ad84d3a0c1e70b664186b',0,'','144.76.68.17','2023-03-28 01:02:37',1,0,'0000-00-00 00:00:00',2,1,NULL),('02b5adb57ec8ce7a12ac0a48193fbedd',0,'','118.184.177.119','2023-05-31 15:40:45',1,0,'0000-00-00 00:00:00',1,1,NULL),('02b5de97170ba04beb634805e0bf155b',0,'','66.249.66.200','2023-02-07 22:54:20',1,0,'0000-00-00 00:00:00',2,1,NULL),('02b63796b0c0fe2600b3d68284875a5c',0,'','216.244.66.238','2023-05-11 14:31:34',1,0,'0000-00-00 00:00:00',1,1,NULL),('02b6488046b23da46ed243321d04a62e',0,'','193.77.189.240','2022-06-13 18:02:04',1,0,'0000-00-00 00:00:00',1,1,NULL),('02b6d3c216bb49006d599815bb75f066',0,'','141.94.105.141','2023-06-23 14:10:48',1,0,'0000-00-00 00:00:00',2,1,NULL),('02b93db2f4b208e247a25fa83eaed690',0,'','196.242.178.149','2023-03-20 23:22:15',1,0,'0000-00-00 00:00:00',1,1,NULL),('02b9953cd10a4d47b44daf7c1385d597',0,'','185.191.171.20','2022-12-28 02:26:22',1,0,'0000-00-00 00:00:00',2,1,NULL),('02bc95058e406896d006bd3f8a2f8d10',0,'','18.138.114.35','2023-06-08 07:43:32',1,0,'0000-00-00 00:00:00',0,1,NULL),('02bd0dc00c04ae59f4b350c1511072de',0,'','185.191.171.23','2023-05-22 21:55:56',1,0,'0000-00-00 00:00:00',2,1,NULL),('02bdb2d3aafd81a58f07642e64089ff1',0,'','77.75.79.31','2023-03-12 20:31:57',1,0,'0000-00-00 00:00:00',2,1,NULL),('02bfdf6d6ff632244af19a28172638d0',0,'','77.75.79.109','2023-04-13 11:30:29',1,0,'0000-00-00 00:00:00',2,1,NULL),('02bfe790dc8397fd71f07934d92483d4',0,'','49.7.20.98','2022-12-30 13:02:21',1,0,'0000-00-00 00:00:00',2,1,NULL),('02c095973398f96abbe094295f26cb80',0,'','116.202.175.208','2023-05-17 13:20:58',1,0,'0000-00-00 00:00:00',1,1,NULL),('02c1381edeb2a3be5943c26c2a857a38',0,'','150.109.171.175','2023-08-15 12:57:58',1,0,'0000-00-00 00:00:00',1,1,NULL),('02c176e5fdaa711e9182bb3dd7bc6115',0,'','216.244.66.238','2022-11-27 18:57:16',1,0,'0000-00-00 00:00:00',2,1,NULL),('02c1c69f0fae03a3db38f7c77d14132c',0,'','18.212.136.126','2023-07-23 07:52:27',1,0,'0000-00-00 00:00:00',1,1,NULL),('02c1f6cdf366c467101d7a312d77420c',0,'','54.36.149.30','2023-06-26 17:49:21',1,0,'0000-00-00 00:00:00',1,1,NULL),('02c215b6b69d77d315622ccc22961418',0,'','185.191.171.22','2023-07-20 21:25:30',1,0,'0000-00-00 00:00:00',1,1,NULL),('02c23967ac500a5da5dab8a447e849ce',0,'','216.244.66.238','2023-07-22 12:51:53',1,0,'0000-00-00 00:00:00',2,1,NULL),('02c2ab9f76c094cfcabf8d1fa4917260',0,'','193.77.189.240','2023-02-17 15:45:12',1,0,'0000-00-00 00:00:00',2,1,NULL),('02c2d4abfdd0d1444bbd49a491d8be98',0,'','184.105.108.4','2023-01-10 01:59:02',1,0,'0000-00-00 00:00:00',2,1,NULL),('02c70f513c2318433cb1d9e7348989aa',0,'','45.77.85.70','2023-02-11 01:47:17',1,0,'0000-00-00 00:00:00',2,1,NULL),('02c731fd40923f5cddcabe3e8256861c',0,'','104.41.131.170','2023-03-14 20:58:52',1,0,'0000-00-00 00:00:00',1,1,NULL),('02c84a0851b228a7b38b540b14616260',0,'','3.92.228.223','2023-08-11 20:23:49',1,0,'0000-00-00 00:00:00',1,1,NULL),('02c873b0c6e0efc3511f588baaea7745',0,'','123.183.224.70','2023-06-24 22:43:12',1,0,'0000-00-00 00:00:00',1,1,NULL),('02ca3c93679fd6f78b93b06f8d1cc2f5',0,'','185.191.171.22','2023-05-20 09:56:06',1,0,'0000-00-00 00:00:00',2,1,NULL),('02ca8176b03624f2921f918be6c0ddf8',0,'','66.249.66.197','2023-07-28 01:15:01',1,0,'0000-00-00 00:00:00',1,1,NULL),('02cb28da7b69f3597ebdc8169c076b4d',0,'','74.125.208.136','2023-07-26 12:29:19',1,0,'0000-00-00 00:00:00',1,1,NULL),('02cbcd8213ae53ecc3b31024c870f7ed',0,'','157.55.39.49','2022-11-19 04:09:08',1,0,'0000-00-00 00:00:00',2,1,NULL),('02cccff55f6caf97c4972f635c76d1e8',0,'','188.198.61.19','2023-07-02 13:58:12',1,0,'0000-00-00 00:00:00',1,1,NULL),('02cd0a0dea2228e1d306326da6a68e62',0,'','95.111.227.171','2022-04-12 13:39:49',1,0,'0000-00-00 00:00:00',1,1,NULL),('02cd40d877aad2376325da9127851755',0,'','3.80.150.214','2023-03-05 11:19:07',1,0,'0000-00-00 00:00:00',2,1,NULL),('02cf14f55654bded4398573f0334fdfe',0,'','66.249.66.74','2023-03-01 23:01:14',1,0,'0000-00-00 00:00:00',2,1,NULL),('02cf4117cd93697fc025ff365d0ba494',0,'','17.241.219.132','2023-04-08 17:41:20',1,0,'0000-00-00 00:00:00',1,1,NULL),('02d2282c411af019b935f1335fcf4698',0,'','142.132.250.173','2023-04-28 21:44:52',1,0,'0000-00-00 00:00:00',1,1,NULL),('02d36e4f623796d0c2da254e58b41936',0,'','77.38.107.150','2023-04-04 23:39:30',1,0,'0000-00-00 00:00:00',1,1,NULL),('02d402c63c52b858ca9e65d092209229',0,'','185.191.171.43','2023-03-07 20:12:17',1,0,'0000-00-00 00:00:00',2,1,NULL),('02d497b80c6cbd4b0bb76a8b60c77411',0,'','185.191.171.18','2023-04-20 03:29:16',1,0,'0000-00-00 00:00:00',1,1,NULL),('02d4b5431be96abd447bbce700a5e1ec',0,'','49.7.21.108','2023-05-21 06:37:43',1,0,'0000-00-00 00:00:00',1,1,NULL),('02d502ffd4c41365580f05b3c3c0926d',0,'','66.249.66.81','2023-08-09 08:49:24',1,0,'0000-00-00 00:00:00',1,1,NULL),('02d515b9e3fa8fdc83e005fbaff5b44c',0,'','109.182.80.127','2023-07-15 13:47:09',1,0,'0000-00-00 00:00:00',1,1,NULL),('02d6723769bd70807d6bc520fd418535',0,'','216.244.66.238','2023-04-05 08:50:59',1,0,'0000-00-00 00:00:00',1,1,NULL),('02d6ef9f0b97973d56e0495db057f9c4',0,'','89.143.14.70','2023-05-16 18:51:44',1,0,'0000-00-00 00:00:00',1,1,NULL),('02d7059bc2141a011d2d3ca23f43cff9',0,'','66.249.66.80','2023-05-16 06:27:51',1,0,'0000-00-00 00:00:00',2,1,NULL),('02d84643cdbb07496e4c335c7c7de154',0,'','66.249.66.81','2023-08-02 21:00:54',1,0,'0000-00-00 00:00:00',1,1,NULL),('02d8747529c8daf6ae7240c0768ee409',0,'','216.244.66.238','2023-03-10 04:44:55',1,0,'0000-00-00 00:00:00',2,1,NULL),('02d975e0b5ca1e4f987e96205428c8fc',0,'','65.108.99.118','2023-07-07 08:46:33',1,0,'0000-00-00 00:00:00',2,1,NULL),('02db6928a06c16d515d51d8aa84d3edf',0,'','20.15.133.173','2023-07-11 13:43:08',1,0,'0000-00-00 00:00:00',2,1,NULL),('02dbf73c071f5523ad81e4d4c1fe5773',0,'','17.241.227.64','2023-06-16 12:02:17',1,0,'0000-00-00 00:00:00',2,1,NULL),('02ddc30788986ecf8082af100f110c7b',0,'','123.125.109.109','2023-07-11 06:41:26',1,0,'0000-00-00 00:00:00',1,1,NULL),('02debf43f77e7075b8329ef986a70be6',0,'','118.184.177.44','2023-02-18 18:11:48',1,0,'0000-00-00 00:00:00',2,1,NULL),('02df0eeae9be90a64814d681084abcc1',0,'','66.249.66.82','2022-12-26 07:48:55',1,0,'0000-00-00 00:00:00',2,1,NULL),('02e0c115440441fce631a5bce948c98f',0,'','172.233.199.167','2023-07-23 17:41:53',1,0,'0000-00-00 00:00:00',1,1,NULL),('02e2eea62bf15969892860ace10dea8e',0,'','185.191.171.24','2023-05-17 04:43:05',1,0,'0000-00-00 00:00:00',2,1,NULL),('02e45d677d5053b2a1575c47f13a21d8',0,'','49.7.20.95','2023-01-30 06:42:58',1,0,'0000-00-00 00:00:00',2,1,NULL),('02e4d469449c409d2a7d29e543fd608a',0,'','118.184.177.116','2023-06-29 12:39:33',1,0,'0000-00-00 00:00:00',1,1,NULL),('02e4d5d47e6721aebe4540a07c5da6bf',0,'','31.13.127.1','2023-05-21 21:47:44',1,0,'0000-00-00 00:00:00',2,1,NULL),('02e507965d077d065bfbad281b5fcc38',0,'','185.191.171.6','2023-03-26 05:13:20',1,0,'0000-00-00 00:00:00',2,1,NULL),('02e5308db41223f424bdfaefcfc42d93',0,'','216.244.66.238','2023-03-29 09:21:43',1,0,'0000-00-00 00:00:00',2,1,NULL),('02e578751a98570aea71827d2710841a',0,'','37.76.23.201','2023-05-03 22:49:08',1,0,'0000-00-00 00:00:00',1,1,NULL),('02e5ad578e2c1dc05e0436b3a2420562',0,'','54.36.148.60','2023-04-18 09:07:27',1,0,'0000-00-00 00:00:00',1,1,NULL),('02e6c4a214665b12246aa72d27d22e6a',0,'','172.225.190.255','2023-02-13 00:03:17',1,0,'0000-00-00 00:00:00',2,1,NULL),('02e73f5e944596f56fac6e02a61e678d',0,'','3.239.1.42','2022-11-29 08:39:38',1,0,'0000-00-00 00:00:00',2,1,NULL),('02e76cb00d02e9e3ccddb2ac33de94bc',0,'','54.186.252.162','2023-03-22 00:21:57',1,0,'0000-00-00 00:00:00',1,1,NULL),('02e793e5e7e7131a7048d94fb2262976',0,'','131.153.240.2','2023-07-24 14:56:18',1,0,'0000-00-00 00:00:00',0,1,NULL),('02e7bb1c1b06f558874da4e647e084bc',0,'','207.46.13.107','2022-11-19 04:11:14',1,0,'0000-00-00 00:00:00',2,1,NULL),('02e8b4c5add692347e03d80a5c14c112',0,'','65.108.99.174','2023-04-07 06:13:52',1,0,'0000-00-00 00:00:00',2,1,NULL),('02e8f6a19be5242a316c7ea62695f91a',0,'','20.15.133.190','2023-07-16 15:40:35',1,0,'0000-00-00 00:00:00',2,1,NULL),('02e9fca6381ba19d8de7436d1d16b9b2',0,'','54.36.148.193','2023-05-15 15:00:06',1,0,'0000-00-00 00:00:00',1,1,NULL),('02ea35acdad7a81027ddbcc5ec8a7f2a',0,'','15.204.139.206','2023-07-09 17:28:40',1,0,'0000-00-00 00:00:00',2,1,NULL),('02ec19620bea9b2328955184eb950d49',0,'','95.108.213.244','2023-01-14 02:20:52',1,0,'0000-00-00 00:00:00',2,1,NULL),('02ed273ad144db5289e724921279200f',0,'','178.58.225.233','2023-05-10 21:19:56',1,0,'0000-00-00 00:00:00',1,1,NULL),('02ed3beff96432fcaab0f389e7bd4df9',0,'','34.230.62.135','2023-08-01 10:52:51',1,0,'0000-00-00 00:00:00',2,1,NULL),('02ed81d7bb45179ccad11207ddae0cca',0,'','89.45.4.8','2023-03-20 23:05:01',1,0,'0000-00-00 00:00:00',2,1,NULL),('02ee4ff17177bc020aed2f31a59076d3',0,'','193.186.4.98','2023-04-27 11:33:29',1,0,'0000-00-00 00:00:00',1,1,NULL),('02ee9d772ff6a17fb3bd3d3418f5ae63',0,'','52.27.61.116','2023-06-06 02:19:44',1,0,'0000-00-00 00:00:00',1,1,NULL),('02ef52083e6a2d8b1823f1b369bd9a40',0,'','185.191.171.15','2022-12-24 01:38:27',1,0,'0000-00-00 00:00:00',2,1,NULL),('02efa98e38c7895724757c6952c480cb',0,'','185.191.171.24','2023-03-07 22:42:17',1,0,'0000-00-00 00:00:00',2,1,NULL),('02f02a9c35b59dfb7471ede1b128ff78',0,'','54.36.148.87','2023-05-17 08:01:29',1,0,'0000-00-00 00:00:00',2,1,NULL),('02f04e75a3bc790f6f82cd9255aa9f82',0,'','207.46.13.208','2023-05-02 23:53:49',1,0,'0000-00-00 00:00:00',1,1,NULL),('02f18ae71d9db7b265406242cf0e758e',0,'','66.249.66.136','2022-12-29 15:35:10',1,0,'0000-00-00 00:00:00',2,1,NULL),('02f1b21bc40af1de619861d6e544e3ec',0,'','49.7.20.89','2023-03-23 16:02:09',1,0,'0000-00-00 00:00:00',1,1,NULL),('02f1c75aa628e29992e478d92fa41547',0,'','66.249.66.128','2023-07-13 02:27:17',1,0,'0000-00-00 00:00:00',1,1,NULL),('02f238f2f870ffd1f4df958218846462',0,'','54.36.149.70','2023-04-28 13:53:43',1,0,'0000-00-00 00:00:00',1,1,NULL),('02f285fe47397ab987454beff1ba3947',0,'','188.198.190.13','2023-07-12 14:18:20',1,0,'0000-00-00 00:00:00',1,1,NULL),('02f2cbaa4833e26d063f2433224cd2ba',0,'','89.16.212.63','2023-06-12 19:20:40',1,0,'0000-00-00 00:00:00',1,1,NULL),('02f2d1065a7514c841952b6955897f6e',0,'','213.180.203.144','2023-08-09 21:06:02',1,0,'0000-00-00 00:00:00',1,1,NULL),('02f2f38d7555d4eb6e15ac1455245b1f',0,'','185.191.171.15','2023-05-22 17:25:10',1,0,'0000-00-00 00:00:00',2,1,NULL),('02f2fc938ac3d470f2e7593c159fe925',0,'','193.207.133.90','2023-05-19 00:58:19',1,0,'0000-00-00 00:00:00',2,1,NULL),('02f35cafcb6e9840a6e6d1c77024883b',0,'','185.181.60.189','2023-05-05 09:55:34',1,0,'0000-00-00 00:00:00',1,1,NULL),('02f37b59f15d444250a1dbb760625aa1',0,'','31.13.115.19','2023-05-30 14:18:56',1,0,'0000-00-00 00:00:00',1,1,NULL),('02f3bc2941a96a2b3d8633c2ac79b007',0,'','54.36.148.76','2023-07-21 16:52:18',1,0,'0000-00-00 00:00:00',2,1,NULL),('02f406ea6efad2d9d9e41ad37bd4e980',0,'','77.245.57.108','2023-06-03 20:07:56',1,0,'0000-00-00 00:00:00',1,1,NULL),('02f40d4c1174a8134efa1098349d8790',0,'','40.77.167.27','2022-12-13 00:53:06',1,0,'0000-00-00 00:00:00',2,1,NULL),('02f4270fba9e3d06081869afa90cc509',0,'','52.17.197.221','2023-01-27 16:49:08',1,0,'0000-00-00 00:00:00',2,1,NULL),('02f5296792c7d26e0040c169fe0a8dd4',0,'','49.7.20.95','2023-01-25 12:12:18',1,0,'0000-00-00 00:00:00',2,1,NULL),('02f53529c7a8f99e8ec71fc87579066d',0,'','83.145.22.90','2023-06-16 23:56:26',1,0,'0000-00-00 00:00:00',1,1,NULL),('02f64031a638f5ad500c872c03082847',0,'','192.99.15.185','2022-12-23 09:55:41',1,0,'0000-00-00 00:00:00',2,1,NULL),('02f74eda955ed46fb9887a32ccb23170',0,'','24.114.95.121','2023-07-19 23:41:15',1,0,'0000-00-00 00:00:00',2,1,NULL),('02f7713518588a60bf0384c4adffccee',0,'','54.36.149.8','2023-01-21 04:13:17',1,0,'0000-00-00 00:00:00',2,1,NULL),('02f8161d3272ecf86ae1def1d4917b0a',0,'','46.165.226.166','2023-03-03 17:33:15',1,0,'0000-00-00 00:00:00',2,1,NULL),('02f8b8a6fb2d2fda571a384743b67dc1',0,'','34.220.245.120','2023-01-12 00:32:24',1,0,'0000-00-00 00:00:00',2,1,NULL),('02fac197e6dc0e31a0a9b7cc3ed5f898',0,'','20.15.133.165','2023-06-25 22:41:44',1,0,'0000-00-00 00:00:00',2,1,NULL),('02fad607f846d4fac77c8357760d3ad6',0,'','65.108.99.174','2023-04-07 06:15:07',1,0,'0000-00-00 00:00:00',2,1,NULL),('02fb4e1e48e4f9c803b84aac097aa4a4',0,'','52.167.144.96','2023-06-22 01:28:19',1,0,'0000-00-00 00:00:00',2,1,NULL),('02fc4abf3619101639535133eee4e195',0,'','49.7.20.92','2022-12-17 17:13:47',1,0,'0000-00-00 00:00:00',2,1,NULL),('02fce118e3d3b67e84a9ad53cda28f3a',0,'','42.193.241.216','2023-07-26 19:20:51',1,0,'0000-00-00 00:00:00',1,1,NULL),('02fe2f469f296ad5f07f6e6b51913d84',0,'','207.46.13.209','2023-06-21 15:15:37',1,0,'0000-00-00 00:00:00',2,1,NULL),('030147db46a5397d81e33505437b2731',0,'','185.191.171.6','2022-12-16 01:02:20',1,0,'0000-00-00 00:00:00',2,1,NULL),('0301a9e143be3d54f5e2acb0288ea6d9',0,'','62.171.136.148','2023-06-01 12:34:28',1,0,'0000-00-00 00:00:00',2,1,NULL),('030216bd309149368eb9be9b9b6c2ed5',0,'','216.244.66.238','2023-04-28 18:52:29',1,0,'0000-00-00 00:00:00',2,1,NULL),('0304611ae4254e8dbf2eb9f693fc0040',0,'','157.55.39.239','2023-06-12 17:29:38',1,0,'0000-00-00 00:00:00',2,1,NULL),('0304ac8fcc227a24a9cfb00f26a408ed',0,'','89.142.190.105','2022-11-25 14:47:32',1,0,'0000-00-00 00:00:00',2,1,NULL),('0304f4ed324f5275b28468bbf7c3ecfc',0,'','54.36.148.195','2022-12-18 02:26:22',1,0,'0000-00-00 00:00:00',2,1,NULL),('03056d160fe12b683f2c5e92be87db84',0,'','18.140.104.60','2023-06-14 19:09:01',1,0,'0000-00-00 00:00:00',2,1,NULL),('03057e9300070562d4a9236f99a09730',0,'','49.7.20.98','2023-04-03 13:31:58',1,0,'0000-00-00 00:00:00',1,1,NULL),('0306991a9b0afc61502137c9688bb3e3',0,'','52.167.144.95','2023-03-20 22:49:26',1,0,'0000-00-00 00:00:00',1,1,NULL),('030710e4cdaf014ee1f91b9884046ca4',0,'','143.42.10.118','2023-04-17 06:55:37',1,0,'0000-00-00 00:00:00',1,1,NULL),('0308581aaf688948283436816d190cea',0,'','66.249.66.35','2023-04-12 05:42:32',1,0,'0000-00-00 00:00:00',1,1,NULL),('03098ae7724c4a62c89434d00e8b369a',0,'','134.0.204.194','2023-02-02 22:17:42',1,0,'0000-00-00 00:00:00',2,1,NULL),('0309d1a65a8aaad2afeaa1b9773466d6',0,'','66.249.66.34','2023-05-21 05:55:07',1,0,'0000-00-00 00:00:00',1,1,NULL),('030ab3102257f8ece3fa7020dbde12f2',0,'','168.119.139.232','2023-03-27 05:44:59',1,0,'0000-00-00 00:00:00',1,1,NULL),('030c2cd6a2d95c10a7150e131f9f2aa7',0,'','185.191.171.11','2022-12-18 06:17:02',1,0,'0000-00-00 00:00:00',2,1,NULL),('030eaac58196059d793e9b7701a561e8',0,'','216.244.66.238','2023-01-16 21:14:10',1,0,'0000-00-00 00:00:00',2,1,NULL),('030ee2cd7f319ca3646c20d9f62734e7',0,'','172.103.4.33','2023-03-15 01:24:25',1,0,'0000-00-00 00:00:00',1,1,NULL),('030f1a201895c6e0363a82a0953afb42',0,'','49.7.21.74','2023-03-09 14:54:59',1,0,'0000-00-00 00:00:00',2,1,NULL),('030f5a99fed0b66df3ab5e5d384b9c88',0,'','54.36.148.121','2023-02-10 02:02:33',1,0,'0000-00-00 00:00:00',2,1,NULL),('031181de4aaa44886b449f1bf6edc6e3',0,'','20.15.133.160','2023-08-04 07:45:54',1,0,'0000-00-00 00:00:00',2,1,NULL),('0313697288f681afb4908dfb5d30cb4a',0,'','5.189.152.91','2023-07-31 05:17:11',1,0,'0000-00-00 00:00:00',3,1,NULL),('0314dc550022e13bdebc77b98c9990c6',0,'','104.43.193.9','2023-01-14 02:49:55',1,0,'0000-00-00 00:00:00',2,1,NULL),('0315a2c6141e952f4661dea54b9e1ff4',0,'','188.230.129.98','2023-03-05 00:14:21',1,0,'0000-00-00 00:00:00',2,1,NULL),('0316c01d1352ae7ce341d3016684d5f3',0,'','216.244.66.238','2023-04-03 19:01:22',1,0,'0000-00-00 00:00:00',1,1,NULL),('0316e3fe162ca50c2d62328e44cd2f33',0,'','20.15.133.160','2023-08-08 20:03:31',1,0,'0000-00-00 00:00:00',2,1,NULL),('0319091ec2f8053d2dd67a6dc368edc0',0,'','185.191.171.33','2023-06-03 15:57:22',1,0,'0000-00-00 00:00:00',2,1,NULL),('031984f53033c232f52a7bec3532c2a0',0,'','182.140.244.72','2022-12-05 11:42:06',1,0,'0000-00-00 00:00:00',2,1,NULL),('031ba3d22590cca927b758543dd39281',0,'','185.191.171.3','2022-12-27 13:24:09',1,0,'0000-00-00 00:00:00',2,1,NULL),('031c1b3c65bdbbed40508a7475906c0b',0,'','185.191.171.24','2023-01-06 16:24:13',1,0,'0000-00-00 00:00:00',2,1,NULL),('031d40efd3c67e4d72535785347892fc',0,'','86.33.83.110','2023-01-21 01:40:40',1,0,'0000-00-00 00:00:00',2,1,NULL),('031de65c3cb6af5a830b06212ad8d418',0,'','185.191.171.7','2023-06-11 00:14:45',1,0,'0000-00-00 00:00:00',0,1,NULL),('031e57447278ef7c18d2ac5f95e61684',0,'','49.7.20.92','2023-01-15 23:23:50',1,0,'0000-00-00 00:00:00',2,1,NULL),('031eb63c80af2d4f99fdeb9fb26ad290',0,'','185.191.171.34','2023-05-11 06:02:15',1,0,'0000-00-00 00:00:00',1,1,NULL),('0320ece4341c7edf7a0a88c695df0495',0,'','84.52.188.33','2023-04-07 21:40:37',1,0,'0000-00-00 00:00:00',1,1,NULL),('032150392a922e339f981b7d52c441e9',0,'','109.43.49.135','2023-07-03 14:53:13',1,0,'0000-00-00 00:00:00',2,1,NULL),('03226c752704dcd6893c134e31170648',0,'','46.165.226.166','2023-03-03 17:32:39',1,0,'0000-00-00 00:00:00',2,1,NULL),('0322e9db7fa6477eaf59a7f7ae73f200',0,'','46.123.240.54','2023-05-08 20:21:35',1,0,'0000-00-00 00:00:00',1,1,NULL),('032354457cdf02d4a4b75e90d66a86d8',0,'','66.249.66.76','2023-03-05 18:02:29',1,0,'0000-00-00 00:00:00',2,1,NULL),('0323b98863ff223023e170c879676e2c',0,'','54.36.148.34','2023-08-12 14:37:46',1,0,'0000-00-00 00:00:00',1,1,NULL),('032519372e494249cf1bddc72c9f9df8',0,'','157.90.182.29','2022-12-12 06:07:15',1,0,'0000-00-00 00:00:00',2,1,NULL),('03251dea09844c1bd3a7398389584211',0,'','13.114.106.30','2023-06-20 06:34:06',1,0,'0000-00-00 00:00:00',1,1,NULL),('0325c15b97b0a9791d9c0210fb17101c',0,'','176.9.16.209','2023-04-05 20:48:33',1,0,'0000-00-00 00:00:00',2,1,NULL),('03266d3cbdb9e2e8f539aeccef16caa6',0,'','54.36.148.32','2023-07-05 06:55:49',1,0,'0000-00-00 00:00:00',2,1,NULL),('0329328803db3a33ead59279b14ac15b',1935,'christina.maragay@boeing.com','34.223.253.64','2023-05-01 15:59:37',0,0,'0000-00-00 00:00:00',1,1,NULL),('032a4071006351085fd39050e7a396b3',0,'','185.191.171.11','2023-02-01 09:03:51',1,0,'0000-00-00 00:00:00',2,1,NULL),('032ad2d15f73aacec1133b16bf6e7bb4',0,'','54.36.148.147','2023-07-03 21:50:46',1,0,'0000-00-00 00:00:00',1,1,NULL),('032da7a51b0ab4d4ddffb91a47ea984b',0,'','46.4.78.218','2022-11-30 03:23:17',1,0,'0000-00-00 00:00:00',2,1,NULL),('0330ddf9a83a246445c2f27ba08a3660',0,'','36.150.60.24','2023-03-24 17:37:28',1,0,'0000-00-00 00:00:00',1,1,NULL),('033100dbeaff246b4ff6bdf18995e773',0,'','185.191.171.23','2023-01-05 14:02:46',1,0,'0000-00-00 00:00:00',2,1,NULL),('0331f84177819608644c30bbd48db6df',0,'','66.249.66.33','2023-02-28 12:33:56',1,0,'0000-00-00 00:00:00',2,1,NULL),('03324f0fd9e08a7f5fa266f8723c029c',0,'','185.191.171.38','2023-03-14 01:45:19',1,0,'0000-00-00 00:00:00',2,1,NULL),('033253f5e1677e08fa19f7a3d14beccf',0,'','167.250.111.212','2023-01-27 21:46:27',1,0,'0000-00-00 00:00:00',2,1,NULL),('0332fee6efc5a783edf4d1813005d190',0,'','49.7.21.83','2023-03-22 08:23:00',1,0,'0000-00-00 00:00:00',1,1,NULL),('03336f66e5bcac6fa5601715482fc499',0,'','193.8.215.57','2022-11-30 13:17:23',1,0,'0000-00-00 00:00:00',2,1,NULL),('03350ff066c1199b9ccf8f6750075a7c',0,'','1.164.92.113','2023-05-03 19:09:18',1,0,'0000-00-00 00:00:00',1,1,NULL),('033652afddf28accee9c7fd5d6bea2ba',0,'','18.234.27.165','2023-03-05 10:24:18',1,0,'0000-00-00 00:00:00',2,1,NULL),('0336b86b2b92d1400ae37ffbea3d65ed',0,'','40.69.166.181','2023-01-14 03:09:58',1,0,'0000-00-00 00:00:00',2,1,NULL),('0336d33ddebed7c0e9eb296b3c749053',0,'','217.58.190.115','2023-06-14 15:03:58',1,0,'0000-00-00 00:00:00',2,1,NULL),('03372486bbbb673abd18cb8052c5b05b',0,'','66.249.66.8','2023-02-21 06:26:48',1,0,'0000-00-00 00:00:00',2,1,NULL),('033744dd3d8397de5ad4318bbed35673',0,'','182.131.31.33','2023-07-04 12:20:06',1,0,'0000-00-00 00:00:00',1,1,NULL),('0337e6cd0d90e0b14d4273b8bcae3b8d',0,'','66.249.74.20','2023-04-14 05:45:05',1,0,'0000-00-00 00:00:00',1,1,NULL),('0337fa6a7a1227a642da101a11cec597',0,'','54.36.148.58','2023-01-22 04:03:30',1,0,'0000-00-00 00:00:00',2,1,NULL),('033890867dde71fa2a115bf1ea649282',0,'','123.183.224.94','2023-05-30 21:34:02',1,0,'0000-00-00 00:00:00',1,1,NULL),('0338f8b40cb15f90f4bad8d07185b36a',0,'','66.249.66.75','2023-02-24 01:39:47',1,0,'0000-00-00 00:00:00',2,1,NULL),('033905d3f3dd1d61bd8e82a1fb1eebb5',0,'','185.191.171.20','2023-03-16 05:59:39',1,0,'0000-00-00 00:00:00',1,1,NULL),('0339ad9732858d167babefd35d22bbc1',0,'','123.125.109.137','2022-12-08 10:34:44',1,0,'0000-00-00 00:00:00',2,1,NULL),('0339eb56e02e36d8fd5273b331209761',0,'','216.244.66.238','2023-01-16 22:58:33',1,0,'0000-00-00 00:00:00',2,1,NULL),('033adef5d953e905645b67b8ad0b2a66',0,'','213.47.42.54','2023-03-17 20:56:40',1,0,'0000-00-00 00:00:00',2,1,NULL),('033b5fb20bf40061fa8d33c8d09daad3',0,'','66.249.66.81','2023-08-08 08:24:02',1,0,'0000-00-00 00:00:00',2,1,NULL),('033bad22f7b06f07ec1b8edc0c64a928',0,'','66.249.66.198','2023-01-03 15:05:52',1,0,'0000-00-00 00:00:00',2,1,NULL),('033c2764667ededddcdc37778fcf0307',0,'','193.16.152.152','2023-02-10 11:55:02',1,0,'0000-00-00 00:00:00',2,1,NULL),('033d6ae8de690d02557171aba66d17b4',0,'','54.36.148.34','2023-01-22 05:56:10',1,0,'0000-00-00 00:00:00',2,1,NULL),('033e7855703b0e5923c2d1342f4cd6cd',0,'','171.235.215.161','2023-03-03 16:24:24',1,0,'0000-00-00 00:00:00',2,1,NULL),('033ed29e31fb45cc794fe04479660909',0,'','52.191.55.86','2023-05-13 04:05:17',1,0,'0000-00-00 00:00:00',1,1,NULL),('033f99040b880633dfa7da78f7613fe9',0,'','65.21.199.101','2023-01-18 06:22:03',1,0,'0000-00-00 00:00:00',2,1,NULL),('03408eb2c82a4013dc3bd1f2fc824e1b',0,'','185.191.171.34','2023-01-13 12:06:38',1,0,'0000-00-00 00:00:00',2,1,NULL),('0340a99b296686d6930f0a854f24f5e1',0,'','66.249.66.32','2023-03-09 17:48:58',1,0,'0000-00-00 00:00:00',2,1,NULL),('034101abce62f521314f0c67e347d709',0,'','58.220.33.215','2023-08-02 00:26:54',1,0,'0000-00-00 00:00:00',1,1,NULL),('03427fe376d9ccab4ae608d035dd4c8c',0,'','185.191.171.7','2023-07-03 08:47:38',1,0,'0000-00-00 00:00:00',2,1,NULL),('034300044a87e3229d062ed60c2dad5e',0,'','66.249.66.163','2023-06-22 16:49:28',1,0,'0000-00-00 00:00:00',1,1,NULL),('0343866496d6666b21dc926a99454429',0,'','54.202.142.150','2023-04-27 16:03:44',1,0,'0000-00-00 00:00:00',1,1,NULL),('034446adf29ce25f12fe1f6bceeeff5b',0,'','45.33.58.107','2023-06-21 11:17:50',1,0,'0000-00-00 00:00:00',1,1,NULL),('03463078629ca569ba5bf1ff3a227f28',0,'','217.113.194.84','2023-08-01 21:05:03',1,0,'0000-00-00 00:00:00',1,1,NULL),('03466ba24f12bb1ab230b7f670813c4d',0,'','217.182.175.38','2023-08-03 05:05:38',1,0,'0000-00-00 00:00:00',3,1,NULL),('0346ee03984c013521d4552d357860b3',0,'','8.140.56.75','2023-07-25 13:45:44',1,0,'0000-00-00 00:00:00',1,1,NULL),('0347238dfcc9f49bc4abbd0af10b1462',0,'','124.248.69.164','2023-07-21 19:13:53',1,0,'0000-00-00 00:00:00',1,1,NULL),('03481a9816c2f51d6c1770e10eb929d3',0,'','66.249.70.176','2022-11-23 06:36:53',1,0,'0000-00-00 00:00:00',2,1,NULL),('034895c189b14b15df0dc5973ac0ccf9',0,'','193.186.4.100','2023-07-05 20:07:51',1,0,'0000-00-00 00:00:00',1,1,NULL),('0348e4f715447869ef894bb3060b00de',0,'','46.123.255.74','2023-02-09 10:28:30',1,0,'0000-00-00 00:00:00',2,1,NULL),('034a6a4fa69569fe57a01591490178e4',0,'','216.244.66.238','2023-04-12 04:30:19',1,0,'0000-00-00 00:00:00',1,1,NULL),('034ca3f1306b7760308c427c8d4561ae',0,'','54.36.148.209','2023-04-22 05:21:51',1,0,'0000-00-00 00:00:00',1,1,NULL),('034cd4e612e398b8f229391f5f86825b',0,'','1.2.161.30','2023-07-24 02:43:11',1,0,'0000-00-00 00:00:00',1,1,NULL),('034d08a85fe982c68553925d3de07d94',0,'','46.123.240.220','2022-12-28 16:11:40',1,0,'0000-00-00 00:00:00',2,1,NULL),('034d0aa87045a341c6edca2988ae1232',0,'','64.140.131.67','2023-02-21 14:26:22',1,0,'0000-00-00 00:00:00',2,1,NULL),('034e8261744af58fc13b10510eb74a0c',0,'','216.244.66.238','2023-07-14 22:31:37',1,0,'0000-00-00 00:00:00',1,1,NULL),('034f5769ad7717325dea6bf4df21f981',0,'','64.225.33.63','2023-08-13 12:12:19',1,0,'0000-00-00 00:00:00',1,1,NULL),('0350526a272c45e56d62eab6d65d14df',0,'','52.141.93.105','2023-07-18 10:20:37',1,0,'0000-00-00 00:00:00',1,1,NULL),('0350edb0f2e2529dfa60287e8068c4b9',0,'','136.243.228.193','2023-07-09 15:44:13',1,0,'0000-00-00 00:00:00',1,1,NULL),('03516238f7bb78d370bc72e976d265d6',0,'','138.128.118.130','2023-05-02 11:18:06',1,0,'0000-00-00 00:00:00',2,1,NULL),('03519f06e9e3e53e2458ede6d9a93b96',0,'','66.249.66.80','2023-04-27 15:05:04',1,0,'0000-00-00 00:00:00',1,1,NULL),('03531a2996f8532ee30fadd8592b09bb',0,'','195.250.201.253','2023-04-17 13:18:20',1,0,'0000-00-00 00:00:00',1,1,NULL),('0353b7e86a4b5eeb4f306b34d115923a',0,'','69.63.184.4','2023-03-17 05:57:36',1,0,'0000-00-00 00:00:00',1,1,NULL),('0353e5bbf1cbeed03e93a628efc72e98',0,'','46.165.226.166','2023-03-03 17:32:49',1,0,'0000-00-00 00:00:00',2,1,NULL),('035479c3390e73348f8b418fd4c127ec',0,'','3.250.156.234','2023-05-22 23:28:50',1,0,'0000-00-00 00:00:00',2,1,NULL),('0354e71ae6e5c45ae98f4e4b2dd9cd7c',0,'','40.77.167.129','2023-05-12 14:41:38',1,0,'0000-00-00 00:00:00',1,1,NULL),('03554489c1ed19c841c6c895c16143e4',0,'','54.36.149.70','2023-05-06 18:53:29',1,0,'0000-00-00 00:00:00',1,1,NULL),('035609aa738fd97a05140c94b539ea38',0,'','40.77.167.169','2023-07-13 11:04:08',1,0,'0000-00-00 00:00:00',2,1,NULL),('035611c695985e6519ba07f9d58caaa3',0,'','82.165.224.54','2022-12-22 06:08:38',1,0,'0000-00-00 00:00:00',2,1,NULL),('035635195de1a30b91cdc8b966181246',0,'','51.15.140.78','2022-12-25 19:05:18',1,0,'0000-00-00 00:00:00',2,1,NULL),('03572e6c04d707d3329a3d8e9e560df1',0,'','18.157.176.38','2023-02-14 17:57:43',1,0,'0000-00-00 00:00:00',2,1,NULL),('03595bba64c284225b368e5842b89438',0,'','13.67.199.114','2023-01-14 03:19:54',1,0,'0000-00-00 00:00:00',2,1,NULL),('035a2c1374c607896472cd6ad8e1d8c0',0,'','216.244.66.238','2023-01-20 23:55:36',1,0,'0000-00-00 00:00:00',2,1,NULL),('035a3847cf568551fe9df1e441ace926',0,'','66.249.66.35','2023-04-08 16:22:59',1,0,'0000-00-00 00:00:00',2,1,NULL),('035a3decfb8383d45539ac40e07943ee',0,'','160.177.87.168','2023-01-14 18:14:12',1,0,'0000-00-00 00:00:00',2,1,NULL),('035ac669e8ee01baeb72c86bea45975e',0,'','52.167.144.93','2023-05-06 07:14:52',1,0,'0000-00-00 00:00:00',1,1,NULL),('035ba3eb804aaf5cece100be5bb0947f',0,'','65.21.199.133','2022-12-27 17:40:25',1,0,'0000-00-00 00:00:00',2,1,NULL),('035c961fbfb09b1b8aa3145f31ca971b',0,'','92.249.130.205','2023-06-14 21:14:52',1,0,'0000-00-00 00:00:00',2,1,NULL),('035daf354f99022cb569eb36e18552ca',0,'','176.9.16.209','2023-05-22 17:48:33',1,0,'0000-00-00 00:00:00',1,1,NULL),('035edd356f7e046963acf5228f7cc462',0,'','172.177.46.201','2023-07-28 17:53:48',1,0,'0000-00-00 00:00:00',1,1,NULL),('035ee7bdac2032fd46d768efc2435d0d',0,'','49.7.21.93','2023-05-10 11:58:21',1,0,'0000-00-00 00:00:00',1,1,NULL),('035fa17e984e6ca94fcacb126a5271af',0,'','49.7.20.98','2023-01-30 07:19:43',1,0,'0000-00-00 00:00:00',2,1,NULL),('0361b3809c37bdeef88f50a732e58448',0,'','68.183.54.135','2023-02-27 00:05:10',1,0,'0000-00-00 00:00:00',2,1,NULL),('0361c00a6b60761eaed0f8db3e601ffd',0,'','170.187.179.244','2023-04-17 07:15:04',1,0,'0000-00-00 00:00:00',1,1,NULL),('0362614a6ef48dc64492d75353fb298c',0,'','119.156.29.76','2023-06-07 02:16:25',1,0,'0000-00-00 00:00:00',1,1,NULL),('036364218a2b642866e7e05c34f386ef',0,'','185.191.171.25','2023-05-28 19:26:36',1,0,'0000-00-00 00:00:00',1,1,NULL),('03636dc6c63d62e71dad6bfbac82b62d',0,'','157.55.39.253','2023-08-15 09:05:57',1,0,'0000-00-00 00:00:00',1,1,NULL),('03643f62d1bc87e386cfa0a03a1d780c',0,'','5.45.207.110','2022-12-31 11:05:03',1,0,'0000-00-00 00:00:00',2,1,NULL),('03648dd361b644a89232b02581b691f4',0,'','52.167.144.28','2023-06-29 21:32:25',1,0,'0000-00-00 00:00:00',1,1,NULL),('0364d72b89b153e59a38b699840e22b8',0,'','185.191.171.13','2023-04-22 03:20:50',1,0,'0000-00-00 00:00:00',1,1,NULL),('0365c25f3acc3f871ec2db1c858b8eb8',0,'','89.212.90.111','2023-06-01 12:28:19',1,0,'0000-00-00 00:00:00',1,1,NULL),('036602b62da1835cd296717456a237ff',0,'','193.186.4.68','2023-07-29 11:45:50',1,0,'0000-00-00 00:00:00',1,1,NULL),('0366141d0f7e31dca52ac3af5ca54214',0,'','209.99.158.212','2023-04-05 11:47:07',1,0,'0000-00-00 00:00:00',1,1,NULL),('0366b25c5ad6ce2daeb10f2cf2b146d7',0,'','185.191.171.9','2023-06-03 15:21:29',1,0,'0000-00-00 00:00:00',1,1,NULL),('036718f0c6018a3b8a0991da4cc0243e',0,'','18.209.175.0','2023-05-09 08:33:22',1,0,'0000-00-00 00:00:00',2,1,NULL),('03682d32cb6eb5b0ff21907e28e1dcd0',0,'','207.46.13.208','2023-05-09 06:01:57',1,0,'0000-00-00 00:00:00',1,1,NULL),('0368ddddf41267c37fc17ce56610bce4',0,'','144.91.100.162','2023-07-29 18:06:57',1,0,'0000-00-00 00:00:00',1,1,NULL),('03696601cc6b026723343011b044f615',0,'','54.36.148.58','2023-06-09 09:42:13',1,0,'0000-00-00 00:00:00',1,1,NULL),('0369a59cb8b1a7ea6de0965d9e10175b',0,'','66.249.64.68','2023-06-05 19:23:41',1,0,'0000-00-00 00:00:00',1,1,NULL),('0369a859ff95a21ca4059e15fef3b8dc',0,'','54.90.233.153','2023-07-04 10:59:35',1,0,'0000-00-00 00:00:00',2,1,NULL),('0369b76ed9c4939734371144ad19ac40',0,'','144.76.68.17','2023-03-28 01:53:47',1,0,'0000-00-00 00:00:00',2,1,NULL),('036a2b72c4043c03975923d50fc71605',0,'','44.204.64.154','2023-04-24 21:29:25',1,0,'0000-00-00 00:00:00',1,1,NULL),('036a3320b72c36d885b51454c9ac583a',0,'','221.7.131.202','2022-12-01 03:43:25',1,0,'0000-00-00 00:00:00',2,1,NULL),('036c0e9bf4e61adfc1e01e6ca418c1de',0,'','93.103.9.29','2023-01-19 17:18:18',1,0,'0000-00-00 00:00:00',2,1,NULL),('036cc953ffaeec5cc8acb1a0a0a52660',0,'','40.88.21.235','2023-05-02 18:03:43',1,0,'0000-00-00 00:00:00',1,1,NULL),('036ce13438daf85f63b570683167baf0',0,'','185.191.171.15','2023-07-11 04:49:46',1,0,'0000-00-00 00:00:00',2,1,NULL),('036deac0b59f8d741413c7f980d2c6b6',0,'','66.249.66.33','2023-07-25 07:52:42',1,0,'0000-00-00 00:00:00',1,1,NULL),('036e093964ea34466bcb25aee601283d',0,'','54.174.88.241','2023-08-02 20:51:18',1,0,'0000-00-00 00:00:00',1,1,NULL),('036e8279d67487432ec65ff2616e713e',0,'','136.243.222.140','2023-02-06 19:42:14',1,0,'0000-00-00 00:00:00',2,1,NULL),('036eb95b569001e3b6bd88592aa71352',0,'','123.125.109.40','2023-08-14 06:39:55',1,0,'0000-00-00 00:00:00',1,1,NULL),('036ec073b4eca141f60e70c8e49834ca',0,'','66.249.66.33','2023-02-05 15:11:38',1,0,'0000-00-00 00:00:00',2,1,NULL),('037370ff993b86fc989ac480c499226e',0,'','66.249.64.70','2023-05-07 01:20:15',1,0,'0000-00-00 00:00:00',0,1,NULL),('0376a37d6b7be6a0a1c115e6827cc4fc',0,'','95.217.109.26','2023-05-31 09:22:55',1,0,'0000-00-00 00:00:00',2,1,NULL),('0376cd63ed2a01e90b1238d747dc8193',0,'','49.7.21.120','2023-03-25 23:50:19',1,0,'0000-00-00 00:00:00',1,1,NULL),('0376d7508a2084bdb631da2351bf645b',0,'','195.29.90.132','2023-08-01 17:07:50',1,0,'0000-00-00 00:00:00',1,1,NULL),('03771245aabdb238f232a00526a60181',0,'','66.249.66.75','2023-02-28 15:35:41',1,0,'0000-00-00 00:00:00',2,1,NULL),('0377cd60b0183aedd0bf175deeb0b928',0,'','20.15.133.174','2023-07-06 03:53:12',1,0,'0000-00-00 00:00:00',2,1,NULL),('037810a89a0e51f0a99cb3f76895d279',0,'','46.123.251.96','2023-03-05 11:38:47',1,0,'0000-00-00 00:00:00',2,1,NULL),('03787a3a876cff2d7ea1c898aa5f40ad',0,'','66.249.66.145','2023-08-02 01:09:22',1,0,'0000-00-00 00:00:00',1,1,NULL),('037881839058439077b5f3962cae2491',0,'','40.83.55.198','2023-01-14 03:26:21',1,0,'0000-00-00 00:00:00',2,1,NULL),('037895f9cb7acfbbd6111843bc8cd9f3',0,'','66.249.70.178','2023-01-31 19:45:09',1,0,'0000-00-00 00:00:00',2,1,NULL),('03789f580a3c7a6dc261640f2d68ea7b',0,'','157.55.39.49','2022-11-19 04:09:00',1,0,'0000-00-00 00:00:00',2,1,NULL),('0378e1175e6a6d1000647539f80e198e',0,'','49.7.20.95','2023-02-04 02:02:20',1,0,'0000-00-00 00:00:00',2,1,NULL),('0379b3f5a4cd49dd4e8ce4719b3c201f',0,'','66.249.70.176','2022-12-11 07:07:49',1,0,'0000-00-00 00:00:00',2,1,NULL),('037b5838995ec2fea7c05fe8f58ab2c0',0,'','51.68.174.55','2023-07-11 10:58:20',1,0,'0000-00-00 00:00:00',1,1,NULL),('037b9522a88fb1a0a4ff53bc6ba73abd',0,'','35.214.246.90','2023-03-09 22:34:56',1,0,'0000-00-00 00:00:00',2,1,NULL),('037bf0b5bf1bee3688f839cd8df60d48',0,'','185.191.171.5','2022-12-16 06:20:08',1,0,'0000-00-00 00:00:00',2,1,NULL),('037d313904a668eb43e2323454d0589d',0,'','13.80.183.173','2023-07-04 14:03:47',1,0,'0000-00-00 00:00:00',1,1,NULL),('037d8afbcadec156d6ad1fab0e1128f1',0,'','77.75.79.72','2023-04-25 14:06:01',1,0,'0000-00-00 00:00:00',2,1,NULL),('037ec15da19a0889bc1630861cc81c44',0,'','188.230.136.82','2023-01-07 12:04:57',1,0,'0000-00-00 00:00:00',2,1,NULL),('037f480385e46fdb4b17c739a59a7282',0,'','185.191.171.21','2023-01-06 00:02:49',1,0,'0000-00-00 00:00:00',2,1,NULL),('037feced4ead1e4bf79043d1393eec40',0,'','40.77.167.164','2023-02-11 06:21:34',1,0,'0000-00-00 00:00:00',2,1,NULL),('0380aa45ecc273a0ab9591629e526b9b',0,'','84.186.252.14','2023-05-26 13:37:30',1,0,'0000-00-00 00:00:00',1,1,NULL),('0380b9535fe47cf5a69b345b424ba1b8',0,'','156.245.20.192','2023-07-22 15:16:40',1,0,'0000-00-00 00:00:00',1,1,NULL),('0383900d6d2d79a76ff4da210362daac',0,'','207.46.13.153','2022-11-19 04:10:07',1,0,'0000-00-00 00:00:00',2,1,NULL),('0383c7d0b10f942548f411378825fe4b',0,'','74.125.208.2','2023-03-06 14:12:46',1,0,'0000-00-00 00:00:00',2,1,NULL),('0383ce14196ddeb6346b4a15fd15da68',0,'','154.39.203.125','2023-06-08 05:51:07',1,0,'0000-00-00 00:00:00',1,1,NULL),('038477ef941a8003d83529b1a76344ab',0,'','123.125.109.141','2023-06-05 15:38:38',1,0,'0000-00-00 00:00:00',1,1,NULL),('03852454ff8b3a290c251aa73b154e5a',0,'','46.123.240.31','2023-07-30 14:25:14',1,0,'0000-00-00 00:00:00',1,1,NULL),('0385891a8b4d127e5854b2ae33b6f766',0,'','90.8.100.58','2023-04-24 13:52:40',1,0,'0000-00-00 00:00:00',2,1,NULL),('03867028c9bc7cf18fbd2a336e54f361',0,'','216.244.66.238','2023-07-09 22:25:13',1,0,'0000-00-00 00:00:00',2,1,NULL),('0387316d24c06327b32334980f4b990c',0,'','54.36.148.191','2023-02-08 01:28:51',1,0,'0000-00-00 00:00:00',2,1,NULL),('03873f395dae7413cb9d36c26b7a0372',0,'','170.187.146.35','2023-07-09 19:43:22',1,0,'0000-00-00 00:00:00',1,1,NULL),('038872176b8414e6535cac4d6b0d5625',0,'','61.135.159.201','2023-06-03 13:08:58',1,0,'0000-00-00 00:00:00',1,1,NULL),('0388b77b88179c1b7302c3fd66fcc34a',0,'','66.249.66.33','2023-03-12 15:55:45',1,0,'0000-00-00 00:00:00',2,1,NULL),('0388c0304bd38bb3a09270185516d6fc',0,'','45.76.190.213','2022-12-11 13:51:55',1,0,'0000-00-00 00:00:00',2,1,NULL),('0388db04c5db5e97027ed7ff2951f815',0,'','205.164.56.154','2023-01-21 21:31:59',1,0,'0000-00-00 00:00:00',2,1,NULL),('0389691bd1a9f3c2b16ffc0120e8849d',0,'','35.90.131.32','2023-01-11 00:18:45',1,0,'0000-00-00 00:00:00',2,1,NULL),('038a392939f54aa1a1303d77b63c64b7',0,'','80.187.121.33','2023-06-15 13:40:59',1,0,'0000-00-00 00:00:00',1,1,NULL),('038a4679b9ed14615530753463691739',0,'','124.5.181.103','2023-02-27 23:31:26',1,0,'0000-00-00 00:00:00',2,1,NULL),('038a7ced0264a458304dfbd4b48e2652',0,'','54.70.53.60','2023-03-07 15:38:06',1,0,'0000-00-00 00:00:00',2,1,NULL),('038dd99810de0656c136c7e714848dd2',0,'','31.220.1.111','2023-06-21 01:59:18',1,0,'0000-00-00 00:00:00',1,1,NULL),('038f44498ec41ea4253ee9a843fddcf2',0,'','44.204.171.178','2023-03-05 20:28:04',1,0,'0000-00-00 00:00:00',2,1,NULL),('038fce356d5d2acac5c47a4992dd8908',0,'','66.249.66.34','2023-04-04 03:44:42',1,0,'0000-00-00 00:00:00',2,1,NULL),('0390ae63d13f647fcc15cf9dcbaeadc6',0,'','66.249.66.196','2023-01-16 22:59:19',1,0,'0000-00-00 00:00:00',2,1,NULL),('039125f4ea53c22298064342d668df85',0,'','193.77.148.20','2022-12-08 14:31:04',1,0,'0000-00-00 00:00:00',2,1,NULL),('0392c957d38424680adca0e4878587c6',0,'','45.56.80.97','2023-06-23 22:15:42',1,0,'0000-00-00 00:00:00',1,1,NULL),('03930b37e775fdba7adb9d8cbce11d1c',0,'','54.187.174.169','2023-04-16 11:04:53',1,0,'0000-00-00 00:00:00',1,1,NULL),('0393707f8a5ad0797856e58e9e01ef54',0,'','49.7.20.110','2023-04-25 12:42:10',1,0,'0000-00-00 00:00:00',1,1,NULL),('0393759bf0ca8a94f77e16b4dce08365',59,'miha@ngn.si','193.77.189.240','2023-01-27 16:15:10',0,1,'0000-00-00 00:00:00',2,1,NULL),('0393c89e5c19fad6116e98399aead3e8',0,'','49.7.20.89','2023-02-05 11:58:29',1,0,'0000-00-00 00:00:00',2,1,NULL),('039421260c8934dd137c11a735b3df09',0,'','154.53.95.31','2022-11-16 05:04:05',1,0,'0000-00-00 00:00:00',2,1,NULL),('0394783d711429468a6d1ddbd7dca2b5',0,'','49.7.20.89','2023-03-10 14:26:54',1,0,'0000-00-00 00:00:00',2,1,NULL),('0396d9368f0b7c90dbae2263bd0e856e',0,'','5.32.138.182','2023-07-17 12:20:05',1,0,'0000-00-00 00:00:00',1,1,NULL),('03977529c5f2e2900d12a47e937617e5',0,'','66.249.66.165','2023-06-22 02:20:53',1,0,'0000-00-00 00:00:00',1,1,NULL),('039832b536b04a5e7aca796db4085452',0,'','40.77.167.164','2023-02-15 00:59:58',1,0,'0000-00-00 00:00:00',2,1,NULL),('039887a2a4f62768d98b56401f50b149',0,'','176.76.242.100','2023-01-19 21:18:19',1,0,'0000-00-00 00:00:00',2,1,NULL),('03988ead77722471d60183c935eef8c1',0,'','40.77.167.157','2023-03-17 03:33:31',1,0,'0000-00-00 00:00:00',2,1,NULL),('0399219377c3d2e9831e49d945e920cb',0,'','54.36.148.151','2023-07-04 06:24:17',1,0,'0000-00-00 00:00:00',2,1,NULL),('0399609b0cf95ccc1b4e7e7cc015d504',0,'','8.140.56.75','2023-07-09 06:11:38',1,0,'0000-00-00 00:00:00',1,1,NULL),('0399e7376987e390b075776d54daeb5c',0,'','66.249.81.54','2022-03-09 18:05:18',1,0,'0000-00-00 00:00:00',1,1,NULL),('039a7b514d7f37fa68ab026b812c45d1',0,'','182.54.239.176','2022-11-28 15:43:39',1,0,'0000-00-00 00:00:00',2,1,NULL),('039b57649010ea8c69c5bf2c4902abed',0,'','118.184.177.63','2023-04-18 17:03:18',1,0,'0000-00-00 00:00:00',1,1,NULL),('039bf9f50802b853cb68a7982bbaecb1',0,'','188.230.136.82','2023-01-27 23:51:03',1,0,'0000-00-00 00:00:00',2,1,NULL),('039c3ac383217c1c3e3f8c088fe93c6f',0,'','52.167.144.174','2023-03-17 15:35:35',1,0,'0000-00-00 00:00:00',1,1,NULL),('039c85cd2a666adca2d815ef59249017',0,'','85.208.98.18','2023-08-14 19:46:58',1,0,'0000-00-00 00:00:00',1,1,NULL),('039c9bda319205dd52abf012a4d5c27e',0,'','60.247.148.12','2023-04-17 09:01:47',1,0,'0000-00-00 00:00:00',1,1,NULL),('039cf5a159338d41e095b47594d1e701',0,'','86.61.77.30','2023-04-14 15:51:03',1,0,'0000-00-00 00:00:00',1,1,NULL),('039e0b64c09492a0210830d9c79cbcaa',0,'','93.181.131.96','2023-01-18 12:24:45',1,0,'0000-00-00 00:00:00',2,1,NULL),('039e2c259031e25414c1ad0b2af3293d',0,'','58.250.125.102','2023-05-01 13:22:22',1,0,'0000-00-00 00:00:00',1,1,NULL),('039fa463a1dd3bb3becb36c0ebc92eb2',0,'','45.77.85.70','2023-02-11 01:46:39',1,0,'0000-00-00 00:00:00',2,1,NULL),('03a00f17fe5b0eddfbaa2a4f4a5ab28d',0,'','72.14.201.98','2023-05-28 16:01:54',1,0,'0000-00-00 00:00:00',2,1,NULL),('03a0357b0b9ffb3cf6c3d2947ed5b2fe',0,'','185.191.171.36','2023-04-01 19:08:48',1,0,'0000-00-00 00:00:00',1,1,NULL),('03a11cf72aa8bf4444a274940d82ea1e',0,'','54.36.148.93','2023-08-13 14:14:55',1,0,'0000-00-00 00:00:00',2,1,NULL),('03a176231528500ad4829d1eb8aa369d',0,'','66.249.66.9','2023-02-16 15:59:49',1,0,'0000-00-00 00:00:00',2,1,NULL),('03a1a4136436b6023731e7e6a2951995',0,'','66.249.70.180','2022-12-10 11:57:02',1,0,'0000-00-00 00:00:00',2,1,NULL),('03a1fb751a10582708c3e1e4fd63961b',0,'','85.208.96.193','2023-08-08 13:31:09',1,0,'0000-00-00 00:00:00',2,1,NULL),('03a23024a2e036b4c0f2b5542e541fa9',0,'','185.191.171.19','2023-01-06 16:56:58',1,0,'0000-00-00 00:00:00',2,1,NULL),('03a34eaa950226b77ce861b8f513bd5f',0,'','49.7.20.86','2023-02-21 04:02:34',1,0,'0000-00-00 00:00:00',2,1,NULL),('03a61811df041e8fd7191dd2a650c081',0,'','213.172.234.198','2022-11-15 14:13:38',1,0,'0000-00-00 00:00:00',2,1,NULL),('03a7a21976ec96a1b9748a96e3a96287',0,'','40.77.167.164','2023-02-05 02:58:31',1,0,'0000-00-00 00:00:00',2,1,NULL),('03a8b3e0d15762bf31ad91a9a3b56ca6',0,'','66.249.66.196','2022-11-18 18:31:38',1,0,'0000-00-00 00:00:00',2,1,NULL),('03a8e15fafb887b44c4cc94ec970e00e',0,'','185.229.144.22','2023-05-26 11:36:24',1,0,'0000-00-00 00:00:00',1,1,NULL),('03a91027000c6cd3b6046cd3408d46ec',0,'','54.36.148.104','2023-05-10 02:46:01',1,0,'0000-00-00 00:00:00',1,1,NULL),('03a92f455a90dc6a8f5ddd79911557c2',0,'','216.244.66.238','2023-08-09 10:01:20',1,0,'0000-00-00 00:00:00',1,1,NULL),('03a9e0436438ebc76cd434a0ea3ad950',0,'','216.244.66.238','2023-08-13 04:55:11',1,0,'0000-00-00 00:00:00',2,1,NULL),('03aa2eb0da4f513d74168b81a923fe77',0,'','178.62.74.6','2023-07-03 11:23:34',1,0,'0000-00-00 00:00:00',1,1,NULL),('03aa5f47215aa6189dac736dc714ab23',0,'','207.46.13.20','2023-01-05 04:46:12',1,0,'0000-00-00 00:00:00',2,1,NULL),('03ab215be8da69caee0ef30c15104147',0,'','157.55.39.68','2023-01-22 20:09:16',1,0,'0000-00-00 00:00:00',2,1,NULL),('03ab645151a687e5c134acff7d3e3bdc',0,'','40.77.167.246','2023-03-28 08:27:49',1,0,'0000-00-00 00:00:00',1,1,NULL),('03ab7e61da77f8abca7d547f4be297fc',0,'','136.243.228.193','2023-03-21 14:22:59',1,0,'0000-00-00 00:00:00',1,1,NULL),('03abea17aea5d609e4f4b81b77b1ed07',0,'','207.46.13.223','2023-06-18 12:57:24',1,0,'0000-00-00 00:00:00',2,1,NULL),('03ae40f35c9e4004e0ae6200db5fe88e',0,'','31.13.103.2','2022-11-22 17:36:33',1,0,'0000-00-00 00:00:00',2,1,NULL),('03aeaf871778f14d5944218d1fa35b2b',0,'','66.249.66.198','2022-11-23 20:28:57',1,0,'0000-00-00 00:00:00',2,1,NULL),('03aee3d19f2edd0a674c6e966be19ea5',0,'','138.128.118.130','2023-05-02 11:18:10',1,0,'0000-00-00 00:00:00',1,1,NULL),('03af7a248dcddcb0f3d4a3020569969f',0,'','65.21.35.205','2023-05-21 10:48:59',1,0,'0000-00-00 00:00:00',2,1,NULL),('03b0638c8e17feaeb0d12e4ee68a9633',0,'','93.85.100.131','2023-02-14 08:25:06',1,0,'0000-00-00 00:00:00',2,1,NULL),('03b41ca343cda19073e8102c29421135',0,'','66.249.81.234','2023-07-07 07:03:26',1,0,'0000-00-00 00:00:00',1,1,NULL),('03b4608062fc54a68df0657cd6b002f9',0,'','185.191.171.7','2023-06-05 18:16:25',1,0,'0000-00-00 00:00:00',1,1,NULL),('03b5bec6030ae7d44cb9f9f16b650156',0,'','136.243.228.193','2023-05-25 07:35:13',1,0,'0000-00-00 00:00:00',2,1,NULL),('03b5f8a2ad4df5272538d2deddf98db4',0,'','193.77.189.240','2022-09-28 16:46:15',1,0,'0000-00-00 00:00:00',1,1,NULL),('03b7baa734fdcc0bcdfb540c3ea38860',0,'','207.46.13.198','2023-01-01 23:33:14',1,0,'0000-00-00 00:00:00',2,1,NULL),('03b80c3db1ff436227babcce38eb1e49',0,'','20.231.43.61','2023-08-14 14:58:58',1,0,'0000-00-00 00:00:00',1,1,NULL),('03b8de983e9cff69d9280868b6c2aff5',0,'','65.21.35.238','2023-08-07 06:30:00',1,0,'0000-00-00 00:00:00',2,1,NULL),('03b94471a2a7e3c237aa3677f6e7f1fb',0,'','54.174.88.241','2023-08-02 20:55:11',1,0,'0000-00-00 00:00:00',1,1,NULL),('03b9467dfb3599a0b6229501164ef8ea',0,'','66.249.66.200','2023-02-06 08:03:56',1,0,'0000-00-00 00:00:00',2,1,NULL),('03b96b2310637dea448a1a263c5da421',0,'','116.202.175.208','2023-05-19 12:08:22',1,0,'0000-00-00 00:00:00',1,1,NULL),('03badf2fb2974964e8aed4c46d1bb530',0,'','54.36.149.11','2023-02-08 03:19:36',1,0,'0000-00-00 00:00:00',2,1,NULL),('03bc565b102b9f51498924a6be16ad47',0,'','173.252.95.9','2023-06-17 17:37:09',1,0,'0000-00-00 00:00:00',1,1,NULL),('03bc86aa061bc9352b15a89d0e13512d',0,'','52.91.113.215','2022-11-29 08:38:32',1,0,'0000-00-00 00:00:00',2,1,NULL),('03bdd95cef0496d73d889c5e99346743',0,'','52.167.144.28','2023-07-02 01:52:17',1,0,'0000-00-00 00:00:00',2,1,NULL),('03be28e0716b195c58cea3ef4442fc50',0,'','216.244.66.238','2023-03-09 17:45:40',1,0,'0000-00-00 00:00:00',2,1,NULL),('03be30b3897b3a40089e200ed6be900f',0,'','66.249.70.176','2022-11-26 11:19:25',1,0,'0000-00-00 00:00:00',2,1,NULL),('03c02b003d935e90139ffc300e5f6ca1',0,'','123.183.224.88','2023-07-23 19:55:55',1,0,'0000-00-00 00:00:00',1,1,NULL),('03c0f8e18348fe086a6e77f6a1a522e5',0,'','40.77.70.75','2023-01-14 03:11:37',1,0,'0000-00-00 00:00:00',2,1,NULL),('03c13845f19cf7a733ac064db06f6d90',0,'','185.191.171.21','2023-06-18 21:24:33',1,0,'0000-00-00 00:00:00',1,1,NULL),('03c2005f8d38bd5c52fb1f44690ec242',0,'','74.125.208.5','2023-04-02 14:51:17',1,0,'0000-00-00 00:00:00',1,1,NULL),('03c430571cba088ec6a7fbdb31ab8e94',0,'','193.77.7.93','2023-03-04 20:20:39',1,0,'0000-00-00 00:00:00',2,1,NULL),('03c5b690bcd71a8ae6e624255f55cf45',0,'','61.147.96.30','2023-08-03 22:45:52',1,0,'0000-00-00 00:00:00',1,1,NULL),('03c5c132f49cd699f692633e54e79732',0,'','54.36.148.36','2023-07-23 07:38:07',1,0,'0000-00-00 00:00:00',2,1,NULL),('03c5c1bd1428e1ef01294772764a856d',0,'','52.167.144.122','2023-06-26 22:12:41',1,0,'0000-00-00 00:00:00',1,1,NULL),('03c675b0c97a7a5ed61a015222a600af',0,'','66.249.77.72','2023-06-09 10:27:27',1,0,'0000-00-00 00:00:00',2,1,NULL),('03c6c377079f9b86e6a4764810fe7923',0,'','46.165.226.166','2023-03-03 17:32:47',1,0,'0000-00-00 00:00:00',2,1,NULL),('03c7ae4bdccf8bfe23224b3eba9f691c',0,'','66.249.66.80','2023-07-20 21:46:50',1,0,'0000-00-00 00:00:00',1,1,NULL),('03ca512287b7b0049af16afd1b09abad',0,'','149.129.75.37','2023-03-18 10:49:23',1,0,'0000-00-00 00:00:00',1,1,NULL),('03ccf5c18734c322641e16a642794e13',0,'','40.88.21.235','2023-06-16 17:42:47',1,0,'0000-00-00 00:00:00',1,1,NULL),('03cd15bd681c17e8c398cc3af1a9e9dd',0,'','49.7.20.155','2023-02-01 09:00:13',1,0,'0000-00-00 00:00:00',2,1,NULL),('03cdf4abb14d0f38bd79cc220cff2510',0,'','186.179.100.92','2023-04-16 06:18:57',1,0,'0000-00-00 00:00:00',1,1,NULL),('03ceda61db4c3f4e4a402c929f1d2fbe',0,'','82.165.224.97','2023-03-28 05:27:27',1,0,'0000-00-00 00:00:00',1,1,NULL),('03cf0625ee70acba5503aabd1a7927b3',0,'','66.249.64.66','2023-04-21 10:36:29',1,0,'0000-00-00 00:00:00',1,1,NULL),('03d0bf6054e929ec73fb894227da4965',0,'','18.116.34.67','2023-01-28 13:10:15',1,0,'0000-00-00 00:00:00',2,1,NULL),('03d123048c68b4816f75fe42bdfcd371',0,'','54.187.174.169','2023-03-13 05:22:58',1,0,'0000-00-00 00:00:00',1,1,NULL),('03d18dc35f1e6037b96d0d6e46d43f5a',0,'','35.207.127.39','2023-07-22 01:31:53',1,0,'0000-00-00 00:00:00',1,1,NULL),('03d1e203412a2dec095d846862c577d1',0,'','178.20.187.50','2023-06-14 14:46:18',1,0,'0000-00-00 00:00:00',1,1,NULL),('03d342de5703548394288f69eecadcec',0,'','176.9.16.209','2023-07-09 22:28:54',1,0,'0000-00-00 00:00:00',2,1,NULL),('03d35441a9666c1c22951643c15a2315',0,'','52.167.144.122','2023-06-20 10:52:56',1,0,'0000-00-00 00:00:00',2,1,NULL),('03d3b08ebeb009c9c5a49db206e87953',0,'','95.163.255.129','2023-01-07 22:13:13',1,0,'0000-00-00 00:00:00',2,1,NULL),('03d3c3e794edc911fa163c7915f23ff3',0,'','207.46.13.209','2023-06-28 22:24:03',1,0,'0000-00-00 00:00:00',2,1,NULL),('03d413d11e3befc014cfe527f99477a2',0,'','216.244.66.238','2022-11-27 21:22:33',1,0,'0000-00-00 00:00:00',2,1,NULL),('03d564b61c00adf3e31d07bf335188ed',0,'','52.167.144.125','2023-07-13 14:03:00',1,0,'0000-00-00 00:00:00',1,1,NULL),('03d590c2d95bf7e9a428869b5e6f6c0b',0,'','66.249.66.81','2023-07-19 00:34:48',1,0,'0000-00-00 00:00:00',2,1,NULL),('03d5c7c1c17651e642fdba6fde7675a0',0,'','66.249.66.79','2023-08-05 12:48:05',1,0,'0000-00-00 00:00:00',1,1,NULL),('03d7244833c4027522b23b123a8b6f52',0,'','193.186.4.98','2023-06-04 12:13:01',1,0,'0000-00-00 00:00:00',1,1,NULL),('03d79bb2e12726769dab65092342f367',0,'','216.244.66.238','2023-04-30 04:41:54',1,0,'0000-00-00 00:00:00',1,1,NULL),('03d85c43027974d11f393890eca07438',0,'','199.244.88.227','2023-02-12 21:12:44',1,0,'0000-00-00 00:00:00',2,1,NULL),('03d8ff8e645e3ece48bceec1a01a2452',0,'','109.239.188.4','2023-02-24 11:05:02',1,0,'0000-00-00 00:00:00',1,1,NULL),('03d907a8b2a882071adea948e4612319',0,'','66.249.66.10','2023-02-14 15:14:28',1,0,'0000-00-00 00:00:00',2,1,NULL),('03d98a9c73cfa6800168137be6c4fa33',0,'','66.249.64.66','2023-04-15 18:04:59',1,0,'0000-00-00 00:00:00',1,1,NULL),('03db02f28d413b24865a8f6df3f5ed72',0,'','141.94.105.141','2023-06-23 14:11:03',1,0,'0000-00-00 00:00:00',2,1,NULL),('03db0edfb527e0945649a5988d14baf0',0,'','66.249.66.198','2023-01-31 03:52:45',1,0,'0000-00-00 00:00:00',2,1,NULL),('03db3f6b07dcbc1ce23b56b7a0e9936a',0,'','185.191.171.13','2023-05-15 23:54:59',1,0,'0000-00-00 00:00:00',2,1,NULL),('03dbfb738cb9714998dee0eb7fa60dcf',0,'','157.55.39.166','2022-11-18 06:20:24',1,0,'0000-00-00 00:00:00',2,1,NULL),('03dd7358fd078dd48c24938fb7b37773',0,'','89.143.138.4','2022-11-29 14:25:39',1,0,'0000-00-00 00:00:00',2,1,NULL),('03dd8b9b531572226c785c3e029196cc',0,'','207.46.13.221','2023-05-12 00:47:57',1,0,'0000-00-00 00:00:00',1,1,NULL),('03ddecdaf50aa9f9133f413cff4a4caf',0,'','46.114.158.59','2023-05-24 22:57:26',1,0,'0000-00-00 00:00:00',2,1,NULL),('03dfe805b4a76f66db2c2e6cd83e7f52',0,'','207.46.13.157','2022-12-28 10:59:12',1,0,'0000-00-00 00:00:00',2,1,NULL),('03e1a7b58497c405c924f27165c9f23d',0,'','93.103.123.219','2023-08-03 14:26:40',1,0,'0000-00-00 00:00:00',2,1,NULL),('03e1df3e3267db592bde7c9e4f947978',0,'','216.244.66.238','2023-03-18 17:00:17',1,0,'0000-00-00 00:00:00',2,1,NULL),('03e255377204e76fa319ffdda6d97b5d',0,'','65.21.35.205','2023-05-21 10:47:29',1,0,'0000-00-00 00:00:00',1,1,NULL),('03e2e008b41627acae1686db6bd160f7',0,'','173.252.95.1','2023-02-23 08:00:10',1,0,'0000-00-00 00:00:00',2,1,NULL),('03e440d59642548c129c842c4fdad7a4',0,'','66.249.66.198','2023-08-16 02:02:50',1,0,'0000-00-00 00:00:00',1,1,NULL),('03e589425132ebc110b4a7dbd3debb98',0,'','185.191.171.3','2023-01-30 05:30:06',1,0,'0000-00-00 00:00:00',2,1,NULL),('03e5e40bebb4009e886d80e285fc4998',0,'','216.244.66.238','2023-03-25 09:59:21',1,0,'0000-00-00 00:00:00',2,1,NULL),('03e7ce783ff4fea07e574e402f48869d',0,'','136.243.222.140','2022-11-25 00:21:43',1,0,'0000-00-00 00:00:00',2,1,NULL),('03e863d60fafc655f3aa496783cde01c',0,'','136.243.228.193','2023-03-21 14:28:11',1,0,'0000-00-00 00:00:00',2,1,NULL),('03e8da530a251ae3aa3cc1912b8254d7',0,'','74.125.208.151','2023-05-01 19:23:51',1,0,'0000-00-00 00:00:00',1,1,NULL),('03e9564c2965a86f758076451d8fed58',0,'','114.119.138.151','2022-11-17 19:22:01',1,0,'0000-00-00 00:00:00',2,1,NULL),('03e9e0e347f880679f93b6862aadee03',0,'','176.9.16.209','2023-06-15 22:02:57',1,0,'0000-00-00 00:00:00',1,1,NULL),('03eabe220e4cd3a92931d52f61de80f3',0,'','185.191.171.3','2023-01-23 12:12:58',1,0,'0000-00-00 00:00:00',2,1,NULL),('03eb2c41fb1a6307e955fcf07c66d7e2',0,'','95.111.227.171','2022-04-12 16:15:00',1,0,'0000-00-00 00:00:00',1,1,NULL),('03eb34d5d40105c8e4b538973171a802',0,'','44.212.92.96','2023-03-16 22:41:21',1,0,'0000-00-00 00:00:00',1,1,NULL),('03eb37d38f05e8f99aa9c51ff87f7fec',0,'','216.244.66.238','2023-04-29 20:45:22',1,0,'0000-00-00 00:00:00',2,1,NULL),('03eb4d5ea81d23e241ae99bab23bec01',0,'','208.109.18.40','2023-06-12 14:40:57',1,0,'0000-00-00 00:00:00',1,1,NULL),('03ebbf4580046e3bdd15ae122c156295',0,'','49.7.20.89','2023-01-30 10:18:38',1,0,'0000-00-00 00:00:00',2,1,NULL),('03ebf88d4e1b758a683611c2017959f4',0,'','77.88.5.219','2023-01-12 07:32:56',1,0,'0000-00-00 00:00:00',2,1,NULL),('03ece4630993abf744326286f1c5e42d',0,'','54.174.88.241','2023-08-02 20:52:41',1,0,'0000-00-00 00:00:00',1,1,NULL),('03ed306692d3d67a0992e6ca6759281f',0,'','54.36.148.59','2023-02-25 09:11:30',1,0,'0000-00-00 00:00:00',2,1,NULL),('03ed7d2a3b8cce1e895c3e697e47861b',0,'','66.249.66.200','2022-11-29 20:43:57',1,0,'0000-00-00 00:00:00',2,1,NULL),('03edaa38a389cb9be81e77dfaf44704c',0,'','52.167.144.78','2023-05-31 03:11:55',1,0,'0000-00-00 00:00:00',3,1,NULL),('03ef6b76f826b541910755d6aa0710e6',0,'','95.163.36.18','2023-01-02 13:35:32',1,0,'0000-00-00 00:00:00',2,1,NULL),('03f04ab69b92a7ad5c62919e175ba43f',0,'','170.187.203.196','2023-04-17 11:03:20',1,0,'0000-00-00 00:00:00',1,1,NULL),('03f19fbb21119532da2d96edd6e9220e',0,'','185.191.171.11','2023-07-29 16:24:53',1,0,'0000-00-00 00:00:00',3,1,NULL),('03f23e1cf2f05efac269d63c3a5cbacb',0,'','185.191.171.4','2023-06-06 22:34:45',1,0,'0000-00-00 00:00:00',1,1,NULL),('03f263e0deb2fc57654cd3a03a42846f',0,'','18.203.176.135','2023-01-11 22:30:06',1,0,'0000-00-00 00:00:00',2,1,NULL),('03f2fe3aa84264eb078365d854f40e7c',0,'','193.189.172.114','2023-05-05 11:40:37',1,0,'0000-00-00 00:00:00',1,1,NULL),('03f3c76c14e99d7fdbf724fc4d3f2d5d',0,'','142.202.240.55','2023-04-30 08:08:52',1,0,'0000-00-00 00:00:00',1,1,NULL),('03f3d0cafd85540d76d676f549397457',0,'','54.174.88.241','2023-08-02 20:51:47',1,0,'0000-00-00 00:00:00',1,1,NULL),('03f4459e7a29a16ef1e503c96fd4a96d',0,'','5.90.205.65','2023-08-07 18:41:45',1,0,'0000-00-00 00:00:00',1,1,NULL),('03f5371bd0043aafb49c29146880de8a',0,'','46.165.226.166','2023-03-03 17:32:21',1,0,'0000-00-00 00:00:00',2,1,NULL),('03f752aa29692c70774ee1bd93077a97',0,'','176.9.16.209','2023-06-15 22:06:05',1,0,'0000-00-00 00:00:00',1,1,NULL),('03f75c2b6d55cbbce9a5d08cb3584ced',0,'','54.36.149.82','2023-01-21 23:51:31',1,0,'0000-00-00 00:00:00',2,1,NULL),('03f7d4faa5f1275a900ef2142f7dc354',0,'','157.55.39.68','2023-01-19 18:15:28',1,0,'0000-00-00 00:00:00',2,1,NULL),('03f8f686e54a19cd889db7be22d27884',0,'','185.191.171.42','2023-06-18 05:41:54',1,0,'0000-00-00 00:00:00',2,1,NULL),('03f900cc6729814117a275212c000100',0,'','176.9.16.209','2023-02-14 10:41:49',1,0,'0000-00-00 00:00:00',2,1,NULL),('03fad9e61ddd16ef5cc2cad6032b4a63',0,'','216.244.66.238','2023-04-23 02:49:34',1,0,'0000-00-00 00:00:00',1,1,NULL),('03fb4fff084cffbd9107e0d1ef6584dd',0,'','217.113.194.97','2022-12-15 12:21:29',1,0,'0000-00-00 00:00:00',2,1,NULL),('03fb8510374da5be6484041f66c12709',0,'','123.16.152.15','2023-08-04 08:21:28',1,0,'0000-00-00 00:00:00',1,1,NULL),('03fbaca1ccd7b22ec1c5dedc7ed32a18',0,'','216.244.66.238','2023-02-15 05:01:17',1,0,'0000-00-00 00:00:00',2,1,NULL),('03fcee34d837585e0725119c5e8b175c',0,'','193.186.4.98','2023-06-10 23:06:38',1,0,'0000-00-00 00:00:00',1,1,NULL),('03fd36c9c13b7690eeca4e073a46140e',0,'','46.246.122.62','2023-06-15 04:07:37',1,0,'0000-00-00 00:00:00',2,1,NULL),('03fd9a80cb96169af86ff6c8b3277895',0,'','77.75.79.31','2023-02-17 06:58:19',1,0,'0000-00-00 00:00:00',2,1,NULL),('03fe6b0f6e1430a8ee49f227b0d97832',0,'','18.208.164.175','2022-11-29 08:39:04',1,0,'0000-00-00 00:00:00',2,1,NULL),('03ff1a3845fe255d5c89c07c5cd9dbc5',0,'','122.10.16.71','2023-03-15 20:25:30',1,0,'0000-00-00 00:00:00',1,1,NULL),('04015c1a115f7c5b71e1703cf36c9fa2',0,'','118.184.177.75','2023-01-07 16:06:22',1,0,'0000-00-00 00:00:00',2,1,NULL),('0402001cd54cb14a3e5057fc650e5beb',0,'','66.249.64.95','2023-04-04 19:48:51',1,0,'0000-00-00 00:00:00',2,1,NULL),('04020892e6a434540d928d32aea3add5',0,'','185.191.171.15','2023-04-01 18:52:25',1,0,'0000-00-00 00:00:00',2,1,NULL),('040276de0eb21f5cd11e5c5998b240ae',0,'','40.77.167.115','2023-07-23 13:27:33',1,0,'0000-00-00 00:00:00',1,1,NULL),('0402f1c9985a7a1b81eb6b698fa38fc3',0,'','188.198.67.13','2023-01-04 22:06:01',1,0,'0000-00-00 00:00:00',2,1,NULL),('0403a985a888edd77bde9402e8a4d6ef',0,'','51.75.65.43','2023-07-22 10:09:22',1,0,'0000-00-00 00:00:00',1,1,NULL),('0405683f6fd4b665f0e76c27d85dcec0',0,'','146.212.71.182','2023-03-20 22:18:50',1,0,'0000-00-00 00:00:00',1,1,NULL),('040859ff7f972b7de391b578f1b71d98',0,'','85.208.96.212','2023-08-10 05:55:35',1,0,'0000-00-00 00:00:00',2,1,NULL),('040a1b2aaaab154b79007c88207b6c69',0,'','61.135.159.171','2023-05-22 12:37:51',1,0,'0000-00-00 00:00:00',1,1,NULL),('040ab325fc93d32a50812a2c1e6765ef',0,'','54.36.148.38','2023-03-30 23:01:52',1,0,'0000-00-00 00:00:00',2,1,NULL),('040c4f3af8209eaa48f3d5c8383361ce',0,'','85.208.96.208','2023-08-11 22:18:14',1,0,'0000-00-00 00:00:00',2,1,NULL),('040cb91fb6a6072d739a2d1eabc9db57',0,'','185.191.171.25','2023-06-14 02:05:02',1,0,'0000-00-00 00:00:00',2,1,NULL),('040d2727624439f9b8c4f52cc3db810f',0,'','188.230.211.26','2023-05-02 11:11:58',1,0,'0000-00-00 00:00:00',1,1,NULL),('040de677bc6f7848e6d61370680dcb3f',0,'','66.249.66.76','2023-04-01 22:26:36',1,0,'0000-00-00 00:00:00',2,1,NULL),('040e18b6119f004c3a9544dcae231f8e',0,'','185.191.171.41','2023-05-16 00:38:26',1,0,'0000-00-00 00:00:00',2,1,NULL),('040e410fdbe651e0cc98db41af382558',0,'','61.147.93.228','2023-08-04 01:14:12',1,0,'0000-00-00 00:00:00',1,1,NULL),('040f7f3e98e8b3a7a2d4c007e3ead25d',0,'','17.241.219.199','2023-02-07 12:38:12',1,0,'0000-00-00 00:00:00',2,1,NULL),('04101187f90c9cfc0a5ac91658e32b34',0,'','49.7.21.101','2023-05-11 09:12:11',1,0,'0000-00-00 00:00:00',1,1,NULL),('04121a7ce0e93e191be030270ac0bb18',0,'','74.125.208.5','2023-03-19 20:10:14',1,0,'0000-00-00 00:00:00',1,1,NULL),('04124a6327649f357ceee62cab4360fa',0,'','85.208.96.195','2023-06-04 03:09:18',1,0,'0000-00-00 00:00:00',1,1,NULL),('041450463fbb15d1fcc84099c3d03dbe',0,'','212.227.216.80','2023-02-20 00:47:50',1,0,'0000-00-00 00:00:00',2,1,NULL),('041551df81e487891f31de7b4152943b',0,'','61.135.159.133','2023-01-29 08:46:45',1,0,'0000-00-00 00:00:00',2,1,NULL),('0417cd8788bdbf4a33a712e65abd7be4',0,'','185.191.171.11','2023-01-08 20:23:49',1,0,'0000-00-00 00:00:00',2,1,NULL),('041812520f787220777b7cfe12d01abe',0,'','54.36.148.171','2023-02-25 22:38:18',1,0,'0000-00-00 00:00:00',2,1,NULL),('04183d7baff7ed3bde9496f106c22460',0,'','13.89.222.246','2023-01-14 03:22:45',1,0,'0000-00-00 00:00:00',2,1,NULL),('0418eecee59e2bb7e143535ef68eacd8',0,'','77.94.131.140','2023-03-10 22:07:55',1,0,'0000-00-00 00:00:00',2,1,NULL),('04196bfe713e3c360506547c641dd8ef',0,'','54.187.216.72','2023-02-24 01:48:41',1,0,'0000-00-00 00:00:00',1,1,NULL),('04197719ffdbb7d07026340c3860d61d',0,'','107.167.39.74','2022-11-17 05:18:46',1,0,'0000-00-00 00:00:00',2,1,NULL),('0419eabd53ecd32cc09104f3c4c50960',0,'','185.191.171.10','2023-05-10 10:20:16',1,0,'0000-00-00 00:00:00',1,1,NULL),('041a85a4a59d6973ecc57726bcd6bbdc',0,'','23.248.193.130','2023-07-30 11:18:28',1,0,'0000-00-00 00:00:00',1,1,NULL),('041b94838f4b14c6f24075e3733a732f',0,'','58.250.125.22','2023-06-29 21:26:29',1,0,'0000-00-00 00:00:00',1,1,NULL),('041cc48fe64242c1dc550ec102af6959',0,'','52.167.144.46','2023-07-06 00:40:44',1,0,'0000-00-00 00:00:00',1,1,NULL),('041cd565ff8f276caa9583177cf660fd',0,'','20.15.133.160','2023-08-04 03:38:01',1,0,'0000-00-00 00:00:00',2,1,NULL),('041d5981a1e1b5fa4fa1bc4b70d10b58',0,'','54.36.148.14','2023-01-13 08:59:42',1,0,'0000-00-00 00:00:00',2,1,NULL),('041d5c6aa7f7d431ebcd05aa74ffec9b',0,'','66.249.66.36','2023-05-17 13:25:45',1,0,'0000-00-00 00:00:00',1,1,NULL),('041df85b13a0d8fcd7b3b70f72025f55',0,'','65.21.199.133','2022-12-27 17:41:12',1,0,'0000-00-00 00:00:00',2,1,NULL),('041f3dc13fc10a3691f35e3f6f19faa4',0,'','66.249.69.227','2023-07-31 16:23:11',1,0,'0000-00-00 00:00:00',1,1,NULL),('0420ba36369e416f04efee7ecaacb876',0,'','52.167.144.142','2023-04-20 10:14:10',1,0,'0000-00-00 00:00:00',3,1,NULL),('04213396aa898323e7c4d95a8197c115',0,'','176.76.250.122','2022-12-22 22:56:41',1,0,'0000-00-00 00:00:00',2,1,NULL),('04216e89ad6be3c584a6cd6e8e13943b',0,'','216.244.66.238','2023-03-18 05:57:32',1,0,'0000-00-00 00:00:00',3,1,NULL),('04229f45a929b04f416c6d1e5b08944b',0,'','61.135.159.194','2022-12-13 13:21:14',1,0,'0000-00-00 00:00:00',2,1,NULL),('04232241b13693ccfc2e8880b3a380af',0,'','66.249.66.35','2023-04-28 12:29:01',1,0,'0000-00-00 00:00:00',1,1,NULL),('0423d426fe77e193fad790098627df66',0,'','54.36.148.47','2023-08-02 10:20:33',1,0,'0000-00-00 00:00:00',1,1,NULL),('0424ca8abe86aeb7aef08cb137349b0c',0,'','69.171.249.23','2022-12-01 20:11:42',1,0,'0000-00-00 00:00:00',2,1,NULL),('042575e727b7cb2299f5f18e82c458c8',0,'','85.208.96.193','2023-07-19 22:39:37',1,0,'0000-00-00 00:00:00',1,1,NULL),('04279b702002aab7df252d948840371e',0,'','54.36.149.41','2023-03-15 01:51:24',1,0,'0000-00-00 00:00:00',2,1,NULL),('04283fa7679ceb0c40ec960ba03b8284',0,'','123.125.109.83','2023-07-08 10:07:20',1,0,'0000-00-00 00:00:00',1,1,NULL),('04285f9645da5ef0bdf65975cdc54101',0,'','13.80.183.173','2023-06-22 10:28:46',1,0,'0000-00-00 00:00:00',1,1,NULL),('04292d0ac105a59450fea4a07aa491b0',719,'denis@ngn.si','193.77.189.240','2022-09-20 13:59:07',0,1,'0000-00-00 00:00:00',2,1,NULL),('0429ba882ea8a806ab52990754859249',0,'','123.125.109.83','2023-06-09 15:39:55',1,0,'0000-00-00 00:00:00',1,1,NULL),('042a4348343d0505edcdf53076f6c20f',0,'','66.249.66.196','2022-11-20 17:55:50',1,0,'0000-00-00 00:00:00',2,1,NULL),('042a98b370e60a2c12ce697ffb84e408',0,'','62.205.9.186','2023-06-03 01:40:56',1,0,'0000-00-00 00:00:00',1,1,NULL),('042afe0287a8107c5075129d0d58f00d',0,'','217.113.194.112','2022-12-15 12:21:53',1,0,'0000-00-00 00:00:00',2,1,NULL),('042b9ea728cd71795e4c3f8a35ebefaf',0,'','66.249.66.165','2023-06-30 14:26:39',1,0,'0000-00-00 00:00:00',1,1,NULL),('042bb4ab2cdf127ee9e09f3a6f4746d7',0,'','39.103.187.166','2023-01-17 15:56:28',1,0,'0000-00-00 00:00:00',2,1,NULL),('042d1a52cff09f60e29d9ea12d32ebd2',0,'','18.213.110.22','2022-12-05 11:26:18',1,0,'0000-00-00 00:00:00',2,1,NULL),('042d58106d091f5abea51ba97609739c',0,'','151.236.217.130','2023-04-17 16:29:25',1,0,'0000-00-00 00:00:00',1,1,NULL),('042dc6d525f1bc51ddd9f77fd968c34b',0,'','66.249.66.163','2023-06-11 23:26:44',1,0,'0000-00-00 00:00:00',2,1,NULL),('042e1ad1c91ab632ee0255ab818e0098',0,'','61.135.159.133','2023-02-05 05:34:21',1,0,'0000-00-00 00:00:00',2,1,NULL),('042f9c7cdb55d95990cf9ad5b2980969',0,'','123.183.224.31','2023-07-25 12:40:10',1,0,'0000-00-00 00:00:00',1,1,NULL),('042ff1573f39848b3bb09860309e86a5',0,'','185.191.171.45','2023-03-24 04:01:05',1,0,'0000-00-00 00:00:00',2,1,NULL),('042fff7a17a1fc0a8acbe6854197d752',0,'','72.14.201.98','2023-07-28 21:06:40',1,0,'0000-00-00 00:00:00',1,1,NULL),('0431870816e0c06e39d5b6fc2bac18bd',0,'','185.191.171.25','2023-01-26 19:04:46',1,0,'0000-00-00 00:00:00',2,1,NULL),('0431bc175451c776639a759c4e744c90',0,'','69.163.224.102','2023-04-19 10:53:49',1,0,'0000-00-00 00:00:00',1,1,NULL),('0431d6c8a1ca0c75a71b64228a615fd2',0,'','65.21.35.254','2023-02-22 22:30:01',1,0,'0000-00-00 00:00:00',2,1,NULL),('0431e3f1e3cbba78392b633bf810fca4',0,'','217.113.194.74','2023-08-08 23:17:11',1,0,'0000-00-00 00:00:00',1,1,NULL),('04327182e1863cbcf002ae04ddca0c1c',0,'','66.249.70.178','2023-01-07 23:50:53',1,0,'0000-00-00 00:00:00',2,1,NULL),('043306847594a9b2116c9a10a6e551af',0,'','193.77.154.110','2023-06-05 00:43:47',1,0,'0000-00-00 00:00:00',1,1,NULL),('043476340207ca24d2a7c7437f619a9a',0,'','176.9.16.209','2022-12-21 07:34:37',1,0,'0000-00-00 00:00:00',2,1,NULL),('0434e3f044cb09cf3886099630cc40b7',0,'','40.77.167.129','2023-05-02 00:59:43',1,0,'0000-00-00 00:00:00',3,1,NULL),('04357a81485d11a2a28c3ed8930d0150',0,'','65.108.99.118','2023-07-07 08:42:02',1,0,'0000-00-00 00:00:00',1,1,NULL),('0435d295943639acb1ff9915b8a22cb1',0,'','185.191.171.14','2023-01-25 16:14:56',1,0,'0000-00-00 00:00:00',2,1,NULL),('04370cb46903370f00943e83c5d054db',0,'','66.249.69.242','2023-03-12 01:26:44',1,0,'0000-00-00 00:00:00',2,1,NULL),('0438344067a0467e5d3d7bbd344c8016',0,'','104.28.114.60','2023-07-14 18:05:30',1,0,'0000-00-00 00:00:00',1,1,NULL),('0438c16adb2dad13a3e669a86c70b65d',0,'','185.191.171.13','2023-01-27 00:34:18',1,0,'0000-00-00 00:00:00',2,1,NULL),('043915929ff80b46a0556caf92665aa4',0,'','176.9.16.209','2022-12-21 07:19:43',1,0,'0000-00-00 00:00:00',2,1,NULL),('04395b137c9487bd487c799ecefcfa4b',0,'','201.63.155.115','2022-12-13 23:42:24',1,0,'0000-00-00 00:00:00',2,1,NULL),('043a1819974f5c04ffaabb0196267784',0,'','183.88.23.71','2023-07-19 16:22:01',1,0,'0000-00-00 00:00:00',1,1,NULL),('043a999c1e04b3a646e000ed917b4de4',0,'','66.249.66.165','2023-06-27 03:31:43',1,0,'0000-00-00 00:00:00',0,1,NULL),('043b03ced4020adebd2cc471c5bd4631',0,'','66.249.70.178','2022-11-26 06:47:14',1,0,'0000-00-00 00:00:00',2,1,NULL),('043b2f0a1b818b14186de54fdab3b27e',0,'','216.244.66.238','2023-02-11 08:03:14',1,0,'0000-00-00 00:00:00',2,1,NULL),('043b46887968a11c90824d2da597646c',0,'','81.165.194.146','2023-04-29 12:48:00',1,0,'0000-00-00 00:00:00',1,1,NULL),('043cd001ed0bfde4e33ea572d5c7b7b2',0,'','54.69.116.132','2022-11-24 16:15:03',1,0,'0000-00-00 00:00:00',2,1,NULL),('043d6be2de0e861ab27e5bf38cfdd32d',0,'','77.75.79.119','2023-03-12 18:18:48',1,0,'0000-00-00 00:00:00',2,1,NULL),('043d71ccce50ae30bdd0e28862c5838c',0,'','66.249.70.176','2022-12-11 20:40:15',1,0,'0000-00-00 00:00:00',2,1,NULL),('043dac3a3bffd61ddc451525b1afe54c',0,'','185.191.171.3','2023-01-06 14:11:22',1,0,'0000-00-00 00:00:00',2,1,NULL),('043e23d5fc82c04c5ee2d7215299821b',0,'','216.244.66.238','2023-02-25 09:29:36',1,0,'0000-00-00 00:00:00',2,1,NULL),('043ef9e1a3eae33e3e2a1356cc845dfe',0,'','52.167.144.87','2023-07-30 19:41:37',1,0,'0000-00-00 00:00:00',1,1,NULL),('043f069d771a57fc91ade404acf042ef',0,'','122.252.235.140','2023-07-10 11:21:34',1,0,'0000-00-00 00:00:00',1,1,NULL),('0441581814776c17f375a71e479d277a',0,'','61.135.159.175','2022-12-23 02:50:58',1,0,'0000-00-00 00:00:00',2,1,NULL),('0441edfbae141f7a60f64482db5b6cce',0,'','72.14.201.13','2023-03-22 22:53:15',1,0,'0000-00-00 00:00:00',2,1,NULL),('0441f68ec2c84b678f7cd6743f01d521',0,'','176.9.16.209','2023-01-20 08:38:15',1,0,'0000-00-00 00:00:00',2,1,NULL),('04424056291738fa8322d033a07ab2f1',0,'','34.230.62.135','2023-08-01 10:54:37',1,0,'0000-00-00 00:00:00',2,1,NULL),('0443641753b72ee869fedb4fae9b88f6',0,'','66.249.66.81','2023-08-15 15:56:30',1,0,'0000-00-00 00:00:00',1,1,NULL),('04450704f2f717211045c524e3197099',0,'','66.249.77.80','2023-02-04 09:00:37',1,0,'0000-00-00 00:00:00',2,1,NULL),('04455a76aabeaea898d0dacaa1e32567',0,'','54.36.148.212','2022-12-12 12:56:16',1,0,'0000-00-00 00:00:00',2,1,NULL),('04458911e674d102d048a48ad8971246',0,'','52.167.144.90','2023-05-26 04:40:05',1,0,'0000-00-00 00:00:00',2,1,NULL),('0445c03882d786506c15489c81bbe2de',0,'','89.142.143.90','2023-07-26 21:36:29',1,0,'0000-00-00 00:00:00',1,1,NULL),('044613b21e3b6d190d27b2cc656e0eb2',0,'','49.7.21.78','2023-01-07 15:54:01',1,0,'0000-00-00 00:00:00',2,1,NULL),('04464866612c0365228dba2d2393ba64',0,'','185.191.171.9','2023-06-14 11:07:37',1,0,'0000-00-00 00:00:00',1,1,NULL),('04468d32cba52e3c86fda4b068a7a1c3',0,'','82.165.224.21','2023-05-02 18:21:08',1,0,'0000-00-00 00:00:00',2,1,NULL),('0447074fa21371890d2c14f6ffb294fc',0,'','85.208.96.198','2023-08-16 09:26:57',1,0,'0000-00-00 00:00:00',2,1,NULL),('0449138d5696000c528201e622810ace',0,'','65.108.99.174','2023-04-07 06:13:19',1,0,'0000-00-00 00:00:00',1,1,NULL),('0449dc4c8438bfbed3bf3dd20fb7f817',0,'','18.141.80.203','2023-06-08 09:25:36',1,0,'0000-00-00 00:00:00',2,1,NULL),('044b910d582016e0c99c23bf20003d01',0,'','20.247.113.18','2022-11-20 21:14:39',1,0,'0000-00-00 00:00:00',2,1,NULL),('044c6c647fa1f08785feae72fa7cb192',0,'','77.88.5.132','2022-12-16 22:33:59',1,0,'0000-00-00 00:00:00',2,1,NULL),('044ce4afd638fcf9135f905e8b958ce0',0,'','77.245.57.108','2023-01-03 05:54:23',1,0,'0000-00-00 00:00:00',2,1,NULL),('044cf5411607230f53b3f012a91fc8fb',0,'','94.130.237.165','2023-01-08 19:48:03',1,0,'0000-00-00 00:00:00',2,1,NULL),('044ee601e3157671842160483b801127',0,'','46.4.78.218','2022-11-30 03:23:18',1,0,'0000-00-00 00:00:00',2,1,NULL),('044f1f561d9003864d181cd7dd5232b2',0,'','66.249.69.230','2023-04-12 23:52:23',1,0,'0000-00-00 00:00:00',1,1,NULL),('044f74b559c0e703e5daa8d9950e30a5',0,'','49.7.21.99','2023-06-18 15:10:36',1,0,'0000-00-00 00:00:00',1,1,NULL),('044f9aa57946e2346873456530b4285d',0,'','54.254.248.241','2023-06-12 22:09:58',1,0,'0000-00-00 00:00:00',1,1,NULL),('044fdfc2a75d696b03ea40ca1268a590',0,'','173.252.87.3','2023-05-23 16:30:14',1,0,'0000-00-00 00:00:00',2,1,NULL),('045035cc5d0fd56e6aea89b10fc2903c',0,'','178.58.235.15','2022-11-02 16:42:17',1,0,'0000-00-00 00:00:00',2,1,NULL),('04519eb9c5c8b313b708923aa374a6f0',0,'','86.58.48.200','2023-03-04 15:54:27',1,0,'0000-00-00 00:00:00',2,1,NULL),('045214d3bf16a66f85b1fb9e9bcce5ee',0,'','109.74.198.156','2023-08-10 05:45:46',1,0,'0000-00-00 00:00:00',1,1,NULL),('04541878590710a9d88b3bfad73ee402',0,'','49.7.21.79','2023-04-08 21:34:28',1,0,'0000-00-00 00:00:00',1,1,NULL),('045464ba9c23e680aa07a359984a5a7f',0,'','185.191.171.1','2023-08-12 15:12:13',1,0,'0000-00-00 00:00:00',2,1,NULL),('045488f3757a8fd50793382f03c377b2',0,'','66.249.70.180','2023-01-09 19:59:34',1,0,'0000-00-00 00:00:00',2,1,NULL),('04558ab498a6b900d8351611fa94a1cb',0,'','18.221.208.123','2023-04-15 13:16:54',1,0,'0000-00-00 00:00:00',1,1,NULL),('04569ce7255469f1a5079ceadac89da6',0,'','43.133.48.92','2023-04-23 03:15:01',1,0,'0000-00-00 00:00:00',1,1,NULL),('045727b1b4e3c77b31fb0633b8cc2add',0,'','66.249.66.34','2023-05-25 07:55:03',1,0,'0000-00-00 00:00:00',1,1,NULL),('0457383d09915ffb700711f076af77ca',0,'','193.77.189.240','2022-08-11 13:33:50',1,0,'0000-00-00 00:00:00',1,1,NULL),('04583157e1b2454e1004965af3c01505',0,'','195.210.199.67','2023-03-13 23:57:41',1,0,'0000-00-00 00:00:00',1,1,NULL),('045863ee0c23235367256b2e4d8ca838',0,'','40.77.167.246','2023-03-17 18:31:11',1,0,'0000-00-00 00:00:00',1,1,NULL),('045891daa85de55368ea2a611b2bf89a',0,'','49.7.20.98','2023-04-04 10:08:27',1,0,'0000-00-00 00:00:00',1,1,NULL),('0458dcf6d3fa622a0c02b780604c3143',0,'','84.255.205.151','2023-05-29 14:32:41',1,0,'0000-00-00 00:00:00',1,1,NULL),('045a6fbc3d4147f7244020d819d6b594',0,'','136.243.228.193','2023-03-21 14:23:19',1,0,'0000-00-00 00:00:00',2,1,NULL),('045b27640b0cdca4fc7f1b1b8e2d755c',0,'','178.58.155.68','2023-03-20 20:53:13',1,0,'0000-00-00 00:00:00',1,1,NULL),('045b7c65b31c4e9a6b0ce408145b20c9',0,'','66.249.66.198','2022-11-17 22:30:22',1,0,'0000-00-00 00:00:00',2,1,NULL),('045baaef5c95a024cb3e4ee9344eade3',0,'','62.165.198.34','2023-03-29 20:56:43',1,0,'0000-00-00 00:00:00',2,1,NULL),('045bace8487b4dae919a3602a7ac4539',0,'','123.125.109.134','2023-03-27 09:59:47',1,0,'0000-00-00 00:00:00',1,1,NULL),('045c0606761483c9a724f1c758b29846',0,'','119.12.130.157','2023-01-12 21:33:35',1,0,'0000-00-00 00:00:00',2,1,NULL),('045c0ec5e742d4d6797c287d110777b8',0,'','66.249.66.80','2023-08-10 23:55:02',1,0,'0000-00-00 00:00:00',1,1,NULL),('045c2c13f731cbc787f285e3b5eca3c2',0,'','35.205.53.2','2023-07-20 10:47:45',1,0,'0000-00-00 00:00:00',1,1,NULL),('045d2024c3e5cf8f3263ffae205e3fc2',0,'','185.191.171.20','2023-08-01 22:21:38',1,0,'0000-00-00 00:00:00',1,1,NULL),('045deee1110ffb7e9c2c4282cbd160e9',0,'','61.135.159.180','2023-07-12 16:26:53',1,0,'0000-00-00 00:00:00',1,1,NULL),('045f430f6808b8d1a315f757c3b51ef5',0,'','54.36.148.175','2023-02-25 18:10:55',1,0,'0000-00-00 00:00:00',2,1,NULL),('045f4cf5088a84d01c8b506cf2f02386',0,'','40.77.167.129','2023-04-19 21:26:48',1,0,'0000-00-00 00:00:00',2,1,NULL),('045f8355040eea0d0d3c1ce686d3a792',0,'','192.29.97.49','2022-11-30 01:55:37',1,0,'0000-00-00 00:00:00',2,1,NULL),('045ffa702bf808f1f01a822a3b4f585d',0,'','95.108.213.26','2023-01-23 07:26:50',1,0,'0000-00-00 00:00:00',2,1,NULL),('04600fb943b4e8c8c7c7e0a8cde83667',0,'','66.249.66.34','2023-03-05 15:39:37',1,0,'0000-00-00 00:00:00',2,1,NULL),('0461542062542bf2e2ae0f72f8ae4a8a',0,'','216.244.66.238','2022-11-24 19:59:03',1,0,'0000-00-00 00:00:00',2,1,NULL),('0461cc617db89f2e8ea8de37ffe2ed54',0,'','66.249.79.18','2023-04-14 20:13:00',1,0,'0000-00-00 00:00:00',3,1,NULL),('0461cf04526afa6c35456378ab66ea46',0,'','82.165.224.113','2023-04-14 04:28:14',1,0,'0000-00-00 00:00:00',1,1,NULL),('0461f522452c655e98d43bb3ba965a47',0,'','174.207.36.105','2023-06-11 00:41:04',1,0,'0000-00-00 00:00:00',1,1,NULL),('04623be828926e0cae9761f33fddb08a',0,'','185.191.171.22','2023-01-07 04:38:20',1,0,'0000-00-00 00:00:00',2,1,NULL),('04633fd931a5945424dbf37c2555b28a',0,'','176.58.106.145','2023-06-21 00:39:20',1,0,'0000-00-00 00:00:00',1,1,NULL),('0464bc776aa423eb5ad2d7b37f0433de',0,'','52.38.131.131','2023-04-05 19:56:23',1,0,'0000-00-00 00:00:00',1,1,NULL),('04661295e47ad1a9a310aa47fd19aa99',0,'','61.147.96.11','2023-08-04 03:58:26',1,0,'0000-00-00 00:00:00',1,1,NULL),('046737a0a993cabb5928bacc7e25d774',0,'','103.27.220.204','2023-08-14 13:17:42',1,0,'0000-00-00 00:00:00',0,1,NULL),('04679d6c26695c61b03b70a90131fe99',0,'','178.79.162.212','2023-06-25 21:07:28',1,0,'0000-00-00 00:00:00',1,1,NULL),('04680d5ab905e4f43261e7ddf8ea5c1b',0,'','66.249.66.176','2023-06-08 05:51:43',1,0,'0000-00-00 00:00:00',1,1,NULL),('04685f653245928d23f06dc15606b0c5',0,'','62.218.138.252','2023-08-15 00:32:11',1,0,'0000-00-00 00:00:00',1,1,NULL),('0468bcd0eb698bef8ba42dfbc6a54568',0,'','74.125.208.138','2023-07-20 20:43:13',1,0,'0000-00-00 00:00:00',1,1,NULL),('0468e4663a280d2debee9b69ac10493c',0,'','156.229.145.202','2023-02-11 11:35:04',1,0,'0000-00-00 00:00:00',2,1,NULL),('04697fd7c1fd44313bc7b48925e8aa7a',0,'','185.191.171.15','2023-04-02 19:47:01',1,0,'0000-00-00 00:00:00',1,1,NULL),('0469b6107805c02f739249cbd4187249',0,'','176.76.250.32','2023-05-03 00:44:20',1,0,'0000-00-00 00:00:00',1,1,NULL),('046c867a625e35fdbb17324d6b7086c7',0,'','188.198.208.175','2022-06-18 19:31:51',1,0,'0000-00-00 00:00:00',1,1,NULL),('046c95721aa51baaed716276553b731d',0,'','185.191.171.34','2022-12-02 22:17:14',1,0,'0000-00-00 00:00:00',2,1,NULL),('046cc21fb0e00ce7491ede520bffe5fe',0,'','54.36.148.141','2023-05-22 01:09:52',1,0,'0000-00-00 00:00:00',2,1,NULL),('046ce47e148cdcd2eb2f49a331e512cb',0,'','49.7.20.89','2023-03-11 13:05:05',1,0,'0000-00-00 00:00:00',2,1,NULL),('046df9b174008c7c8b349a4bc7b36ef4',0,'','213.55.226.100','2023-05-14 10:30:14',1,0,'0000-00-00 00:00:00',1,1,NULL),('047194837edca61b27ef1e4db175ffa9',0,'','54.36.148.224','2023-06-05 22:48:15',1,0,'0000-00-00 00:00:00',1,1,NULL),('0472854d98b9ffe50226c247d8bea417',0,'','74.125.208.139','2023-06-14 17:48:37',1,0,'0000-00-00 00:00:00',1,1,NULL),('04729171bf000ef61c87657a311f9fca',0,'','157.55.39.218','2023-03-19 08:24:11',1,0,'0000-00-00 00:00:00',1,1,NULL),('0472dbfb895906a2a5148bd37b1a569e',0,'','52.77.103.201','2023-06-14 18:12:37',1,0,'0000-00-00 00:00:00',1,1,NULL),('0472eaa0b98bb45ec82c95939e983c44',0,'','66.249.66.74','2023-04-01 22:53:23',1,0,'0000-00-00 00:00:00',1,1,NULL),('0472f6e684e1f15e716d5e36c23f0c62',0,'','74.125.208.2','2023-03-26 07:44:28',1,0,'0000-00-00 00:00:00',1,1,NULL),('047367f7d5eff0c9dbe80d4490dcfdf0',0,'','114.119.146.109','2023-06-16 08:16:32',1,0,'0000-00-00 00:00:00',1,1,NULL),('047388d9df4ed70e90bce3d59613a6dc',0,'','66.249.66.198','2023-02-12 02:59:48',1,0,'0000-00-00 00:00:00',2,1,NULL),('0477e841ba46af98ae8a11f871272adc',0,'','185.191.171.15','2023-03-12 16:46:17',1,0,'0000-00-00 00:00:00',2,1,NULL),('0477ecb7d574976fc7554df283c84963',0,'','172.105.103.146','2023-04-04 07:17:24',1,0,'0000-00-00 00:00:00',1,1,NULL),('0478fb460b91d59872c333fe46065473',0,'','176.9.16.209','2023-06-15 21:43:15',1,0,'0000-00-00 00:00:00',1,1,NULL),('047aa602843632feaea8d73412f0a327',0,'','61.147.96.105','2023-08-08 03:04:38',1,0,'0000-00-00 00:00:00',1,1,NULL),('047b93be4c4bce67a3624369501c3c12',0,'','20.15.133.174','2023-07-04 04:43:11',1,0,'0000-00-00 00:00:00',2,1,NULL),('047c51cdc0e9b5070bb36f169b763769',0,'','176.9.16.209','2023-04-29 11:30:27',1,0,'0000-00-00 00:00:00',2,1,NULL),('047dcbc71d7a9d882917f47678eff7f2',0,'','46.123.248.179','2022-11-23 19:46:14',1,0,'0000-00-00 00:00:00',2,1,NULL),('047de3d622f6b6fc0b0eb9cdf1d77610',0,'','66.249.64.70','2023-04-17 03:34:09',1,0,'0000-00-00 00:00:00',1,1,NULL),('047e42ea876f1b68dca3430b3e313655',0,'','216.244.66.238','2023-02-15 03:35:52',1,0,'0000-00-00 00:00:00',2,1,NULL),('047fb8738b39d79ccccdd8acf931a688',0,'','107.179.60.201','2022-11-17 03:16:07',1,0,'0000-00-00 00:00:00',2,1,NULL),('0481a14215717a584b6c0402cba6900e',0,'','52.167.144.96','2023-06-22 01:12:24',1,0,'0000-00-00 00:00:00',0,1,NULL),('0482d5852c55bd545b2ffc0454dd5474',0,'','66.249.64.64','2023-03-15 19:22:00',1,0,'0000-00-00 00:00:00',1,1,NULL),('04837bbd11716f7d7d45d91ad78b81d2',0,'','185.191.171.1','2023-06-02 14:50:35',1,0,'0000-00-00 00:00:00',3,1,NULL),('048640e98aa703c25a25e6bb22380ed2',0,'','40.77.68.88','2023-01-14 03:29:40',1,0,'0000-00-00 00:00:00',2,1,NULL),('0486eb8a1257e3b02d104ab74366a27c',0,'','178.58.236.223','2023-06-05 11:50:02',1,0,'0000-00-00 00:00:00',1,1,NULL),('0487fb12eb4b888aeb23f3668b9d7caf',0,'','118.184.177.76','2023-02-11 12:28:18',1,0,'0000-00-00 00:00:00',2,1,NULL),('048817a08f3c4970aec3fb21c00abe41',0,'','18.143.109.140','2023-06-08 07:14:53',1,0,'0000-00-00 00:00:00',2,1,NULL),('048835f4f8d180f0ffefa341a91feacb',0,'','66.249.64.70','2023-04-21 16:00:50',1,0,'0000-00-00 00:00:00',3,1,NULL),('0488ada7bf041de069ef483b99cf7056',0,'','65.109.155.178','2023-04-24 05:10:57',1,0,'0000-00-00 00:00:00',1,1,NULL),('04892f971021ab6bf1d5a8b84c86e53f',0,'','45.79.138.198','2023-06-17 04:36:17',1,0,'0000-00-00 00:00:00',1,1,NULL),('048932c0221d6d058a4e024a4102bb26',0,'','85.31.46.171','2023-02-11 04:48:20',1,0,'0000-00-00 00:00:00',2,1,NULL),('04898bc261d5a4c660b585e8522c0a6e',0,'','114.119.138.155','2022-11-24 02:43:49',1,0,'0000-00-00 00:00:00',2,1,NULL),('04899a9f78c7d820affa65e2eaf0f753',0,'','92.37.39.58','2023-03-04 19:06:20',1,0,'0000-00-00 00:00:00',2,1,NULL),('048c00dc4894e69d820e273e49d86b7b',0,'','23.239.31.236','2023-06-12 23:16:13',1,0,'0000-00-00 00:00:00',1,1,NULL),('048dc70b8cc5c7c0c1b6b5f3844f0cca',0,'','185.191.171.16','2023-04-22 23:15:35',1,0,'0000-00-00 00:00:00',2,1,NULL),('048dddfe11d0c7db183ddd48229e8113',0,'','54.174.88.241','2023-08-02 20:51:55',1,0,'0000-00-00 00:00:00',1,1,NULL),('048e078f503f5d0e7efa6848d9f25b93',0,'','70.75.219.114','2023-06-23 23:23:10',1,0,'0000-00-00 00:00:00',1,1,NULL),('048f288b82ddb0b1b6a5758d5f25a18d',0,'','66.249.93.81','2023-02-24 15:37:03',1,0,'0000-00-00 00:00:00',2,1,NULL),('048f3af76a1cf18d1fee0ff80e18016a',0,'','194.195.241.11','2023-06-26 17:09:42',1,0,'0000-00-00 00:00:00',1,1,NULL),('048fa8cbde95a72a43c632e9e2bc70d3',0,'','27.18.123.56','2023-02-10 13:00:46',1,0,'0000-00-00 00:00:00',2,1,NULL),('04901db85ee46d5a9f641897eeb1c48d',0,'','66.249.66.32','2023-03-15 15:18:20',1,0,'0000-00-00 00:00:00',2,1,NULL),('0491331c7ca258aa60009a7d2c1dcf20',0,'','49.1.129.6','2023-03-12 07:46:40',1,0,'0000-00-00 00:00:00',2,1,NULL),('04914822caed6984c316a5ccf6e2c852',0,'','54.36.148.50','2023-04-03 08:44:04',1,0,'0000-00-00 00:00:00',2,1,NULL),('04917a28374e06e95fd4a14a2fffac69',0,'','144.76.68.17','2023-01-06 23:51:33',1,0,'0000-00-00 00:00:00',2,1,NULL),('0492053e3d0550371b23905a1d350e43',0,'','89.246.98.227','2023-04-15 18:02:04',1,0,'0000-00-00 00:00:00',1,1,NULL),('0492894c8cde286306f729e6f086af2d',0,'','36.111.168.190','2023-06-17 23:28:11',1,0,'0000-00-00 00:00:00',1,1,NULL),('049379d79465faedfddd3b1d7f6514d9',0,'','185.191.171.39','2023-06-02 10:22:19',1,0,'0000-00-00 00:00:00',1,1,NULL),('0493892b814f7b6c96b34a709e97dc0e',0,'','185.191.171.22','2023-02-13 09:47:05',1,0,'0000-00-00 00:00:00',2,1,NULL),('049629faaa81bdf1f3b7322712522252',0,'','77.75.79.31','2023-03-03 13:01:17',1,0,'0000-00-00 00:00:00',2,1,NULL),('049666b33da507c5394ee8384be2cae0',0,'','185.191.171.23','2023-01-22 02:41:14',1,0,'0000-00-00 00:00:00',2,1,NULL),('049770f59ef83449e5db4136417eba9d',0,'','66.249.66.78','2023-06-25 08:24:28',1,0,'0000-00-00 00:00:00',2,1,NULL),('0497a7821b82d8a97984084aa29052ed',0,'','89.143.48.15','2023-05-30 10:58:08',1,0,'0000-00-00 00:00:00',1,1,NULL),('0497af0f28a64194645101e392cdb17f',0,'','120.57.45.170','2023-02-08 06:37:43',1,0,'0000-00-00 00:00:00',2,1,NULL),('0497eb3fd50beea435b3e4d7eb8e3af6',0,'','54.190.85.71','2023-02-27 00:26:32',1,0,'0000-00-00 00:00:00',2,1,NULL),('0498bca425b3e68571dcc3aac0bc556a',0,'','172.225.191.83','2023-05-17 11:14:51',1,0,'0000-00-00 00:00:00',1,1,NULL),('049af3e7eddbc0a99e5256e7a7828b3b',0,'','43.131.16.212','2023-06-03 10:29:07',1,0,'0000-00-00 00:00:00',1,1,NULL),('049b1cd012afd952ab939a664f6482a6',0,'','49.7.20.89','2023-03-22 02:49:53',1,0,'0000-00-00 00:00:00',1,1,NULL),('049c76c0c3538da034d3cc1d1d906953',0,'','85.208.96.198','2023-07-23 22:24:27',1,0,'0000-00-00 00:00:00',2,1,NULL),('049c9e0e11aba1a08ecf30bd409111ab',0,'','49.7.20.92','2022-12-31 17:18:59',1,0,'0000-00-00 00:00:00',2,1,NULL),('049dd037b0078be376f00c8837606558',0,'','104.28.130.139','2023-03-08 17:47:06',1,0,'0000-00-00 00:00:00',2,1,NULL),('049e5ba77601787a543ad5597b09fd46',0,'','45.33.110.33','2023-06-14 19:19:43',1,0,'0000-00-00 00:00:00',1,1,NULL),('049f1e77a397e1da26286fd207fa393e',0,'','44.234.48.35','2023-07-29 08:46:49',1,0,'0000-00-00 00:00:00',1,1,NULL),('049f6d5cf09315beef01a03a960c5808',0,'','207.46.13.107','2022-11-19 04:09:59',1,0,'0000-00-00 00:00:00',2,1,NULL),('04a1a2722f04ea3975edfa5ecc775bbc',0,'','46.165.226.166','2023-03-03 17:32:35',1,0,'0000-00-00 00:00:00',2,1,NULL),('04a342f85fe80ad15b5cc74de720e147',0,'','52.167.144.78','2023-05-30 16:10:02',1,0,'0000-00-00 00:00:00',1,1,NULL),('04a39e2530985e7c660ff18fcf7beede',0,'','217.113.194.87','2023-08-08 22:59:54',1,0,'0000-00-00 00:00:00',0,1,NULL),('04a4c47a62b85ccf1622184eae19ca57',0,'','217.113.194.72','2022-11-15 17:04:59',1,0,'0000-00-00 00:00:00',2,1,NULL),('04a52c69dc027f05cbeff053c232d9ae',0,'','66.249.66.62','2023-01-14 19:14:56',1,0,'0000-00-00 00:00:00',2,1,NULL),('04a63fa548a4bd44054ac06d086a0226',0,'','222.186.42.209','2023-03-01 14:11:03',1,0,'0000-00-00 00:00:00',2,1,NULL),('04a657bec2dd4c2a4230ed51d506ce07',0,'','34.230.62.135','2023-08-01 10:52:48',1,0,'0000-00-00 00:00:00',2,1,NULL),('04a6a4d8e2d663b73b95546ea9e65c1a',0,'','40.77.167.52','2023-01-23 01:38:08',1,0,'0000-00-00 00:00:00',2,1,NULL),('04a6d563ee1643df1fb58dff27f6e157',0,'','31.15.237.186','2023-02-04 13:46:31',1,0,'0000-00-00 00:00:00',2,1,NULL),('04a7726d820b3cc5a3a16b14499ef625',0,'','185.191.171.38','2022-11-30 23:59:42',1,0,'0000-00-00 00:00:00',2,1,NULL),('04a78843fbb14c7ea5627621fc78d822',0,'','176.58.122.82','2023-06-15 16:44:24',1,0,'0000-00-00 00:00:00',1,1,NULL),('04a880fe49fb52eee74c47c90f01f1b2',718,'jakob@ngn.si','193.77.189.240','2023-02-09 13:52:47',0,1,'0000-00-00 00:00:00',1,1,NULL),('04a8949a93fe6509dc5b65f8223cb3ae',0,'','58.250.125.175','2023-06-06 08:10:56',1,0,'0000-00-00 00:00:00',1,1,NULL),('04a89af10fa18e66e18091d42ae5feb3',0,'','77.75.77.119','2023-03-18 12:41:03',1,0,'0000-00-00 00:00:00',2,1,NULL),('04aa83ad72bf18dc800f7772a7cb0be6',0,'','116.179.37.82','2022-12-31 17:48:59',1,0,'0000-00-00 00:00:00',2,1,NULL),('04ab146d6f72fd1502066e0335a40991',0,'','216.244.66.238','2023-05-16 07:44:45',1,0,'0000-00-00 00:00:00',1,1,NULL),('04ac7497a2cd4939729fb7b041f62e04',0,'','185.191.171.22','2022-12-18 20:17:11',1,0,'0000-00-00 00:00:00',2,1,NULL),('04adabc8ef0fcf911f27945af7ba74ed',0,'','66.249.66.81','2023-08-12 06:17:08',1,0,'0000-00-00 00:00:00',1,1,NULL),('04aed9b99b824c4c6697535a7d666f81',0,'','144.91.79.239','2023-01-06 15:35:30',1,0,'0000-00-00 00:00:00',2,1,NULL),('04af85509eb3c928f6ab560963067241',0,'','124.248.69.244','2023-07-17 21:30:00',1,0,'0000-00-00 00:00:00',1,1,NULL),('04afe80399b0fe318f256404608d79d4',0,'','172.225.34.229','2023-05-01 20:32:55',1,0,'0000-00-00 00:00:00',1,1,NULL),('04b074ecd3041ea775d998126840845e',0,'','178.128.202.73','2023-08-11 14:14:27',1,0,'0000-00-00 00:00:00',1,1,NULL),('04b0c33fe901c6dd3bde18af8e0976a0',0,'','64.140.130.186','2023-05-20 11:40:21',1,0,'0000-00-00 00:00:00',1,1,NULL),('04b15780e317f6d1ce9525633d593eb8',0,'','66.249.66.165','2023-07-25 01:55:14',1,0,'0000-00-00 00:00:00',1,1,NULL),('04b174cb2d224eb644fcc82e165d8e50',0,'','144.76.68.17','2023-03-28 02:02:25',1,0,'0000-00-00 00:00:00',1,1,NULL),('04b1b1c7950ded0e5e7ac98ed8762194',0,'','49.7.20.158','2023-07-05 13:32:24',1,0,'0000-00-00 00:00:00',1,1,NULL),('04b25118fbe20c9cb12f6538e75661d0',0,'','46.164.6.10','2023-05-19 00:37:44',1,0,'0000-00-00 00:00:00',1,1,NULL),('04b325f29be6a0c1e208cb2338a6edfb',0,'','116.179.37.247','2022-12-28 18:22:50',1,0,'0000-00-00 00:00:00',2,1,NULL),('04b4732afbc0842aa28343b11f503de9',0,'','216.244.66.238','2023-02-04 17:55:39',1,0,'0000-00-00 00:00:00',2,1,NULL),('04b4d51704ccac5d803957b959ea6310',0,'','185.191.171.40','2023-01-05 15:45:40',1,0,'0000-00-00 00:00:00',2,1,NULL),('04b52dc6e3e8969f464f0c04a9bd53b7',0,'','54.36.148.176','2023-05-22 07:37:50',1,0,'0000-00-00 00:00:00',2,1,NULL),('04b5558e494a964d5331a4a3eaa61a63',0,'','61.147.96.145','2023-07-19 21:00:48',1,0,'0000-00-00 00:00:00',1,1,NULL),('04b574a6c2beb3af4918bceac84ba4ba',0,'','66.249.64.70','2023-05-22 15:57:16',1,0,'0000-00-00 00:00:00',1,1,NULL),('04b577b46d3f7e680a59ad323db306d8',0,'','185.191.171.5','2023-07-23 23:39:16',1,0,'0000-00-00 00:00:00',2,1,NULL),('04b6e9b3c5e9967207c1ee9a2c82e1f4',0,'','84.52.145.44','2023-03-05 10:20:50',1,0,'0000-00-00 00:00:00',2,1,NULL),('04b710f1a34fc30ceba9ec039cb08310',0,'','179.125.239.251','2022-12-20 12:44:59',1,0,'0000-00-00 00:00:00',2,1,NULL),('04b78283ce39983069bc5b9b0d3636d8',0,'','118.184.177.75','2023-02-07 12:46:37',1,0,'0000-00-00 00:00:00',2,1,NULL),('04b83d3a6ef41d6c8d18e218c6cbc813',0,'','172.232.20.8','2023-07-09 01:05:06',1,0,'0000-00-00 00:00:00',1,1,NULL),('04b88d62ae999504eb0a8fad1dcddc1f',0,'','66.249.66.32','2023-03-25 16:20:57',1,0,'0000-00-00 00:00:00',1,1,NULL),('04b9e69b34994edab8ab375c6ed764fa',0,'','46.123.240.89','2022-10-22 14:44:48',1,0,'0000-00-00 00:00:00',1,1,NULL),('04baf582a04518875985a2d4ec9b47ea',0,'','52.167.144.48','2023-06-16 18:23:44',1,0,'0000-00-00 00:00:00',2,1,NULL),('04bb02ac82577d3e94a8263590a88315',0,'','66.249.66.32','2023-03-01 20:09:58',1,0,'0000-00-00 00:00:00',2,1,NULL),('04bb8c5d0262428090602a4414e9e6ee',0,'','124.248.69.195','2023-08-08 17:03:08',1,0,'0000-00-00 00:00:00',1,1,NULL),('04bcdd4da8333dda9cc1d19eb2d48bf5',0,'','120.26.79.166','2023-06-15 10:48:56',1,0,'0000-00-00 00:00:00',1,1,NULL),('04bd0426c3660f58876a0b7fa5983752',0,'','45.56.122.123','2023-06-03 10:35:36',1,0,'0000-00-00 00:00:00',1,1,NULL),('04bd4ec7f420adc397c3196205561a2a',0,'','46.165.226.166','2023-03-03 17:32:43',1,0,'0000-00-00 00:00:00',2,1,NULL),('04bd9dd0f2e9ef26eb4b93fdab5bd3fc',0,'','54.36.148.207','2022-12-01 23:00:07',1,0,'0000-00-00 00:00:00',2,1,NULL),('04bdbab8218bb5da1f1640e0e2c218a8',0,'','66.249.66.8','2023-03-22 20:13:30',1,0,'0000-00-00 00:00:00',1,1,NULL),('04bec31715a5cbe17c182b97fc15e4a6',0,'','185.191.171.14','2023-01-22 00:21:35',1,0,'0000-00-00 00:00:00',2,1,NULL),('04bfbf68b4108b253b0a1af92e1ba982',0,'','123.183.224.86','2023-05-11 20:48:55',1,0,'0000-00-00 00:00:00',1,1,NULL),('04c003d9677bceda7e04f9892fe8c889',0,'','185.191.171.6','2022-11-21 09:09:40',1,0,'0000-00-00 00:00:00',2,1,NULL),('04c0646192636c7a493effa30bf2513a',0,'','185.191.171.11','2023-06-29 20:16:21',1,0,'0000-00-00 00:00:00',2,1,NULL),('04c1d16f489a3513cf753aaaa6de3491',0,'','13.89.228.169','2023-01-14 03:10:30',1,0,'0000-00-00 00:00:00',2,1,NULL),('04c2bccee4831abe4029e363a94618cd',0,'','54.36.148.110','2023-07-27 00:02:30',1,0,'0000-00-00 00:00:00',1,1,NULL),('04c2e156d59f40618d349b79df635378',0,'','65.108.99.174','2023-04-07 06:14:05',1,0,'0000-00-00 00:00:00',2,1,NULL),('04c711111bc7b3a411838a7ad3ab8fa5',0,'','85.159.210.232','2023-07-25 05:03:10',1,0,'0000-00-00 00:00:00',1,1,NULL),('04c73f2bd71257686f867612768c04ac',0,'','54.174.88.241','2023-08-02 20:52:25',1,0,'0000-00-00 00:00:00',1,1,NULL),('04c752c959129f9bdcb853373876fe52',0,'','66.249.66.10','2023-06-01 11:42:19',1,0,'0000-00-00 00:00:00',1,1,NULL),('04c8986a1934ff775edf483932e2a365',0,'','84.52.131.225','2023-02-23 11:14:42',1,0,'0000-00-00 00:00:00',2,1,NULL),('04c8989a82ce0b000157d48cebf5af3f',0,'','66.249.69.225','2023-08-01 12:36:58',1,0,'0000-00-00 00:00:00',1,1,NULL),('04c8ededd9ac5bfeebc4167860c7d23b',0,'','104.41.131.8','2023-03-16 11:05:46',1,0,'0000-00-00 00:00:00',1,1,NULL),('04cccf6827a172f29ec0ce352b439f9b',0,'','148.251.121.91','2023-07-21 15:03:37',1,0,'0000-00-00 00:00:00',1,1,NULL),('04ccfd7f213435091b6b10629bdc3712',0,'','118.184.177.116','2023-04-19 06:40:18',1,0,'0000-00-00 00:00:00',1,1,NULL),('04cd67c393b485a2d1bf33e08cc5ec51',0,'','93.103.85.94','2023-04-26 14:55:54',1,0,'0000-00-00 00:00:00',0,1,NULL),('04cf09a7d3b499978f79a58b912e47dc',0,'','216.244.66.238','2023-05-18 01:32:28',1,0,'0000-00-00 00:00:00',2,1,NULL),('04cf6a052d060434211ec301b2d5ed43',0,'','176.9.16.209','2023-04-29 11:00:55',1,0,'0000-00-00 00:00:00',1,1,NULL),('04cff0ee78fe4a004182f86bf2916870',0,'','95.163.255.15','2022-11-26 03:09:45',1,0,'0000-00-00 00:00:00',2,1,NULL),('04d310430b6d7e5ed0a75c2af584a5e3',0,'','157.90.182.29','2022-12-12 06:09:43',1,0,'0000-00-00 00:00:00',2,1,NULL),('04d377d627542f017c58eaea871909b2',0,'','144.76.68.17','2023-03-28 01:03:18',1,0,'0000-00-00 00:00:00',2,1,NULL),('04d3b7f4ebe4282836f6c6a673833c6d',0,'','185.191.171.23','2023-01-28 09:36:21',1,0,'0000-00-00 00:00:00',2,1,NULL),('04d4131666d27dc1e39b143af957a765',0,'','35.214.246.90','2023-04-06 00:58:36',1,0,'0000-00-00 00:00:00',1,1,NULL),('04d5aa57f81fa26493b03a0af65f0ece',0,'','117.14.147.248','2022-12-31 20:29:00',1,0,'0000-00-00 00:00:00',2,1,NULL),('04d5ee91db93c8680f1fac3427abe62f',0,'','54.36.149.47','2023-01-04 20:25:14',1,0,'0000-00-00 00:00:00',2,1,NULL),('04d609b5ae717d6d91ef5a2f5a8f4dc8',0,'','173.255.252.101','2023-06-19 09:25:00',1,0,'0000-00-00 00:00:00',1,1,NULL),('04d637c7bdce7daaf78fc1004a25fbc7',0,'','','2022-08-18 18:14:57',1,0,'0000-00-00 00:00:00',1,1,NULL),('04d6d5af2a4eca617ee623f3cde1bc4a',0,'','66.249.66.34','2023-02-18 14:10:48',1,0,'0000-00-00 00:00:00',2,1,NULL),('04d81400a7e5c5286db48603ed1192c7',0,'','185.191.171.38','2022-12-18 04:55:05',1,0,'0000-00-00 00:00:00',2,1,NULL),('04d8339e1322fad8d77af55dfef0cb50',0,'','123.126.68.31','2023-08-08 15:47:50',1,0,'0000-00-00 00:00:00',1,1,NULL),('04d90c0549b6d22605a714a237ccf55d',0,'','66.249.66.216','2023-01-19 11:24:43',1,0,'0000-00-00 00:00:00',2,1,NULL),('04d97acf1db32889abbb32e0f608043c',0,'','54.36.148.95','2023-02-10 06:10:00',1,0,'0000-00-00 00:00:00',2,1,NULL),('04da070c5590e4f54ffca2970e0d3071',0,'','65.108.99.174','2023-04-07 06:13:45',1,0,'0000-00-00 00:00:00',1,1,NULL),('04da3aa14a5baf10d68b94b3684b40d4',0,'','216.244.66.238','2023-05-16 22:21:31',1,0,'0000-00-00 00:00:00',2,1,NULL),('04da9ce205983fa0ac597dfe293ad0ff',0,'','66.249.66.196','2023-07-09 08:26:10',1,0,'0000-00-00 00:00:00',1,1,NULL),('04dac0251aa0c40de2169dcae8793fff',0,'','66.249.66.34','2023-05-09 08:55:55',1,0,'0000-00-00 00:00:00',1,1,NULL),('04dad86c447159f4a095c1c74c7c9f29',0,'','185.191.171.7','2023-01-10 07:38:48',1,0,'0000-00-00 00:00:00',2,1,NULL),('04dbb7f21e6976443af113184e3a6f4a',0,'','54.36.148.90','2022-12-18 04:10:37',1,0,'0000-00-00 00:00:00',2,1,NULL),('04dc20da75d7f47ac5f971ad052a2de2',0,'','66.249.66.152','2022-09-11 13:16:22',1,0,'0000-00-00 00:00:00',1,1,NULL),('04dd81a4928d98bc298968ff5d3bbe45',0,'','66.249.70.180','2022-11-25 14:19:24',1,0,'0000-00-00 00:00:00',2,1,NULL),('04de5217abd3d1541686230eb02ef97b',0,'','170.187.183.16','2023-06-13 02:07:56',1,0,'0000-00-00 00:00:00',1,1,NULL),('04df2eafb92523704fb4f4ca28f67f9f',0,'','188.174.236.11','2023-02-22 16:30:00',1,0,'0000-00-00 00:00:00',2,1,NULL),('04e21a1d0a5f2bc1fd8f80477b431de0',0,'','66.249.66.34','2023-03-10 04:35:09',1,0,'0000-00-00 00:00:00',2,1,NULL),('04e29bce3194bffd8589400f353353c8',0,'','185.191.171.13','2023-08-12 06:45:22',1,0,'0000-00-00 00:00:00',1,1,NULL),('04e2cce3c8beb8708697ffd269e15124',0,'','49.7.20.96','2023-06-27 18:38:34',1,0,'0000-00-00 00:00:00',1,1,NULL),('04e6a94e647e107b2f60981fbfe358e0',0,'','66.249.69.237','2023-08-15 01:08:28',1,0,'0000-00-00 00:00:00',1,1,NULL),('04e7c94da084cc5453b7fd4c6da5e2fe',0,'','149.56.160.130','2023-04-23 14:10:24',1,0,'0000-00-00 00:00:00',1,1,NULL),('04e9e3d43a0664e21e913b7f8764808e',0,'','20.15.133.191','2023-08-12 13:08:31',1,0,'0000-00-00 00:00:00',2,1,NULL),('04ea283772a9e2119a5b402388f96cc0',0,'','66.249.66.80','2023-08-15 21:39:41',1,0,'0000-00-00 00:00:00',1,1,NULL),('04ea42e1b600dc88d43ee00b8027de6e',0,'','172.105.5.47','2023-06-12 23:17:34',1,0,'0000-00-00 00:00:00',1,1,NULL),('04eb0ac739d089e73b338962774f274f',0,'','144.91.79.239','2022-10-21 17:44:24',1,0,'0000-00-00 00:00:00',2,1,NULL),('04eb0c387ba5409ef82e80c56c8ac959',0,'','109.169.87.7','2023-06-14 02:45:46',1,0,'0000-00-00 00:00:00',1,1,NULL),('04eb1120afc7aba192bf8ee1cfee12b3',0,'','66.249.66.75','2023-03-05 20:00:46',1,0,'0000-00-00 00:00:00',2,1,NULL),('04ebbca8b2980bb57469e784f2ffe8da',0,'','66.249.66.163','2023-07-05 10:34:06',1,0,'0000-00-00 00:00:00',1,1,NULL),('04ecdb5c8274cb233ef78fcf434a4984',0,'','10.248.22.62','2023-05-26 10:57:31',1,0,'0000-00-00 00:00:00',1,1,NULL),('04ed696d9fc664a974cb1e04965c86f9',0,'','176.9.16.209','2023-01-20 06:42:46',1,0,'0000-00-00 00:00:00',2,1,NULL),('04ee521f2c3328c2b206a68beb3696e7',0,'','80.187.120.23','2023-08-01 21:42:53',1,0,'0000-00-00 00:00:00',2,1,NULL),('04ee559a7838417cadfae0893b9ae372',0,'','82.165.224.2','2023-05-24 10:26:29',1,0,'0000-00-00 00:00:00',1,1,NULL),('04f03c00081d4e19b4ad8dba2e90d724',0,'','185.191.171.13','2023-06-02 13:08:28',1,0,'0000-00-00 00:00:00',3,1,NULL),('04f11445f0c88738c5139ca18d664ff0',0,'','65.21.199.133','2022-12-27 17:40:43',1,0,'0000-00-00 00:00:00',2,1,NULL),('04f18cbb98bad094003882db5e85c7e7',0,'','118.184.177.122','2023-05-02 18:37:46',1,0,'0000-00-00 00:00:00',1,1,NULL),('04f31642dcf63829282dd5542eca162c',0,'','217.113.194.122','2023-07-25 16:25:43',1,0,'0000-00-00 00:00:00',1,1,NULL),('04f34c076c7bc7dd0b81ff27354e6963',0,'','176.9.16.209','2023-01-20 06:40:19',1,0,'0000-00-00 00:00:00',2,1,NULL),('04f35314c4bb643873b515ba5f974f50',0,'','124.248.69.100','2023-07-22 13:06:16',1,0,'0000-00-00 00:00:00',1,1,NULL),('04f3c59f34bccc7e380320c5143386b2',0,'','46.123.242.193','2022-10-25 10:51:24',1,0,'0000-00-00 00:00:00',2,1,NULL),('04f3ea22b1e1a77f029723031074cc4a',0,'','193.95.206.176','2023-01-15 20:17:16',1,0,'0000-00-00 00:00:00',2,1,NULL),('04f4ecb2d7ead88a2611def83bedf450',0,'','185.191.171.16','2023-02-08 04:18:50',1,0,'0000-00-00 00:00:00',2,1,NULL),('04f5149ec34148ba3e47eab2af6eccdc',0,'','45.77.85.70','2023-02-11 01:46:47',1,0,'0000-00-00 00:00:00',2,1,NULL),('04f67e417ea8da5333c6c676a3210478',0,'','66.249.66.163','2023-06-27 22:46:00',1,0,'0000-00-00 00:00:00',1,1,NULL),('04f70de3ab67345dcba8a71c86c1aea9',0,'','66.249.66.80','2023-01-04 02:53:09',1,0,'0000-00-00 00:00:00',2,1,NULL),('04f8e5dab266c1960cbcb635473e2ae9',0,'','72.14.201.98','2023-06-06 16:01:29',1,0,'0000-00-00 00:00:00',1,1,NULL),('04fb233601d88f03f3225d34b9b43dd2',0,'','2.207.69.23','2023-02-07 11:57:10',1,0,'0000-00-00 00:00:00',2,1,NULL),('04fb5b88792dab7f3aad222b4206d64d',0,'','95.108.213.167','2023-03-17 14:32:46',1,0,'0000-00-00 00:00:00',1,1,NULL),('04fc8ea40b1ed3a7c579191fe7c4599a',0,'','2.62.197.160','2022-12-28 11:07:30',1,0,'0000-00-00 00:00:00',2,1,NULL),('04fd8694211937e2b9d1c9e5134ce9fa',0,'','185.191.171.13','2023-06-05 21:17:45',1,0,'0000-00-00 00:00:00',2,1,NULL),('04fdb617c5037d3dc21e6a4b138efd43',0,'','52.167.144.87','2023-08-11 08:44:16',1,0,'0000-00-00 00:00:00',1,1,NULL),('04fe3212bade232af89d83b72b017032',0,'','66.249.66.200','2022-12-02 09:48:11',1,0,'0000-00-00 00:00:00',2,1,NULL),('04ffc24ac98430cbe60383f7fd2399af',0,'','40.86.87.92','2023-01-14 03:19:17',1,0,'0000-00-00 00:00:00',2,1,NULL),('05000606e95d5cfa4ebfef606716e2f6',0,'','208.76.48.5','2023-03-01 23:48:07',1,0,'0000-00-00 00:00:00',2,1,NULL),('0501b89bc0441df6a68e4e0d809da31f',0,'','185.191.171.41','2023-04-20 06:38:27',1,0,'0000-00-00 00:00:00',2,1,NULL),('05030417afc70acc2dee6355695d183d',0,'','4.246.198.106','2023-05-13 04:27:14',1,0,'0000-00-00 00:00:00',1,1,NULL),('05035b0c7f0af79184ed4229cde475f9',0,'','13.215.131.249','2023-06-08 04:24:29',1,0,'0000-00-00 00:00:00',2,1,NULL),('05040fb54a3b92228d4265a8575ba4a1',0,'','173.252.83.118','2023-04-04 17:23:55',1,0,'0000-00-00 00:00:00',1,1,NULL),('05047f0d17a745c4731a9f71305d3b29',0,'','54.36.148.133','2023-07-27 02:51:47',1,0,'0000-00-00 00:00:00',2,1,NULL),('0504eedfac80a92eb9fbbd9ec98b7e46',0,'','66.249.84.51','2022-11-22 17:08:56',1,0,'0000-00-00 00:00:00',2,1,NULL),('050570159eae67d50990bffae1e2b5db',0,'','20.15.133.190','2023-06-25 12:56:53',1,0,'0000-00-00 00:00:00',2,1,NULL),('05058e068b0b2cc613aeb7fca344c678',0,'','188.197.168.127','2023-03-11 10:55:25',1,0,'0000-00-00 00:00:00',2,1,NULL),('05065b570c24728cb9120e9d42c15d7b',0,'','54.36.148.230','2022-11-20 10:40:10',1,0,'0000-00-00 00:00:00',2,1,NULL),('0506b26d6df4355598521493738def2e',0,'','134.122.144.60','2023-03-16 20:32:53',1,0,'0000-00-00 00:00:00',1,1,NULL),('050871e89b622c3281e4ac58e82c5fda',0,'','178.58.254.229','2022-09-23 12:42:37',1,0,'0000-00-00 00:00:00',0,1,NULL),('050a4cf38be82b131a27fec1168d8774',0,'','40.122.205.244','2023-01-14 03:03:14',1,0,'0000-00-00 00:00:00',2,1,NULL),('050ca882ae73a88383dc91db61084368',0,'','13.67.144.201','2023-01-14 03:18:14',1,0,'0000-00-00 00:00:00',2,1,NULL),('050d1c0b22db44dd1f57343b16387e62',0,'','40.77.167.164','2023-02-04 09:28:53',1,0,'0000-00-00 00:00:00',2,1,NULL),('050d30b5d52234d420d34fbfc990a62f',0,'','54.174.88.241','2023-08-02 20:51:42',1,0,'0000-00-00 00:00:00',1,1,NULL),('050d675c9e5d230390db7bd206d1c2cd',0,'','49.7.20.98','2023-01-18 15:00:52',1,0,'0000-00-00 00:00:00',2,1,NULL),('050f0c85297988633117e4327633bb35',0,'','185.127.21.92','2023-07-10 13:00:13',1,0,'0000-00-00 00:00:00',1,1,NULL),('050f29f0273252baffbb66315ea305f1',0,'','84.255.205.151','2023-05-15 15:05:04',1,0,'0000-00-00 00:00:00',1,1,NULL),('050fb877769e82f766b88c409e2810ee',0,'','86.61.64.112','2023-05-05 13:12:58',1,0,'0000-00-00 00:00:00',1,1,NULL),('050ff4696673ff706994603cb9d95a63',0,'','66.249.66.18','2023-01-06 15:58:13',1,0,'0000-00-00 00:00:00',2,1,NULL),('0510016844a04b60a21ba7fd67fa4f08',0,'','44.212.92.96','2023-03-16 22:41:55',1,0,'0000-00-00 00:00:00',0,1,NULL),('051014545725a5b66c69712f8c9b3c84',0,'','173.249.6.9','2023-04-03 09:32:09',1,0,'0000-00-00 00:00:00',1,1,NULL),('05112eb31526b8ab64e45ae017e0f1fc',0,'','123.125.109.134','2023-03-23 17:38:56',1,0,'0000-00-00 00:00:00',1,1,NULL),('0511d7ba1c7fca71b4a2a238766737e3',0,'','216.244.66.238','2023-02-26 16:14:52',1,0,'0000-00-00 00:00:00',2,1,NULL),('05134012f49d8b83d7330065d90c9f0d',0,'','185.191.171.22','2023-03-27 23:29:05',1,0,'0000-00-00 00:00:00',1,1,NULL),('05143120ed5a644fe4c15f8e451ebc48',0,'','123.125.109.121','2023-01-01 14:45:57',1,0,'0000-00-00 00:00:00',2,1,NULL),('05148742879dfac5376d6262c76d1597',0,'','66.249.66.34','2023-02-02 17:14:46',1,0,'0000-00-00 00:00:00',2,1,NULL),('051600407e75bf185de9e214d398f00a',0,'','185.191.171.45','2023-04-15 22:23:38',1,0,'0000-00-00 00:00:00',1,1,NULL),('05169fbb31a42b2880325c2804113d14',0,'','185.191.171.19','2023-08-07 16:30:41',1,0,'0000-00-00 00:00:00',2,1,NULL),('05175d4dee01ce92bf1cc69f219a41a9',0,'','46.123.249.235','2023-08-08 00:15:54',1,0,'0000-00-00 00:00:00',1,1,NULL),('0517c2c8f214a3e5ef625275e4d05679',0,'','185.191.171.44','2023-04-27 20:52:24',1,0,'0000-00-00 00:00:00',1,1,NULL),('05192340cfb1ef4ac8e6820c9e4ff7d1',0,'','176.113.42.129','2022-08-15 21:56:01',1,0,'0000-00-00 00:00:00',1,1,NULL),('0519c743ec5aaa3d98ebc6836532786d',0,'','207.46.13.210','2023-07-21 23:00:43',1,0,'0000-00-00 00:00:00',0,1,NULL),('0519da5a73b3cd32a147dbb360be14f4',0,'','176.9.16.209','2023-06-15 22:10:29',1,0,'0000-00-00 00:00:00',1,1,NULL),('051bbf0f89599ea777197e32d6a4e0c8',0,'','61.147.93.228','2023-07-20 06:39:15',1,0,'0000-00-00 00:00:00',1,1,NULL),('051c5864133e1e44e8e564bfcca3120e',0,'','2.187.183.236','2023-04-22 06:50:12',1,0,'0000-00-00 00:00:00',1,1,NULL),('051d0901a5ecff864d753661abcb8f8f',0,'','87.250.224.10','2022-12-31 11:06:56',1,0,'0000-00-00 00:00:00',2,1,NULL),('051d2b680a755ede05c67b75aacc48e5',0,'','93.216.132.48','2023-06-08 23:11:17',1,0,'0000-00-00 00:00:00',2,1,NULL),('051d9f62aed7fe597161dcc9bae50101',0,'','117.70.93.15','2023-03-04 05:48:39',1,0,'0000-00-00 00:00:00',2,1,NULL),('051db18aa8fdb2fbdde00da2cd71f877',0,'','116.202.175.208','2023-05-17 13:21:25',1,0,'0000-00-00 00:00:00',2,1,NULL),('051dd1d4691858c70c4be08ac9d65d67',0,'','54.90.233.153','2023-07-04 10:55:15',1,0,'0000-00-00 00:00:00',1,1,NULL),('051f35ad76e029de3ba799fae36a1a4d',0,'','92.238.215.234','2023-05-11 11:36:35',1,0,'0000-00-00 00:00:00',2,1,NULL),('051f724ee7709227c65cfe4571d41be5',0,'','36.6.56.79','2023-04-29 16:11:33',1,0,'0000-00-00 00:00:00',1,1,NULL),('051f8a79390c0582a4a36db13d302dca',0,'','72.14.201.98','2023-07-28 19:26:14',1,0,'0000-00-00 00:00:00',1,1,NULL),('052387e9cb129fcb4bd7c87b464d8c97',0,'','52.167.144.105','2023-04-25 17:50:35',1,0,'0000-00-00 00:00:00',0,1,NULL),('0523f83c2150dea37e57c75fe2eed773',0,'','172.232.2.253','2023-08-03 03:08:03',1,0,'0000-00-00 00:00:00',1,1,NULL),('05255f4991bf2f49762a53c063db36f5',0,'','66.249.66.163','2023-06-19 02:17:23',1,0,'0000-00-00 00:00:00',1,1,NULL),('05256235e556dde27be2f47fb5286aba',0,'','66.249.66.79','2023-07-19 04:52:53',1,0,'0000-00-00 00:00:00',2,1,NULL),('0526a475feb7d941fdc09ce54ffc3aaa',0,'','61.135.159.129','2023-05-14 09:48:00',1,0,'0000-00-00 00:00:00',1,1,NULL),('05273441e56c0c1086bc694d38d37f35',0,'','18.195.84.206','2023-07-03 00:30:13',1,0,'0000-00-00 00:00:00',2,1,NULL),('05276d6aa7dbcd5e556065e95080b976',0,'','49.7.21.84','2023-07-18 19:26:32',1,0,'0000-00-00 00:00:00',1,1,NULL),('0527a64b35d0751d592fe20d8f6ece73',0,'','17.121.115.254','2022-12-09 02:06:28',1,0,'0000-00-00 00:00:00',2,1,NULL),('052813f42620bdb4ceab4d224c88165b',0,'','123.125.109.137','2023-01-28 14:57:07',1,0,'0000-00-00 00:00:00',2,1,NULL),('05293dca774f7c37e1d31adb0e28eb41',0,'','66.249.69.239','2023-08-15 13:37:04',1,0,'0000-00-00 00:00:00',1,1,NULL),('052ae84368bf795dca538d63bbd31cca',0,'','66.249.66.74','2023-03-09 15:14:21',1,0,'0000-00-00 00:00:00',2,1,NULL),('052baaf8f16f9241505db73875f15331',0,'','146.212.178.214','2023-03-28 23:16:08',1,0,'0000-00-00 00:00:00',1,1,NULL),('052c7b2b5550f45a724f5799d8b4809f',0,'','66.249.66.32','2023-03-03 08:39:32',1,0,'0000-00-00 00:00:00',2,1,NULL),('052cdd892db1f177e317506960999fff',0,'','65.108.99.124','2023-03-25 19:15:05',1,0,'0000-00-00 00:00:00',1,1,NULL),('052d42e286d89606c264f92c418ac5c1',0,'','31.13.115.120','2023-07-12 14:42:29',1,0,'0000-00-00 00:00:00',1,1,NULL),('052d4eb7d40d55e731b58337b7642a58',0,'','202.137.155.209','2023-02-11 11:07:37',1,0,'0000-00-00 00:00:00',2,1,NULL),('052e8e4151600c686167e5de2e13201b',0,'','66.249.66.35','2023-08-08 20:50:40',1,0,'0000-00-00 00:00:00',1,1,NULL),('052ebfb7a70bc9025efc987fbefa03bc',0,'','49.7.21.101','2023-05-09 10:46:48',1,0,'0000-00-00 00:00:00',1,1,NULL),('052fe5fc89767a96660118154c2f3fa9',0,'','123.125.109.137','2023-02-14 14:52:33',1,0,'0000-00-00 00:00:00',2,1,NULL),('053077bd644198118f033cb30f75fedb',0,'','188.198.114.14','2023-07-06 16:36:28',1,0,'0000-00-00 00:00:00',2,1,NULL),('05314e4f157e31894e7eb290a95f5469',0,'','114.119.130.27','2023-05-11 15:32:39',1,0,'0000-00-00 00:00:00',2,1,NULL),('05318f2e56f2fb985234c9fd5ca84220',0,'','54.89.33.133','2023-03-05 07:35:51',1,0,'0000-00-00 00:00:00',2,1,NULL),('05338d461a4bc3cb5595ee4cb08afb89',0,'','66.249.66.11','2023-04-29 19:17:33',1,0,'0000-00-00 00:00:00',1,1,NULL),('05339eec97be81161d6f52ef7ec92919',0,'','85.208.96.201','2023-07-20 21:07:24',1,0,'0000-00-00 00:00:00',3,1,NULL),('053414312d72c07179dd50b9c48d90ea',0,'','77.75.76.171','2023-04-15 10:08:52',1,0,'0000-00-00 00:00:00',2,1,NULL),('05344587483a5942bf50f0278300bf42',0,'','54.36.148.5','2023-07-13 18:54:30',1,0,'0000-00-00 00:00:00',1,1,NULL),('05351f3527a40ae2b04cc5f78dc33bf9',0,'','66.249.66.196','2022-12-04 08:21:55',1,0,'0000-00-00 00:00:00',2,1,NULL),('053530fbec9434803df2a02693f1b504',0,'','20.239.77.165','2023-02-15 16:37:22',1,0,'0000-00-00 00:00:00',2,1,NULL),('053566103b293a4cb30c917b258a127a',0,'','49.7.21.97','2023-05-22 01:54:30',1,0,'0000-00-00 00:00:00',1,1,NULL),('05359cc6c1c993be01561a3c4eb8ff85',0,'','54.36.148.115','2023-03-25 04:06:41',1,0,'0000-00-00 00:00:00',2,1,NULL),('0536073d1b83ad776c6c4b643ec60724',0,'','47.88.11.18','2023-08-11 04:39:35',1,0,'0000-00-00 00:00:00',1,1,NULL),('05362dd3097637d2472c136ee9e827c2',0,'','40.77.167.82','2022-11-29 03:15:37',1,0,'0000-00-00 00:00:00',2,1,NULL),('05366a9cff48013ccd99a107af1d7e72',0,'','66.249.66.10','2023-05-17 01:57:58',1,0,'0000-00-00 00:00:00',1,1,NULL),('05385db650bd19036a040bed1dfa5d04',0,'','54.36.148.34','2023-05-22 11:16:31',1,0,'0000-00-00 00:00:00',1,1,NULL),('053905add7ea4c9efaf07c14580f50c9',0,'','54.36.149.14','2023-04-04 22:21:38',1,0,'0000-00-00 00:00:00',2,1,NULL),('053930b483df62dfa80182373fa37e1b',0,'','213.139.53.102','2022-12-21 16:17:39',1,0,'0000-00-00 00:00:00',2,1,NULL),('053b76be7ef02f74f0612e3c39511ee8',0,'','185.191.171.40','2023-04-29 15:25:20',1,0,'0000-00-00 00:00:00',1,1,NULL),('053bd9d1b007bc4cbd78821a23f5f68b',0,'','40.86.40.73','2023-01-14 03:19:14',1,0,'0000-00-00 00:00:00',2,1,NULL),('053c2bf6d3bacca8076d4f8c1675c41f',0,'','141.94.105.141','2023-06-23 14:09:34',1,0,'0000-00-00 00:00:00',2,1,NULL),('053c6cc834bf30579f7315229199ec81',0,'','185.217.119.17','2023-03-14 17:17:09',1,0,'0000-00-00 00:00:00',1,1,NULL),('053ca7b254588eec73a4e420b0cc3808',0,'','216.244.66.238','2023-06-26 03:26:25',1,0,'0000-00-00 00:00:00',2,1,NULL),('053d3ee1b3120f8c001551586902f7ee',0,'','66.249.66.80','2023-06-07 14:37:36',1,0,'0000-00-00 00:00:00',1,1,NULL),('053edbe738208ce9b1d8c92ac4a5a77b',0,'','52.167.144.90','2023-06-12 15:10:12',1,0,'0000-00-00 00:00:00',2,1,NULL),('053fc537e51607a7933c6461b2ea0fce',0,'','79.124.59.74','2023-06-11 16:05:07',1,0,'0000-00-00 00:00:00',1,1,NULL),('0542178244049be48efc137c1260f364',0,'','54.36.148.91','2023-07-05 23:47:18',1,0,'0000-00-00 00:00:00',2,1,NULL),('05428610adc42c4882b377619c0875d2',0,'','66.249.92.144','2023-05-29 04:34:43',1,0,'0000-00-00 00:00:00',1,1,NULL),('05432e20c3295060e1199e8734f2dc47',0,'','49.7.20.98','2023-01-02 17:58:30',1,0,'0000-00-00 00:00:00',2,1,NULL),('054403bd6f890a889e2f683993440597',0,'','20.99.210.69','2023-07-30 23:09:14',1,0,'0000-00-00 00:00:00',2,1,NULL),('054514528e9b9d9ca96559600359b940',0,'','66.249.66.81','2023-08-13 08:54:57',1,0,'0000-00-00 00:00:00',1,1,NULL),('0546c576e4e6c03da7388bf5ccca3454',0,'','65.108.99.118','2023-07-07 08:42:59',1,0,'0000-00-00 00:00:00',1,1,NULL),('0547489b23d9a445478fdfe6083d7020',0,'','110.230.252.121','2023-02-12 07:00:23',1,0,'0000-00-00 00:00:00',2,1,NULL),('0547a35bd6c8256027c09070d42b2431',0,'','85.208.96.202','2023-08-12 19:22:35',1,0,'0000-00-00 00:00:00',3,1,NULL),('0547be7136c6616ef21327cda776d5e3',0,'','154.51.131.142','2022-12-25 22:18:28',1,0,'0000-00-00 00:00:00',2,1,NULL),('0547e5af8ba0e83298821b5a63eefd51',0,'','62.240.134.2','2023-04-29 15:57:04',1,0,'0000-00-00 00:00:00',1,1,NULL),('0547fea118ca59ef0946dfa6b1530704',0,'','185.191.171.6','2023-02-16 05:00:51',1,0,'0000-00-00 00:00:00',2,1,NULL),('0549f436417692a6f148022bbc72164e',0,'','61.135.159.133','2023-03-04 17:54:36',1,0,'0000-00-00 00:00:00',2,1,NULL),('054b3857339635b5b438667b51b19784',0,'','49.7.20.98','2023-03-17 18:26:24',1,0,'0000-00-00 00:00:00',1,1,NULL),('054c45bb114223780c5a9a676fef5806',0,'','40.69.146.140','2023-01-14 03:13:48',1,0,'0000-00-00 00:00:00',2,1,NULL),('054c477fc3eb2b6f35d41f2462cfbe4e',0,'','75.179.152.122','2023-07-06 05:36:17',1,0,'0000-00-00 00:00:00',1,1,NULL),('054ced4dcfc8223c8ff0bbfae7c2ef3a',0,'','207.46.13.190','2022-12-21 02:20:34',1,0,'0000-00-00 00:00:00',2,1,NULL),('054d349536e9635cdd50f3d0ef150c4e',0,'','195.210.202.69','2023-06-08 19:05:50',1,0,'0000-00-00 00:00:00',1,1,NULL),('054e0af94988516d9f8ca7faf6de3af0',0,'','188.197.73.59','2022-07-21 16:28:02',1,0,'0000-00-00 00:00:00',1,1,NULL),('054e7fcfbbebe19d617e3400cf73ae91',0,'','46.165.226.166','2023-03-03 17:31:57',1,0,'0000-00-00 00:00:00',2,1,NULL),('054e86dcf41802085603930db8d00b78',0,'','216.244.66.238','2023-01-30 04:34:47',1,0,'0000-00-00 00:00:00',2,1,NULL),('054ef3068fff0bf5dd82d92e8005a15a',0,'','88.99.4.207','2023-05-01 12:42:37',1,0,'0000-00-00 00:00:00',1,1,NULL),('054f1f6f2b917861d9805ca1abacd762',0,'','173.252.79.117','2023-02-27 21:31:24',1,0,'0000-00-00 00:00:00',2,1,NULL),('054f4be4efbd1f4a6229b9368e4a897f',0,'','95.108.213.103','2023-07-25 05:48:04',1,0,'0000-00-00 00:00:00',1,1,NULL),('054f9d0baf312a87725686976048016b',0,'','52.77.148.33','2023-06-08 07:34:40',1,0,'0000-00-00 00:00:00',2,1,NULL),('054fb488c9395a16944623926d840cb3',0,'','185.191.171.9','2023-08-11 11:23:15',1,0,'0000-00-00 00:00:00',2,1,NULL),('054fd76a1413b38ce9b1371eebf02614',0,'','61.147.96.57','2023-07-23 00:08:21',1,0,'0000-00-00 00:00:00',1,1,NULL),('0552726b458d7f01937d3b9cb7c36a9b',0,'','27.25.248.49','2023-02-26 11:17:22',1,0,'0000-00-00 00:00:00',2,1,NULL),('0553954a46d7789091e164586187be6e',0,'','66.249.66.34','2023-02-26 09:45:52',1,0,'0000-00-00 00:00:00',2,1,NULL),('055413970a8a7365e766f7b6205fd4db',0,'','54.36.148.245','2022-11-30 02:32:55',1,0,'0000-00-00 00:00:00',2,1,NULL),('05541cc7f377f15e0bd3a8291f4115e1',0,'','49.7.20.98','2023-01-04 13:56:17',1,0,'0000-00-00 00:00:00',2,1,NULL),('0554e4fd6cb032d65270f3fffc972f81',0,'','58.250.125.189','2022-11-27 07:17:12',1,0,'0000-00-00 00:00:00',2,1,NULL),('055668d6ffb87e146ad72f2f49805a19',0,'','66.249.66.33','2023-04-26 15:53:19',1,0,'0000-00-00 00:00:00',1,1,NULL),('0557991bc8d9bded235e8bad148ef177',0,'','185.191.171.24','2022-12-19 08:47:45',1,0,'0000-00-00 00:00:00',2,1,NULL),('05579c273a5e1f60c5994f1c015682c9',0,'','185.191.171.36','2023-01-06 16:30:52',1,0,'0000-00-00 00:00:00',2,1,NULL),('05589ce8cd8dc6a57faf41ae37a916d7',0,'','75.119.159.55','2023-04-21 07:30:03',1,0,'0000-00-00 00:00:00',1,1,NULL),('055ba785bf985f5f7816e624e6a81d8a',0,'','3.77.151.157','2023-07-03 00:38:39',1,0,'0000-00-00 00:00:00',2,1,NULL),('055be02d2a836c0b36276f496a8c259c',0,'','173.252.83.119','2023-04-01 17:54:39',1,0,'0000-00-00 00:00:00',1,1,NULL),('055c7c353e6d2d4b24cc1359df24995c',0,'','66.249.66.33','2023-03-01 21:12:14',1,0,'0000-00-00 00:00:00',2,1,NULL),('055cb256bf73213079e23a1e6a5d40f4',0,'','69.160.160.53','2022-11-23 11:20:59',1,0,'0000-00-00 00:00:00',2,1,NULL),('055dc71f288f9e769573b7f627e6fa67',0,'','182.54.239.38','2022-12-01 14:05:00',1,0,'0000-00-00 00:00:00',2,1,NULL),('055e2e22236d57448e8ca839b8c1d7a9',0,'','47.245.105.76','2023-08-09 04:02:50',1,0,'0000-00-00 00:00:00',1,1,NULL),('055e70da7b1f35beafa465af1066dc8f',0,'','216.244.66.238','2023-04-18 20:21:19',1,0,'0000-00-00 00:00:00',1,1,NULL),('055e9b659cb594d34ecb81957e5bf909',0,'','54.174.88.241','2023-08-02 20:53:32',1,0,'0000-00-00 00:00:00',1,1,NULL),('055ee47b676b8358c56c1c49cb9aab7c',0,'','94.130.237.165','2023-03-07 16:36:34',1,0,'0000-00-00 00:00:00',2,1,NULL),('056105814a315c206bee65882b0b9063',0,'','185.191.171.10','2023-04-29 10:28:01',1,0,'0000-00-00 00:00:00',2,1,NULL),('0562bc0ec51a39b300ec3888df9a72a4',0,'','66.249.66.163','2023-08-12 04:14:05',1,0,'0000-00-00 00:00:00',1,1,NULL),('05634e4d1c3dcba4f1abc997a8337e78',0,'','93.103.71.63','2023-06-13 12:36:24',1,0,'0000-00-00 00:00:00',1,1,NULL),('0563f8d60c662f8a36fec28115bfb30d',0,'','49.7.20.89','2023-02-09 17:52:58',1,0,'0000-00-00 00:00:00',2,1,NULL),('056413aafdb2188a490aa433e36760fc',0,'','136.243.228.193','2023-05-25 07:38:36',1,0,'0000-00-00 00:00:00',1,1,NULL),('05641d9b5c792abe5d03302ab1dfbb53',0,'','77.88.5.219','2023-01-12 08:40:37',1,0,'0000-00-00 00:00:00',2,1,NULL),('0564394300d7a13ccc476f84a25aaf20',0,'','31.13.127.25','2023-02-23 00:50:25',1,0,'0000-00-00 00:00:00',2,1,NULL),('05648012f3684343d1d3729ebd93a6fb',0,'','54.36.148.42','2023-06-21 06:37:11',1,0,'0000-00-00 00:00:00',2,1,NULL),('0564f5fd382aae409cf36d82f0a14b2c',0,'','66.249.66.138','2023-01-14 15:58:28',1,0,'0000-00-00 00:00:00',2,1,NULL),('0565ab87fec8100706c5b942b4c2318c',0,'','172.233.195.173','2023-07-26 08:36:36',1,0,'0000-00-00 00:00:00',1,1,NULL),('0565b369426615242ce6d81d6ff500ef',0,'','58.250.125.107','2022-11-27 13:29:44',1,0,'0000-00-00 00:00:00',2,1,NULL),('0565dece0ba178902c0135e63ec78981',0,'','74.125.208.136','2023-07-18 08:14:03',1,0,'0000-00-00 00:00:00',1,1,NULL),('0566d08c215d549c1439ce70e4df71bf',0,'','52.167.144.98','2023-02-02 22:03:25',1,0,'0000-00-00 00:00:00',2,1,NULL),('0566e0d0cd79e37b305dccd516e93d12',0,'','83.103.212.42','2023-06-20 17:16:12',1,0,'0000-00-00 00:00:00',2,1,NULL),('05672ce10e4586576744aed0f8748e15',0,'','43.156.166.158','2023-05-21 07:54:58',1,0,'0000-00-00 00:00:00',1,1,NULL),('05683683229fbecd051c87c17c651a00',0,'','31.13.127.118','2023-01-24 14:47:07',1,0,'0000-00-00 00:00:00',2,1,NULL),('0569c1a5116dba6bd3e81e3bdcb66a9d',0,'','66.249.74.20','2023-02-26 21:08:34',1,0,'0000-00-00 00:00:00',2,1,NULL),('056a3aad3029dc6ac1e0caf8d8e93078',0,'','185.191.171.24','2023-03-09 11:07:30',1,0,'0000-00-00 00:00:00',2,1,NULL),('056b0b89bdc0c495bdb22dc01bf1863b',0,'','40.77.167.170','2023-04-17 01:24:40',1,0,'0000-00-00 00:00:00',0,1,NULL),('056b962b8a27c444dfe4a254e22431fc',0,'','54.36.148.147','2023-03-13 18:52:28',1,0,'0000-00-00 00:00:00',1,1,NULL),('056bb5fa10dc672d34808fbe9222c43e',0,'','43.251.171.43','2023-02-15 09:55:17',1,0,'0000-00-00 00:00:00',2,1,NULL),('056be1a99d43a0332fc06940536e54e6',0,'','72.14.201.47','2023-06-24 22:41:52',1,0,'0000-00-00 00:00:00',1,1,NULL),('056c6f171113f11a263699d87c07482f',0,'','89.58.27.78','2023-06-06 10:52:31',1,0,'0000-00-00 00:00:00',1,1,NULL),('056d29f6fefdfd7016370da566161bcf',0,'','178.58.207.92','2023-02-22 21:11:05',1,0,'0000-00-00 00:00:00',2,1,NULL),('056d6e47795614a1855a7413b7674dba',0,'','109.169.15.87','2022-11-24 02:43:13',1,0,'0000-00-00 00:00:00',2,1,NULL),('056d8c3312d4a2757d4a1c16cf1fc32d',0,'','216.244.66.238','2023-04-24 07:06:58',1,0,'0000-00-00 00:00:00',2,1,NULL),('056d8f6030f75745e3506e361df2ebfd',0,'','34.230.62.135','2023-08-01 10:54:14',1,0,'0000-00-00 00:00:00',1,1,NULL),('056e2059f4b9b4e3f3dfa2aa8aa61041',0,'','54.193.83.0','2023-01-11 17:55:55',1,0,'0000-00-00 00:00:00',2,1,NULL),('056ea1d54fc3be5f9094938f7a367191',0,'','188.174.236.11','2023-02-07 11:43:25',1,0,'0000-00-00 00:00:00',2,1,NULL),('056f0733963603ba2557898f6216c330',0,'','93.33.47.193','2023-01-28 19:41:56',1,0,'0000-00-00 00:00:00',2,1,NULL),('056f8d5b199e34d10b03c09300aa0e8c',0,'','49.7.21.107','2023-04-25 08:45:48',1,0,'0000-00-00 00:00:00',1,1,NULL),('056f9ea3917b86e24e3eb510b696360b',0,'','188.210.236.66','2023-03-27 12:02:02',1,0,'0000-00-00 00:00:00',1,1,NULL),('056fd5e411c1b4af47202cd97dfdf3e6',0,'','66.249.66.76','2023-03-17 16:18:27',1,0,'0000-00-00 00:00:00',1,1,NULL),('0571415f101610fc1da36145e37bbdac',0,'','93.136.31.211','2023-06-10 10:18:25',1,0,'0000-00-00 00:00:00',1,1,NULL),('057287f2b033eec653056f276c7a6f1e',0,'','217.113.194.81','2023-08-01 19:38:50',1,0,'0000-00-00 00:00:00',0,1,NULL),('0572ed240f17efb4dba673ff8f77566c',0,'','185.191.171.38','2023-05-22 08:37:47',1,0,'0000-00-00 00:00:00',2,1,NULL),('057338ace3ef1c0083c706a828e61230',0,'','61.135.159.208','2023-07-30 07:02:58',1,0,'0000-00-00 00:00:00',1,1,NULL),('05733e093ed8ab804a5b5cbd9183af67',0,'','52.167.144.90','2023-06-06 09:07:55',1,0,'0000-00-00 00:00:00',2,1,NULL),('0573e5358067e4693d10bb3b333723b3',0,'','66.249.66.35','2023-07-13 18:57:41',1,0,'0000-00-00 00:00:00',1,1,NULL),('0573fd144c722daa5c4253907a7aefe4',0,'','23.248.193.186','2023-07-30 13:42:05',1,0,'0000-00-00 00:00:00',1,1,NULL),('05746ffc56cdc64cab539c3fe6ba6ed8',0,'','66.249.66.8','2023-03-27 03:01:00',1,0,'0000-00-00 00:00:00',1,1,NULL),('0575f03c796e88654b79ef3a9030b982',0,'','40.122.190.226','2023-01-14 03:03:59',1,0,'0000-00-00 00:00:00',2,1,NULL),('05769dadc51d5ff50b0407ecce4099f7',0,'','185.191.171.38','2023-02-17 18:27:55',1,0,'0000-00-00 00:00:00',2,1,NULL),('0576e0d1682575318519c0b647632e12',0,'','65.21.35.205','2023-05-21 10:48:29',1,0,'0000-00-00 00:00:00',2,1,NULL),('05772f3e1bdd29674bc30e8e43213685',0,'','54.36.148.68','2023-01-05 06:04:15',1,0,'0000-00-00 00:00:00',2,1,NULL),('05773e9e3324b545902ffae36655e6cf',0,'','185.191.171.45','2023-03-11 20:06:34',1,0,'0000-00-00 00:00:00',2,1,NULL),('057776c888f025ede2d9713e2050f473',0,'','66.249.70.176','2023-02-12 14:43:32',1,0,'0000-00-00 00:00:00',2,1,NULL),('0578801c203d403eb165ee2b5a456bb0',0,'','31.13.127.119','2023-06-22 20:14:52',1,0,'0000-00-00 00:00:00',1,1,NULL),('057a3cbe3cd60cdff7c658d58171eb12',0,'','54.36.148.184','2023-01-17 16:50:16',1,0,'0000-00-00 00:00:00',2,1,NULL),('057a773ef9e4b4064a73440deee2ff12',0,'','157.55.39.159','2023-01-14 06:19:32',1,0,'0000-00-00 00:00:00',2,1,NULL),('057bc4382e8c61b6ab94202a3cdd2339',0,'','123.125.109.134','2023-04-09 15:51:38',1,0,'0000-00-00 00:00:00',1,1,NULL),('058050206e25f4f7ee2dae1bcea7bbab',0,'','49.7.21.72','2023-03-03 13:11:32',1,0,'0000-00-00 00:00:00',2,1,NULL),('05817c3debe0d8a9ff295886979e78c2',0,'','49.7.20.117','2023-05-18 10:41:17',1,0,'0000-00-00 00:00:00',1,1,NULL),('05819116c7cd354da7778f69b6aacfe8',0,'','47.104.168.82','2023-06-17 22:18:04',1,0,'0000-00-00 00:00:00',1,1,NULL),('0581bdf10e932b415ddb0dd0b741e741',0,'','185.191.171.43','2023-01-06 02:58:54',1,0,'0000-00-00 00:00:00',2,1,NULL),('05826ecad5b6c7becb60ddb2b9c4edf2',0,'','20.124.207.242','2023-04-07 11:45:13',1,0,'0000-00-00 00:00:00',1,1,NULL),('05833be126c53e7d62c6d6fc65810a13',0,'','141.95.100.52','2023-07-04 09:36:14',1,0,'0000-00-00 00:00:00',1,1,NULL),('058482e8f0344be3b7cf3a940dbd6321',0,'','216.244.66.238','2023-04-20 02:39:55',1,0,'0000-00-00 00:00:00',3,1,NULL),('0585a0a61d12cdf2150fc0d07027cfe6',0,'','193.77.189.240','2023-04-04 15:25:31',1,0,'0000-00-00 00:00:00',1,1,NULL),('0585efd1307fdba099bc4961417fbb64',0,'','4.150.12.83','2023-07-18 17:56:50',1,0,'0000-00-00 00:00:00',1,1,NULL),('0587b5c98b9cddd4e83bd3afccbf4960',0,'','52.167.144.78','2023-05-24 23:09:05',1,0,'0000-00-00 00:00:00',1,1,NULL),('0589bd94fff74dbcfff0293f5833896f',0,'','120.57.39.92','2023-05-02 08:34:06',1,0,'0000-00-00 00:00:00',1,1,NULL),('0589d0b558b97df560f6065ae6217b1b',0,'','61.135.159.175','2023-01-20 05:41:33',1,0,'0000-00-00 00:00:00',2,1,NULL),('058a9ceb034b7d081c0b40a5986f143a',0,'','66.249.66.33','2023-04-29 06:59:30',1,0,'0000-00-00 00:00:00',1,1,NULL),('058a9e17226fafed371648eb66569e58',0,'','66.249.70.176','2023-01-29 23:32:51',1,0,'0000-00-00 00:00:00',2,1,NULL),('058aaaf330f4433ce0a7f0dca388eb68',0,'','66.249.66.34','2023-04-26 04:54:21',1,0,'0000-00-00 00:00:00',2,1,NULL),('058c01307002f21afbe6d326cdd6304c',0,'','82.165.224.244','2023-07-22 19:09:49',1,0,'0000-00-00 00:00:00',1,1,NULL),('058d124f1ec68030a7ae82e4385e5429',0,'','176.9.16.209','2022-12-21 07:33:00',1,0,'0000-00-00 00:00:00',2,1,NULL),('058d8d04b9322498b01510ad4f9e288a',0,'','95.111.227.171','2022-04-15 16:46:38',1,0,'0000-00-00 00:00:00',1,1,NULL),('058df773fe05cadcd514c885b9f39cea',0,'','46.165.226.166','2023-03-03 17:31:53',1,0,'0000-00-00 00:00:00',2,1,NULL),('058e0b52a5a5c65e62894d14f1951dbb',0,'','20.210.206.79','2022-11-22 19:02:42',1,0,'0000-00-00 00:00:00',2,1,NULL),('058e0bb6a9e786ce3daffe3112271023',0,'','20.15.133.173','2023-07-12 18:22:22',1,0,'0000-00-00 00:00:00',2,1,NULL),('058fbe7c1b9a518fa44d369c8439848a',0,'','66.249.66.34','2023-06-27 08:27:08',1,0,'0000-00-00 00:00:00',1,1,NULL),('0590d22e90fbf9bf29a08debef0aefb5',0,'','46.165.226.166','2023-03-03 17:32:22',1,0,'0000-00-00 00:00:00',2,1,NULL),('059143ef7aa25a6e64a5f0f60553b317',0,'','5.45.207.152','2022-12-26 16:22:14',1,0,'0000-00-00 00:00:00',2,1,NULL),('0591534ee58310742bd3288520732944',0,'','176.9.16.209','2023-05-22 16:54:19',1,0,'0000-00-00 00:00:00',2,1,NULL),('0591f79f8be045e999862ee5d119eced',0,'','3.234.211.135','2023-05-26 09:36:59',1,0,'0000-00-00 00:00:00',1,1,NULL),('05931764cdfdcd8b3487d6871e755726',0,'','162.55.85.228','2023-02-28 15:28:57',1,0,'0000-00-00 00:00:00',2,1,NULL),('05940606cb20f27511a0d2910abb7161',0,'','193.77.189.240','2023-04-05 17:34:37',1,0,'0000-00-00 00:00:00',1,1,NULL),('05950317f82b8665f63ab751c03cf820',0,'','20.15.133.160','2023-08-06 21:19:36',1,0,'0000-00-00 00:00:00',2,1,NULL),('059599605a1779a2795a778e9fccc826',0,'','46.123.254.185','2023-04-16 22:39:33',1,0,'0000-00-00 00:00:00',1,1,NULL),('0595a31f940d2f9b14f8208108e0ae13',0,'','3.94.126.224','2023-03-06 11:22:10',1,0,'0000-00-00 00:00:00',2,1,NULL),('0595dec43c498f5b8c0966119b49c6e7',0,'','54.187.141.65','2023-07-31 01:33:28',1,0,'0000-00-00 00:00:00',1,1,NULL),('05960d58a0cd7c7ec10c258869e82697',0,'','93.103.85.94','2023-02-19 13:31:30',1,0,'0000-00-00 00:00:00',2,1,NULL),('059734a36720d797a7ccb609ca2b5bb8',0,'','62.165.227.165','2022-11-15 17:18:05',1,0,'0000-00-00 00:00:00',2,1,NULL),('0598024a85af488672802d90dd4a8e2c',0,'','207.90.21.213','2022-11-24 11:08:29',1,0,'0000-00-00 00:00:00',2,1,NULL),('059862669b71317c53a7bac29caf01b8',0,'','34.23.43.174','2023-06-15 18:29:08',1,0,'0000-00-00 00:00:00',1,1,NULL),('059897617891f5af6154d6b44c186f5d',0,'','49.7.20.89','2023-02-12 12:30:56',1,0,'0000-00-00 00:00:00',2,1,NULL),('05989f1d47120e83bec0c9a785eccc73',0,'','18.143.233.227','2023-06-13 03:25:20',1,0,'0000-00-00 00:00:00',1,1,NULL),('0599747653809e65423e63b4ab424c42',0,'','139.144.33.190','2023-06-27 12:46:04',1,0,'0000-00-00 00:00:00',1,1,NULL),('059a9525c0eb94211cf6e92e9e0d692d',0,'','213.162.73.207','2023-06-24 12:35:49',1,0,'0000-00-00 00:00:00',2,1,NULL),('059acb603965465e64bf4f35360f5fcd',0,'','66.249.66.34','2023-02-23 17:09:06',1,0,'0000-00-00 00:00:00',2,1,NULL),('059c5f0f97bb5570c8065e53eacb3e14',0,'','216.244.66.238','2023-01-23 18:47:30',1,0,'0000-00-00 00:00:00',2,1,NULL),('059c76fa0da50f020094956b522964ea',0,'','193.77.189.240','2022-03-31 10:42:08',1,0,'0000-00-00 00:00:00',1,1,NULL),('059cfe5d09749f501d7554ad41b5e5c2',0,'','160.153.153.3','2023-03-30 07:52:06',1,0,'0000-00-00 00:00:00',1,1,NULL),('059d3f14c6ee913606efce25cd1b5e1f',0,'','202.79.173.203','2023-04-01 15:26:34',1,0,'0000-00-00 00:00:00',1,1,NULL),('059e3a60c2992f7d1810b019aceb6db9',0,'','118.184.177.65','2023-05-12 12:39:31',1,0,'0000-00-00 00:00:00',1,1,NULL),('059eb4ad2bd51803b5edecf17d03c331',0,'','162.243.128.231','2023-01-23 10:01:18',1,0,'0000-00-00 00:00:00',2,1,NULL),('059eba5f881f8a79628af7f568315c7a',0,'','65.21.199.133','2022-12-27 17:40:05',1,0,'0000-00-00 00:00:00',2,1,NULL),('059ef5f54ac793b27c8c8e45ef4253b4',0,'','185.191.171.14','2023-03-16 13:16:33',1,0,'0000-00-00 00:00:00',1,1,NULL),('059f2a018847fe921387194effd72a90',0,'','54.36.148.163','2023-04-17 18:22:29',1,0,'0000-00-00 00:00:00',2,1,NULL),('05a03d7f4633c71217e1649df44817c5',0,'','88.99.161.50','2023-01-12 08:09:04',1,0,'0000-00-00 00:00:00',2,1,NULL),('05a0dda34414eb599c4a7c9ef5f07560',0,'','185.191.171.38','2023-02-05 02:39:52',1,0,'0000-00-00 00:00:00',2,1,NULL),('05a11b958cce77ba7338180fed8e25c4',0,'','222.186.52.149','2023-03-19 07:39:56',1,0,'0000-00-00 00:00:00',1,1,NULL),('05a1b42604a173d48a2bedcd58736ab3',0,'','66.249.66.165','2023-06-25 14:07:13',1,0,'0000-00-00 00:00:00',1,1,NULL),('05a242f280e527b078b5f4c72d24d1c6',0,'','185.191.171.11','2023-06-07 09:07:53',1,0,'0000-00-00 00:00:00',1,1,NULL),('05a2e40adc785535589caddcba3b61f6',0,'','185.191.171.35','2023-06-02 23:37:54',1,0,'0000-00-00 00:00:00',1,1,NULL),('05a2f736ad558f4ecb02f9d47ba74233',0,'','185.191.171.7','2023-07-20 15:08:27',1,0,'0000-00-00 00:00:00',1,1,NULL),('05a36d7d488181b8c53476e66ddc5941',0,'','188.60.57.164','2022-11-27 12:31:40',1,0,'0000-00-00 00:00:00',2,1,NULL),('05a3eb08062d8869314e18592cd47b5f',0,'','46.19.238.17','2023-08-07 13:27:57',1,0,'0000-00-00 00:00:00',2,1,NULL),('05a44b8ba12b5e6b2ca6303a415cd1d3',0,'','49.7.20.98','2023-03-10 18:19:28',1,0,'0000-00-00 00:00:00',2,1,NULL),('05a4d67c21870446a8fc494fa8c9a2b2',0,'','66.249.66.95','2022-07-17 01:07:47',1,0,'0000-00-00 00:00:00',1,1,NULL),('05a6070ee78c06fa1b08ccc9088f880b',0,'','185.191.171.17','2023-02-05 12:42:22',1,0,'0000-00-00 00:00:00',2,1,NULL),('05a6747d52c8460779df10f1f004101f',0,'','49.7.20.92','2022-12-15 08:17:17',1,0,'0000-00-00 00:00:00',2,1,NULL),('05a76501d3b25d40733629ab38a78f78',0,'','172.173.190.165','2023-02-18 15:11:55',1,0,'0000-00-00 00:00:00',2,1,NULL),('05a7847acc2c9c620ea3560bb7dad7ea',0,'','217.113.194.103','2023-07-02 00:05:55',1,0,'0000-00-00 00:00:00',2,1,NULL),('05a8df185280de158578dd674239e97a',0,'','185.191.171.40','2023-01-26 14:48:15',1,0,'0000-00-00 00:00:00',2,1,NULL),('05a986449ff8f4825f095ea9dac88d11',0,'','193.77.189.240','2023-01-17 13:31:45',1,0,'0000-00-00 00:00:00',2,1,NULL),('05aa20ef277e54450429f95080fbc06f',0,'','207.46.13.107','2022-11-18 13:55:39',1,0,'0000-00-00 00:00:00',2,1,NULL),('05acca43ba182ccc948571c175e57a9b',0,'','20.15.133.191','2023-08-16 00:40:30',1,0,'0000-00-00 00:00:00',2,1,NULL),('05aebfa6414960d322af7727e086b48c',0,'','139.162.221.134','2023-06-27 04:32:29',1,0,'0000-00-00 00:00:00',1,1,NULL),('05afc6725aabc58d2b89ae35a184f802',0,'','40.77.167.67','2022-12-21 23:09:58',1,0,'0000-00-00 00:00:00',2,1,NULL),('05b2318276e6d2e84030b38bcd785445',0,'','74.125.208.159','2022-11-26 23:01:53',1,0,'0000-00-00 00:00:00',2,1,NULL),('05b255112dcdcf6c314d3b44d92e5e6d',0,'','35.92.24.151','2023-07-08 05:53:20',1,0,'0000-00-00 00:00:00',1,1,NULL),('05b25fae504839ef3d68d2fd7710ec29',0,'','157.55.39.253','2023-04-05 11:06:16',1,0,'0000-00-00 00:00:00',2,1,NULL),('05b2e5d41cc49648cb412542ad9340c8',0,'','66.249.66.165','2023-06-12 10:03:55',1,0,'0000-00-00 00:00:00',1,1,NULL),('05b341c335a1a300ecc672590b9990d3',0,'','93.103.176.3','2023-06-09 15:43:33',1,0,'0000-00-00 00:00:00',1,1,NULL),('05b421a4c53f6e3993eeccf3d08353a5',0,'','185.191.171.15','2023-01-06 04:00:35',1,0,'0000-00-00 00:00:00',2,1,NULL),('05b469aab32c2c689757f4681a60c49c',0,'','51.154.67.45','2023-01-19 18:56:00',1,0,'0000-00-00 00:00:00',2,1,NULL),('05b50d50c0898d151d01711253507cdd',0,'','66.249.66.196','2022-12-05 06:48:51',1,0,'0000-00-00 00:00:00',2,1,NULL),('05b53f111b5cb54f85692f2697c4e745',0,'','44.200.173.30','2023-02-03 19:05:35',1,0,'0000-00-00 00:00:00',2,1,NULL),('05b5f0850b210b1ddfd83e16540c09e0',0,'','72.14.201.74','2022-11-22 22:11:31',1,0,'0000-00-00 00:00:00',2,1,NULL),('05b61278e40843ae3eb1c4ac4dcc3d56',0,'','216.244.66.238','2023-02-22 20:13:23',1,0,'0000-00-00 00:00:00',2,1,NULL),('05b6ab42255f36ded9d201c306efa0c5',0,'','104.28.240.133','2022-11-23 04:17:28',1,0,'0000-00-00 00:00:00',2,1,NULL),('05b6f049a2ce09dd4832afb54429e98c',0,'','54.210.156.9','2023-08-11 21:13:20',1,0,'0000-00-00 00:00:00',1,1,NULL),('05b6fdbaad52ca4b37f010afd293c031',0,'','49.7.20.98','2023-03-28 17:37:33',1,0,'0000-00-00 00:00:00',1,1,NULL),('05b8b8cbc58c53066c65f9722a8cfcbb',0,'','66.249.66.8','2023-03-28 22:04:31',1,0,'0000-00-00 00:00:00',2,1,NULL),('05b8f428d79575d3f04c2037f4e5f54c',0,'','94.130.237.165','2023-04-29 23:14:30',1,0,'0000-00-00 00:00:00',1,1,NULL),('05bbaeb245f3cfe90ead34616c6ccba9',0,'','118.184.177.73','2022-12-24 02:38:20',1,0,'0000-00-00 00:00:00',2,1,NULL),('05bc97aca3f9df916f747c3247e5ef4f',0,'','143.42.18.90','2023-07-24 09:41:03',1,0,'0000-00-00 00:00:00',1,1,NULL),('05bcccbc56a023f6a414ec9c5a07fcaf',0,'','216.244.66.238','2023-02-25 10:11:02',1,0,'0000-00-00 00:00:00',2,1,NULL),('05bcdd0fd7c712b0c11304a36634f7da',0,'','104.131.69.74','2023-06-24 06:59:55',1,0,'0000-00-00 00:00:00',1,1,NULL),('05bd44617a6044f43e591393ed1b74c8',0,'','86.61.74.138','2023-06-05 11:03:02',1,0,'0000-00-00 00:00:00',2,1,NULL),('05bd86c32f00e9c68a77307c292245df',0,'','52.167.144.83','2023-06-01 08:23:45',1,0,'0000-00-00 00:00:00',2,1,NULL),('05bf09a5124b95af57afb62f688b7020',0,'','52.167.144.23','2023-06-13 21:47:39',1,0,'0000-00-00 00:00:00',2,1,NULL),('05bf8ba06dbc386b6a5c7f661c16a3d2',0,'','185.191.171.3','2023-05-15 18:27:17',1,0,'0000-00-00 00:00:00',2,1,NULL),('05bfd01b5aa77a79e3e131195ba1dd9f',0,'','216.244.66.238','2023-06-18 19:02:52',1,0,'0000-00-00 00:00:00',1,1,NULL),('05bfe822415c7ccfee23ed2c26943bb3',0,'','185.191.171.16','2022-11-21 07:13:51',1,0,'0000-00-00 00:00:00',2,1,NULL),('05c0b8574f4f86311349b2ec1107cb65',0,'','54.187.205.235','2023-03-03 03:20:22',1,0,'0000-00-00 00:00:00',1,1,NULL),('05c164de7541fce7b60ed43f683b98ec',0,'','139.5.159.33','2023-04-17 18:14:26',1,0,'0000-00-00 00:00:00',1,1,NULL),('05c26b0000364ab389fe474da8d749d6',0,'','212.227.216.60','2023-04-06 05:01:40',1,0,'0000-00-00 00:00:00',1,1,NULL),('05c29dbeeb6af98a7ec8805e045487cc',0,'','186.235.221.11','2023-05-19 08:46:50',1,0,'0000-00-00 00:00:00',1,1,NULL),('05c39d1f1817ac539c90835b42e3bcad',0,'','74.15.193.210','2022-12-08 13:26:58',1,0,'0000-00-00 00:00:00',2,1,NULL),('05c3cd87373d8e8490b54e3c35adaf5f',0,'','123.125.109.59','2023-06-30 13:55:41',1,0,'0000-00-00 00:00:00',1,1,NULL),('05c44f8bb7fe9e8efa847cd422b7e981',0,'','52.167.144.83','2023-06-08 19:51:10',1,0,'0000-00-00 00:00:00',1,1,NULL),('05c69713b650e5342e10cccd80c1232e',0,'','66.249.65.90','2023-01-26 06:17:17',1,0,'0000-00-00 00:00:00',2,1,NULL),('05c6a4674da0ddbeda5ae32acd12625a',0,'','54.36.148.61','2023-02-25 05:00:11',1,0,'0000-00-00 00:00:00',2,1,NULL),('05c9030cfad97ee79e399884ff8c25ec',0,'','65.21.35.238','2023-08-07 06:31:03',1,0,'0000-00-00 00:00:00',2,1,NULL),('05c9fd6069c2147571954ba59e4005ed',0,'','175.8.250.172','2022-11-22 06:13:22',1,0,'0000-00-00 00:00:00',2,1,NULL),('05cacd2e19c64a43c2ac8fec59060c03',0,'','216.244.66.238','2022-12-10 10:00:27',1,0,'0000-00-00 00:00:00',2,1,NULL),('05cc61f4f5d12e3e1b593ed84e3eca57',0,'','107.167.39.74','2022-12-23 12:00:12',1,0,'0000-00-00 00:00:00',2,1,NULL),('05cd193842a3a665ae25ad0111e2ee81',0,'','54.36.148.47','2023-01-11 00:07:10',1,0,'0000-00-00 00:00:00',2,1,NULL),('05cd5086469508e421230ec55b765382',0,'','176.9.16.209','2023-02-14 10:52:28',1,0,'0000-00-00 00:00:00',2,1,NULL),('05ce8c653f02096cd1ee379b789277cd',0,'','217.113.194.125','2023-08-01 21:03:13',1,0,'0000-00-00 00:00:00',1,1,NULL),('05d03cb621112b1e8c37fd21e4bbc426',0,'','74.125.208.138','2023-06-30 09:56:12',1,0,'0000-00-00 00:00:00',1,1,NULL),('05d128d8988fabe7dfae60f17fdb7921',0,'','46.123.255.103','2023-03-20 22:17:21',1,0,'0000-00-00 00:00:00',1,1,NULL),('05d129c0f40935c897befdbe7b671a82',0,'','34.236.157.70','2023-05-02 08:50:51',1,0,'0000-00-00 00:00:00',1,1,NULL),('05d1c8ab503962491da0c949a878f806',0,'','188.198.132.73','2023-05-02 09:46:51',1,0,'0000-00-00 00:00:00',1,1,NULL),('05d1d4f4e64b2fc604e5b311e87aa582',0,'','185.191.171.45','2023-03-27 19:04:53',1,0,'0000-00-00 00:00:00',2,1,NULL),('05d25bcc37abd52a526c30cd1da56418',0,'','20.15.133.160','2023-08-06 03:55:07',1,0,'0000-00-00 00:00:00',2,1,NULL),('05d377e8dfbfe233a8a4c57ff0949298',0,'','87.250.224.246','2023-06-14 05:34:27',1,0,'0000-00-00 00:00:00',1,1,NULL),('05d3dd8c6ce14340127ce94dee4bb088',0,'','66.249.70.180','2023-01-29 12:04:00',1,0,'0000-00-00 00:00:00',2,1,NULL),('05d6501eaf87e51ad1a1f14b5cf60be2',0,'','66.249.64.67','2023-06-13 11:28:41',1,0,'0000-00-00 00:00:00',1,1,NULL),('05d7038b33b8c7c10e5ded3d808b2ba8',0,'','66.249.66.35','2023-07-07 20:52:16',1,0,'0000-00-00 00:00:00',2,1,NULL),('05d867a1fe51aae85db627fb04334ef8',0,'','89.143.69.37','2022-12-23 01:00:50',1,0,'0000-00-00 00:00:00',2,1,NULL),('05d8cffa046c3e0892954c06ca2df139',0,'','193.77.189.240','2023-01-27 16:54:58',1,0,'0000-00-00 00:00:00',2,1,NULL),('05d929829854e795183aee95dfb9c12a',0,'','20.15.133.173','2023-07-10 06:21:29',1,0,'0000-00-00 00:00:00',2,1,NULL),('05d98af2b8147b3e2db9ca2833ac6b49',0,'','94.44.252.41','2022-11-29 20:54:17',1,0,'0000-00-00 00:00:00',2,1,NULL),('05d9dfe212874edea5f3390c305ab979',0,'','66.175.210.65','2023-06-19 09:41:25',1,0,'0000-00-00 00:00:00',1,1,NULL),('05da4ff6dd7943a92eac6b9b687c8fe4',0,'','35.238.81.139','2023-03-15 04:18:05',1,0,'0000-00-00 00:00:00',1,1,NULL),('05dab2f3d0546f9d6ca939d1718bd649',0,'','94.130.237.165','2023-01-19 02:12:31',1,0,'0000-00-00 00:00:00',2,1,NULL),('05db9b1d08c0a9d9808c586561485ce2',0,'','74.125.208.138','2023-08-10 00:43:01',1,0,'0000-00-00 00:00:00',1,1,NULL),('05dbcbf737ee74e45c1e8317cdcebd3b',0,'','136.243.228.193','2023-03-21 14:21:50',1,0,'0000-00-00 00:00:00',1,1,NULL),('05dbce5eaf00c481ba1edd9bb0636f77',0,'','72.14.201.74','2023-08-03 16:15:55',1,0,'0000-00-00 00:00:00',1,1,NULL),('05dc18a9475123ccdccb44d0dcf01b80',0,'','68.183.54.135','2023-02-27 00:07:24',1,0,'0000-00-00 00:00:00',2,1,NULL),('05dcac7a395332347a7010b8d2cc68d5',0,'','52.53.171.217','2023-01-29 17:51:35',1,0,'0000-00-00 00:00:00',2,1,NULL),('05ddacbfd458e5dc3d81b2165fbc5dea',0,'','185.191.171.36','2023-02-05 01:30:27',1,0,'0000-00-00 00:00:00',2,1,NULL),('05dde8f5659e06a11b166972661fd4b5',0,'','185.191.171.12','2023-06-13 23:19:50',1,0,'0000-00-00 00:00:00',2,1,NULL),('05de8736577cd93a86b390127e711bd4',720,'matevz@ngn.si','193.77.189.240','2023-05-19 17:14:11',0,1,'0000-00-00 00:00:00',1,1,NULL),('05de8fa0a2ba34a99937128044fa4038',0,'','193.186.4.98','2023-07-14 14:24:02',1,0,'0000-00-00 00:00:00',1,1,NULL),('05df5bdec337310413bd26c8982aae99',0,'','216.244.66.238','2023-07-04 20:00:42',1,0,'0000-00-00 00:00:00',3,1,NULL),('05e00e8925e7727d57aa86ade33c1315',0,'','118.184.177.77','2023-06-22 18:43:18',1,0,'0000-00-00 00:00:00',1,1,NULL),('05e02620f2ced241465d6c248f40a8c2',0,'','54.36.148.29','2022-12-23 23:42:08',1,0,'0000-00-00 00:00:00',2,1,NULL),('05e13ebc5dfa2160078eafa6365e7b1e',0,'','65.108.99.109','2023-01-11 19:57:38',1,0,'0000-00-00 00:00:00',2,1,NULL),('05e192be538de6e5884286cc33cdfd10',0,'','66.249.70.180','2022-11-24 12:10:50',1,0,'0000-00-00 00:00:00',2,1,NULL),('05e1d5b5054b571820002ce5c0307823',0,'','89.143.170.95','2022-12-06 08:34:49',1,0,'0000-00-00 00:00:00',2,1,NULL),('05e20cc4a9bb88f9783abf631fdbdc70',0,'','66.249.64.66','2023-04-17 05:36:59',1,0,'0000-00-00 00:00:00',1,1,NULL),('05e31f2a1ff22dad501f0d82ae5b9fe7',0,'','68.183.54.135','2023-02-27 00:02:11',1,0,'0000-00-00 00:00:00',2,1,NULL),('05e3827d75f93e91e5077e929bc2b39c',0,'','20.15.133.174','2023-07-01 11:05:23',1,0,'0000-00-00 00:00:00',2,1,NULL),('05e4084257c32700dd85721c65d08065',0,'','31.13.127.16','2022-12-03 00:56:57',1,0,'0000-00-00 00:00:00',2,1,NULL),('05e490e572304ce9936188bf0ed0bda0',0,'','123.125.109.90','2023-07-15 15:35:17',1,0,'0000-00-00 00:00:00',1,1,NULL),('05e4adf6c7f578479b47960391ac329f',0,'','157.55.39.203','2023-01-07 02:38:20',1,0,'0000-00-00 00:00:00',2,1,NULL),('05e5ff3c2170f347888df2878d040264',0,'','123.125.109.92','2023-07-22 18:47:00',1,0,'0000-00-00 00:00:00',1,1,NULL),('05e60ea9bfb474fbffd4f597400bfe5f',0,'','185.191.171.1','2023-03-29 08:08:37',1,0,'0000-00-00 00:00:00',2,1,NULL),('05e65bebf52cf14ad3b2f4d12c6ee3ea',0,'','52.167.144.116','2023-06-16 13:25:49',1,0,'0000-00-00 00:00:00',1,1,NULL),('05e788639d3eeac987154944c7dcd1ed',0,'','54.36.148.8','2023-03-29 18:05:31',1,0,'0000-00-00 00:00:00',1,1,NULL),('05e7fe1dd8cb6865f3a3c33f67abac92',0,'','185.191.171.14','2023-02-05 15:33:26',1,0,'0000-00-00 00:00:00',2,1,NULL),('05e842d342bb08e1cbffc447ebe1317f',0,'','54.36.148.61','2023-04-05 05:26:31',1,0,'0000-00-00 00:00:00',1,1,NULL),('05e956c0906a2d5036ac382d95b57d22',0,'','185.191.171.12','2023-06-09 17:05:42',1,0,'0000-00-00 00:00:00',2,1,NULL),('05e96b2fb5d77476283150d12739617c',0,'','205.164.56.154','2023-01-21 21:32:02',1,0,'0000-00-00 00:00:00',2,1,NULL),('05ea84a291ffae5fdf2e84af18f97671',0,'','197.217.131.2','2023-06-30 01:45:30',1,0,'0000-00-00 00:00:00',1,1,NULL),('05ecf8964e6df7e457cdb31cdc12bb6d',0,'','52.167.144.105','2023-04-18 12:58:39',1,0,'0000-00-00 00:00:00',2,1,NULL),('05ed0b4b5a00a1537d8e3ad160495990',0,'','185.191.171.10','2023-08-12 16:23:17',1,0,'0000-00-00 00:00:00',2,1,NULL),('05ed1450b38e718f28ab0554996f7f78',0,'','35.175.123.242','2023-02-14 16:47:20',1,0,'0000-00-00 00:00:00',2,1,NULL),('05ed18ef5047a676ca1fa21aaaba95cd',0,'','91.246.255.245','2023-03-24 13:59:39',1,0,'0000-00-00 00:00:00',1,1,NULL),('05ed72f54b01b9f6b29aab40d0276147',0,'','66.249.64.66','2023-04-23 07:50:36',1,0,'0000-00-00 00:00:00',1,1,NULL),('05ed9e8136fc2b25048dd72409d480b8',0,'','185.191.171.36','2023-04-20 00:50:02',1,0,'0000-00-00 00:00:00',1,1,NULL),('05ee080730625c2edad22627ffa26dec',0,'','141.94.105.141','2023-06-23 14:09:28',1,0,'0000-00-00 00:00:00',2,1,NULL),('05ee7952d42e2247c79bf1873bace9d8',0,'','17.241.227.93','2023-06-30 13:24:11',1,0,'0000-00-00 00:00:00',1,1,NULL),('05ee8e3873a5158a5f2dbeab95e326be',0,'','185.191.171.36','2022-12-09 04:50:39',1,0,'0000-00-00 00:00:00',2,1,NULL),('05efac45c6bb1dc90f6e3968af9fd3fb',0,'','52.167.144.94','2023-03-13 12:53:55',1,0,'0000-00-00 00:00:00',1,1,NULL),('05f04ad2d4ab4edc16a179e0148a6985',0,'','54.202.149.74','2023-05-06 03:26:13',1,0,'0000-00-00 00:00:00',1,1,NULL),('05f1e28015daac3908b40f524bd3a51f',0,'','185.191.171.17','2023-03-09 09:15:41',1,0,'0000-00-00 00:00:00',2,1,NULL),('05f2964b9406df3eba4649e618f0a41c',0,'','54.174.88.241','2023-08-02 20:51:12',1,0,'0000-00-00 00:00:00',1,1,NULL),('05f2fd7309435e64202424978912fd49',0,'','114.119.136.120','2023-07-13 10:14:47',1,0,'0000-00-00 00:00:00',2,1,NULL),('05f3b87006b56e14376fd3a912732175',0,'','52.167.144.78','2023-05-21 18:56:31',1,0,'0000-00-00 00:00:00',2,1,NULL),('05f3f248bf0f0edf8643f5501011d6d5',0,'','20.15.133.174','2023-07-01 17:24:49',1,0,'0000-00-00 00:00:00',2,1,NULL),('05f43650a99c292ad61b6579318c153c',0,'','54.174.88.241','2023-08-02 20:52:51',1,0,'0000-00-00 00:00:00',1,1,NULL),('05f5924f2969fdcd6121063b7fcf05b4',0,'','66.249.70.162','2023-01-26 21:14:21',1,0,'0000-00-00 00:00:00',2,1,NULL),('05f942c02493945657e30f065ef96366',0,'','54.36.148.186','2022-11-25 10:03:10',1,0,'0000-00-00 00:00:00',2,1,NULL),('05f94b448a62d048c49af743461897c5',0,'','216.244.66.238','2023-01-17 00:50:23',1,0,'0000-00-00 00:00:00',2,1,NULL),('05fab41d6b91aecd54016d8ae08769e7',0,'','144.126.130.38','2023-01-11 12:29:03',1,0,'0000-00-00 00:00:00',2,1,NULL),('05fac28b363027a6b1b20309a1428dfd',0,'','13.67.178.167','2023-01-14 02:52:45',1,0,'0000-00-00 00:00:00',2,1,NULL),('05fb221ef5661b9bcd879ac21af481ad',0,'','157.55.39.173','2022-12-03 17:13:13',1,0,'0000-00-00 00:00:00',2,1,NULL),('05fb3ae1d574e4994fc98ed7fef5100c',0,'','66.249.64.68','2023-04-23 04:22:04',1,0,'0000-00-00 00:00:00',1,1,NULL),('05fce26094d97f242b6390f91bc52411',0,'','193.77.189.240','2022-04-11 12:53:16',1,0,'0000-00-00 00:00:00',1,1,NULL),('05ff83aa31847d2d9257caa663622c66',0,'','40.77.167.239','2023-02-13 00:54:19',1,0,'0000-00-00 00:00:00',2,1,NULL),('06000cbece64079528432ab2f8b8874b',0,'','94.130.237.165','2023-04-29 23:16:47',1,0,'0000-00-00 00:00:00',1,1,NULL),('06002d6a2b7a3da9bd8fb57f5b35543b',0,'','185.191.171.44','2023-01-06 03:17:08',1,0,'0000-00-00 00:00:00',2,1,NULL),('060271a049b2e1d332491ca48d84fd46',0,'','84.52.172.183','2022-12-16 08:55:37',1,0,'0000-00-00 00:00:00',2,1,NULL),('0602f458a79b9d10a1e8c87ae541cf7a',0,'','34.222.124.219','2023-02-08 00:12:58',1,0,'0000-00-00 00:00:00',2,1,NULL),('0603533776d22ff705b67438cbb6dcb2',0,'','65.21.35.238','2023-08-07 06:28:19',1,0,'0000-00-00 00:00:00',2,1,NULL),('06058e8dbdefa403db90c4fc8bcec8f7',0,'','45.156.31.196','2023-06-09 10:21:50',1,0,'0000-00-00 00:00:00',2,1,NULL),('0605d4a8131906570dc68866d7b410d5',0,'','43.138.152.253','2023-07-27 16:01:07',1,0,'0000-00-00 00:00:00',1,1,NULL),('0605e9a3a2c9484b5b82e4b69463e3f5',0,'','49.7.21.101','2023-05-11 16:47:19',1,0,'0000-00-00 00:00:00',1,1,NULL),('0606256d8b77998cb632c1c96fef37ae',0,'','72.14.201.98','2022-12-01 11:42:18',1,0,'0000-00-00 00:00:00',2,1,NULL),('0607727753a423bf6ddad3178eed7f2d',0,'','54.36.148.3','2023-05-03 16:37:10',1,0,'0000-00-00 00:00:00',2,1,NULL),('060857f7873843cfd26b442b27c0cd43',0,'','66.249.66.34','2023-02-21 17:12:45',1,0,'0000-00-00 00:00:00',2,1,NULL),('0608ec4ca2d10d968d941e57fd803f0f',0,'','58.220.33.2','2023-08-08 21:27:41',1,0,'0000-00-00 00:00:00',1,1,NULL),('06098f7f1aba3d9ced96804e3eecf44f',0,'','66.249.66.165','2023-06-20 12:46:40',1,0,'0000-00-00 00:00:00',2,1,NULL),('060aa6a1fce9add4adc6c4c3dfcf8b66',0,'','49.7.21.72','2023-03-02 18:01:53',1,0,'0000-00-00 00:00:00',2,1,NULL),('060aeb49a3e23c02599466ba2e2bf2f3',0,'','74.125.208.149','2023-05-25 20:28:02',1,0,'0000-00-00 00:00:00',1,1,NULL),('060d5ef117a953deee4f8aba50a66af6',0,'','193.186.4.98','2023-07-19 16:27:47',1,0,'0000-00-00 00:00:00',1,1,NULL),('060f5801134cca24d508f4440fc84b6a',0,'','20.191.45.212','2023-07-07 21:13:06',1,0,'0000-00-00 00:00:00',1,1,NULL),('060f95d19476d72bd8a2efc843ddcb7f',0,'','35.207.127.39','2023-07-04 00:59:04',1,0,'0000-00-00 00:00:00',1,1,NULL),('061184b745f4aabdeb736a5de98d7704',0,'','40.77.167.67','2023-01-02 04:07:25',1,0,'0000-00-00 00:00:00',2,1,NULL),('0612da0fdac6f6a342982604f3f57471',0,'','116.179.37.156','2022-12-28 18:22:49',1,0,'0000-00-00 00:00:00',2,1,NULL),('0613b809e5ddee84d9f836a128f0739d',0,'','61.135.159.133','2023-03-17 05:37:06',1,0,'0000-00-00 00:00:00',1,1,NULL),('0617367551412701fce9b83a10a2d43c',0,'','92.37.100.119','2023-02-20 22:19:31',1,0,'0000-00-00 00:00:00',2,1,NULL),('06173f5e7f3f82f1523d7ba44a0a0bf7',0,'','77.119.222.186','2023-06-21 15:49:42',1,0,'0000-00-00 00:00:00',1,1,NULL),('061859bdca1b2bb96da3d71ef735766c',0,'','46.123.247.14','2023-01-26 02:08:07',1,0,'0000-00-00 00:00:00',2,1,NULL),('0618a04972281d80f736bcd6cdc24791',0,'','66.220.149.120','2023-05-30 13:44:17',1,0,'0000-00-00 00:00:00',1,1,NULL),('0618bfbffdbcd01b9c5958b529e2480c',0,'','124.248.69.87','2023-08-15 20:34:05',1,0,'0000-00-00 00:00:00',1,1,NULL),('06190054bd4f19c2f715392988c725c0',0,'','162.18.137.134','2023-02-08 14:17:52',1,0,'0000-00-00 00:00:00',2,1,NULL),('061a41a358132a8e6e062ea4d11a47be',0,'','136.243.228.193','2023-05-25 07:25:21',1,0,'0000-00-00 00:00:00',1,1,NULL),('061d25ab58074b0eee54b55ebdd824d8',0,'','66.249.70.178','2023-02-01 08:46:31',1,0,'0000-00-00 00:00:00',2,1,NULL),('061e05e23735980b589a50d23d3b2813',0,'','86.107.44.153','2023-03-22 19:53:14',1,0,'0000-00-00 00:00:00',1,1,NULL),('061e31005f72d2476c354c1a539b32c9',0,'','54.36.148.41','2023-01-28 23:43:34',1,0,'0000-00-00 00:00:00',2,1,NULL),('061ea4af84c3b210bf71d8cf7b57de5d',0,'','66.249.66.32','2023-03-21 10:02:34',1,0,'0000-00-00 00:00:00',1,1,NULL),('061f6cbf0ae18527df82ef90eba6baac',0,'','20.127.32.15','2023-03-10 05:58:53',1,0,'0000-00-00 00:00:00',2,1,NULL),('061fc1a2068887c96ab72f9bd6d5e764',0,'','188.198.27.18','2022-11-21 19:20:39',1,0,'0000-00-00 00:00:00',2,1,NULL),('06203551bcbb5d19ded4d227df9ce7eb',0,'','171.115.223.205','2023-08-03 22:32:04',1,0,'0000-00-00 00:00:00',1,1,NULL),('0620e145a9237650f03648ac385dbbed',0,'','89.212.0.90','2023-08-04 12:29:58',1,0,'0000-00-00 00:00:00',2,1,NULL),('06225b50f0c55cc2e9e634f3eb232be4',0,'','216.244.66.238','2022-11-25 13:12:33',1,0,'0000-00-00 00:00:00',2,1,NULL),('0622fd0245a69d27473bd17eb8ec487c',0,'','207.46.13.209','2023-06-26 02:58:05',1,0,'0000-00-00 00:00:00',2,1,NULL),('0623efbc73c87b931533b39c2aa6738a',0,'','95.51.144.50','2022-12-01 17:39:02',1,0,'0000-00-00 00:00:00',2,1,NULL),('0623fe9fda6719b293d75eb2f62250b4',0,'','122.214.2.35','2023-05-02 05:58:31',1,0,'0000-00-00 00:00:00',1,1,NULL),('0624308cb9d19c2beef446e35e8e6961',0,'','49.7.21.72','2023-02-21 06:17:43',1,0,'0000-00-00 00:00:00',2,1,NULL),('06250e818265b438705fab4ef15fd53e',0,'','144.76.68.17','2023-01-06 23:55:22',1,0,'0000-00-00 00:00:00',2,1,NULL),('06261d4d61d81dbbf688ec0467094e31',0,'','118.184.177.75','2023-05-23 12:50:18',1,0,'0000-00-00 00:00:00',1,1,NULL),('062633ad79c6f58d7323833e7bd56ca5',0,'','77.119.222.134','2023-04-24 22:53:29',1,0,'0000-00-00 00:00:00',1,1,NULL),('0627de63bd1a2a4bb95e03bbf6dcec86',0,'','66.175.210.151','2023-06-21 07:56:38',1,0,'0000-00-00 00:00:00',1,1,NULL),('0627ef5048468efae1855ae89d3aecfa',0,'','65.21.199.133','2022-12-27 17:40:51',1,0,'0000-00-00 00:00:00',2,1,NULL),('06284f262036ac2f9da7fffef8de6a55',0,'','185.191.171.38','2023-01-23 01:52:44',1,0,'0000-00-00 00:00:00',2,1,NULL),('06288f79adc8ba854dcaa4a871f7a38f',0,'','176.99.135.8','2023-02-20 12:56:18',1,0,'0000-00-00 00:00:00',2,1,NULL),('0629962e7d2a7d31cb7bb1f78a2776c4',0,'','185.191.171.12','2022-12-15 13:42:06',1,0,'0000-00-00 00:00:00',2,1,NULL),('062a38b285379fb40adb6204f7027190',0,'','74.125.208.147','2023-04-29 23:18:32',1,0,'0000-00-00 00:00:00',2,1,NULL),('062b42700d73f8ffc955c696b9b6ecd9',0,'','118.184.177.21','2023-03-26 14:20:07',1,0,'0000-00-00 00:00:00',1,1,NULL),('062c86a6419afbb6cec31e9f23da536a',0,'','3.0.135.40','2023-06-08 06:18:50',1,0,'0000-00-00 00:00:00',0,1,NULL),('062cf6ed9bf312f85d07759a5b76f8d5',0,'','20.191.45.212','2023-08-13 17:32:34',1,0,'0000-00-00 00:00:00',1,1,NULL),('062e60dbd285af69cce97c1aca791598',0,'','123.183.224.94','2023-05-30 21:36:18',1,0,'0000-00-00 00:00:00',1,1,NULL),('062f00779bf95f25060f630015273ea2',0,'','66.249.66.196','2022-12-06 16:27:24',1,0,'0000-00-00 00:00:00',2,1,NULL),('062f1e690037c842b10715c0d03bb820',0,'','188.230.136.82','2023-05-30 19:50:13',1,0,'0000-00-00 00:00:00',2,1,NULL),('062f913502aea984e3c978f867aebc2a',0,'','20.201.123.217','2023-04-02 19:02:33',1,0,'0000-00-00 00:00:00',1,1,NULL),('063071bf2662acdebe01a6a77e6642d2',0,'','144.91.79.239','2022-09-26 17:03:36',1,0,'0000-00-00 00:00:00',1,1,NULL),('0630d0c936a1c79a777cee3c3e229ade',0,'','65.21.35.205','2023-05-21 10:48:15',1,0,'0000-00-00 00:00:00',2,1,NULL),('06314f343f13bbd2640b80ec91e44f62',0,'','185.191.171.13','2023-08-02 00:57:26',1,0,'0000-00-00 00:00:00',3,1,NULL),('06319c63d60dcef2eb2d86ea81176a36',0,'','52.167.144.87','2023-08-12 09:28:19',1,0,'0000-00-00 00:00:00',2,1,NULL),('0631f395c6041881a7bbe1745a370487',0,'','52.36.140.180','2023-04-26 14:32:12',1,0,'0000-00-00 00:00:00',2,1,NULL),('0632ada2654b5dc663e77085aad34fa9',0,'','54.174.88.241','2023-08-02 20:57:14',1,0,'0000-00-00 00:00:00',1,1,NULL),('0633863fc7ad05811f6134ec92c076d2',0,'','31.165.76.147','2023-05-29 22:11:38',1,0,'0000-00-00 00:00:00',1,1,NULL),('06357db21e7c8ed5f4801e6303d79023',0,'','185.191.171.39','2022-12-18 18:05:12',1,0,'0000-00-00 00:00:00',2,1,NULL),('0635a546a3b4e5d0e8ca63868471ed3e',0,'','66.249.66.35','2023-06-01 23:06:16',1,0,'0000-00-00 00:00:00',1,1,NULL),('06360475ac472edffec3cff6e6354678',0,'','176.76.238.3','2023-05-03 22:05:33',1,0,'0000-00-00 00:00:00',1,1,NULL),('063641039a7120fb67e170d8970d3620',0,'','193.95.253.142','2023-08-15 20:19:03',1,0,'0000-00-00 00:00:00',1,1,NULL),('06373921fe2d8cc4d4cf0e44e910fc0f',0,'','46.123.250.245','2023-05-22 18:29:33',1,0,'0000-00-00 00:00:00',1,1,NULL),('0637790fc76355b4eccf2147b3c9f76d',0,'','185.191.171.6','2023-06-05 21:16:37',1,0,'0000-00-00 00:00:00',3,1,NULL),('0637b6ca415efd5101939e37ac0460de',0,'','164.92.137.13','2023-01-27 12:14:07',1,0,'0000-00-00 00:00:00',2,1,NULL),('0639146d95799b985577b748538d520a',0,'','49.7.20.95','2023-03-23 20:02:56',1,0,'0000-00-00 00:00:00',1,1,NULL),('063a0853acdeb8c17eb5c286078f8d4c',0,'','34.78.248.110','2023-05-03 23:21:35',1,0,'0000-00-00 00:00:00',1,1,NULL),('063adaf0380f5fec6c96d421a8a4c510',0,'','52.167.144.47','2023-04-13 13:48:36',1,0,'0000-00-00 00:00:00',2,1,NULL),('063b4db3f6c3a7aa2d4afa381ed3658d',0,'','35.238.81.139','2023-03-15 04:15:48',1,0,'0000-00-00 00:00:00',1,1,NULL),('063ba0d9a6f2d13ed7b9d69231f66461',0,'','61.135.159.133','2023-02-02 11:40:26',1,0,'0000-00-00 00:00:00',2,1,NULL),('063ce51ed88c3ebea29262dc6f7f91d2',0,'','212.200.181.215','2023-02-16 14:59:15',1,0,'0000-00-00 00:00:00',2,1,NULL),('063cfc064c849b1e433dbf1a23d8847e',0,'','151.236.221.208','2023-06-21 07:08:07',1,0,'0000-00-00 00:00:00',1,1,NULL),('063db6caed9ecf4d26357ab08a929da4',0,'','85.254.40.65','2023-05-10 11:25:27',1,0,'0000-00-00 00:00:00',1,1,NULL),('063dd5ded22abd4c2669eb93edcb35a4',0,'','136.243.228.193','2023-05-25 07:25:57',1,0,'0000-00-00 00:00:00',1,1,NULL),('063de0d00edbaaad7841e496c1609d5c',0,'','54.36.148.244','2023-07-17 21:22:15',1,0,'0000-00-00 00:00:00',2,1,NULL),('063e2f2c5bc6b3fbe41d2bfc47a51d51',0,'','66.249.66.33','2023-03-05 14:38:20',1,0,'0000-00-00 00:00:00',2,1,NULL),('063e9b2063856c1ab1a32a050a7ee8b1',0,'','45.120.4.51','2023-03-12 22:03:56',1,0,'0000-00-00 00:00:00',2,1,NULL),('064108890df4bd4d6db36cfe87ebeb38',0,'','65.108.99.174','2023-04-07 06:14:19',1,0,'0000-00-00 00:00:00',2,1,NULL),('064167be7705df14a68ceaa290d58727',0,'','212.235.226.150','2023-07-11 15:38:42',1,0,'0000-00-00 00:00:00',1,1,NULL),('0641f9c7f8cc83f1cd48bff2f9817e42',0,'','66.249.66.40','2023-01-06 01:02:40',1,0,'0000-00-00 00:00:00',2,1,NULL),('06425f7b1f6958163c73add42adfb665',0,'','123.183.224.18','2023-03-30 14:16:16',1,0,'0000-00-00 00:00:00',1,1,NULL),('06436459b49f72dbb57fb34a98988ff8',0,'','157.55.39.215','2023-07-11 01:33:38',1,0,'0000-00-00 00:00:00',2,1,NULL),('0644bc220202e05f4990f4fa10f3f73e',0,'','38.153.135.177','2023-04-20 02:16:20',1,0,'0000-00-00 00:00:00',2,1,NULL),('0645002552f7e1fcb2b168a5c7356d9e',0,'','175.44.42.34','2023-05-15 03:05:27',1,0,'0000-00-00 00:00:00',1,1,NULL),('0645c21b48aa17f01e9eeeaccd26db4c',0,'','66.249.64.66','2023-05-04 22:25:25',1,0,'0000-00-00 00:00:00',2,1,NULL),('064634bc2ab1b12627e6740425b65412',0,'','54.36.148.26','2023-06-20 12:03:55',1,0,'0000-00-00 00:00:00',2,1,NULL),('0647d145ea6d92406243997692437f59',0,'','66.249.66.79','2023-04-26 08:15:56',1,0,'0000-00-00 00:00:00',1,1,NULL),('06481a032b9cc23cfd9fd73c7b92f7cd',0,'','66.249.66.9','2023-04-30 17:41:24',1,0,'0000-00-00 00:00:00',0,1,NULL),('0648a6f7a6ff0ae09370ff28eee9cb0c',0,'','49.7.21.73','2023-06-01 10:00:31',1,0,'0000-00-00 00:00:00',1,1,NULL),('0648b369329721a7ae6a3fa00ccbb02a',0,'','66.249.66.9','2023-04-18 17:33:45',1,0,'0000-00-00 00:00:00',2,1,NULL),('0648cd16d871e7d23fa3583771bd1ef5',0,'','65.21.35.238','2023-08-07 06:28:34',1,0,'0000-00-00 00:00:00',1,1,NULL),('0648ede64bc8334514c742fd5c4d36c5',0,'','54.36.148.111','2023-06-14 08:41:56',1,0,'0000-00-00 00:00:00',1,1,NULL),('064932ac8231e8576b1ddbdc270b8361',0,'','185.191.171.37','2023-01-07 04:42:47',1,0,'0000-00-00 00:00:00',2,1,NULL),('064960bc6b31c912a99095e4765d5040',0,'','185.191.171.24','2023-03-28 17:34:04',1,0,'0000-00-00 00:00:00',2,1,NULL),('06498d2d549fcfedcff7c8506c329995',0,'','185.191.171.1','2023-01-25 06:52:35',1,0,'0000-00-00 00:00:00',2,1,NULL),('0649aad6d10dcac80cfca9eb7c134f24',0,'','178.62.70.178','2023-07-23 14:32:48',1,0,'0000-00-00 00:00:00',1,1,NULL),('0649e854c297dfdc2d0eda76ef028d16',0,'','85.208.96.198','2023-08-13 13:13:04',1,0,'0000-00-00 00:00:00',3,1,NULL),('064a587777bc3e99d277e3355b444a83',0,'','144.76.68.17','2023-01-06 23:51:26',1,0,'0000-00-00 00:00:00',2,1,NULL),('064a713e7d7f8b54c6beae0f3d5e6765',0,'','212.8.250.218','2023-03-26 10:17:02',1,0,'0000-00-00 00:00:00',1,1,NULL),('064a7411db4de3b61a5c73a31937d4ff',0,'','20.15.133.190','2023-07-15 07:31:13',1,0,'0000-00-00 00:00:00',2,1,NULL),('064a7bdc8a6db7a783a0298167da7990',0,'','187.188.136.136','2023-06-04 19:48:04',1,0,'0000-00-00 00:00:00',1,1,NULL),('064a7c5cf82cfcc194b095cc556b22a8',0,'','185.191.171.24','2023-03-24 17:51:02',1,0,'0000-00-00 00:00:00',2,1,NULL),('064ada1be118f4774c74197800cf6acf',0,'','123.125.109.137','2023-02-14 05:50:59',1,0,'0000-00-00 00:00:00',2,1,NULL),('064bd06e9949975a0c296b29af9e0653',0,'','94.130.237.165','2023-08-11 20:45:22',1,0,'0000-00-00 00:00:00',1,1,NULL),('064c162361913e861d8b19dfbfe18f3d',0,'','217.182.175.38','2023-08-03 05:04:56',1,0,'0000-00-00 00:00:00',2,1,NULL),('064c8d65f49a2b480b7032dabc01309c',0,'','172.117.25.209','2023-02-10 21:16:03',1,0,'0000-00-00 00:00:00',2,1,NULL),('064cd9926c6f87d339e20bca170f0acc',0,'','79.124.59.74','2023-06-11 16:01:15',1,0,'0000-00-00 00:00:00',0,1,NULL),('064cf1967f46b597c5cc295f7a2ba724',0,'','185.191.171.44','2023-01-30 01:32:24',1,0,'0000-00-00 00:00:00',2,1,NULL),('064d14f52fc4140c92e84db5fc39bf52',0,'','144.217.135.144','2023-05-23 19:33:08',1,0,'0000-00-00 00:00:00',1,1,NULL),('064d286f3d558d82a746da949933b1e7',0,'','157.55.39.253','2023-04-08 16:59:43',1,0,'0000-00-00 00:00:00',1,1,NULL),('064db5c47babd0990d91ef5ba7230b17',0,'','118.184.177.76','2023-01-25 06:06:21',1,0,'0000-00-00 00:00:00',2,1,NULL),('064ea155c9938290e184adba061e6e4c',0,'','49.7.20.89','2022-11-25 12:09:53',1,0,'0000-00-00 00:00:00',2,1,NULL),('064f4a2dcf7f10dded9e2b6329a6d085',0,'','52.165.223.127','2023-01-14 03:14:15',1,0,'0000-00-00 00:00:00',2,1,NULL),('064f70c612fdf4fcd48b2b5d808c3676',0,'','202.189.6.34','2023-07-30 03:00:57',1,0,'0000-00-00 00:00:00',1,1,NULL),('06518803c0ede774e7c9dc7823355589',0,'','79.124.59.74','2023-06-11 16:06:30',1,0,'0000-00-00 00:00:00',1,1,NULL),('0652977052da02bc008ecf67405c0ad4',0,'','123.125.109.140','2023-03-05 08:36:01',1,0,'0000-00-00 00:00:00',2,1,NULL),('0652f76be3b293d032295c3d441ad15b',0,'','65.108.103.115','2022-11-19 17:37:22',1,0,'0000-00-00 00:00:00',2,1,NULL),('0653ce98dc8d1915e085eb66edef6c39',0,'','185.191.171.25','2023-05-22 01:14:56',1,0,'0000-00-00 00:00:00',2,1,NULL),('06543fd2fc7d7c453b5515bd355041a4',0,'','119.12.130.242','2023-03-07 23:12:33',1,0,'0000-00-00 00:00:00',2,1,NULL),('06546d7201231a718db4cf5678a2e0d2',0,'','40.77.167.174','2023-02-10 17:07:52',1,0,'0000-00-00 00:00:00',2,1,NULL),('0654cee4fcaec7594575d495a456bfd7',0,'','139.144.217.134','2023-07-25 04:47:41',1,0,'0000-00-00 00:00:00',1,1,NULL),('0654cf1872e9e066baf14b0d9fdfb975',0,'','74.125.208.129','2023-02-07 17:49:21',1,0,'0000-00-00 00:00:00',2,1,NULL),('06565a0b9b5c4575e602dce12a17dd81',0,'','58.220.33.215','2023-08-14 23:06:30',1,0,'0000-00-00 00:00:00',1,1,NULL),('065745c59eb957b7df43f04509e8b8d0',0,'','193.186.4.98','2023-05-20 14:12:32',1,0,'0000-00-00 00:00:00',1,1,NULL),('065767a277459f49de7d8645dc4c503e',0,'','185.191.171.24','2023-01-05 19:35:45',1,0,'0000-00-00 00:00:00',2,1,NULL),('0657772f1692780ee109b53eca06e33b',0,'','157.55.39.239','2023-02-21 19:35:26',1,0,'0000-00-00 00:00:00',2,1,NULL),('0657dd9d03a657f4a919351a19a2c07f',0,'','43.156.166.158','2023-05-21 07:55:11',1,0,'0000-00-00 00:00:00',1,1,NULL),('0658c83a685dd7529056145a6f5d0bf5',0,'','81.104.189.188,81.104.189.188','2022-12-22 05:30:56',1,0,'0000-00-00 00:00:00',2,1,NULL),('065907d3ec39f38ff3e152e85d469301',0,'','178.165.168.107','2023-08-13 10:16:50',1,0,'0000-00-00 00:00:00',1,1,NULL),('065974feeeab118d263bc6042204787b',0,'','216.244.66.238','2023-05-04 12:17:48',1,0,'0000-00-00 00:00:00',1,1,NULL),('065afe92cbdbab5f26a701a463361fa9',0,'','123.125.109.134','2023-03-29 09:59:09',1,0,'0000-00-00 00:00:00',1,1,NULL),('065c1603525cf2fe8ed197b800002601',0,'','66.249.66.11','2023-07-03 06:40:43',1,0,'0000-00-00 00:00:00',2,1,NULL),('065d2b2dfdf692a0294fdf57dc305002',0,'','69.167.25.90','2023-05-18 03:22:30',1,0,'0000-00-00 00:00:00',0,1,NULL),('065d40b47f07e4a59b4fb5dfd7a64174',0,'','172.105.23.106','2023-06-11 19:51:44',1,0,'0000-00-00 00:00:00',1,1,NULL),('065d65ffcc6947b6111d3149c18bc420',0,'','123.125.109.82','2023-01-31 12:15:00',1,0,'0000-00-00 00:00:00',2,1,NULL),('065efc550308f40a6ba2f97f79f66342',0,'','3.82.26.128','2023-08-11 23:48:27',1,0,'0000-00-00 00:00:00',1,1,NULL),('065f7671ba985e82a16814b4b0f61b86',0,'','54.36.149.56','2023-08-14 11:21:00',1,0,'0000-00-00 00:00:00',1,1,NULL),('0661c23275d5a33cf3bcfcd961297e01',0,'','65.21.35.238','2023-08-07 06:29:42',1,0,'0000-00-00 00:00:00',2,1,NULL),('0662a87b0312cc32a6bdc339a08662c2',0,'','185.191.171.22','2023-06-25 16:45:05',1,0,'0000-00-00 00:00:00',1,1,NULL),('06632adf317476e0b9851a1ce702811b',0,'','52.167.144.78','2023-06-04 00:43:34',1,0,'0000-00-00 00:00:00',3,1,NULL),('066344fbb6a2d53e3f9206947e8fbe88',0,'','89.212.90.111','2022-11-15 01:37:22',1,0,'0000-00-00 00:00:00',1,1,NULL),('0663b662646d782c28aa6ef2034fa5b6',0,'','51.15.227.188','2023-01-26 21:17:57',1,0,'0000-00-00 00:00:00',2,1,NULL),('06647274221e91679e7c845830412533',0,'','185.191.171.33','2023-02-16 03:25:55',1,0,'0000-00-00 00:00:00',2,1,NULL),('06647f2dac32f6ff478d351177fe9b41',0,'','72.14.201.45','2023-07-06 20:26:09',1,0,'0000-00-00 00:00:00',1,1,NULL),('0664b4238a813c3cc5881c8c026f9563',0,'','3.84.128.19','2023-08-10 17:22:38',1,0,'0000-00-00 00:00:00',1,1,NULL),('0665181d37703833f41e28db0f30ca25',0,'','66.249.69.243','2023-03-12 03:10:34',1,0,'0000-00-00 00:00:00',2,1,NULL),('0667dbbe9dbfa72bfbb0392e8eb8d55c',0,'','95.131.102.86','2023-05-27 22:39:52',1,0,'0000-00-00 00:00:00',1,1,NULL),('0669bb39d840dcc43573e4f65f4831ec',0,'','217.113.194.106','2023-07-25 16:22:05',1,0,'0000-00-00 00:00:00',2,1,NULL),('066a5ab9a9f461cb256141244a7a5251',0,'','66.249.70.178','2022-11-27 19:35:58',1,0,'0000-00-00 00:00:00',2,1,NULL),('066bb56b4a9c0130eb047286b6c6a32b',0,'','66.249.66.74','2023-03-25 14:48:09',1,0,'0000-00-00 00:00:00',1,1,NULL),('066c6a8fec1d1dd0dc6f960794128e8e',0,'','91.133.112.104','2023-04-04 10:06:48',1,0,'0000-00-00 00:00:00',1,1,NULL),('066c9191b96cbab06c69ccd5239e678f',0,'','46.123.245.13','2023-03-02 12:55:46',1,0,'0000-00-00 00:00:00',2,1,NULL),('066eb46f0a8ff311659761e57e33f343',0,'','89.144.212.233','2023-08-08 23:52:55',1,0,'0000-00-00 00:00:00',1,1,NULL),('066f2ad555bdf27cb8106c1833280c40',0,'','171.115.223.205','2023-08-03 22:32:08',1,0,'0000-00-00 00:00:00',1,1,NULL),('067015719b7caabf910cf5675dcd5798',0,'','185.191.171.12','2023-05-31 02:40:21',1,0,'0000-00-00 00:00:00',1,1,NULL),('0672696fded29ac385112cc35264819b',0,'','54.36.148.57','2023-08-13 14:36:27',1,0,'0000-00-00 00:00:00',1,1,NULL),('0673db19ebce33fd5b869fd47ac76774',0,'','176.9.16.209','2023-03-11 19:30:52',1,0,'0000-00-00 00:00:00',2,1,NULL),('0673e692cfbdac95e03ac906ac426a20',0,'','85.208.96.201','2023-07-25 14:06:14',1,0,'0000-00-00 00:00:00',1,1,NULL),('0675b6876aae9185b9ac42b500a9a150',0,'','20.15.133.191','2023-08-15 03:12:36',1,0,'0000-00-00 00:00:00',2,1,NULL),('0675d6840184e8d9ae5171d7fd25e9db',0,'','85.208.98.18','2023-04-03 14:57:56',1,0,'0000-00-00 00:00:00',1,1,NULL),('067910f07ccad2f84b18839263896b2e',0,'','40.86.101.96','2023-01-14 03:14:24',1,0,'0000-00-00 00:00:00',2,1,NULL),('067a00d1641146ae7a2985bfe28a7973',0,'','185.191.171.13','2023-01-25 21:24:30',1,0,'0000-00-00 00:00:00',2,1,NULL),('067b9ffada6633965c79cb8f704065f8',0,'','40.77.167.255','2023-08-03 10:43:27',1,0,'0000-00-00 00:00:00',2,1,NULL),('067ea354a8eb85e11a49a624869c8bd0',0,'','202.189.6.34','2023-07-30 03:00:43',1,0,'0000-00-00 00:00:00',1,1,NULL),('067edbf9fd0f66b92ba83f94407c7e19',0,'','54.36.148.43','2023-05-12 12:44:59',1,0,'0000-00-00 00:00:00',1,1,NULL),('067f18acf512d8c5cefd36b46e527724',0,'','45.77.85.70','2023-02-11 01:46:35',1,0,'0000-00-00 00:00:00',2,1,NULL),('0681c70f828a85a52c30b808cbf197e7',0,'','66.249.66.74','2023-01-30 21:26:00',1,0,'0000-00-00 00:00:00',2,1,NULL),('0682a3d4fc436a4da3a584adeb1bb00d',0,'','185.191.171.38','2023-01-10 05:05:35',1,0,'0000-00-00 00:00:00',2,1,NULL),('0683c0f1f5c82a58054a2561699cc9f1',0,'','52.53.171.217','2023-01-29 17:52:06',1,0,'0000-00-00 00:00:00',2,1,NULL),('0683d805b217d5c3709610fc0bc38b75',0,'','66.249.66.80','2023-08-05 12:19:03',1,0,'0000-00-00 00:00:00',1,1,NULL),('06854fe5f62e9e72790cce46f1227e8b',0,'','141.94.105.141','2023-06-23 14:09:30',1,0,'0000-00-00 00:00:00',2,1,NULL),('06856de0d874430251c2d6eca655e105',0,'','122.10.45.199','2023-07-10 08:53:43',1,0,'0000-00-00 00:00:00',1,1,NULL),('06857fb0e620b56449270a52a118694f',0,'','109.235.74.132','2023-02-17 01:28:31',1,0,'0000-00-00 00:00:00',2,1,NULL),('06870e1c5c582cfb96a6f9da1d703024',0,'','66.249.66.82','2022-12-18 20:15:10',1,0,'0000-00-00 00:00:00',2,1,NULL),('06871c204870d8c3f1829a5dc17a2394',0,'','185.47.220.200','2023-05-17 00:07:22',1,0,'0000-00-00 00:00:00',2,1,NULL),('06874b7295cadc15578d1f86b1152e8b',0,'','146.212.206.93','2023-01-17 19:57:06',1,0,'0000-00-00 00:00:00',2,1,NULL),('068b34862c10a69bd28117e0073e66a3',0,'','109.239.58.107','2023-02-25 07:30:25',1,0,'0000-00-00 00:00:00',2,1,NULL),('068bc7bbb06ecefb3b279658b1d239c6',0,'','193.77.252.196','2022-12-08 11:17:27',1,0,'0000-00-00 00:00:00',2,1,NULL),('068bfac5d95873360059c07926ea3460',0,'','44.201.130.47','2023-03-05 07:17:39',1,0,'0000-00-00 00:00:00',2,1,NULL),('068c30c75b8ea7b1b9a6f6d6cc1d9e1c',0,'','123.126.68.112','2023-08-04 15:40:40',1,0,'0000-00-00 00:00:00',1,1,NULL),('068de0d31d875e341be70812f805ae6f',0,'','3.0.33.252','2023-06-09 02:49:09',1,0,'0000-00-00 00:00:00',2,1,NULL),('068e15a7a294ebcc1315c62f80b96e15',0,'','121.4.157.36','2023-02-08 20:49:57',1,0,'0000-00-00 00:00:00',2,1,NULL),('068edfbc1b00a5854db4fbc4043e21f1',0,'','182.92.164.242','2023-04-24 21:36:32',1,0,'0000-00-00 00:00:00',1,1,NULL),('068ef3b919bc6d5a40972d73c970a15a',0,'','52.167.144.90','2023-06-03 22:06:10',1,0,'0000-00-00 00:00:00',1,1,NULL),('068ef3e1b3a0d6c94599b99041744870',0,'','202.189.6.34','2023-07-30 03:00:58',1,0,'0000-00-00 00:00:00',1,1,NULL),('068f5e02e1482e3eba9be4ee7dbf7fbf',0,'','18.209.104.71','2022-12-07 16:59:30',1,0,'0000-00-00 00:00:00',2,1,NULL),('068f7ee519754c2f4259f0e7070a0781',0,'','188.197.193.194','2023-07-07 22:59:26',1,0,'0000-00-00 00:00:00',1,1,NULL),('068f87aea00dcfee8515e74e8463c8ae',0,'','188.198.101.215','2022-12-10 22:12:18',1,0,'0000-00-00 00:00:00',2,1,NULL),('068fa042255b2053305a639d315e5c92',0,'','185.191.171.3','2023-04-01 09:18:07',1,0,'0000-00-00 00:00:00',2,1,NULL),('068fb6bb7a6dc9f8d13964ba0865e69a',0,'','123.125.109.137','2023-02-14 17:49:51',1,0,'0000-00-00 00:00:00',2,1,NULL),('069046c7b1e788597e152d2a00df675d',0,'','2.204.165.200','2023-03-01 22:23:25',1,0,'0000-00-00 00:00:00',2,1,NULL),('0690b76f21aafc4356b5db9d35043081',0,'','65.108.103.112','2023-05-09 10:50:35',1,0,'0000-00-00 00:00:00',2,1,NULL),('069275f8054e342e5623e89914f8d3f5',0,'','31.13.127.25','2023-07-03 19:37:08',1,0,'0000-00-00 00:00:00',1,1,NULL),('0692a18ce28b6bbf3a2753baf953c2b3',0,'','54.36.149.20','2023-02-04 06:58:02',1,0,'0000-00-00 00:00:00',2,1,NULL),('0692af0b1573e799a87ca6add6a947ad',0,'','72.14.201.18','2023-07-13 13:26:14',1,0,'0000-00-00 00:00:00',1,1,NULL),('0693c28482d6fc8e3ce3411af017b13b',0,'','143.42.55.158','2023-04-17 10:54:39',1,0,'0000-00-00 00:00:00',1,1,NULL),('0693c412a24d5040da755b364f7f9dac',0,'','54.36.149.76','2023-03-14 19:56:23',1,0,'0000-00-00 00:00:00',2,1,NULL),('069471cf77c25cb5a5deb80c1331b26f',0,'','49.7.20.95','2023-04-06 01:13:21',1,0,'0000-00-00 00:00:00',1,1,NULL),('0694843449a05095dead12d7dde57aad',0,'','173.255.203.121','2023-07-22 15:10:03',1,0,'0000-00-00 00:00:00',1,1,NULL),('0695f66c70cc7d650e084a39a353c6e8',0,'','152.44.34.36','2022-11-22 13:15:17',1,0,'0000-00-00 00:00:00',2,1,NULL),('06962da70865a1828950c2d1779027fd',0,'','39.33.4.12','2023-02-18 06:36:20',1,0,'0000-00-00 00:00:00',2,1,NULL),('0696636ce1fc5f247bd4e8beffddb78e',0,'','40.94.102.22','2023-04-19 14:16:04',1,0,'0000-00-00 00:00:00',1,1,NULL),('06966eff2aa69d9bd2cd4d2ac64888e3',0,'','106.0.50.225','2023-06-05 23:24:17',1,0,'0000-00-00 00:00:00',1,1,NULL),('0696feeb9030bec0efa3e65ded49919b',0,'','77.243.218.131','2023-02-14 12:28:19',1,0,'0000-00-00 00:00:00',2,1,NULL),('06977cd94ef5303eeae64f718d2b861c',0,'','34.77.72.105','2023-03-16 00:11:11',1,0,'0000-00-00 00:00:00',1,1,NULL),('06995120469a884a60662d4ea287068c',0,'','176.9.16.209','2023-01-20 06:48:23',1,0,'0000-00-00 00:00:00',2,1,NULL),('0699b54817fb39686da5d96003f7c073',0,'','66.249.70.176','2022-12-15 16:09:35',1,0,'0000-00-00 00:00:00',2,1,NULL),('069a2de944db45770f2a169e4012cc18',0,'','193.77.189.240','2022-10-13 17:51:50',1,0,'0000-00-00 00:00:00',1,1,NULL),('069aba1ebd2eeca81418a05b0082f6f8',0,'','77.111.63.182','2023-08-12 18:36:24',1,0,'0000-00-00 00:00:00',1,1,NULL),('069b256e8d9c4847a564e182a5774045',0,'','66.249.70.176','2022-12-08 23:34:46',1,0,'0000-00-00 00:00:00',2,1,NULL),('069b2dbec064af9fa2f54aca01d40550',0,'','46.123.244.191','2023-06-01 12:41:09',1,0,'0000-00-00 00:00:00',1,1,NULL),('069b80b55ec0b71b2622093a97e36df0',0,'','66.249.66.138','2023-02-12 05:17:07',1,0,'0000-00-00 00:00:00',2,1,NULL),('069f071b519df7e7fc1cc902d6cc8382',0,'','118.184.177.117','2023-01-02 13:17:47',1,0,'0000-00-00 00:00:00',2,1,NULL),('06a0452b8f2ac50e84dc62c6a52470a3',0,'','72.14.201.98','2023-05-04 23:02:48',1,0,'0000-00-00 00:00:00',1,1,NULL),('06a07dae6e0303e0ca0c089d3648eba9',0,'','185.191.171.42','2023-03-20 13:35:15',1,0,'0000-00-00 00:00:00',1,1,NULL),('06a0fd4dccfc07c7f7c6e1d4f0e2528e',0,'','66.249.69.243','2023-03-11 17:01:52',1,0,'0000-00-00 00:00:00',2,1,NULL),('06a18e291e73d297ff6277ae39a27307',0,'','20.120.20.187','2023-01-16 15:07:34',1,0,'0000-00-00 00:00:00',2,1,NULL),('06a1b62ba8c39456fb453579f37dd818',0,'','54.198.218.154','2023-03-05 23:50:46',1,0,'0000-00-00 00:00:00',2,1,NULL),('06a1f65862e6a412d1237a822714b438',0,'','185.191.171.22','2023-06-21 05:26:36',1,0,'0000-00-00 00:00:00',1,1,NULL),('06a289b477f7fd4e321d523363065669',0,'','123.183.224.27','2023-04-02 22:49:17',1,0,'0000-00-00 00:00:00',1,1,NULL),('06a2cd09d1499a8d4215f5533e71eefe',0,'','52.167.144.78','2023-06-08 19:27:35',1,0,'0000-00-00 00:00:00',1,1,NULL),('06a35224db43f973c4a02238fb25a162',0,'','104.28.135.74','2023-07-30 22:32:57',1,0,'0000-00-00 00:00:00',1,1,NULL),('06a4613c8896f1d795b7affec276714b',0,'','77.88.9.131','2023-01-30 05:57:43',1,0,'0000-00-00 00:00:00',2,1,NULL),('06a469192e0081838f1eb371040136d2',0,'','178.191.144.226','2023-05-30 17:58:30',1,0,'0000-00-00 00:00:00',1,1,NULL),('06a4a25181dafe7e51c5c1dd6c8a7707',0,'','116.202.175.208','2023-05-17 13:20:51',1,0,'0000-00-00 00:00:00',1,1,NULL),('06a5de73d74b8c537cb135457a762d98',0,'','146.212.140.59','2022-11-16 10:24:35',1,0,'0000-00-00 00:00:00',2,1,NULL),('06a5f64b3be99741d2f1881cdcd4f4d2',0,'','54.188.27.253','2023-03-08 08:17:29',1,0,'0000-00-00 00:00:00',2,1,NULL),('06a6c935e0f86f02943e40ce546ed3ed',0,'','49.7.20.95','2023-02-15 07:23:19',1,0,'0000-00-00 00:00:00',2,1,NULL),('06a7584d3566ca14b8c683e0c74a8839',0,'','217.113.194.109','2023-08-01 20:31:49',1,0,'0000-00-00 00:00:00',2,1,NULL),('06a98f9c7f9bc814e7dc4602ae787cc2',0,'','185.191.171.33','2022-12-19 03:57:08',1,0,'0000-00-00 00:00:00',2,1,NULL),('06a9cb63490403eb2093bc2092da5efe',0,'','208.76.48.5','2023-03-22 18:01:46',1,0,'0000-00-00 00:00:00',1,1,NULL),('06a9edb8a60ecd4991822a210a95b910',0,'','188.196.189.55','2023-04-22 16:26:42',1,0,'0000-00-00 00:00:00',1,1,NULL),('06aa6542dbda05c3a9c4e95cdfd1f322',0,'','66.249.66.163','2023-06-24 06:21:58',1,0,'0000-00-00 00:00:00',1,1,NULL),('06aa6749607defb0df417a1b19b12fb6',0,'','66.249.66.128','2023-07-17 23:26:31',1,0,'0000-00-00 00:00:00',2,1,NULL),('06abff5d47791e5d0f35779663919432',0,'','178.58.248.128','2023-08-13 09:13:22',1,0,'0000-00-00 00:00:00',1,1,NULL),('06ac992831859361987552213a3d8b97',0,'','52.76.248.8','2023-06-08 11:05:14',1,0,'0000-00-00 00:00:00',2,1,NULL),('06ad23d7f1dc7ea6003e607ea80dc4c6',0,'','45.79.68.178','2023-07-26 06:59:35',1,0,'0000-00-00 00:00:00',1,1,NULL),('06ad72d48c05de6effb716a16a94fa7c',0,'','162.55.86.61','2023-05-19 18:02:03',1,0,'0000-00-00 00:00:00',2,1,NULL),('06ae51c72edcff99e5163a7fecdfa881',0,'','50.17.49.131','2023-03-05 06:11:02',1,0,'0000-00-00 00:00:00',2,1,NULL),('06aea1d4c23386ae98983c083720e7a9',0,'','54.36.148.107','2023-01-21 23:24:44',1,0,'0000-00-00 00:00:00',2,1,NULL),('06aec972c20e460485cd4953dbff18a3',0,'','52.165.218.212','2023-01-14 03:25:15',1,0,'0000-00-00 00:00:00',2,1,NULL),('06af17b65f7d1d1b4e03817825122ea1',0,'','185.191.171.22','2022-12-18 14:50:59',1,0,'0000-00-00 00:00:00',2,1,NULL),('06af3d44af4a9f5271a9f7b092b391b1',0,'','52.167.144.87','2023-07-27 01:55:10',1,0,'0000-00-00 00:00:00',1,1,NULL),('06afae7290c0e86abfac9f0f022cc351',0,'','77.75.78.160','2023-05-24 02:26:06',1,0,'0000-00-00 00:00:00',1,1,NULL),