-- Table structure for table `ngn_users_address_type`
--

CREATE TABLE `ngn_users_address_type` (
  `type_id` int(11) NOT NULL AUTO_INCREMENT,
  `type_name` varchar(50) DEFAULT NULL,
  PRIMARY KEY (`type_id`)
) ENGINE=InnoDB AUTO_INCREMENT=3 DEFAULT CHARSET=utf8;

--
-- Dumping data for table `ngn_users_address_type`
--

INSERT INTO `ngn_users_address_type` VALUES (1,'Default'),(2,'Kontakt');

--
-- Table structure for table `ngn_users_atribute`
--

CREATE TABLE `ngn_users_atribute` (
  `atribute_id` int(11) NOT NULL AUTO_INCREMENT,
  `atribute_type` int(11) DEFAULT NULL,
  `atribute_link` int(11) DEFAULT NULL,
  `atribute_color` varchar(10) NOT NULL,
  `atribute_font` varchar(10) NOT NULL,
  `atribute_condition` varchar(200) NOT NULL,
  `atribute_default` varchar(200) NOT NULL,
  `atribute_priority` int(11) NOT NULL,
  `atribute_required` int(11) DEFAULT NULL,
  `atribute_var` varchar(50) DEFAULT NULL,
  `atribute_format` varchar(50) NOT NULL,
  `atribute_prefix` varchar(100) NOT NULL,
  `atribute_postfix` varchar(100) NOT NULL,
  `atribute_language` tinyint(1) NOT NULL DEFAULT 0,
  `atribute_editdate` datetime NOT NULL,
  PRIMARY KEY (`atribute_id`),
  KEY `atribute_var` (`atribute_var`)
) ENGINE=InnoDB AUTO_INCREMENT=66 DEFAULT CHARSET=utf8;

--
-- Dumping data for table `ngn_users_atribute`
--

INSERT INTO `ngn_users_atribute` VALUES (1,2,0,'','','','',0,0,'','','','',0,'0000-00-00 00:00:00'),(2,4,0,'','','','',0,0,'','','','',0,'0000-00-00 00:00:00'),(3,0,NULL,'','','','',0,0,'','','','',0,'0000-00-00 00:00:00'),(4,0,NULL,'','','','',0,0,'','','','',0,'0000-00-00 00:00:00'),(5,3,NULL,'','','','',0,0,'','','','',0,'0000-00-00 00:00:00'),(6,4,NULL,'','','','',0,0,'','','','',0,'0000-00-00 00:00:00'),(7,7,NULL,'','','','',0,0,'','','','',0,'0000-00-00 00:00:00'),(8,5,NULL,'','','','',0,0,'','','','',0,'0000-00-00 00:00:00'),(9,1,NULL,'','','','',0,0,'','','','',0,'0000-00-00 00:00:00'),(10,1,NULL,'','','','',0,0,'','','','',0,'0000-00-00 00:00:00'),(11,1,NULL,'','','','',0,0,'','','','',0,'0000-00-00 00:00:00'),(12,0,NULL,'','','','',0,0,'_2','','','',0,'0000-00-00 00:00:00'),(13,8,NULL,'','','','',0,0,'','','','',0,'0000-00-00 00:00:00'),(14,0,NULL,'','','','',0,0,'','','','',0,'0000-00-00 00:00:00'),(15,1,NULL,'','','','',0,0,'','','','',0,'0000-00-00 00:00:00'),(16,6,NULL,'#00ff1f','','','',1,1,'dost','','','',0,'0000-00-00 00:00:00'),(17,1,NULL,'','','','',0,0,'','','','',0,'0000-00-00 00:00:00'),(18,8,NULL,'','','','',0,0,'','','','',0,'0000-00-00 00:00:00'),(19,8,NULL,'','','','',0,0,'','','','',0,'0000-00-00 00:00:00'),(20,7,NULL,'','','','',0,0,'_2','','','',0,'0000-00-00 00:00:00'),(21,3,NULL,'','','','',0,0,'','','','',0,'0000-00-00 00:00:00'),(22,3,NULL,'','','','',0,0,'','','','',0,'0000-00-00 00:00:00'),(23,3,NULL,'','','','',0,0,'','','','',0,'0000-00-00 00:00:00'),(24,0,NULL,'','','','',0,0,'','','','',0,'0000-00-00 00:00:00'),(25,0,NULL,'','','','',0,0,'','','','',0,'0000-00-00 00:00:00'),(26,5,NULL,'','','','',0,0,'_3','','','',0,'0000-00-00 00:00:00'),(27,0,NULL,'','','','',0,0,'','','','',0,'0000-00-00 00:00:00'),(28,1,NULL,'','','','',0,0,'','','','',0,'0000-00-00 00:00:00'),(29,6,NULL,'','','','',0,0,'_3','','','',0,'0000-00-00 00:00:00'),(30,1,NULL,'','','','',0,0,'','','','',0,'0000-00-00 00:00:00'),(31,1,NULL,'','','','',0,0,'','','','',0,'0000-00-00 00:00:00'),(32,8,NULL,'','','','',0,0,'','','','',0,'0000-00-00 00:00:00'),(33,0,NULL,'','','','',0,0,'','','','',0,'0000-00-00 00:00:00'),(34,1,NULL,'','','','',1,0,'extra_invoice','','','',0,'0000-00-00 00:00:00'),(35,0,NULL,'','','','',1,0,'picked_up','','','',0,'0000-00-00 00:00:00'),(36,2,NULL,'','','','',1,0,'advance_payment','','','',0,'0000-00-00 00:00:00'),(37,8,NULL,'','','','',1,0,'informator_sms','','','',0,'0000-00-00 00:00:00'),(38,5,NULL,'','','','',1,0,'heard_off','','','',0,'0000-00-00 00:00:00'),(39,0,NULL,'','','','',1,0,'heard_off_text','','','',0,'0000-00-00 00:00:00'),(40,0,NULL,'','','','',1,0,'gift_code','','','',0,'0000-00-00 00:00:00'),(41,8,NULL,'','','','',1,0,'gift_used','','','',0,'0000-00-00 00:00:00'),(42,8,NULL,'','','','',1,0,'gdpr_bithday_owner','','','',0,'0000-00-00 00:00:00'),(43,8,NULL,'','','','',1,0,'gdpr_bithday_informator','','','',0,'0000-00-00 00:00:00'),(44,8,NULL,'','','','',1,0,'gdpr_bithday_friends','','','',0,'0000-00-00 00:00:00'),(45,0,NULL,'','','','',1,0,'gdpr_birthday_ip','','','',0,'0000-00-00 00:00:00'),(46,3,NULL,'','','','',1,0,'gdpr_date','','','',0,'0000-00-00 00:00:00'),(47,8,NULL,'','','','',1,0,'gdpr_informator_crm','','','',0,'0000-00-00 00:00:00'),(48,8,NULL,'','','','',1,0,'allow_photo','','','',0,'0000-00-00 00:00:00'),(49,8,NULL,'','','','',1,0,'gdpr_services','','','',0,'0000-00-00 00:00:00'),(50,8,NULL,'','','','',1,0,'gdpr_news','','','',0,'0000-00-00 00:00:00'),(51,8,NULL,'','','','',1,0,'gdpr_events','','','',0,'0000-00-00 00:00:00'),(52,2,NULL,'','','','',1,0,'buying_discount','','','',0,'0000-00-00 00:00:00'),(53,5,NULL,'','','','',1,0,'buying_tax','','','',0,'0000-00-00 00:00:00'),(54,2,NULL,'','','','',1,0,'buying_non_tax','','','',0,'0000-00-00 00:00:00'),(55,5,NULL,'','','','',1,1,'referer','','','',0,'0000-00-00 00:00:00'),(56,5,NULL,'','','','',1,1,'country','','','',0,'0000-00-00 00:00:00'),(57,1,NULL,'','','$country == \'slovenia\'','',1,0,'zip','','','',0,'0000-00-00 00:00:00'),(58,5,NULL,'','','$country == \'slovenia\'','',1,0,'region','','','',0,'0000-00-00 00:00:00'),(59,8,NULL,'','','','',1,0,'ask_survey','','','',0,'0000-00-00 00:00:00'),(60,8,NULL,'','','','',1,0,'ask_survey','','','',0,'0000-00-00 00:00:00'),(61,0,NULL,'','','','',1,0,'tracking_number','','','',0,'0000-00-00 00:00:00'),(62,0,NULL,'','','','',1,0,'','','','',0,'0000-00-00 00:00:00'),(63,11,NULL,'','','','',1,0,'','','','',0,'0000-00-00 00:00:00'),(64,6,NULL,'','','','',1,0,'print_special_treatment','','','',0,'0000-00-00 00:00:00'),(65,5,NULL,'','','','',1,0,'invoice_source','','','',0,'0000-00-00 00:00:00');

--
-- Table structure for table `ngn_users_atribute_display`
--

CREATE TABLE `ngn_users_atribute_display` (
  `atribute_id` int(11) NOT NULL,
  `display_id` int(11) DEFAULT NULL,
  PRIMARY KEY (`atribute_id`),
  KEY `display_id_idx` (`display_id`)
) ENGINE=InnoDB DEFAULT CHARSET=utf8;

--
-- Dumping data for table `ngn_users_atribute_display`
--


--
-- Table structure for table `ngn_users_atribute_display_values`
--

CREATE TABLE `ngn_users_atribute_display_values` (
  `display_id` int(11) NOT NULL,
  PRIMARY KEY (`display_id`)
) ENGINE=InnoDB DEFAULT CHARSET=utf8;

--
-- Dumping data for table `ngn_users_atribute_display_values`
--


--
-- Table structure for table `ngn_users_atribute_display_values_language`
--

CREATE TABLE `ngn_users_atribute_display_values_language` (
  `display_id` int(11) NOT NULL,
  `language_id` int(11) DEFAULT NULL,
  `language_name` varchar(100) DEFAULT NULL,
  PRIMARY KEY (`display_id`),
  KEY `language_id_idx` (`language_id`)
) ENGINE=InnoDB DEFAULT CHARSET=utf8;

--
-- Dumping data for table `ngn_users_atribute_display_values_language`
--


--
-- Table structure for table `ngn_users_atribute_language`
--

CREATE TABLE `ngn_users_atribute_language` (
  `atribute_id` int(11) NOT NULL,
  `language_id` int(11) NOT NULL DEFAULT 0,
  `editdate` datetime NOT NULL,
  `enable` int(11) NOT NULL,
  `approved` int(1) NOT NULL DEFAULT 0,
  `language_name` varchar(200) DEFAULT NULL,
  `language_description` text DEFAULT NULL,
  `language_meta` text DEFAULT NULL,
  `language_keywords` varchar(100) DEFAULT NULL,
  `language_url` varchar(100) DEFAULT NULL,
  `language_photo` varchar(100) NOT NULL DEFAULT '',
  PRIMARY KEY (`atribute_id`,`language_id`),
  KEY `language_id` (`language_id`),
  KEY `editdate` (`editdate`)
) ENGINE=InnoDB DEFAULT CHARSET=utf8;

--
-- Dumping data for table `ngn_users_atribute_language`
--

INSERT INTO `ngn_users_atribute_language` VALUES (3,1,'0000-00-00 00:00:00',0,0,'Atribut 1','','','','',''),(4,1,'0000-00-00 00:00:00',0,0,'Text','','','','',''),(5,1,'0000-00-00 00:00:00',0,0,'Datum','','','','',''),(6,1,'0000-00-00 00:00:00',0,0,'Čas','','','','',''),(7,1,'0000-00-00 00:00:00',0,0,'Textarea','','','','',''),(8,1,'0000-00-00 00:00:00',0,0,'Dropdown','','','','',''),(9,1,'0000-00-00 00:00:00',0,0,'Regija','','','','',''),(10,1,'0000-00-00 00:00:00',0,0,'Komercialist','','','','',''),(11,1,'0000-00-00 00:00:00',0,0,'Tehnolog','','','','',''),(12,1,'0000-00-00 00:00:00',0,0,'Identifikacijska številka','','','','',''),(13,1,'0000-00-00 00:00:00',0,0,'E-račun','','','','',''),(13,2,'0000-00-00 00:00:00',0,0,'E-račun','','','','',''),(14,1,'0000-00-00 00:00:00',0,0,'E-račun e-poštni naslov','','','','',''),(15,1,'0000-00-00 00:00:00',0,0,'Tip stranke','','','','',''),(16,1,'0000-00-00 00:00:00',0,0,'Tip dostave','','','','',''),(17,1,'0000-00-00 00:00:00',0,0,'Privzeti cenik','','','','',''),(18,1,'0000-00-00 00:00:00',0,0,'Nujno','','','','',''),(19,1,'0000-00-00 00:00:00',0,0,'Zahteven nalog','','','','',''),(20,1,'0000-00-00 00:00:00',0,0,'Nejasnosti','','','','',''),(21,1,'0000-00-00 00:00:00',0,0,'Potrjen rok','','','','',''),(22,1,'0000-00-00 00:00:00',0,0,'Datum prejema','','','','',''),(23,1,'0000-00-00 00:00:00',0,0,'Izvoz v VASCO','','','','',''),(24,1,'0000-00-00 00:00:00',0,0,'Območje komercialista','','','','',''),(25,1,'0000-00-00 00:00:00',0,0,'TRR','','','','',''),(26,1,'0000-00-00 00:00:00',0,0,'Tip plačnika','','','','',''),(27,1,'0000-00-00 00:00:00',0,0,'Začetek planiranja (lat,lon)','','','','',''),(28,1,'0000-00-00 00:00:00',0,0,'Tip pridobitve','','','','',''),(29,1,'0000-00-00 00:00:00',0,0,'Členi dokumenta','','','','',''),(30,1,'0000-00-00 00:00:00',0,0,'Skonto','','','','',''),(31,1,'0000-00-00 00:00:00',0,0,'Povezano povpraševanje ID','','','','',''),(32,1,'0000-00-00 00:00:00',0,0,'Izdelano','','','','',''),(33,1,'0000-00-00 00:00:00',0,0,'Vasco ID','','','','',''),(34,1,'2023-08-14 12:01:15',0,1,'Dodaten dokument','','','','',''),(35,1,'2023-08-14 12:01:15',0,1,'Prevzeto','','','','',''),(35,2,'2023-08-14 21:25:39',0,0,'','','','','',''),(36,1,'2023-08-14 12:01:15',0,1,'Avansno plačilo','','','','',''),(36,2,'2023-08-14 21:25:39',0,0,'','','','','',''),(37,1,'0000-00-00 00:00:00',0,1,'SMS informator','','','','',''),(37,2,'0000-00-00 00:00:00',0,0,'','','','','',''),(38,1,'0000-00-00 00:00:00',0,1,'Način pridobitve','','','','',''),(38,2,'0000-00-00 00:00:00',0,0,'','','','','',''),(38,3,'0000-00-00 00:00:00',0,0,'','','','','',''),(38,5,'0000-00-00 00:00:00',0,0,'','','','','',''),(39,1,'0000-00-00 00:00:00',0,1,'Način pridobitve (drugo)','','','','',''),(39,2,'0000-00-00 00:00:00',0,0,'','','','','',''),(40,1,'2023-08-14 12:01:15',0,1,'Koda darilnega bona','','','','',''),(40,2,'2023-08-14 21:25:39',0,0,'','','','','',''),(41,1,'2023-08-14 12:01:15',0,1,'Darilni bon uporabljen','','','','',''),(41,2,'2023-08-14 21:25:39',0,0,'','','','','',''),(42,1,'0000-00-00 00:00:00',0,1,'Strinjam se z uporabo osebnih podatkov za potrebe organizacije rojstno dnevnega slavja. Podatke bomo hranili 5 let.','','','','',''),(42,2,'0000-00-00 00:00:00',0,0,'','','','','',''),(43,1,'0000-00-00 00:00:00',0,1,'Strinjam se z uporabo osebnih podatkov za potrebe obveščanja o ugodnostih in novostih za prihodnja praznovanja. Podatke bomo hranili 7 let.','','','','',''),(43,2,'0000-00-00 00:00:00',0,0,'','','','','',''),(44,1,'0000-00-00 00:00:00',0,1,'Strinjam se z uporabo osebnih podatkov za potrebe organizacije rojstno dnevnega slavja oz. pošiljanja vabil na rojstnodnevno slavje. Podatkov po slavju ne bomo hranili. ','','','','',''),(44,2,'0000-00-00 00:00:00',0,0,'','','','','',''),(45,1,'0000-00-00 00:00:00',0,1,'IP naslov','','','','',''),(45,2,'0000-00-00 00:00:00',0,0,'','','','','',''),(46,1,'0000-00-00 00:00:00',0,1,'Datum hranjenja podatkov','','','','',''),(46,2,'0000-00-00 00:00:00',0,0,'','','','','',''),(47,1,'0000-00-00 00:00:00',0,1,'Strinjam se z uporabo osebnih podatkov za potrebe statističnih obdelav,  izvajanja trženjskih raziskav in izgradnje baze CRM.','','','','',''),(47,2,'0000-00-00 00:00:00',0,0,'','','','','',''),(48,1,'0000-00-00 00:00:00',0,1,'Dovoljenje za fotografije','','','','',''),(48,2,'0000-00-00 00:00:00',0,0,'','','','','',''),(49,1,'0000-00-00 00:00:00',0,1,'Informacije o storitvah in akcijah','','','','',''),(49,2,'0000-00-00 00:00:00',0,0,'','','','','',''),(50,1,'0000-00-00 00:00:00',0,1,'Novičke in glasila','','','','',''),(50,2,'0000-00-00 00:00:00',0,0,'','','','','',''),(51,1,'0000-00-00 00:00:00',0,1,' Vabilo na dogodke','','','','',''),(51,2,'0000-00-00 00:00:00',0,0,'','','','','',''),(52,1,'0000-00-00 00:00:00',0,1,'Popust','','','','',''),(52,2,'0000-00-00 00:00:00',0,1,'Popust','','','','',''),(53,1,'0000-00-00 00:00:00',0,1,'Vhodni davek','','','','',''),(53,2,'0000-00-00 00:00:00',0,1,'Vhodni davek','','','','',''),(54,1,'0000-00-00 00:00:00',0,1,'Neodbit. del DDV','','','','',''),(54,2,'0000-00-00 00:00:00',0,1,'Neodbit. del DDV','','','','',''),(55,1,'2023-08-14 12:01:16',0,1,'Kako ste izvedeli za nas?','','','','',''),(55,2,'2023-08-14 21:25:39',0,0,'','','','','',''),(56,1,'2023-08-14 12:01:16',0,1,'Država bivanja','','','','',''),(56,2,'2023-08-14 21:25:39',0,0,'','','','','',''),(57,1,'0000-00-00 00:00:00',0,1,'Kraj bivanja','','','','',''),(57,2,'0000-00-00 00:00:00',0,1,'','','','','',''),(58,1,'2023-08-14 12:01:16',0,1,'Regija','','','','',''),(58,2,'2023-08-14 21:25:39',0,0,'','','','','',''),(59,1,'0000-00-00 00:00:00',0,1,'Prikaži anketo','','','','',''),(59,2,'0000-00-00 00:00:00',0,0,'','','','','',''),(60,1,'2023-08-14 12:01:15',0,1,'Prikaži anketo','','','','',''),(60,2,'2023-08-14 21:25:39',0,0,'','','','','',''),(61,1,'2023-08-14 12:01:15',0,0,'Tracking number','','','','',''),(62,1,'2023-08-14 12:01:15',0,1,'Naročilnica','','','','',''),(62,2,'2023-08-14 21:25:39',0,0,'Naročilnica','','','','',''),(63,1,'2023-08-14 12:01:15',0,1,'Komercialist','','','','',''),(63,2,'2023-08-14 21:25:39',0,0,'Komercialist','','','','',''),(64,1,'2020-12-10 16:59:20',0,1,'Print dokumentov','','','','',''),(65,1,'2023-08-14 12:01:15',0,1,'Izvor dokumenta','','','','',''),(65,2,'2023-08-14 21:25:39',0,0,'Izvor dokumenta','','','','','');

--
-- Table structure for table `ngn_users_atribute_links`
--

CREATE TABLE `ngn_users_atribute_links` (
  `atribute_id` int(11) NOT NULL,
  `link_id` int(11) NOT NULL,
  `position` int(11) NOT NULL,
  `link_date` datetime NOT NULL,
  PRIMARY KEY (`atribute_id`,`link_id`),
  KEY `atribute_id_idx` (`link_id`)
) ENGINE=InnoDB DEFAULT CHARSET=utf8;

--
-- Dumping data for table `ngn_users_atribute_links`
--


--
-- Table structure for table `ngn_users_atribute_values`
--

CREATE TABLE `ngn_users_atribute_values` (
  `value_id` int(11) NOT NULL AUTO_INCREMENT,
  `atribute_id` int(11) NOT NULL,
  `value_same` int(11) NOT NULL,
  `value_value` varchar(50) DEFAULT NULL,
  `value_photo` varchar(100) NOT NULL,
  `value_order` int(11) NOT NULL,
  PRIMARY KEY (`value_id`,`atribute_id`),
  KEY `atribute_id` (`atribute_id`),
  KEY `value_order` (`value_order`)
) ENGINE=InnoDB AUTO_INCREMENT=305 DEFAULT CHARSET=utf8;

--
-- Dumping data for table `ngn_users_atribute_values`
--

INSERT INTO `ngn_users_atribute_values` VALUES (1,8,1,NULL,'',0),(2,8,0,NULL,'',0),(3,8,1,NULL,'',0),(4,8,1,NULL,'',0),(5,16,1,NULL,'',0),(6,16,1,NULL,'',0),(7,16,1,NULL,'',0),(8,16,1,NULL,'',0),(9,16,1,NULL,'',0),(10,16,1,NULL,'',0),(11,16,1,NULL,'',0),(12,16,1,NULL,'',0),(13,26,1,'','',0),(14,26,1,'','',0),(15,26,1,'','',0),(16,26,1,'','',0),(17,26,1,'','',0),(18,29,0,'test123','',0),(21,29,0,'test1234','',0),(22,29,0,'ZDDV76a','',0),(23,29,0,'ITA','',0),(24,29,0,'AUT76','',0),(25,38,1,'refer','',19),(26,38,1,'facebook','',20),(27,38,1,'internet','',21),(28,38,1,'blog','',22),(29,38,1,'radio','',23),(30,38,1,'tv','',24),(31,38,1,'paper','',25),(32,38,1,'other','',30),(33,38,1,'event_website','',27),(35,38,1,'event_fb','',28),(37,38,1,'event_radio','',29),(41,38,1,'mailing','',26),(44,55,1,'','',0),(45,55,1,'','',0),(46,55,1,'','',0),(47,55,1,'','',0),(48,55,1,'','',0),(49,55,1,'','',0),(50,55,1,'','',0),(51,55,1,'','',0),(52,55,1,'','',0),(53,55,1,'','',0),(54,55,1,'','',0),(55,55,1,'','',0),(56,55,1,'','',0),(57,55,1,'','',0),(58,55,1,'','',0),(59,55,1,'','',0),(60,55,1,'','',0),(61,55,1,'','',0),(62,55,1,'','',0),(63,55,1,'','',0),(64,55,1,'','',0),(65,56,0,'slovenia','',0),(66,56,0,'italy','',0),(67,56,0,'austria','',0),(68,56,0,'hungary','',0),(69,56,0,'croatia','',0),(70,56,0,'germany','',0),(71,56,0,'england','',0),(72,58,1,'','',0),(73,58,1,'','',0),(74,58,1,'','',0),(75,58,1,'','',0),(76,58,1,'','',0),(77,58,1,'','',0),(78,58,1,'','',0),(79,58,1,'','',0),(80,58,1,'','',0),(81,56,1,'russia','',0),(82,56,0,'afganistan','',0),(83,56,0,'albanija','',0),(84,56,0,'alžirija','',0),(85,56,0,'andora','',0),(86,56,0,'angola','',0),(87,56,0,'antigva_in_barbuda','',0),(88,56,0,'argentina','',0),(89,56,0,'armenija','',0),(90,56,0,'avstralija','',0),(91,56,0,'azerbajdžan','',0),(92,56,0,'bahami','',0),(93,56,0,'bahrajn','',0),(94,56,0,'bangladeš','',0),(95,56,0,'barbados','',0),(96,56,0,'baskovska_republika','',0),(97,56,0,'belgija','',0),(98,56,0,'belize','',0),(99,56,0,'belorusija','',0),(100,56,0,'benin','',0),(101,56,0,'bocvana','',0),(102,56,0,'bolgarija','',0),(103,56,0,'bolivija','',0),(104,56,0,'bosna_in_hercegovina','',0),(105,56,0,'brazilija','',0),(106,56,0,'brunej','',0),(107,56,0,'burkina_faso','',0),(108,56,0,'burundi','',0),(109,56,0,'butan','',0),(110,56,0,'ciper','',0),(111,56,0,'čad','',0),(112,56,0,'češka','',0),(113,56,0,'čile','',0),(114,56,0,'črna_gora','',0),(115,56,0,'danska','',0),(116,56,0,'dominika','',0),(117,56,0,'dominikanska_republika','',0),(118,56,0,'džibuti','',0),(119,56,0,'egipt','',0),(120,56,0,'ekvador','',0),(121,56,0,'ekvatorialna_gvineja','',0),(122,56,0,'eritreja','',0),(123,56,0,'estonija','',0),(124,56,0,'etiopija','',0),(125,56,0,'fidži','',0),(126,56,0,'filipini','',0),(127,56,0,'finska','',0),(128,56,0,'francija','',0),(129,56,0,'gabon','',0),(130,56,0,'gambija','',0),(131,56,0,'gana','',0),(132,56,0,'grčija','',0),(133,56,0,'grenada','',0),(134,56,0,'gruzija','',0),(135,56,0,'gvajana','',0),(136,56,0,'gvatemala','',0),(137,56,0,'gvineja','',0),(138,56,0,'gvineja_bissau','',0),(139,56,0,'haiti','',0),(140,56,0,'honduras','',0),(141,56,0,'indija','',0),(142,56,0,'indonezija','',0),(143,56,0,'irak','',0),(144,56,0,'iran','',0),(145,56,0,'irska','',0),(146,56,0,'islandija','',0),(147,56,0,'izrael','',0),(148,56,0,'jamajka','',0),(149,56,0,'japonska','',0),(150,56,0,'jemen','',0),(151,56,0,'jordanija','',0),(152,56,0,'južna_afrika','',0),(153,56,0,'južna_koreja','',0),(154,56,0,'južni_sudan','',0),(155,56,0,'kambodža','',0),(156,56,0,'kamerun','',0),(157,56,0,'kanada','',0),(158,56,0,'katalonija','',0),(159,56,0,'katar','',0),(160,56,0,'kazahstan','',0),(161,56,0,'kenija','',0),(162,56,0,'kirgizistan','',0),(163,56,0,'kiribati','',0),(164,56,0,'kitajska','',0),(165,56,0,'kolumbija','',0),(166,56,0,'komori','',0),(167,56,0,'kongo','',0),(168,56,0,'demokratična_republika_kongo','',0),(169,56,0,'kosovo','',0),(170,56,0,'kostarika','',0),(171,56,0,'kuba','',0),(172,56,0,'kuvajt','',0),(173,56,0,'laos','',0),(174,56,0,'latvija','',0),(175,56,0,'lesoto','',0),(176,56,0,'libanon','',0),(177,56,0,'liberija','',0),(178,56,0,'libija','',0),(179,56,0,'lihtenštajn','',0),(180,56,0,'litva','',0),(181,56,0,'luksemburg','',0),(182,56,0,'madagaskar','',0),(183,56,0,'makedonija','',0),(184,56,0,'malavi','',0),(185,56,0,'maldivi','',0),(186,56,0,'malezija','',0),(187,56,0,'mali','',0),(188,56,0,'malta','',0),(189,56,0,'maroko','',0),(190,56,0,'marshallovi_otoki','',0),(191,56,0,'mauritius','',0),(192,56,0,'mavretanija','',0),(193,56,0,'mehika','',0),(194,56,0,'mikronezija','',0),(195,56,0,'mjanmar','',0),(196,56,0,'moldavija','',0),(197,56,0,'monako','',0),(198,56,0,'mongolija','',0),(199,56,0,'mozambik','',0),(200,56,0,'namibija','',0),(201,56,0,'nauru','',0),(202,56,0,'nepal','',0),(203,56,0,'niger','',0),(204,56,0,'nigerija','',0),(205,56,0,'nikaragva','',0),(206,56,0,'nizozemska','',0),(207,56,0,'norveška','',0),(208,56,0,'nova_zelandija','',0),(209,56,0,'oman','',0),(210,56,0,'pakistan','',0),(211,56,0,'palau','',0),(212,56,0,'panama','',0),(213,56,0,'papua_nova_gvineja','',0),(214,56,0,'paragvaj','',0),(215,56,0,'peru','',0),(216,56,0,'poljska','',0),(217,56,0,'portugalska','',0),(218,56,0,'romunija','',0),(219,56,0,'ruanda','',0),(220,56,0,'saint_kitts_in_nevis','',0),(221,56,0,'saint_lucia','',0),(222,56,0,'saint_vincent_in_grenadine','',0),(223,56,0,'salomonovi_otoki','',0),(224,56,0,'salvador','',0),(225,56,0,'samoa','',0),(226,56,0,'san_marino','',0),(227,56,0,'sao_tome_in_principe','',0),(228,56,0,'saudova_arabija','',0),(229,56,0,'sejšeli','',0),(230,56,0,'senegal','',0),(231,56,0,'severna_koreja','',0),(232,56,0,'sierra_leone','',0),(233,56,0,'singapur','',0),(234,56,0,'sirija','',0),(235,56,0,'slonokoščena_obala','',0),(236,56,0,'slovaška','',0),(237,56,0,'somalija','',0),(238,56,0,'srbija','',0),(239,56,0,'srednjeafriška_republika','',0),(240,56,0,'sudan','',0),(241,56,0,'surinam','',0),(242,56,0,'svazi','',0),(243,56,0,'španija','',0),(244,56,0,'šrilanka','',0),(245,56,0,'švedska','',0),(246,56,0,'švica','',0),(247,56,0,'tadžikistan','',0),(248,56,0,'tajska','',0),(249,56,0,'tajvan','',0),(250,56,0,'tanzanija','',0),(251,56,0,'togo','',0),(252,56,0,'tonga','',0),(253,56,0,'transnistrija','',0),(254,56,0,'trinidad_in_tobago','',0),(255,56,0,'tunizija','',0),(256,56,0,'turčija','',0),(257,56,0,'turkmenistan','',0),(258,56,0,'tuvalu','',0),(259,56,0,'uganda','',0),(260,56,0,'ukrajina','',0),(261,56,0,'urugvaj','',0),(262,56,0,'uzbekistan','',0),(263,56,0,'vanuatu','',0),(264,56,0,'vatikan','',0),(265,56,0,'venezuela','',0),(266,56,0,'vietnam','',0),(267,56,0,'vzhodni_timor','',0),(268,56,0,'zambija','',0),(269,56,0,'usa','',0),(270,56,0,'združeni_arabski_emirati','',0),(271,56,0,'zelenortski_otoki','',0),(272,56,0,'zimbabve','',0),(275,38,1,'','',0),(276,38,1,'','',1),(277,38,1,'','',2),(278,38,1,'','',3),(279,38,1,'','',4),(280,38,1,'','',5),(281,38,1,'','',6),(282,38,1,'','',7),(283,38,1,'','',8),(284,38,1,'','',9),(286,38,1,'','',10),(287,38,1,'','',11),(288,38,1,'','',12),(289,38,1,'','',13),(290,38,1,'','',14),(291,38,1,'','',15),(292,38,1,'','',16),(293,38,1,'','',17),(294,38,1,'','',18),(300,64,0,'discountRabat','',0),(301,65,1,'cashier','',0),(302,65,1,'crm','',1),(303,65,1,'cms','',2),(304,65,1,'website','',3);

--
-- Table structure for table `ngn_users_atribute_values_language`
--

CREATE TABLE `ngn_users_atribute_values_language` (
  `value_id` int(11) NOT NULL,
  `language_id` int(11) NOT NULL DEFAULT 0,
  `editdate` datetime NOT NULL,
  `enable` int(11) NOT NULL,
  `approved` int(1) NOT NULL DEFAULT 0,
  `language_name` varchar(200) DEFAULT NULL,
  `language_description` text DEFAULT NULL,
  `language_meta` text DEFAULT NULL,
  `language_keywords` varchar(100) DEFAULT NULL,
  `language_url` varchar(100) DEFAULT NULL,
  `language_photo` varchar(100) NOT NULL DEFAULT '',
  PRIMARY KEY (`value_id`,`language_id`),
  KEY `language_id` (`language_id`),
  KEY `editdate` (`editdate`)
) ENGINE=InnoDB DEFAULT CHARSET=utf8;

--
-- Dumping data for table `ngn_users_atribute_values_language`
--

INSERT INTO `ngn_users_atribute_values_language` VALUES (1,1,'0000-00-00 00:00:00',0,0,'V1',NULL,NULL,NULL,'v1',''),(1,2,'0000-00-00 00:00:00',0,0,'V1',NULL,NULL,NULL,'v1',''),(2,1,'0000-00-00 00:00:00',0,0,'V2',NULL,NULL,NULL,'v2',''),(2,2,'0000-00-00 00:00:00',0,0,'V2en',NULL,NULL,NULL,'v2en',''),(3,1,'0000-00-00 00:00:00',0,0,'V3',NULL,NULL,NULL,'v3',''),(3,2,'0000-00-00 00:00:00',0,0,'V3',NULL,NULL,NULL,'v3',''),(4,1,'0000-00-00 00:00:00',0,0,'V4',NULL,NULL,NULL,'v4',''),(4,2,'0000-00-00 00:00:00',0,0,'V4',NULL,NULL,NULL,'v4',''),(5,1,'0000-00-00 00:00:00',0,0,'Lastni dvig',NULL,NULL,NULL,'lastni-dvig',''),(5,2,'0000-00-00 00:00:00',0,0,'Lastni dvig',NULL,NULL,NULL,'lastni-dvig',''),(6,1,'0000-00-00 00:00:00',0,0,'Ponedeljek',NULL,NULL,NULL,'ponedeljek',''),(6,2,'0000-00-00 00:00:00',0,0,'Ponedeljek',NULL,NULL,NULL,'ponedeljek',''),(7,1,'0000-00-00 00:00:00',0,0,'Torek',NULL,NULL,NULL,'torek',''),(7,2,'0000-00-00 00:00:00',0,0,'Torek',NULL,NULL,NULL,'torek',''),(8,1,'0000-00-00 00:00:00',0,0,'Sreda',NULL,NULL,NULL,'sreda',''),(8,2,'0000-00-00 00:00:00',0,0,'Sreda',NULL,NULL,NULL,'sreda',''),(9,1,'0000-00-00 00:00:00',0,0,'Četrtek',NULL,NULL,NULL,'cetrtek',''),(9,2,'0000-00-00 00:00:00',0,0,'Četrtek',NULL,NULL,NULL,'cetrtek',''),(10,1,'0000-00-00 00:00:00',0,0,'Petek',NULL,NULL,NULL,'petek',''),(10,2,'0000-00-00 00:00:00',0,0,'Petek',NULL,NULL,NULL,'petek',''),(11,1,'0000-00-00 00:00:00',0,0,'Sobota',NULL,NULL,NULL,'sobota',''),(11,2,'0000-00-00 00:00:00',0,0,'Sobota',NULL,NULL,NULL,'sobota',''),(12,1,'0000-00-00 00:00:00',0,0,'Nedelja',NULL,NULL,NULL,'nedelja',''),(12,2,'0000-00-00 00:00:00',0,0,'Nedelja',NULL,NULL,NULL,'nedelja',''),(13,1,'0000-00-00 00:00:00',0,0,'Brez omejitev',NULL,NULL,NULL,'brez-omejitev',''),(13,4,'0000-00-00 00:00:00',0,0,'Brez omejitev',NULL,NULL,NULL,'brez-omejitev',''),(14,1,'0000-00-00 00:00:00',0,0,'Plača preden gre v delo',NULL,NULL,NULL,'placa-preden-gre-v-delo',''),(14,4,'0000-00-00 00:00:00',0,0,'Plača preden gre v delo',NULL,NULL,NULL,'placa-preden-gre-v-delo',''),(15,1,'0000-00-00 00:00:00',0,0,'Plača pred prevzemom',NULL,NULL,NULL,'placa-pred-prevzemom',''),(15,4,'0000-00-00 00:00:00',0,0,'Plača pred prevzemom',NULL,NULL,NULL,'placa-pred-prevzemom',''),(16,1,'0000-00-00 00:00:00',0,0,'OK',NULL,NULL,NULL,'ok',''),(16,4,'0000-00-00 00:00:00',0,0,'OK',NULL,NULL,NULL,'ok',''),(17,1,'0000-00-00 00:00:00',0,0,'Plača pred naročilom materiala',NULL,NULL,NULL,'placa-pred-narocilom-materiala',''),(17,4,'0000-00-00 00:00:00',0,0,'Plača pred naročilom materiala',NULL,NULL,NULL,'placa-pred-narocilom-materiala',''),(18,1,'0000-00-00 00:00:00',0,0,'To je testni člen in je samo za testiranje.',NULL,NULL,NULL,'to-je-testni-clen-in-je-samo-za-testiranje',''),(18,4,'0000-00-00 00:00:00',0,0,'Dies ist der Testgegenstand und ist für die Prüfung.',NULL,NULL,NULL,'dies-ist-der-testgegenstand-und-ist-fur-die-prufung',''),(21,1,'0000-00-00 00:00:00',0,0,'To je novi testni člen in je samo za testiranje.',NULL,NULL,NULL,'to-je-novi-testni-clen-in-je-samo-za-testiranje',''),(21,4,'0000-00-00 00:00:00',0,0,'Dies ist neue Testgegenstand und ist für die Prüfung.',NULL,NULL,NULL,'dies-ist-neue-testgegenstand-und-ist-fur-die-prufung',''),(22,1,'0000-00-00 00:00:00',0,0,'DDV ni obračunan v skladu s 76.a členom ZDDV-1 - obrnjena davčna obveznost.',NULL,NULL,NULL,'ddv-ni-obracunan-v-skladu-s-76a-clenom-zddv-1--obrnjena-davcna-obveznost',''),(22,4,'0000-00-00 00:00:00',0,0,'DDV ni obračunan v skladu s 76.a členom ZDDV-1 - obrnjena davčna obveznost.',NULL,NULL,NULL,'ddv-ni-obracunan-v-skladu-s-76a-clenom-zddv-1--obrnjena-davcna-obveznost',''),(23,1,'0000-00-00 00:00:00',0,0,'Besedilo Italija',NULL,NULL,NULL,'besedilo-italija',''),(23,4,'0000-00-00 00:00:00',0,0,'Besedilo RAL1234dea',NULL,NULL,NULL,'besedilo-ral1234dea',''),(24,1,'0000-00-00 00:00:00',0,0,'Besedilo Austrija člen 76',NULL,NULL,NULL,'besedilo-austrija-clen-76',''),(25,1,'0000-00-00 00:00:00',0,0,'po priporočilu',NULL,NULL,NULL,'po-priporocilu',''),(25,2,'0000-00-00 00:00:00',0,0,'po priporočilu',NULL,NULL,NULL,'po-priporocilu',''),(25,3,'0000-00-00 00:00:00',0,0,'po priporočilu',NULL,NULL,NULL,'po-priporocilu',''),(25,4,'0000-00-00 00:00:00',0,0,'po priporočilu',NULL,NULL,NULL,'po-priporocilu',''),(25,5,'0000-00-00 00:00:00',0,0,'po priporočilu',NULL,NULL,NULL,'po-priporocilu',''),(26,1,'0000-00-00 00:00:00',0,0,'po Facebooku',NULL,NULL,NULL,'po-facebooku',''),(26,2,'0000-00-00 00:00:00',0,0,'po Facebooku',NULL,NULL,NULL,'po-facebooku',''),(26,3,'0000-00-00 00:00:00',0,0,'po Facebooku',NULL,NULL,NULL,'po-facebooku',''),(26,4,'0000-00-00 00:00:00',0,0,'po Facebooku',NULL,NULL,NULL,'po-facebooku',''),(26,5,'0000-00-00 00:00:00',0,0,'po Facebooku',NULL,NULL,NULL,'po-facebooku',''),(27,1,'0000-00-00 00:00:00',0,0,'na internetu',NULL,NULL,NULL,'na-internetu',''),(27,2,'0000-00-00 00:00:00',0,0,'na internetu',NULL,NULL,NULL,'na-internetu',''),(27,3,'0000-00-00 00:00:00',0,0,'na internetu',NULL,NULL,NULL,'na-internetu',''),(27,4,'0000-00-00 00:00:00',0,0,'na internetu',NULL,NULL,NULL,'na-internetu',''),(27,5,'0000-00-00 00:00:00',0,0,'na internetu',NULL,NULL,NULL,'na-internetu',''),(28,1,'0000-00-00 00:00:00',0,0,'na blogu',NULL,NULL,NULL,'na-blogu',''),(28,2,'0000-00-00 00:00:00',0,0,'na blogu',NULL,NULL,NULL,'na-blogu',''),(28,3,'0000-00-00 00:00:00',0,0,'na blogu',NULL,NULL,NULL,'na-blogu',''),(28,4,'0000-00-00 00:00:00',0,0,'na blogu',NULL,NULL,NULL,'na-blogu',''),(28,5,'0000-00-00 00:00:00',0,0,'na blogu',NULL,NULL,NULL,'na-blogu',''),(29,1,'0000-00-00 00:00:00',0,0,'na radiu',NULL,NULL,NULL,'na-radiu',''),(29,2,'0000-00-00 00:00:00',0,0,'na radiu',NULL,NULL,NULL,'na-radiu',''),(29,3,'0000-00-00 00:00:00',0,0,'na radiu',NULL,NULL,NULL,'na-radiu',''),(29,4,'0000-00-00 00:00:00',0,0,'na radiu',NULL,NULL,NULL,'na-radiu',''),(29,5,'0000-00-00 00:00:00',0,0,'na radiu',NULL,NULL,NULL,'na-radiu',''),(30,1,'0000-00-00 00:00:00',0,0,'na televiziji',NULL,NULL,NULL,'na-televiziji',''),(30,2,'0000-00-00 00:00:00',0,0,'na televiziji',NULL,NULL,NULL,'na-televiziji',''),(30,3,'0000-00-00 00:00:00',0,0,'na televiziji',NULL,NULL,NULL,'na-televiziji',''),(30,4,'0000-00-00 00:00:00',0,0,'na televiziji',NULL,NULL,NULL,'na-televiziji',''),(30,5,'0000-00-00 00:00:00',0,0,'na televiziji',NULL,NULL,NULL,'na-televiziji',''),(31,1,'0000-00-00 00:00:00',0,0,'v tiskanih medijih (plakat, revija, letak)',NULL,NULL,NULL,'v-tiskanih-medijih-plakat-revija-letak',''),(31,2,'0000-00-00 00:00:00',0,0,'v tiskanih medijih (plakat, revija, letak)',NULL,NULL,NULL,'v-tiskanih-medijih-plakat-revija-letak',''),(31,3,'0000-00-00 00:00:00',0,0,'v tiskanih medijih (plakat, revija, letak)',NULL,NULL,NULL,'v-tiskanih-medijih-plakat-revija-letak',''),(31,4,'0000-00-00 00:00:00',0,0,'v tiskanih medijih (plakat, revija, letak)',NULL,NULL,NULL,'v-tiskanih-medijih-plakat-revija-letak',''),(31,5,'0000-00-00 00:00:00',0,0,'v tiskanih medijih (plakat, revija, letak)',NULL,NULL,NULL,'v-tiskanih-medijih-plakat-revija-letak',''),(32,1,'0000-00-00 00:00:00',0,0,'drugo',NULL,NULL,NULL,'drugo',''),(32,2,'0000-00-00 00:00:00',0,0,'drugo',NULL,NULL,NULL,'drugo',''),(32,3,'0000-00-00 00:00:00',0,0,'drugo',NULL,NULL,NULL,'drugo',''),(32,4,'0000-00-00 00:00:00',0,0,'drugo',NULL,NULL,NULL,'drugo',''),(32,5,'0000-00-00 00:00:00',0,0,'drugo',NULL,NULL,NULL,'drugo',''),(33,1,'0000-00-00 00:00:00',0,0,'spletna stran',NULL,NULL,NULL,'spletna-stran',''),(33,2,'0000-00-00 00:00:00',0,0,'spletna stran',NULL,NULL,NULL,'spletna-stran',''),(34,1,'0000-00-00 00:00:00',0,0,'spletna stran partnerjev dogodka',NULL,NULL,NULL,'spletna-stran-partnerjev-dogodka',''),(34,2,'0000-00-00 00:00:00',0,0,'spletna stran partnerjev dogodka',NULL,NULL,NULL,'spletna-stran-partnerjev-dogodka',''),(34,3,'0000-00-00 00:00:00',0,0,'spletna stran partnerjev dogodka',NULL,NULL,NULL,'spletna-stran-partnerjev-dogodka',''),(34,4,'0000-00-00 00:00:00',0,0,'spletna stran partnerjev dogodka',NULL,NULL,NULL,'spletna-stran-partnerjev-dogodka',''),(34,5,'0000-00-00 00:00:00',0,0,'spletna stran partnerjev dogodka',NULL,NULL,NULL,'spletna-stran-partnerjev-dogodka',''),(35,1,'0000-00-00 00:00:00',0,0,'FB stran',NULL,NULL,NULL,'fb-stran',''),(35,2,'0000-00-00 00:00:00',0,0,'FB stran',NULL,NULL,NULL,'fb-stran',''),(36,1,'0000-00-00 00:00:00',0,0,'FB stran partnerjev dogodka',NULL,NULL,NULL,'fb-stran-partnerjev-dogodka',''),(36,2,'0000-00-00 00:00:00',0,0,'FB stran partnerjev dogodka',NULL,NULL,NULL,'fb-stran-partnerjev-dogodka',''),(36,3,'0000-00-00 00:00:00',0,0,'FB stran partnerjev dogodka',NULL,NULL,NULL,'fb-stran-partnerjev-dogodka',''),(36,4,'0000-00-00 00:00:00',0,0,'FB stran partnerjev dogodka',NULL,NULL,NULL,'fb-stran-partnerjev-dogodka',''),(36,5,'0000-00-00 00:00:00',0,0,'FB stran partnerjev dogodka',NULL,NULL,NULL,'fb-stran-partnerjev-dogodka',''),(37,1,'0000-00-00 00:00:00',0,0,'radijski oglas',NULL,NULL,NULL,'radijski-oglas',''),(37,2,'0000-00-00 00:00:00',0,0,'radijski oglas',NULL,NULL,NULL,'radijski-oglas',''),(37,3,'0000-00-00 00:00:00',0,0,'radijski oglas',NULL,NULL,NULL,'radijski-oglas',''),(37,4,'0000-00-00 00:00:00',0,0,'radijski oglas',NULL,NULL,NULL,'radijski-oglas',''),(37,5,'0000-00-00 00:00:00',0,0,'radijski oglas',NULL,NULL,NULL,'radijski-oglas',''),(38,1,'0000-00-00 00:00:00',0,0,'tiskovine',NULL,NULL,NULL,'tiskovine',''),(38,2,'0000-00-00 00:00:00',0,0,'tiskovine',NULL,NULL,NULL,'tiskovine',''),(38,3,'0000-00-00 00:00:00',0,0,'tiskovine',NULL,NULL,NULL,'tiskovine',''),(38,4,'0000-00-00 00:00:00',0,0,'tiskovine',NULL,NULL,NULL,'tiskovine',''),(38,5,'0000-00-00 00:00:00',0,0,'tiskovine',NULL,NULL,NULL,'tiskovine',''),(39,1,'0000-00-00 00:00:00',0,0,'priporočilo prijatelja',NULL,NULL,NULL,'priporocilo-prijatelja',''),(39,2,'0000-00-00 00:00:00',0,0,'priporočilo prijatelja',NULL,NULL,NULL,'priporocilo-prijatelja',''),(39,3,'0000-00-00 00:00:00',0,0,'priporočilo prijatelja',NULL,NULL,NULL,'priporocilo-prijatelja',''),(39,4,'0000-00-00 00:00:00',0,0,'priporočilo prijatelja',NULL,NULL,NULL,'priporocilo-prijatelja',''),(39,5,'0000-00-00 00:00:00',0,0,'priporočilo prijatelja',NULL,NULL,NULL,'priporocilo-prijatelja',''),(40,1,'0000-00-00 00:00:00',0,0,'šola za starše',NULL,NULL,NULL,'sola-za-starse',''),(40,2,'0000-00-00 00:00:00',0,0,'šola za starše',NULL,NULL,NULL,'sola-za-starse',''),(40,3,'0000-00-00 00:00:00',0,0,'šola za starše',NULL,NULL,NULL,'sola-za-starse',''),(40,4,'0000-00-00 00:00:00',0,0,'šola za starše',NULL,NULL,NULL,'sola-za-starse',''),(40,5,'0000-00-00 00:00:00',0,0,'šola za starše',NULL,NULL,NULL,'sola-za-starse',''),(41,1,'0000-00-00 00:00:00',0,0,'Mailing',NULL,NULL,NULL,'mailing',''),(41,2,'0000-00-00 00:00:00',0,0,'Mailing',NULL,NULL,NULL,'mailing',''),(42,1,'0000-00-00 00:00:00',0,0,'Nosečka.net',NULL,NULL,NULL,'noseckanet',''),(42,2,'0000-00-00 00:00:00',0,0,'Nosečka.net',NULL,NULL,NULL,'noseckanet',''),(42,3,'0000-00-00 00:00:00',0,0,'Nosečka.net',NULL,NULL,NULL,'noseckanet',''),(42,4,'0000-00-00 00:00:00',0,0,'Nosečka.net',NULL,NULL,NULL,'noseckanet',''),(42,5,'0000-00-00 00:00:00',0,0,'Nosečka.net',NULL,NULL,NULL,'noseckanet',''),(43,1,'0000-00-00 00:00:00',0,0,'Mami blogerke',NULL,NULL,NULL,'mami-blogerke',''),(43,2,'0000-00-00 00:00:00',0,0,'Mami blogerke',NULL,NULL,NULL,'mami-blogerke',''),(43,3,'0000-00-00 00:00:00',0,0,'Mami blogerke',NULL,NULL,NULL,'mami-blogerke',''),(43,4,'0000-00-00 00:00:00',0,0,'Mami blogerke',NULL,NULL,NULL,'mami-blogerke',''),(43,5,'0000-00-00 00:00:00',0,0,'Mami blogerke',NULL,NULL,NULL,'mami-blogerke',''),(44,1,'0000-00-00 00:00:00',0,0,'Avtobusna postaja',NULL,NULL,NULL,'avtobusna-postaja',''),(44,2,'0000-00-00 00:00:00',0,0,'Avtobusna postaja',NULL,NULL,NULL,'avtobusna-postaja',''),(45,1,'0000-00-00 00:00:00',0,0,'Facebook',NULL,NULL,NULL,'facebook',''),(45,2,'0000-00-00 00:00:00',0,0,'Facebook',NULL,NULL,NULL,'facebook',''),(46,1,'0000-00-00 00:00:00',0,0,'Google - internet',NULL,NULL,NULL,'google--internet',''),(46,2,'0000-00-00 00:00:00',0,0,'Google - internet',NULL,NULL,NULL,'google--internet',''),(47,1,'0000-00-00 00:00:00',0,0,'Hotelski info pult',NULL,NULL,NULL,'hotelski-info-pult',''),(47,2,'0000-00-00 00:00:00',0,0,'Hotelski info pult',NULL,NULL,NULL,'hotelski-info-pult',''),(48,1,'0000-00-00 00:00:00',0,0,'Instagram',NULL,NULL,NULL,'instagram',''),(48,2,'0000-00-00 00:00:00',0,0,'Instagram',NULL,NULL,NULL,'instagram',''),(49,1,'0000-00-00 00:00:00',0,0,'InYourPocket City Guide',NULL,NULL,NULL,'inyourpocket-city-guide',''),(49,2,'0000-00-00 00:00:00',0,0,'InYourPocket City Guide',NULL,NULL,NULL,'inyourpocket-city-guide',''),(50,1,'0000-00-00 00:00:00',0,0,'Letak na ulici',NULL,NULL,NULL,'letak-na-ulici',''),(50,2,'0000-00-00 00:00:00',0,0,'Letak na ulici',NULL,NULL,NULL,'letak-na-ulici',''),(51,1,'0000-00-00 00:00:00',0,0,'Mediji (časopis, TV)',NULL,NULL,NULL,'mediji-casopis-tv',''),(51,2,'0000-00-00 00:00:00',0,0,'Mediji (časopis, TV)',NULL,NULL,NULL,'mediji-casopis-tv',''),(52,1,'0000-00-00 00:00:00',0,0,'Mimoidoči',NULL,NULL,NULL,'mimoidoci',''),(52,2,'0000-00-00 00:00:00',0,0,'Mimoidoči',NULL,NULL,NULL,'mimoidoci',''),(53,1,'0000-00-00 00:00:00',0,0,'Nakup preko maila/spleta',NULL,NULL,NULL,'nakup-preko-mailaspleta',''),(53,2,'0000-00-00 00:00:00',0,0,'Nakup preko maila/spleta',NULL,NULL,NULL,'nakup-preko-mailaspleta',''),(54,1,'0000-00-00 00:00:00',0,0,'Ostalo',NULL,NULL,NULL,'ostalo',''),(54,2,'0000-00-00 00:00:00',0,0,'Ostalo',NULL,NULL,NULL,'ostalo',''),(55,1,'0000-00-00 00:00:00',0,0,'Partnerji - KUPON',NULL,NULL,NULL,'partnerji--kupon',''),(55,2,'0000-00-00 00:00:00',0,0,'Partnerji - KUPON',NULL,NULL,NULL,'partnerji--kupon',''),(56,1,'0000-00-00 00:00:00',0,0,'Plakat',NULL,NULL,NULL,'plakat',''),(56,2,'0000-00-00 00:00:00',0,0,'Plakat',NULL,NULL,NULL,'plakat',''),(57,1,'0000-00-00 00:00:00',0,0,'Povratniki',NULL,NULL,NULL,'povratniki',''),(57,2,'0000-00-00 00:00:00',0,0,'Povratniki',NULL,NULL,NULL,'povratniki',''),(58,1,'0000-00-00 00:00:00',0,0,'Prijatelj',NULL,NULL,NULL,'prijatelj',''),(58,2,'0000-00-00 00:00:00',0,0,'Prijatelj',NULL,NULL,NULL,'prijatelj',''),(59,1,'0000-00-00 00:00:00',0,0,'Spletna stran VISIT LJUBLJANA',NULL,NULL,NULL,'spletna-stran-visit-ljubljana',''),(59,2,'0000-00-00 00:00:00',0,0,'Spletna stran VISIT LJUBLJANA',NULL,NULL,NULL,'spletna-stran-visit-ljubljana',''),(60,1,'0000-00-00 00:00:00',0,0,'TIC - Turistično-informacijski center',NULL,NULL,NULL,'tic--turisticno-informacijski-center',''),(60,2,'0000-00-00 00:00:00',0,0,'TIC - Turistično-informacijski center',NULL,NULL,NULL,'tic--turisticno-informacijski-center',''),(61,1,'0000-00-00 00:00:00',0,0,'Tripadvisor',NULL,NULL,NULL,'tripadvisor',''),(61,2,'0000-00-00 00:00:00',0,0,'Tripadvisor',NULL,NULL,NULL,'tripadvisor',''),(62,1,'0000-00-00 00:00:00',0,0,'Zemljevid - Free Map Ljubljana',NULL,NULL,NULL,'zemljevid--free-map-ljubljana',''),(62,2,'0000-00-00 00:00:00',0,0,'Zemljevid - Free Map Ljubljana',NULL,NULL,NULL,'zemljevid--free-map-ljubljana',''),(63,1,'0000-00-00 00:00:00',0,0,'Zemljevid - Ljubljana Airport',NULL,NULL,NULL,'zemljevid--ljubljana-airport',''),(63,2,'0000-00-00 00:00:00',0,0,'Zemljevid - Ljubljana Airport',NULL,NULL,NULL,'zemljevid--ljubljana-airport',''),(64,1,'0000-00-00 00:00:00',0,0,'Zemljevid - POI - Points of interest Ljubljana',NULL,NULL,NULL,'zemljevid--poi--points-of-interest-ljubljana',''),(64,2,'0000-00-00 00:00:00',0,0,'Zemljevid - POI - Points of interest Ljubljana',NULL,NULL,NULL,'zemljevid--poi--points-of-interest-ljubljana',''),(65,1,'0000-00-00 00:00:00',0,0,'Slovenija',NULL,NULL,NULL,'slovenija',''),(65,2,'0000-00-00 00:00:00',0,0,'Slovenia',NULL,NULL,NULL,'slovenia',''),(66,1,'0000-00-00 00:00:00',0,0,'Italija',NULL,NULL,NULL,'italija',''),(66,2,'0000-00-00 00:00:00',0,0,'Italy',NULL,NULL,NULL,'italy',''),(67,1,'0000-00-00 00:00:00',0,0,'Avstrija',NULL,NULL,NULL,'avstrija',''),(67,2,'0000-00-00 00:00:00',0,0,'Austria',NULL,NULL,NULL,'austria',''),(68,1,'0000-00-00 00:00:00',0,0,'Madžarska',NULL,NULL,NULL,'madzarska',''),(68,2,'0000-00-00 00:00:00',0,0,'Hungary',NULL,NULL,NULL,'hungary',''),(69,1,'0000-00-00 00:00:00',0,0,'Hrvaška',NULL,NULL,NULL,'hrvaska',''),(69,2,'0000-00-00 00:00:00',0,0,'Croatia',NULL,NULL,NULL,'croatia',''),(70,1,'0000-00-00 00:00:00',0,0,'Nemčija',NULL,NULL,NULL,'nemcija',''),(70,2,'0000-00-00 00:00:00',0,0,'Germany',NULL,NULL,NULL,'germany',''),(71,1,'0000-00-00 00:00:00',0,0,'Velika Britanija',NULL,NULL,NULL,'velika-britanija',''),(71,2,'0000-00-00 00:00:00',0,0,'Great Britian',NULL,NULL,NULL,'great-britian',''),(72,1,'0000-00-00 00:00:00',0,0,'Dolenjska',NULL,NULL,NULL,'dolenjska',''),(72,2,'0000-00-00 00:00:00',0,0,'Dolenjska',NULL,NULL,NULL,'dolenjska',''),(73,1,'0000-00-00 00:00:00',0,0,'Gorenjska',NULL,NULL,NULL,'gorenjska',''),(73,2,'0000-00-00 00:00:00',0,0,'Gorenjska',NULL,NULL,NULL,'gorenjska',''),(74,1,'0000-00-00 00:00:00',0,0,'Koroška',NULL,NULL,NULL,'koroska',''),(74,2,'0000-00-00 00:00:00',0,0,'Koroška',NULL,NULL,NULL,'koroska',''),(75,1,'0000-00-00 00:00:00',0,0,'Ljubljana z okolico',NULL,NULL,NULL,'ljubljana-z-okolico',''),(75,2,'0000-00-00 00:00:00',0,0,'Ljubljana z okolico',NULL,NULL,NULL,'ljubljana-z-okolico',''),(76,1,'0000-00-00 00:00:00',0,0,'Notranjska',NULL,NULL,NULL,'notranjska',''),(76,2,'0000-00-00 00:00:00',0,0,'Notranjska',NULL,NULL,NULL,'notranjska',''),(77,1,'0000-00-00 00:00:00',0,0,'Prekmurje',NULL,NULL,NULL,'prekmurje',''),(77,2,'0000-00-00 00:00:00',0,0,'Prekmurje',NULL,NULL,NULL,'prekmurje',''),(78,1,'0000-00-00 00:00:00',0,0,'Primorska',NULL,NULL,NULL,'primorska',''),(78,2,'0000-00-00 00:00:00',0,0,'Primorska',NULL,NULL,NULL,'primorska',''),(79,1,'0000-00-00 00:00:00',0,0,'Štajerska',NULL,NULL,NULL,'stajerska',''),(79,2,'0000-00-00 00:00:00',0,0,'Štajerska',NULL,NULL,NULL,'stajerska',''),(80,1,'0000-00-00 00:00:00',0,0,'TUJCI',NULL,NULL,NULL,'tujci',''),(80,2,'0000-00-00 00:00:00',0,0,'TUJCI',NULL,NULL,NULL,'tujci',''),(81,1,'0000-00-00 00:00:00',0,0,'Rusija',NULL,NULL,NULL,'rusija',''),(81,2,'0000-00-00 00:00:00',0,0,'Rusija',NULL,NULL,NULL,'rusija',''),(82,1,'0000-00-00 00:00:00',0,0,'Afganistan',NULL,NULL,NULL,'afganistan',''),(83,1,'0000-00-00 00:00:00',0,0,'Albanija',NULL,NULL,NULL,'albanija',''),(84,1,'0000-00-00 00:00:00',0,0,'Alžirija',NULL,NULL,NULL,'alzirija',''),(85,1,'0000-00-00 00:00:00',0,0,'Andora',NULL,NULL,NULL,'andora',''),(86,1,'0000-00-00 00:00:00',0,0,'Angola',NULL,NULL,NULL,'angola',''),(87,1,'0000-00-00 00:00:00',0,0,'Antigva in Barbuda',NULL,NULL,NULL,'antigva-in-barbuda',''),(88,1,'0000-00-00 00:00:00',0,0,'Argentina',NULL,NULL,NULL,'argentina',''),(89,1,'0000-00-00 00:00:00',0,0,'Armenija',NULL,NULL,NULL,'armenija',''),(90,1,'0000-00-00 00:00:00',0,0,'Avstralija',NULL,NULL,NULL,'avstralija',''),(91,1,'0000-00-00 00:00:00',0,0,'Azerbajdžan',NULL,NULL,NULL,'azerbajdzan',''),(92,1,'0000-00-00 00:00:00',0,0,'Bahami',NULL,NULL,NULL,'bahami',''),(93,1,'0000-00-00 00:00:00',0,0,'Bahrajn',NULL,NULL,NULL,'bahrajn',''),(94,1,'0000-00-00 00:00:00',0,0,'Bangladeš',NULL,NULL,NULL,'banglades',''),(95,1,'0000-00-00 00:00:00',0,0,'Barbados',NULL,NULL,NULL,'barbados',''),(96,1,'0000-00-00 00:00:00',0,0,'Baskovska republika',NULL,NULL,NULL,'baskovska-republika',''),(97,1,'0000-00-00 00:00:00',0,0,'Belgija',NULL,NULL,NULL,'belgija',''),(98,1,'0000-00-00 00:00:00',0,0,'Belize',NULL,NULL,NULL,'belize',''),(99,1,'0000-00-00 00:00:00',0,0,'Belorusija',NULL,NULL,NULL,'belorusija',''),(100,1,'0000-00-00 00:00:00',0,0,'Benin',NULL,NULL,NULL,'benin',''),(101,1,'0000-00-00 00:00:00',0,0,'Bocvana',NULL,NULL,NULL,'bocvana',''),(102,1,'0000-00-00 00:00:00',0,0,'Bolgarija',NULL,NULL,NULL,'bolgarija',''),(103,1,'0000-00-00 00:00:00',0,0,'Bolivija',NULL,NULL,NULL,'bolivija',''),(104,1,'0000-00-00 00:00:00',0,0,'Bosna in Hercegovina',NULL,NULL,NULL,'bosna-in-hercegovina',''),(105,1,'0000-00-00 00:00:00',0,0,'Brazilija',NULL,NULL,NULL,'brazilija',''),(106,1,'0000-00-00 00:00:00',0,0,'Brunej',NULL,NULL,NULL,'brunej',''),(107,1,'0000-00-00 00:00:00',0,0,'Burkina Faso',NULL,NULL,NULL,'burkina-faso',''),(108,1,'0000-00-00 00:00:00',0,0,'Burundi',NULL,NULL,NULL,'burundi',''),(109,1,'0000-00-00 00:00:00',0,0,'Butan',NULL,NULL,NULL,'butan',''),(110,1,'0000-00-00 00:00:00',0,0,'Ciper',NULL,NULL,NULL,'ciper',''),(111,1,'0000-00-00 00:00:00',0,0,'Čad',NULL,NULL,NULL,'cad',''),(112,1,'0000-00-00 00:00:00',0,0,'Češka',NULL,NULL,NULL,'ceska',''),(113,1,'0000-00-00 00:00:00',0,0,'Čile',NULL,NULL,NULL,'cile',''),(114,1,'0000-00-00 00:00:00',0,0,'Črna gora',NULL,NULL,NULL,'crna-gora',''),(115,1,'0000-00-00 00:00:00',0,0,'Danska',NULL,NULL,NULL,'danska',''),(116,1,'0000-00-00 00:00:00',0,0,'Dominika',NULL,NULL,NULL,'dominika',''),(117,1,'0000-00-00 00:00:00',0,0,'Dominikanska republika',NULL,NULL,NULL,'dominikanska-republika',''),(118,1,'0000-00-00 00:00:00',0,0,'Džibuti',NULL,NULL,NULL,'dzibuti',''),(119,1,'0000-00-00 00:00:00',0,0,'Egipt',NULL,NULL,NULL,'egipt',''),(120,1,'0000-00-00 00:00:00',0,0,'Ekvador',NULL,NULL,NULL,'ekvador',''),(121,1,'0000-00-00 00:00:00',0,0,'Ekvatorialna Gvineja',NULL,NULL,NULL,'ekvatorialna-gvineja',''),(122,1,'0000-00-00 00:00:00',0,0,'Eritreja',NULL,NULL,NULL,'eritreja',''),(123,1,'0000-00-00 00:00:00',0,0,'Estonija',NULL,NULL,NULL,'estonija',''),(124,1,'0000-00-00 00:00:00',0,0,'Etiopija',NULL,NULL,NULL,'etiopija',''),(125,1,'0000-00-00 00:00:00',0,0,'Fidži',NULL,NULL,NULL,'fidzi',''),(126,1,'0000-00-00 00:00:00',0,0,'Filipini',NULL,NULL,NULL,'filipini',''),(127,1,'0000-00-00 00:00:00',0,0,'Finska',NULL,NULL,NULL,'finska',''),(128,1,'0000-00-00 00:00:00',0,0,'Francija',NULL,NULL,NULL,'francija',''),(129,1,'0000-00-00 00:00:00',0,0,'Gabon',NULL,NULL,NULL,'gabon',''),(130,1,'0000-00-00 00:00:00',0,0,'Gambija',NULL,NULL,NULL,'gambija',''),(131,1,'0000-00-00 00:00:00',0,0,'Gana',NULL,NULL,NULL,'gana',''),(132,1,'0000-00-00 00:00:00',0,0,'Grčija',NULL,NULL,NULL,'grcija',''),(133,1,'0000-00-00 00:00:00',0,0,'Grenada',NULL,NULL,NULL,'grenada',''),(134,1,'0000-00-00 00:00:00',0,0,'Gruzija',NULL,NULL,NULL,'gruzija',''),(135,1,'0000-00-00 00:00:00',0,0,'Gvajana',NULL,NULL,NULL,'gvajana',''),(136,1,'0000-00-00 00:00:00',0,0,'Gvatemala',NULL,NULL,NULL,'gvatemala',''),(137,1,'0000-00-00 00:00:00',0,0,'Gvineja',NULL,NULL,NULL,'gvineja',''),(138,1,'0000-00-00 00:00:00',0,0,'Gvineja Bissau',NULL,NULL,NULL,'gvineja-bissau',''),(139,1,'0000-00-00 00:00:00',0,0,'Haiti',NULL,NULL,NULL,'haiti',''),(140,1,'0000-00-00 00:00:00',0,0,'Honduras',NULL,NULL,NULL,'honduras',''),(141,1,'0000-00-00 00:00:00',0,0,'Indija',NULL,NULL,NULL,'indija',''),(142,1,'0000-00-00 00:00:00',0,0,'Indonezija',NULL,NULL,NULL,'indonezija',''),(143,1,'0000-00-00 00:00:00',0,0,'Irak',NULL,NULL,NULL,'irak',''),(144,1,'0000-00-00 00:00:00',0,0,'Iran',NULL,NULL,NULL,'iran',''),(145,1,'0000-00-00 00:00:00',0,0,'Irska',NULL,NULL,NULL,'irska',''),(146,1,'0000-00-00 00:00:00',0,0,'Islandija',NULL,NULL,NULL,'islandija',''),(147,1,'0000-00-00 00:00:00',0,0,'Izrael',NULL,NULL,NULL,'izrael',''),(148,1,'0000-00-00 00:00:00',0,0,'Jamajka',NULL,NULL,NULL,'jamajka',''),(149,1,'0000-00-00 00:00:00',0,0,'Japonska',NULL,NULL,NULL,'japonska',''),(150,1,'0000-00-00 00:00:00',0,0,'Jemen',NULL,NULL,NULL,'jemen',''),(151,1,'0000-00-00 00:00:00',0,0,'Jordanija',NULL,NULL,NULL,'jordanija',''),(152,1,'0000-00-00 00:00:00',0,0,'Južna Afrika',NULL,NULL,NULL,'juzna-afrika',''),(153,1,'0000-00-00 00:00:00',0,0,'Južna Koreja',NULL,NULL,NULL,'juzna-koreja',''),(154,1,'0000-00-00 00:00:00',0,0,'Južni Sudan',NULL,NULL,NULL,'juzni-sudan',''),(155,1,'0000-00-00 00:00:00',0,0,'Kambodža',NULL,NULL,NULL,'kambodza',''),(156,1,'0000-00-00 00:00:00',0,0,'Kamerun',NULL,NULL,NULL,'kamerun',''),(157,1,'0000-00-00 00:00:00',0,0,'Kanada',NULL,NULL,NULL,'kanada',''),(158,1,'0000-00-00 00:00:00',0,0,'Katalonija',NULL,NULL,NULL,'katalonija',''),(159,1,'0000-00-00 00:00:00',0,0,'Katar',NULL,NULL,NULL,'katar',''),(160,1,'0000-00-00 00:00:00',0,0,'Kazahstan',NULL,NULL,NULL,'kazahstan',''),(161,1,'0000-00-00 00:00:00',0,0,'Kenija',NULL,NULL,NULL,'kenija',''),(162,1,'0000-00-00 00:00:00',0,0,'Kirgizistan',NULL,NULL,NULL,'kirgizistan',''),(163,1,'0000-00-00 00:00:00',0,0,'Kiribati',NULL,NULL,NULL,'kiribati',''),(164,1,'0000-00-00 00:00:00',0,0,'Kitajska',NULL,NULL,NULL,'kitajska',''),(165,1,'0000-00-00 00:00:00',0,0,'Kolumbija',NULL,NULL,NULL,'kolumbija',''),(166,1,'0000-00-00 00:00:00',0,0,'Komori',NULL,NULL,NULL,'komori',''),(167,1,'0000-00-00 00:00:00',0,0,'Kongo',NULL,NULL,NULL,'kongo',''),(168,1,'0000-00-00 00:00:00',0,0,'Demokratična republika Kongo',NULL,NULL,NULL,'demokraticna-republika-kongo',''),(169,1,'0000-00-00 00:00:00',0,0,'Kosovo',NULL,NULL,NULL,'kosovo',''),(170,1,'0000-00-00 00:00:00',0,0,'Kostarika',NULL,NULL,NULL,'kostarika',''),(171,1,'0000-00-00 00:00:00',0,0,'Kuba',NULL,NULL,NULL,'kuba',''),(172,1,'0000-00-00 00:00:00',0,0,'Kuvajt',NULL,NULL,NULL,'kuvajt',''),(173,1,'0000-00-00 00:00:00',0,0,'Laos',NULL,NULL,NULL,'laos',''),(174,1,'0000-00-00 00:00:00',0,0,'Latvija',NULL,NULL,NULL,'latvija',''),(175,1,'0000-00-00 00:00:00',0,0,'Lesoto',NULL,NULL,NULL,'lesoto',''),(176,1,'0000-00-00 00:00:00',0,0,'Libanon',NULL,NULL,NULL,'libanon',''),(177,1,'0000-00-00 00:00:00',0,0,'Liberija',NULL,NULL,NULL,'liberija',''),(178,1,'0000-00-00 00:00:00',0,0,'Libija',NULL,NULL,NULL,'libija',''),(179,1,'0000-00-00 00:00:00',0,0,'Lihtenštajn',NULL,NULL,NULL,'lihtenstajn',''),(180,1,'0000-00-00 00:00:00',0,0,'Litva',NULL,NULL,NULL,'litva',''),(181,1,'0000-00-00 00:00:00',0,0,'Luksemburg',NULL,NULL,NULL,'luksemburg',''),(182,1,'0000-00-00 00:00:00',0,0,'Madagaskar',NULL,NULL,NULL,'madagaskar',''),(183,1,'0000-00-00 00:00:00',0,0,'Makedonija',NULL,NULL,NULL,'makedonija',''),(184,1,'0000-00-00 00:00:00',0,0,'Malavi',NULL,NULL,NULL,'malavi',''),(185,1,'0000-00-00 00:00:00',0,0,'Maldivi',NULL,NULL,NULL,'maldivi',''),(186,1,'0000-00-00 00:00:00',0,0,'Malezija',NULL,NULL,NULL,'malezija',''),(187,1,'0000-00-00 00:00:00',0,0,'Mali',NULL,NULL,NULL,'mali',''),(188,1,'0000-00-00 00:00:00',0,0,'Malta',NULL,NULL,NULL,'malta',''),(189,1,'0000-00-00 00:00:00',0,0,'Maroko',NULL,NULL,NULL,'maroko',''),(190,1,'0000-00-00 00:00:00',0,0,'Marshallovi otoki',NULL,NULL,NULL,'marshallovi-otoki',''),(191,1,'0000-00-00 00:00:00',0,0,'Mauritius',NULL,NULL,NULL,'mauritius',''),(192,1,'0000-00-00 00:00:00',0,0,'Mavretanija',NULL,NULL,NULL,'mavretanija',''),(193,1,'0000-00-00 00:00:00',0,0,'Mehika',NULL,NULL,NULL,'mehika',''),(194,1,'0000-00-00 00:00:00',0,0,'Mikronezija',NULL,NULL,NULL,'mikronezija',''),(195,1,'0000-00-00 00:00:00',0,0,'Mjanmar',NULL,NULL,NULL,'mjanmar',''),(196,1,'0000-00-00 00:00:00',0,0,'Moldavija',NULL,NULL,NULL,'moldavija',''),(197,1,'0000-00-00 00:00:00',0,0,'Monako',NULL,NULL,NULL,'monako',''),(198,1,'0000-00-00 00:00:00',0,0,'Mongolija',NULL,NULL,NULL,'mongolija',''),(199,1,'0000-00-00 00:00:00',0,0,'Mozambik',NULL,NULL,NULL,'mozambik',''),(200,1,'0000-00-00 00:00:00',0,0,'Namibija',NULL,NULL,NULL,'namibija',''),(201,1,'0000-00-00 00:00:00',0,0,'Nauru',NULL,NULL,NULL,'nauru',''),(202,1,'0000-00-00 00:00:00',0,0,'Nepal',NULL,NULL,NULL,'nepal',''),(203,1,'0000-00-00 00:00:00',0,0,'Niger',NULL,NULL,NULL,'niger',''),(204,1,'0000-00-00 00:00:00',0,0,'Nigerija',NULL,NULL,NULL,'nigerija',''),(205,1,'0000-00-00 00:00:00',0,0,'Nikaragva',NULL,NULL,NULL,'nikaragva',''),(206,1,'0000-00-00 00:00:00',0,0,'Nizozemska',NULL,NULL,NULL,'nizozemska',''),(207,1,'0000-00-00 00:00:00',0,0,'Norveška',NULL,NULL,NULL,'norveska',''),(208,1,'0000-00-00 00:00:00',0,0,'Nova Zelandija',NULL,NULL,NULL,'nova-zelandija',''),(209,1,'0000-00-00 00:00:00',0,0,'Oman',NULL,NULL,NULL,'oman',''),(210,1,'0000-00-00 00:00:00',0,0,'Pakistan',NULL,NULL,NULL,'pakistan',''),(211,1,'0000-00-00 00:00:00',0,0,'Palau',NULL,NULL,NULL,'palau',''),(212,1,'0000-00-00 00:00:00',0,0,'Panama',NULL,NULL,NULL,'panama',''),(213,1,'0000-00-00 00:00:00',0,0,'Papua Nova Gvineja',NULL,NULL,NULL,'papua-nova-gvineja',''),(214,1,'0000-00-00 00:00:00',0,0,'Paragvaj',NULL,NULL,NULL,'paragvaj',''),(215,1,'0000-00-00 00:00:00',0,0,'Peru',NULL,NULL,NULL,'peru',''),(216,1,'0000-00-00 00:00:00',0,0,'Poljska',NULL,NULL,NULL,'poljska',''),(217,1,'0000-00-00 00:00:00',0,0,'Portugalska',NULL,NULL,NULL,'portugalska',''),(218,1,'0000-00-00 00:00:00',0,0,'Romunija',NULL,NULL,NULL,'romunija',''),(219,1,'0000-00-00 00:00:00',0,0,'Ruanda',NULL,NULL,NULL,'ruanda',''),(220,1,'0000-00-00 00:00:00',0,0,'Saint Kitts in Nevis',NULL,NULL,NULL,'saint-kitts-in-nevis',''),(221,1,'0000-00-00 00:00:00',0,0,'Saint Lucia',NULL,NULL,NULL,'saint-lucia',''),(222,1,'0000-00-00 00:00:00',0,0,'Saint Vincent in Grenadine',NULL,NULL,NULL,'saint-vincent-in-grenadine',''),(223,1,'0000-00-00 00:00:00',0,0,'Salomonovi otoki',NULL,NULL,NULL,'salomonovi-otoki',''),(224,1,'0000-00-00 00:00:00',0,0,'Salvador',NULL,NULL,NULL,'salvador',''),(225,1,'0000-00-00 00:00:00',0,0,'Samoa',NULL,NULL,NULL,'samoa',''),(226,1,'0000-00-00 00:00:00',0,0,'San Marino',NULL,NULL,NULL,'san-marino',''),(227,1,'0000-00-00 00:00:00',0,0,'Sao Tome in Principe',NULL,NULL,NULL,'sao-tome-in-principe',''),(228,1,'0000-00-00 00:00:00',0,0,'Saudova Arabija',NULL,NULL,NULL,'saudova-arabija',''),(229,1,'0000-00-00 00:00:00',0,0,'Sejšeli',NULL,NULL,NULL,'sejseli',''),(230,1,'0000-00-00 00:00:00',0,0,'Senegal',NULL,NULL,NULL,'senegal',''),(231,1,'0000-00-00 00:00:00',0,0,'Severna Koreja',NULL,NULL,NULL,'severna-koreja',''),(232,1,'0000-00-00 00:00:00',0,0,'Sierra Leone',NULL,NULL,NULL,'sierra-leone',''),(233,1,'0000-00-00 00:00:00',0,0,'Singapur',NULL,NULL,NULL,'singapur',''),(234,1,'0000-00-00 00:00:00',0,0,'Sirija',NULL,NULL,NULL,'sirija',''),(235,1,'0000-00-00 00:00:00',0,0,'Slonokoščena obala',NULL,NULL,NULL,'slonokoscena-obala',''),(236,1,'0000-00-00 00:00:00',0,0,'Slovaška',NULL,NULL,NULL,'slovaska',''),(237,1,'0000-00-00 00:00:00',0,0,'Somalija',NULL,NULL,NULL,'somalija',''),(238,1,'0000-00-00 00:00:00',0,0,'Srbija',NULL,NULL,NULL,'srbija',''),(239,1,'0000-00-00 00:00:00',0,0,'Srednjeafriška republika',NULL,NULL,NULL,'srednjeafriska-republika',''),(240,1,'0000-00-00 00:00:00',0,0,'Sudan',NULL,NULL,NULL,'sudan',''),(241,1,'0000-00-00 00:00:00',0,0,'Surinam',NULL,NULL,NULL,'surinam',''),(242,1,'0000-00-00 00:00:00',0,0,'Svazi',NULL,NULL,NULL,'svazi',''),(243,1,'0000-00-00 00:00:00',0,0,'Španija',NULL,NULL,NULL,'spanija',''),(244,1,'0000-00-00 00:00:00',0,0,'Šrilanka',NULL,NULL,NULL,'srilanka',''),(245,1,'0000-00-00 00:00:00',0,0,'Švedska',NULL,NULL,NULL,'svedska',''),(246,1,'0000-00-00 00:00:00',0,0,'Švica',NULL,NULL,NULL,'svica',''),(247,1,'0000-00-00 00:00:00',0,0,'Tadžikistan',NULL,NULL,NULL,'tadzikistan',''),(248,1,'0000-00-00 00:00:00',0,0,'Tajska',NULL,NULL,NULL,'tajska',''),(249,1,'0000-00-00 00:00:00',0,0,'Tajvan',NULL,NULL,NULL,'tajvan',''),(250,1,'0000-00-00 00:00:00',0,0,'Tanzanija',NULL,NULL,NULL,'tanzanija',''),(251,1,'0000-00-00 00:00:00',0,0,'Togo',NULL,NULL,NULL,'togo',''),(252,1,'0000-00-00 00:00:00',0,0,'Tonga',NULL,NULL,NULL,'tonga',''),(253,1,'0000-00-00 00:00:00',0,0,'Transnistrija',NULL,NULL,NULL,'transnistrija',''),(254,1,'0000-00-00 00:00:00',0,0,'Trinidad in Tobago',NULL,NULL,NULL,'trinidad-in-tobago',''),(255,1,'0000-00-00 00:00:00',0,0,'Tunizija',NULL,NULL,NULL,'tunizija',''),(256,1,'0000-00-00 00:00:00',0,0,'Turčija',NULL,NULL,NULL,'turcija',''),(257,1,'0000-00-00 00:00:00',0,0,'Turkmenistan',NULL,NULL,NULL,'turkmenistan',''),(258,1,'0000-00-00 00:00:00',0,0,'Tuvalu',NULL,NULL,NULL,'tuvalu',''),(259,1,'0000-00-00 00:00:00',0,0,'Uganda',NULL,NULL,NULL,'uganda',''),(260,1,'0000-00-00 00:00:00',0,0,'Ukrajina',NULL,NULL,NULL,'ukrajina',''),(261,1,'0000-00-00 00:00:00',0,0,'Urugvaj',NULL,NULL,NULL,'urugvaj',''),(262,1,'0000-00-00 00:00:00',0,0,'Uzbekistan',NULL,NULL,NULL,'uzbekistan',''),(263,1,'0000-00-00 00:00:00',0,0,'Vanuatu',NULL,NULL,NULL,'vanuatu',''),(264,1,'0000-00-00 00:00:00',0,0,'Vatikan',NULL,NULL,NULL,'vatikan',''),(265,1,'0000-00-00 00:00:00',0,0,'Venezuela',NULL,NULL,NULL,'venezuela',''),(266,1,'0000-00-00 00:00:00',0,0,'Vietnam',NULL,NULL,NULL,'vietnam',''),(267,1,'0000-00-00 00:00:00',0,0,'Vzhodni Timor',NULL,NULL,NULL,'vzhodni-timor',''),(268,1,'0000-00-00 00:00:00',0,0,'Zambija',NULL,NULL,NULL,'zambija',''),(269,1,'0000-00-00 00:00:00',0,0,'Združene države Amerike',NULL,NULL,NULL,'zdruzene-drzave-amerike',''),(270,1,'0000-00-00 00:00:00',0,0,'Združeni arabski emirati',NULL,NULL,NULL,'zdruzeni-arabski-emirati',''),(271,1,'0000-00-00 00:00:00',0,0,'Zelenortski otoki',NULL,NULL,NULL,'zelenortski-otoki',''),(272,1,'0000-00-00 00:00:00',0,0,'Zimbabve',NULL,NULL,NULL,'zimbabve',''),(275,1,'0000-00-00 00:00:00',0,0,'Avtobusna postaja',NULL,NULL,NULL,'275-avtobusna-postaja',''),(275,2,'0000-00-00 00:00:00',0,0,'Avtobusna postaja',NULL,NULL,NULL,'275-avtobusna-postaja',''),(276,1,'0000-00-00 00:00:00',0,0,'Facebook',NULL,NULL,NULL,'276-facebook',''),(276,2,'0000-00-00 00:00:00',0,0,'Facebook',NULL,NULL,NULL,'276-facebook',''),(277,1,'0000-00-00 00:00:00',0,0,'Google - internet',NULL,NULL,NULL,'277-google--internet',''),(277,2,'0000-00-00 00:00:00',0,0,'Google - internet',NULL,NULL,NULL,'277-google--internet',''),(278,1,'0000-00-00 00:00:00',0,0,'Hotelski info pult',NULL,NULL,NULL,'278-hotelski-info-pult',''),(278,2,'0000-00-00 00:00:00',0,0,'Hotelski info pult',NULL,NULL,NULL,'278-hotelski-info-pult',''),(279,1,'0000-00-00 00:00:00',0,0,'Instagram',NULL,NULL,NULL,'279-instagram',''),(279,2,'0000-00-00 00:00:00',0,0,'Instagram',NULL,NULL,NULL,'279-instagram',''),(280,1,'0000-00-00 00:00:00',0,0,'InYourPocket City Guide',NULL,NULL,NULL,'280-inyourpocket-city-guide',''),(280,2,'0000-00-00 00:00:00',0,0,'InYourPocket City Guide',NULL,NULL,NULL,'280-inyourpocket-city-guide',''),(281,1,'0000-00-00 00:00:00',0,0,'Letak na ulici',NULL,NULL,NULL,'281-letak-na-ulici',''),(281,2,'0000-00-00 00:00:00',0,0,'Letak na ulici',NULL,NULL,NULL,'281-letak-na-ulici',''),(282,1,'0000-00-00 00:00:00',0,0,'Mediji (časopis, TV)',NULL,NULL,NULL,'282-mediji-casopis-tv',''),(282,2,'0000-00-00 00:00:00',0,0,'Mediji (časopis, TV)',NULL,NULL,NULL,'282-mediji-casopis-tv',''),(283,1,'0000-00-00 00:00:00',0,0,'Mimoidoči',NULL,NULL,NULL,'283-mimoidoci',''),(283,2,'0000-00-00 00:00:00',0,0,'Mimoidoči',NULL,NULL,NULL,'283-mimoidoci',''),(284,1,'0000-00-00 00:00:00',0,0,'Nakup preko maila/spleta',NULL,NULL,NULL,'284-nakup-preko-mailaspleta',''),(284,2,'0000-00-00 00:00:00',0,0,'Nakup preko maila/spleta',NULL,NULL,NULL,'284-nakup-preko-mailaspleta',''),(285,1,'0000-00-00 00:00:00',0,0,'',NULL,NULL,NULL,'',''),(285,2,'0000-00-00 00:00:00',0,0,'',NULL,NULL,NULL,'',''),(286,1,'0000-00-00 00:00:00',0,0,'Partnerji - KUPON',NULL,NULL,NULL,'286-partnerji--kupon',''),(286,2,'0000-00-00 00:00:00',0,0,'Partnerji - KUPON',NULL,NULL,NULL,'286-partnerji--kupon',''),(287,1,'0000-00-00 00:00:00',0,0,'Plakat',NULL,NULL,NULL,'287-plakat',''),(287,2,'0000-00-00 00:00:00',0,0,'Plakat',NULL,NULL,NULL,'287-plakat',''),(288,1,'0000-00-00 00:00:00',0,0,'Povratniki',NULL,NULL,NULL,'288-povratniki',''),(288,2,'0000-00-00 00:00:00',0,0,'Povratniki',NULL,NULL,NULL,'288-povratniki',''),(289,1,'0000-00-00 00:00:00',0,0,'Prijatelj',NULL,NULL,NULL,'289-prijatelj',''),(289,2,'0000-00-00 00:00:00',0,0,'Prijatelj',NULL,NULL,NULL,'289-prijatelj',''),(290,1,'0000-00-00 00:00:00',0,0,'Spletna stran VISIT LJUBLJANA',NULL,NULL,NULL,'290-spletna-stran-visit-ljubljana',''),(290,2,'0000-00-00 00:00:00',0,0,'Spletna stran VISIT LJUBLJANA',NULL,NULL,NULL,'290-spletna-stran-visit-ljubljana',''),(291,1,'0000-00-00 00:00:00',0,0,'TIC - Turistično-informacijski center',NULL,NULL,NULL,'291-tic--turisticno-informacijski-center',''),(291,2,'0000-00-00 00:00:00',0,0,'TIC - Turistično-informacijski center',NULL,NULL,NULL,'291-tic--turisticno-informacijski-center',''),(292,1,'0000-00-00 00:00:00',0,0,'Tripadvisor',NULL,NULL,NULL,'292-tripadvisor',''),(292,2,'0000-00-00 00:00:00',0,0,'Tripadvisor',NULL,NULL,NULL,'292-tripadvisor',''),(293,1,'0000-00-00 00:00:00',0,0,'Zemljevid - Free Map Ljubljana',NULL,NULL,NULL,'293-zemljevid--free-map-ljubljana',''),(293,2,'0000-00-00 00:00:00',0,0,'Zemljevid - Free Map Ljubljana',NULL,NULL,NULL,'293-zemljevid--free-map-ljubljana',''),(294,1,'0000-00-00 00:00:00',0,0,'Zemljevid - Ljubljana Airport',NULL,NULL,NULL,'294-zemljevid--ljubljana-airport',''),(294,2,'0000-00-00 00:00:00',0,0,'Zemljevid - Ljubljana Airport',NULL,NULL,NULL,'294-zemljevid--ljubljana-airport',''),(295,1,'0000-00-00 00:00:00',0,0,'Zemljevid - POI - Points of interest Ljubljana',NULL,NULL,NULL,'zemljevid--poi--points-of-interest-ljubljana',''),(300,1,'2020-12-10 16:59:20',0,0,'Rabat namesto popusta',NULL,NULL,NULL,'rabat-namesto-popusta',''),(301,1,'2021-08-16 13:13:06',0,0,'ngnCRM blagajna',NULL,NULL,NULL,'ngncrm-blagajna',''),(301,2,'2021-08-16 13:13:06',0,0,'ngnCRM blagajna',NULL,NULL,NULL,'ngncrm-blagajna',''),(302,1,'2021-08-16 13:13:06',0,0,'ngnCRM',NULL,NULL,NULL,'ngncrm',''),(302,2,'2021-08-16 13:13:06',0,0,'ngnCRM',NULL,NULL,NULL,'ngncrm',''),(303,1,'2021-08-16 13:13:06',0,0,'ngnCMS',NULL,NULL,NULL,'ngncms',''),(303,2,'2021-08-16 13:13:06',0,0,'ngnCMS',NULL,NULL,NULL,'ngncms',''),(304,1,'2021-08-16 13:13:06',0,0,'Spletna stran',NULL,NULL,NULL,'304-spletna-stran',''),(304,2,'2021-08-16 13:13:06',0,0,'Spletna stran',NULL,NULL,NULL,'304-spletna-stran','');

--
-- Table structure for table `ngn_users_categories`
--

CREATE TABLE `ngn_users_categories` (
  `user_id` int(11) NOT NULL,
  `category_id` int(11) NOT NULL,
  `position` int(11) NOT NULL DEFAULT 0,
  PRIMARY KEY (`user_id`,`category_id`),
  KEY `category_id` (`category_id`)
) ENGINE=InnoDB DEFAULT CHARSET=utf8;

--
-- Dumping data for table `ngn_users_categories`
--

INSERT INTO `ngn_users_categories` VALUES (0,26,1),(0,124,0),(1,9,-1),(1,33,0),(1,124,1),(2,9,-1),(2,124,0),(718,124,-1),(719,10,-1),(719,26,1),(719,124,0),(723,26,1),(723,35,-1),(723,124,0),(724,26,1),(724,35,-1),(724,124,0),(725,26,1),(725,35,-1),(725,124,0),(726,26,1),(726,35,-1),(726,124,0),(727,26,1),(727,35,-1),(727,124,0),(728,26,1),(728,35,-1),(728,124,0),(729,26,1),(729,35,-1),(729,124,0),(730,26,1),(730,35,-1),(730,124,0),(731,26,1),(731,35,-1),(731,124,0),(732,26,1),(732,35,-1),(732,124,0),(733,26,1),(733,35,-1),(733,124,0),(734,26,1),(734,35,-1),(734,124,0),(735,26,1),(735,35,-1),(735,124,0),(736,26,1),(736,35,-1),(736,124,0),(737,26,1),(737,35,-1),(737,124,0),(738,26,1),(738,35,-1),(738,124,0),(739,26,1),(739,35,-1),(739,124,0),(740,26,1),(740,35,-1),(740,124,0),(741,26,1),(741,35,-1),(741,124,0),(742,26,1),(742,35,-1),(742,124,0),(743,26,1),(743,35,-1),(743,124,0),(744,26,1),(744,35,-1),(744,124,0),(745,26,1),(745,35,-1),(745,124,0),(746,26,1),(746,35,-1),(746,124,0),(747,26,1),(747,35,-1),(747,124,0),(748,26,1),(748,35,-1),(748,124,0),(749,26,1),(749,35,-1),(749,124,0),(750,26,1),(750,35,-1),(750,124,0),(751,26,1),(751,35,-1),(751,124,0),(752,26,1),(752,35,-1),(752,124,0),(753,26,1),(753,35,-1),(753,124,0),(754,26,1),(754,35,-1),(754,124,0),(755,26,1),(755,35,-1),(755,124,0),(756,26,1),(756,35,-1),(756,124,0),(757,26,1),(757,35,-1),(757,124,0),(758,26,1),(758,35,-1),(758,124,0),(759,26,1),(759,35,-1),(759,124,0),(760,26,1),(760,35,-1),(760,124,0),(761,26,1),(761,35,-1),(761,124,0),(762,26,1),(762,35,-1),(762,124,0),(763,26,1),(763,35,-1),(763,124,0),(764,26,1),(764,35,-1),(764,124,0),(765,26,1),(765,35,-1),(765,124,0),(766,26,1),(766,35,-1),(766,124,0),(767,26,1),(767,35,-1),(767,124,0),(768,26,1),(768,35,-1),(768,124,0),(769,26,1),(769,35,-1),(769,124,0),(770,26,1),(770,35,-1),(770,124,0),(771,26,1),(771,35,-1),(771,124,0),(772,26,1),(772,35,-1),(772,124,0),(773,26,1),(773,35,-1),(773,124,0),(774,26,1),(774,35,-1),(774,124,0),(775,26,1),(775,35,-1),(775,124,0),(776,26,1),(776,35,-1),(776,124,0),(777,26,1),(777,35,-1),(777,124,0),(778,26,1),(778,35,-1),(778,124,0),(779,26,1),(779,35,-1),(779,124,0),(780,26,1),(780,35,-1),(780,124,0),(781,26,1),(781,35,-1),(781,124,0),(782,26,1),(782,35,-1),(782,124,0),(783,26,1),(783,35,-1),(783,124,0),(784,26,1),(784,35,-1),(784,124,0),(785,26,1),(785,35,-1),(785,124,0),(786,26,1),(786,35,-1),(786,124,0),(787,26,1),(787,35,-1),(787,124,0),(788,26,1),(788,35,-1),(788,124,0),(789,26,1),(789,35,-1),(789,124,0),(790,26,1),(790,35,-1),(790,124,0),(791,26,1),(791,35,-1),(791,124,0),(792,26,1),(792,35,-1),(792,124,0),(793,26,1),(793,35,-1),(793,124,0),(794,26,1),(794,35,-1),(794,124,0),(795,26,1),(795,35,-1),(795,124,0),(796,26,1),(796,35,-1),(796,124,0),(797,26,1),(797,35,-1),(797,124,0),(798,26,1),(798,35,-1),(798,124,0),(799,26,1),(799,35,-1),(799,124,0),(800,26,1),(800,35,-1),(800,124,0),(801,26,1),(801,35,-1),(801,124,0),(802,26,1),(802,35,-1),(802,124,0),(803,26,1),(803,35,-1),(803,124,0),(804,26,1),(804,35,-1),(804,124,0),(805,26,1),(805,35,-1),(805,124,0),(806,26,1),(806,35,-1),(806,124,0),(807,26,1),(807,35,-1),(807,124,0),(808,26,1),(808,35,-1),(808,124,0),(809,26,1),(809,35,-1),(809,124,0),(810,26,1),(810,35,-1),(810,124,0),(811,26,1),(811,35,-1),(811,124,0),(812,26,1),(812,35,-1),(812,124,0),(813,26,1),(813,35,-1),(813,124,0),(814,26,1),(814,35,-1),(814,124,0),(815,26,1),(815,35,-1),(815,124,0),(816,26,1),(816,35,-1),(816,124,0),(817,26,1),(817,35,-1),(817,124,0),(818,26,1),(818,35,-1),(818,124,0),(819,26,1),(819,35,-1),(819,124,0),(820,26,1),(820,35,-1),(820,124,0),(821,26,1),(821,35,-1),(821,124,0),(822,26,1),(822,35,-1),(822,124,0),(823,26,1),(823,35,-1),(823,124,0),(824,26,1),(824,35,-1),(824,124,0),(825,26,1),(825,35,-1),(825,124,0),(826,26,1),(826,35,-1),(826,124,0),(827,26,1),(827,35,-1),(827,124,0),(828,26,1),(828,35,-1),(828,124,0),(829,26,1),(829,35,-1),(829,124,0),(830,26,1),(830,35,-1),(830,124,0),(831,26,1),(831,35,-1),(831,124,0),(832,26,1),(832,35,-1),(832,124,0),(833,26,1),(833,35,-1),(833,124,0),(834,26,1),(834,35,-1),(834,124,0),(835,26,1),(835,35,-1),(835,124,0),(836,26,1),(836,35,-1),(836,124,0),(837,26,1),(837,35,-1),(837,124,0),(838,26,1),(838,35,-1),(838,124,0),(839,26,1),(839,35,-1),(839,124,0),(840,26,1),(840,35,-1),(840,124,0),(841,26,1),(841,35,-1),(841,124,0),(842,26,1),(842,35,-1),(842,124,0),(843,26,1),(843,35,-1),(843,124,0),(844,26,1),(844,35,-1),(844,124,0),(845,26,1),(845,35,-1),(845,124,0),(846,26,1),(846,35,-1),(846,124,0),(847,26,1),(847,35,-1),(847,124,0),(848,26,1),(848,35,-1),(848,124,0),(849,26,1),(849,35,-1),(849,124,0),(850,26,1),(850,35,-1),(850,124,0),(851,26,1),(851,35,-1),(851,124,0),(852,26,1),(852,35,-1),(852,124,0),(853,26,1),(853,35,-1),(853,124,0),(854,26,1),(854,35,-1),(854,124,0),(855,26,1),(855,35,-1),(855,124,0),(856,26,1),(856,35,-1),(856,124,0),(857,26,1),(857,35,-1),(857,124,0),(858,26,1),(858,35,-1),(858,124,0),(859,26,1),(859,35,-1),(859,124,0),(860,26,1),(860,35,-1),(860,124,0),(861,26,1),(861,35,-1),(861,124,0),(862,26,1),(862,35,-1),(862,124,0),(863,26,1),(863,35,-1),(863,124,0),(864,26,1),(864,35,-1),(864,124,0),(865,26,1),(865,35,-1),(865,124,0),(866,26,1),(866,35,-1),(866,124,0),(867,26,1),(867,35,-1),(867,124,0),(868,26,1),(868,35,-1),(868,124,0),(869,26,1),(869,35,-1),(869,124,0),(870,26,1),(870,35,-1),(870,124,0),(871,26,1),(871,35,-1),(871,124,0),(872,26,1),(872,35,-1),(872,124,0),(873,26,1),(873,35,-1),(873,124,0),(874,26,1),(874,35,-1),(874,124,0),(875,26,1),(875,35,-1),(875,124,0),(876,26,1),(876,35,-1),(876,124,0),(877,26,1),(877,35,-1),(877,124,0),(878,26,1),(878,35,-1),(878,124,0),(879,26,1),(879,35,-1),(879,124,0),(880,26,1),(880,35,-1),(880,124,0),(881,26,1),(881,35,-1),(881,124,0),(882,26,1),(882,35,-1),(882,124,0),(883,26,1),(883,35,-1),(883,124,0),(884,26,1),(884,35,-1),(884,124,0),(885,26,1),(885,35,-1),(885,124,0),(886,26,1),(886,35,-1),(886,124,0),(887,26,1),(887,35,-1),(887,124,0),(888,26,1),(888,35,-1),(888,124,0),(889,26,1),(889,35,-1),(889,124,0),(890,26,1),(890,35,-1),(890,124,0),(891,26,1),(891,35,-1),(891,124,0),(892,26,1),(892,35,-1),(892,124,0),(893,26,1),(893,35,-1),(893,124,0),(894,26,1),(894,35,-1),(894,124,0),(895,9,-1),(895,10,0),(895,26,3),(895,35,1),(895,124,2),(896,26,1),(896,35,-1),(896,124,0),(897,26,2),(897,35,-1),(897,124,1),(898,26,1),(898,35,-1),(898,124,0),(899,26,1),(899,35,-1),(899,124,0),(900,26,1),(900,35,-1),(900,124,0),(901,26,1),(901,35,-1),(901,124,0),(902,26,1),(902,35,-1),(902,124,0),(903,26,1),(903,35,-1),(903,124,0),(904,26,1),(904,35,-1),(904,124,0),(905,26,1),(905,35,-1),(905,124,0),(906,26,1),(906,35,-1),(906,124,0),(907,26,1),(907,35,-1),(907,124,0),(908,26,1),(908,35,-1),(908,124,0),(909,26,1),(909,35,-1),(909,124,0),(910,26,1),(910,35,-1),(910,124,0),(911,26,1),(911,35,-1),(911,124,0),(912,26,1),(912,35,-1),(912,124,0),(913,26,1),(913,35,-1),(913,124,0),(914,26,1),(914,35,-1),(914,124,0),(915,26,1),(915,35,-1),(915,124,0),(916,26,1),(916,35,-1),(916,124,0),(917,26,1),(917,35,-1),(917,124,0),(918,26,1),(918,35,-1),(918,124,0),(919,26,1),(919,35,-1),(919,124,0),(920,26,1),(920,35,-1),(920,124,0),(921,26,1),(921,35,-1),(921,124,0),(922,26,1),(922,35,-1),(922,124,0),(923,26,1),(923,35,-1),(923,124,0),(924,26,1),(924,35,-1),(924,124,0),(925,26,1),(925,35,-1),(925,124,0),(926,26,1),(926,35,-1),(926,124,0),(927,26,1),(927,35,-1),(927,124,0),(928,26,1),(928,35,-1),(928,124,0),(929,26,1),(929,35,-1),(929,124,0),(930,26,1),(930,35,-1),(930,124,0),(931,26,1),(931,35,-1),(931,124,0),(932,26,1),(932,35,-1),(932,124,0),(933,26,1),(933,35,-1),(933,124,0),(934,26,1),(934,35,-1),(934,124,0),(935,26,1),(935,35,-1),(935,124,0),(936,26,1),(936,35,-1),(936,124,0),(937,26,1),(937,35,-1),(937,124,0),(938,26,1),(938,35,-1),(938,124,0),(939,26,1),(939,35,-1),(939,124,0),(940,26,1),(940,35,-1),(940,124,0),(941,26,1),(941,35,-1),(941,124,0),(942,26,1),(942,35,-1),(942,124,0),(943,26,1),(943,35,-1),(943,124,0),(944,26,1),(944,35,-1),(944,124,0),(947,26,1),(947,35,-1),(947,124,0),(948,26,1),(948,35,-1),(948,124,0),(949,26,1),(949,35,-1),(949,124,0),(950,26,1),(950,35,-1),(950,124,0),(951,26,1),(951,35,-1),(951,124,0),(952,26,1),(952,35,-1),(952,124,0),(953,26,1),(953,35,-1),(953,124,0),(954,26,1),(954,35,-1),(954,124,0),(955,26,1),(955,35,-1),(955,124,0),(956,26,1),(956,35,-1),(956,124,0),(957,26,1),(957,35,-1),(957,124,0),(958,26,1),(958,35,-1),(958,124,0),(959,26,1),(959,35,-1),(959,124,0),(960,26,1),(960,35,-1),(960,124,0),(961,26,1),(961,35,-1),(961,124,0),(962,26,1),(962,35,-1),(962,124,0),(963,26,1),(963,35,-1),(963,124,0),(964,26,1),(964,35,-1),(964,124,0),(965,26,1),(965,35,-1),(965,124,0),(966,26,1),(966,35,-1),(966,124,0),(967,26,1),(967,35,-1),(967,124,0),(968,26,1),(968,35,-1),(968,124,0),(969,26,1),(969,35,-1),(969,124,0),(970,26,1),(970,35,-1),(970,124,0),(971,26,1),(971,35,-1),(971,124,0),(972,26,1),(972,35,-1),(972,124,0),(973,26,1),(973,35,-1),(973,124,0),(974,26,1),(974,35,-1),(974,124,0),(975,26,1),(975,35,-1),(975,124,0),(976,26,1),(976,35,-1),(976,124,0),(977,26,1),(977,35,-1),(977,124,0),(978,26,1),(978,35,-1),(978,124,0),(979,26,1),(979,35,-1),(979,124,0),(980,26,1),(980,35,-1),(980,124,0),(981,26,1),(981,35,-1),(981,124,0),(982,26,1),(982,35,-1),(982,124,0),(983,26,1),(983,35,-1),(983,124,0),(984,26,1),(984,35,-1),(984,124,0),(985,26,1),(985,35,-1),(985,124,0),(986,26,1),(986,35,-1),(986,124,0),(987,26,1),(987,35,-1),(987,124,0),(988,26,1),(988,35,-1),(988,124,0),(989,26,1),(989,35,-1),(989,124,0),(990,26,1),(990,35,-1),(990,124,0),(991,26,1),(991,35,-1),(991,124,0),(992,26,1),(992,35,-1),(992,124,0),(993,26,1),(993,35,-1),(993,124,0),(994,26,1),(994,35,-1),(994,124,0),(995,26,1),(995,35,-1),(995,124,0),(996,26,1),(996,35,-1),(996,124,0),(997,26,1),(997,35,-1),(997,124,0),(998,26,1),(998,35,-1),(998,124,0),(999,26,1),(999,35,-1),(999,124,0),(1000,26,1),(1000,35,-1),(1000,124,0),(1001,26,1),(1001,35,-1),(1001,124,0),(1002,26,1),(1002,35,-1),(1002,124,0),(1003,26,1),(1003,35,-1),(1003,124,0),(1004,26,1),(1004,35,-1),(1004,124,0),(1005,26,1),(1005,35,-1),(1005,124,0),(1006,26,1),(1006,35,-1),(1006,124,0),(1007,26,1),(1007,35,-1),(1007,124,0),(1008,26,1),(1008,35,-1),(1008,124,0),(1009,26,1),(1009,35,-1),(1009,124,0),(1010,26,1),(1010,35,-1),(1010,124,0),(1011,26,1),(1011,35,-1),(1011,124,0),(1012,26,1),(1012,35,-1),(1012,124,0),(1013,26,1),(1013,35,-1),(1013,124,0),(1014,26,1),(1014,35,-1),(1014,124,0),(1015,26,1),(1015,35,-1),(1015,124,0),(1016,26,1),(1016,35,-1),(1016,124,0),(1017,26,1),(1017,35,-1),(1017,124,0),(1018,26,1),(1018,35,-1),(1018,124,0),(1019,26,1),(1019,35,-1),(1019,124,0),(1020,26,1),(1020,35,-1),(1020,124,0),(1021,26,1),(1021,35,-1),(1021,124,0),(1022,26,1),(1022,35,-1),(1022,124,0),(1023,26,1),(1023,35,-1),(1023,124,0),(1024,26,1),(1024,35,-1),(1024,124,0),(1025,26,1),(1025,35,-1),(1025,124,0),(1026,26,1),(1026,35,-1),(1026,124,0),(1027,26,1),(1027,35,-1),(1027,124,0),(1028,26,1),(1028,35,-1),(1028,124,0),(1029,26,1),(1029,35,-1),(1029,124,0),(1030,26,1),(1030,35,-1),(1030,124,0),(1031,26,1),(1031,35,-1),(1031,124,0),(1032,26,1),(1032,35,-1),(1032,124,0),(1033,26,1),(1033,35,-1),(1033,124,0),(1034,26,1),(1034,35,-1),(1034,124,0),(1035,26,1),(1035,35,-1),(1035,124,0),(1036,26,1),(1036,35,-1),(1036,124,0),(1037,26,1),(1037,35,-1),(1037,124,0),(1038,26,1),(1038,35,-1),(1038,124,0),(1039,26,1),(1039,35,-1),(1039,124,0),(1040,26,1),(1040,35,-1),(1040,124,0),(1041,26,1),(1041,35,-1),(1041,124,0),(1042,26,1),(1042,35,-1),(1042,124,0),(1043,26,1),(1043,35,-1),(1043,124,0),(1044,26,1),(1044,35,-1),(1044,124,0),(1045,26,1),(1045,35,-1),(1045,124,0),(1046,26,1),(1046,35,-1),(1046,124,0),(1047,26,1),(1047,35,-1),(1047,124,0),(1048,26,1),(1048,35,-1),(1048,124,0),(1049,26,1),(1049,35,-1),(1049,124,0),(1050,26,1),(1050,35,-1),(1050,124,0),(1051,26,1),(1051,35,-1),(1051,124,0),(1052,26,1),(1052,35,-1),(1052,124,0),(1053,26,1),(1053,35,-1),(1053,124,0),(1054,26,1),(1054,35,-1),(1054,124,0),(1055,26,1),(1055,35,-1),(1055,124,0),(1056,26,1),(1056,35,-1),(1056,124,0),(1057,26,1),(1057,35,-1),(1057,124,0),(1058,26,1),(1058,35,-1),(1058,124,0),(1059,26,1),(1059,35,-1),(1059,124,0),(1060,26,1),(1060,35,-1),(1060,124,0),(1061,26,1),(1061,35,-1),(1061,124,0),(1062,26,1),(1062,35,-1),(1062,124,0),(1063,26,1),(1063,35,-1),(1063,124,0),(1064,26,1),(1064,35,-1),(1064,124,0),(1065,26,1),(1065,35,-1),(1065,124,0),(1066,26,1),(1066,35,-1),(1066,124,0),(1067,26,1),(1067,35,-1),(1067,124,0),(1068,26,1),(1068,35,-1),(1068,124,0),(1069,26,1),(1069,35,-1),(1069,124,0),(1070,26,1),(1070,35,-1),(1070,124,0),(1071,26,1),(1071,35,-1),(1071,124,0),(1072,26,1),(1072,35,-1),(1072,124,0),(1073,26,1),(1073,35,-1),(1073,124,0),(1074,26,1),(1074,35,-1),(1074,124,0),(1075,26,1),(1075,35,-1),(1075,124,0),(1076,26,1),(1076,35,-1),(1076,124,0),(1077,26,1),(1077,35,-1),(1077,124,0),(1078,26,1),(1078,35,-1),(1078,124,0),(1079,26,1),(1079,35,-1),(1079,124,0),(1080,26,1),(1080,35,-1),(1080,124,0),(1081,26,1),(1081,35,-1),(1081,124,0),(1082,26,1),(1082,35,-1),(1082,124,0),(1083,26,1),(1083,35,-1),(1083,124,0),(1084,26,1),(1084,35,-1),(1084,124,0),(1085,26,1),(1085,35,-1),(1085,124,0),(1086,26,1),(1086,35,-1),(1086,124,0),(1087,26,1),(1087,35,-1),(1087,124,0),(1088,26,1),(1088,35,-1),(1088,124,0),(1089,26,1),(1089,35,-1),(1089,124,0),(1090,26,1),(1090,35,-1),(1090,124,0),(1091,26,1),(1091,35,-1),(1091,124,0),(1092,26,1),(1092,35,-1),(1092,124,0),(1093,26,1),(1093,35,-1),(1093,124,0),(1094,26,1),(1094,35,-1),(1094,124,0),(1095,26,1),(1095,35,-1),(1095,124,0),(1096,26,1),(1096,35,-1),(1096,124,0),(1097,26,1),(1097,35,-1),(1097,124,0),(1098,26,1),(1098,35,-1),(1098,124,0),(1099,26,1),(1099,35,-1),(1099,124,0),(1100,26,1),(1100,35,-1),(1100,124,0),(1101,26,1),(1101,35,-1),(1101,124,0),(1102,26,1),(1102,35,-1),(1102,124,0),(1103,26,1),(1103,35,-1),(1103,124,0),(1104,26,1),(1104,35,-1),(1104,124,0),(1105,26,1),(1105,35,-1),(1105,124,0),(1106,26,1),(1106,35,-1),(1106,124,0),(1107,26,1),(1107,35,-1),(1107,124,0),(1108,26,1),(1108,35,-1),(1108,124,0),(1109,26,1),(1109,35,-1),(1109,124,0),(1110,26,1),(1110,35,-1),(1110,124,0),(1111,26,1),(1111,35,-1),(1111,124,0),(1112,26,1),(1112,35,-1),(1112,124,0),(1113,26,1),(1113,35,-1),(1113,124,0),(1114,26,1),(1114,35,-1),(1114,124,0),(1115,26,1),(1115,35,-1),(1115,124,0),(1116,26,1),(1116,35,-1),(1116,124,0),(1117,26,1),(1117,35,-1),(1117,124,0),(1118,26,1),(1118,35,-1),(1118,124,0),(1119,26,1),(1119,35,-1),(1119,124,0),(1120,26,1),(1120,35,-1),(1120,124,0),(1121,26,1),(1121,35,-1),(1121,124,0),(1122,26,1),(1122,35,-1),(1122,124,0),(1123,26,1),(1123,35,-1),(1123,124,0),(1124,26,1),(1124,35,-1),(1124,124,0),(1125,26,1),(1125,35,-1),(1125,124,0),(1126,26,1),(1126,35,-1),(1126,124,0),(1127,26,1),(1127,35,-1),(1127,124,0),(1128,26,1),(1128,35,-1),(1128,124,0),(1129,26,1),(1129,35,-1),(1129,124,0),(1130,26,1),(1130,35,-1),(1130,124,0),(1131,26,1),(1131,35,-1),(1131,124,0),(1132,26,1),(1132,35,-1),(1132,124,0),(1133,26,1),(1133,35,-1),(1133,124,0),(1134,26,1),(1134,35,-1),(1134,124,0),(1135,26,1),(1135,35,-1),(1135,124,0),(1136,26,1),(1136,35,-1),(1136,124,0),(1137,26,1),(1137,35,-1),(1137,124,0),(1138,26,1),(1138,35,-1),(1138,124,0),(1139,26,1),(1139,35,-1),(1139,124,0),(1140,26,1),(1140,35,-1),(1140,124,0),(1141,26,1),(1141,35,-1),(1141,124,0),(1142,26,1),(1142,35,-1),(1142,124,0),(1143,26,1),(1143,35,-1),(1143,124,0),(1144,26,1),(1144,35,-1),(1144,124,0),(1145,26,1),(1145,35,-1),(1145,124,0),(1146,26,1),(1146,35,-1),(1146,124,0),(1147,26,1),(1147,35,-1),(1147,124,0),(1148,26,1),(1148,35,-1),(1148,124,0),(1149,26,1),(1149,35,-1),(1149,124,0),(1150,26,1),(1150,35,-1),(1150,124,0),(1151,26,1),(1151,35,-1),(1151,124,0),(1152,26,1),(1152,35,-1),(1152,124,0),(1153,26,1),(1153,35,-1),(1153,124,0),(1154,26,1),(1154,35,-1),(1154,124,0),(1155,26,1),(1155,35,-1),(1155,124,0),(1156,26,1),(1156,35,-1),(1156,124,0),(1157,26,1),(1157,35,-1),(1157,124,0),(1158,26,1),(1158,35,-1),(1158,124,0),(1159,26,1),(1159,35,-1),(1159,124,0),(1160,26,1),(1160,35,-1),(1160,124,0),(1161,26,1),(1161,35,-1),(1161,124,0),(1162,26,1),(1162,35,-1),(1162,124,0),(1163,26,1),(1163,35,-1),(1163,124,0),(1164,26,1),(1164,35,-1),(1164,124,0),(1165,26,1),(1165,35,-1),(1165,124,0),(1166,26,1),(1166,35,-1),(1166,124,0),(1167,26,1),(1167,35,-1),(1167,124,0),(1168,26,1),(1168,35,-1),(1168,124,0),(1169,26,1),(1169,35,-1),(1169,124,0),(1170,26,1),(1170,35,-1),(1170,124,0),(1171,26,1),(1171,35,-1),(1171,124,0),(1172,26,1),(1172,35,-1),(1172,124,0),(1173,26,1),(1173,35,-1),(1173,124,0),(1174,26,1),(1174,35,-1),(1174,124,0),(1175,26,1),(1175,35,-1),(1175,124,0),(1176,26,1),(1176,35,-1),(1176,124,0),(1177,26,1),(1177,35,-1),(1177,124,0),(1178,26,1),(1178,35,-1),(1178,124,0),(1179,26,1),(1179,35,-1),(1179,124,0),(1180,26,1),(1180,35,-1),(1180,124,0),(1181,26,1),(1181,35,-1),(1181,124,0),(1182,26,1),(1182,35,-1),(1182,124,0),(1183,26,1),(1183,35,-1),(1183,124,0),(1184,26,1),(1184,35,-1),(1184,124,0),(1185,26,1),(1185,35,-1),(1185,124,0),(1186,26,1),(1186,35,-1),(1186,124,0),(1187,26,1),(1187,35,-1),(1187,124,0),(1188,26,1),(1188,35,-1),(1188,124,0),(1189,26,1),(1189,35,-1),(1189,124,0),(1190,26,1),(1190,35,-1),(1190,124,0),(1191,26,1),(1191,35,-1),(1191,124,0),(1192,26,1),(1192,35,-1),(1192,124,0),(1193,26,1),(1193,35,-1),(1193,124,0),(1194,26,1),(1194,35,-1),(1194,124,0),(1195,26,1),(1195,35,-1),(1195,124,0),(1196,26,1),(1196,35,-1),(1196,124,0),(1197,26,1),(1197,35,-1),(1197,124,0),(1198,26,1),(1198,35,-1),(1198,124,0),(1199,26,1),(1199,35,-1),(1199,124,0),(1200,26,1),(1200,35,-1),(1200,124,0),(1201,26,1),(1201,35,-1),(1201,124,0),(1202,26,1),(1202,35,-1),(1202,124,0),(1203,26,1),(1203,35,-1),(1203,124,0),(1204,26,1),(1204,35,-1),(1204,124,0),(1205,26,1),(1205,35,-1),(1205,124,0),(1206,26,1),(1206,35,-1),(1206,124,0),(1207,26,1),(1207,35,-1),(1207,124,0),(1208,26,1),(1208,35,-1),(1208,124,0),(1209,26,1),(1209,35,-1),(1209,124,0),(1210,26,1),(1210,35,-1),(1210,124,0),(1211,26,1),(1211,35,-1),(1211,124,0),(1212,26,1),(1212,35,-1),(1212,124,0),(1213,26,1),(1213,35,-1),(1213,124,0),(1214,26,1),(1214,35,-1),(1214,124,0),(1215,26,1),(1215,35,-1),(1215,124,0),(1216,26,1),(1216,35,-1),(1216,124,0),(1217,26,1),(1217,35,-1),(1217,124,0),(1218,26,1),(1218,35,-1),(1218,124,0),(1219,26,1),(1219,35,-1),(1219,124,0),(1220,26,1),(1220,35,-1),(1220,124,0),(1221,26,1),(1221,35,-1),(1221,124,0),(1222,26,1),(1222,35,-1),(1222,124,0),(1223,26,1),(1223,35,-1),(1223,124,0),(1224,26,1),(1224,35,-1),(1224,124,0),(1225,26,1),(1225,35,-1),(1225,124,0),(1226,26,1),(1226,35,-1),(1226,124,0),(1227,26,1),(1227,35,-1),(1227,124,0),(1228,26,1),(1228,35,-1),(1228,124,0),(1229,26,1),(1229,35,-1),(1229,124,0),(1230,26,1),(1230,35,-1),(1230,124,0),(1231,26,1),(1231,35,-1),(1231,124,0),(1232,26,1),(1232,35,-1),(1232,124,0),(1233,26,1),(1233,35,-1),(1233,124,0),(1234,26,1),(1234,35,-1),(1234,124,0),(1235,26,1),(1235,35,-1),(1235,124,0),(1236,26,1),(1236,35,-1),(1236,124,0),(1237,26,1),(1237,35,-1),(1237,124,0),(1238,26,1),(1238,35,-1),(1238,124,0),(1239,26,1),(1239,35,-1),(1239,124,0),(1240,26,1),(1240,35,-1),(1240,124,0),(1241,26,1),(1241,35,-1),(1241,124,0),(1242,26,1),(1242,35,-1),(1242,124,0),(1243,26,1),(1243,35,-1),(1243,124,0),(1244,26,1),(1244,35,-1),(1244,124,0),(1245,26,1),(1245,35,-1),(1245,124,0),(1246,26,1),(1246,35,-1),(1246,124,0),(1247,26,1),(1247,35,-1),(1247,124,0),(1248,26,1),(1248,35,-1),(1248,124,0),(1249,26,1),(1249,35,-1),(1249,124,0),(1250,26,1),(1250,35,-1),(1250,124,0),(1251,26,1),(1251,35,-1),(1251,124,0),(1252,26,1),(1252,35,-1),(1252,124,0),(1253,26,1),(1253,35,-1),(1253,124,0),(1254,26,1),(1254,35,-1),(1254,124,0),(1255,26,1),(1255,35,-1),(1255,124,0),(1256,26,1),(1256,35,-1),(1256,124,0),(1257,26,1),(1257,35,-1),(1257,124,0),(1258,26,1),(1258,35,-1),(1258,124,0),(1259,26,1),(1259,35,-1),(1259,124,0),(1260,26,1),(1260,35,-1),(1260,124,0),(1261,26,1),(1261,35,-1),(1261,124,0),(1262,26,1),(1262,35,-1),(1262,124,0),(1263,26,1),(1263,35,-1),(1263,124,0),(1264,26,1),(1264,35,-1),(1264,124,0),(1265,26,1),(1265,35,-1),(1265,124,0),(1266,26,1),(1266,35,-1),(1266,124,0),(1267,26,1),(1267,35,-1),(1267,124,0),(1268,26,1),(1268,35,-1),(1268,124,0),(1269,26,1),(1269,35,-1),(1269,124,0),(1270,26,1),(1270,35,-1),(1270,124,0),(1271,26,1),(1271,35,-1),(1271,124,0),(1272,26,1),(1272,35,-1),(1272,124,0),(1273,26,1),(1273,35,-1),(1273,124,0),(1274,26,1),(1274,35,-1),(1274,124,0),(1275,26,1),(1275,35,-1),(1275,124,0),(1276,26,1),(1276,35,-1),(1276,124,0),(1277,26,1),(1277,35,-1),(1277,124,0),(1278,26,1),(1278,35,-1),(1278,124,0),(1279,26,1),(1279,35,-1),(1279,124,0),(1280,26,1),(1280,35,-1),(1280,124,0),(1281,26,1),(1281,35,-1),(1281,124,0),(1282,26,1),(1282,35,-1),(1282,124,0),(1283,26,1),(1283,35,-1),(1283,124,0),(1284,26,1),(1284,35,-1),(1284,124,0),(1285,26,1),(1285,35,-1),(1285,124,0),(1286,26,1),(1286,35,-1),(1286,124,0),(1287,26,1),(1287,35,-1),(1287,124,0),(1288,26,1),(1288,35,-1),(1288,124,0),(1289,26,1),(1289,35,-1),(1289,124,0),(1290,26,1),(1290,35,-1),(1290,124,0),(1291,26,1),(1291,35,-1),(1291,124,0),(1292,10,-1),(1292,26,2),(1292,35,0),(1292,124,1),(1293,26,1),(1293,35,-1),(1293,124,0),(1294,26,1),(1294,35,-1),(1294,124,0),(1295,26,1),(1295,35,-1),(1295,124,0),(1296,26,1),(1296,35,-1),(1296,124,0),(1297,26,1),(1297,35,-1),(1297,124,0),(1298,26,1),(1298,35,-1),(1298,124,0),(1299,26,1),(1299,35,-1),(1299,124,0),(1300,26,1),(1300,35,-1),(1300,124,0),(1301,26,1),(1301,35,-1),(1301,124,0),(1302,26,1),(1302,35,-1),(1302,124,0),(1303,26,1),(1303,35,-1),(1303,124,0),(1304,26,1),(1304,35,-1),(1304,124,0),(1305,26,1),(1305,35,-1),(1305,124,0),(1306,26,1),(1306,35,-1),(1306,124,0),(1307,26,1),(1307,35,-1),(1307,124,0),(1308,26,1),(1308,35,-1),(1308,124,0),(1309,26,1),(1309,35,-1),(1309,124,0),(1310,26,1),(1310,35,-1),(1310,124,0),(1311,26,1),(1311,35,-1),(1311,124,0),(1312,26,1),(1312,35,-1),(1312,124,0),(1313,26,1),(1313,35,-1),(1313,124,0),(1314,26,1),(1314,35,-1),(1314,124,0),(1315,26,1),(1315,35,-1),(1315,124,0),(1316,26,1),(1316,35,-1),(1316,124,0),(1317,26,1),(1317,35,-1),(1317,124,0),(1318,26,1),(1318,35,-1),(1318,124,0),(1319,26,1),(1319,35,-1),(1319,124,0),(1320,26,1),(1320,35,-1),(1320,124,0),(1321,26,1),(1321,35,-1),(1321,124,0),(1322,26,1),(1322,35,-1),(1322,124,0),(1323,26,1),(1323,35,-1),(1323,124,0),(1324,26,1),(1324,35,-1),(1324,124,0),(1325,26,1),(1325,35,-1),(1325,124,0),(1326,26,1),(1326,35,-1),(1326,124,0),(1327,26,1),(1327,35,-1),(1327,124,0),(1328,26,1),(1328,35,-1),(1328,124,0),(1329,26,1),(1329,35,-1),(1329,124,0),(1330,26,1),(1330,35,-1),(1330,124,0),(1331,26,1),(1331,35,-1),(1331,124,0),(1332,26,1),(1332,35,-1),(1332,124,0),(1333,26,1),(1333,35,-1),(1333,124,0),(1334,26,1),(1334,35,-1),(1334,124,0),(1335,26,1),(1335,35,-1),(1335,124,0),(1336,26,1),(1336,35,-1),(1336,124,0),(1337,26,1),(1337,35,-1),(1337,124,0),(1338,26,1),(1338,35,-1),(1338,124,0),(1339,26,1),(1339,35,-1),(1339,124,0),(1340,26,1),(1340,35,-1),(1340,124,0),(1341,26,1),(1341,35,-1),(1341,124,0),(1342,26,1),(1342,35,-1),(1342,124,0),(1343,26,1),(1343,35,-1),(1343,124,0),(1344,26,1),(1344,35,-1),(1344,124,0),(1345,26,1),(1345,35,-1),(1345,124,0),(1346,26,1),(1346,35,-1),(1346,124,0),(1347,26,1),(1347,35,-1),(1347,124,0),(1348,26,1),(1348,35,-1),(1348,124,0),(1349,26,1),(1349,35,-1),(1349,124,0),(1350,26,1),(1350,35,-1),(1350,124,0),(1351,26,1),(1351,35,-1),(1351,124,0),(1352,26,1),(1352,35,-1),(1352,124,0),(1353,26,1),(1353,35,-1),(1353,124,0),(1354,26,1),(1354,35,-1),(1354,124,0),(1355,26,1),(1355,35,-1),(1355,124,0),(1356,26,1),(1356,35,-1),(1356,124,0),(1357,26,1),(1357,35,-1),(1357,124,0),(1358,26,1),(1358,35,-1),(1358,124,0),(1359,26,1),(1359,35,-1),(1359,124,0),(1360,26,1),(1360,35,-1),(1360,124,0),(1361,26,1),(1361,35,-1),(1361,124,0),(1362,26,1),(1362,35,-1),(1362,124,0),(1363,26,1),(1363,35,-1),(1363,124,0),(1364,26,1),(1364,35,-1),(1364,124,0),(1365,26,1),(1365,35,-1),(1365,124,0),(1366,26,1),(1366,35,-1),(1366,124,0),(1367,26,1),(1367,35,-1),(1367,124,0),(1368,26,1),(1368,35,-1),(1368,124,0),(1369,26,1),(1369,35,-1),(1369,124,0),(1370,26,1),(1370,35,-1),(1370,124,0),(1371,26,1),(1371,35,-1),(1371,124,0),(1372,26,1),(1372,35,-1),(1372,124,0),(1373,26,1),(1373,35,-1),(1373,124,0),(1374,26,1),(1374,35,-1),(1374,124,0),(1375,26,1),(1375,35,-1),(1375,124,0),(1376,26,1),(1376,35,-1),(1376,124,0),(1377,26,1),(1377,35,-1),(1377,124,0),(1378,26,1),(1378,35,-1),(1378,124,0),(1379,26,1),(1379,35,-1),(1379,124,0),(1380,26,1),(1380,35,-1),(1380,124,0),(1381,26,1),(1381,35,-1),(1381,124,0),(1382,26,1),(1382,35,-1),(1382,124,0),(1383,26,1),(1383,35,-1),(1383,124,0),(1384,26,1),(1384,35,-1),(1384,124,0),(1385,26,1),(1385,35,-1),(1385,124,0),(1386,26,1),(1386,35,-1),(1386,124,0),(1387,26,1),(1387,35,-1),(1387,124,0),(1388,26,1),(1388,35,-1),(1388,124,0),(1389,26,1),(1389,35,-1),(1389,124,0),(1390,26,1),(1390,35,-1),(1390,124,0),(1391,26,1),(1391,35,-1),(1391,124,0),(1392,26,1),(1392,35,-1),(1392,124,0),(1393,26,1),(1393,35,-1),(1393,124,0),(1394,26,1),(1394,35,-1),(1394,124,0),(1395,26,1),(1395,35,-1),(1395,124,0),(1396,26,1),(1396,35,-1),(1396,124,0),(1397,26,1),(1397,35,-1),(1397,124,0),(1398,26,1),(1398,35,-1),(1398,124,0),(1399,26,1),(1399,35,-1),(1399,124,0),(1400,26,1),(1400,35,-1),(1400,124,0),(1401,26,1),(1401,35,-1),(1401,124,0),(1402,26,1),(1402,35,-1),(1402,124,0),(1403,26,1),(1403,35,-1),(1403,124,0),(1404,26,1),(1404,35,-1),(1404,124,0),(1405,26,1),(1405,35,-1),(1405,124,0),(1406,26,1),(1406,35,-1),(1406,124,0),(1407,26,1),(1407,35,-1),(1407,124,0),(1408,26,1),(1408,35,-1),(1408,124,0),(1409,26,1),(1409,35,-1),(1409,124,0),(1410,26,1),(1410,35,-1),(1410,124,0),(1411,26,1),(1411,35,-1),(1411,124,0),(1412,26,1),(1412,35,-1),(1412,124,0),(1413,26,1),(1413,35,-1),(1413,124,0),(1414,26,1),(1414,35,-1),(1414,124,0),(1415,26,1),(1415,35,-1),(1415,124,0),(1416,26,1),(1416,35,-1),(1416,124,0),(1417,26,1),(1417,35,-1),(1417,124,0),(1418,26,1),(1418,35,-1),(1418,124,0),(1419,26,1),(1419,35,-1),(1419,124,0),(1420,26,1),(1420,35,-1),(1420,124,0),(1421,26,1),(1421,35,-1),(1421,124,0),(1422,26,1),(1422,35,-1),(1422,124,0),(1423,26,1),(1423,35,-1),(1423,124,0),(1424,26,1),(1424,35,-1),(1424,124,0),(1425,26,1),(1425,35,-1),(1425,124,0),(1426,26,1),(1426,35,-1),(1426,124,0),(1427,26,1),(1427,35,-1),(1427,124,0),(1428,26,1),(1428,35,-1),(1428,124,0),(1429,26,1),(1429,35,-1),(1429,124,0),(1430,26,1),(1430,35,-1),(1430,124,0),(1431,26,1),(1431,35,-1),(1431,124,0),(1432,26,1),(1432,35,-1),(1432,124,0),(1433,26,1),(1433,35,-1),(1433,124,0),(1434,26,1),(1434,35,-1),(1434,124,0),(1435,26,1),(1435,35,-1),(1435,124,0),(1436,26,1),(1436,35,-1),(1436,124,0),(1437,26,1),(1437,35,-1),(1437,124,0),(1438,26,1),(1438,35,-1),(1438,124,0),(1439,26,1),(1439,35,-1),(1439,124,0),(1440,26,1),(1440,35,-1),(1440,124,0),(1441,26,1),(1441,35,-1),(1441,124,0),(1442,26,1),(1442,35,-1),(1442,124,0),(1443,26,1),(1443,35,-1),(1443,124,0),(1444,26,1),(1444,35,-1),(1444,124,0),(1445,26,1),(1445,35,-1),(1445,124,0),(1446,26,1),(1446,35,-1),(1446,124,0),(1447,26,1),(1447,35,-1),(1447,124,0),(1448,26,1),(1448,35,-1),(1448,124,0),(1449,26,1),(1449,35,-1),(1449,124,0),(1450,26,1),(1450,35,-1),(1450,124,0),(1451,26,1),(1451,35,-1),(1451,124,0),(1452,26,1),(1452,35,-1),(1452,124,0),(1453,26,1),(1453,35,-1),(1453,124,0),(1454,26,1),(1454,35,-1),(1454,124,0),(1455,26,1),(1455,35,-1),(1455,124,0),(1456,26,1),(1456,35,-1),(1456,124,0),(1457,26,1),(1457,35,-1),(1457,124,0),(1458,26,1),(1458,35,-1),(1458,124,0),(1459,26,1),(1459,35,-1),(1459,124,0),(1460,26,1),(1460,35,-1),(1460,124,0),(1461,26,1),(1461,35,-1),(1461,124,0),(1462,26,1),(1462,35,-1),(1462,124,0),(1463,26,1),(1463,35,-1),(1463,124,0),(1464,26,1),(1464,35,-1),(1464,124,0),(1465,26,1),(1465,35,-1),(1465,124,0),(1466,26,1),(1466,35,-1),(1466,124,0),(1467,26,1),(1467,35,-1),(1467,124,0),(1468,26,1),(1468,35,-1),(1468,124,0),(1469,26,1),(1469,35,-1),(1469,124,0),(1470,26,1),(1470,35,-1),(1470,124,0),(1471,26,1),(1471,35,-1),(1471,124,0),(1472,26,1),(1472,35,-1),(1472,124,0),(1473,26,1),(1473,35,-1),(1473,124,0),(1474,26,1),(1474,35,-1),(1474,124,0),(1475,26,1),(1475,35,-1),(1475,124,0),(1476,26,1),(1476,35,-1),(1476,124,0),(1477,26,1),(1477,35,-1),(1477,124,0),(1478,26,1),(1478,35,-1),(1478,124,0),(1479,26,1),(1479,35,-1),(1479,124,0),(1480,26,1),(1480,35,-1),(1480,124,0),(1481,26,1),(1481,35,-1),(1481,124,0),(1482,26,1),(1482,35,-1),(1482,124,0),(1483,26,1),(1483,35,-1),(1483,124,0),(1484,26,1),(1484,35,-1),(1484,124,0),(1485,26,1),(1485,35,-1),(1485,124,0),(1486,26,1),(1486,35,-1),(1486,124,0),(1487,26,1),(1487,35,-1),(1487,124,0),(1488,26,1),(1488,35,-1),(1488,124,0),(1489,26,1),(1489,35,-1),(1489,124,0),(1490,26,1),(1490,35,-1),(1490,124,0),(1491,26,1),(1491,35,-1),(1491,124,0),(1492,26,1),(1492,35,-1),(1492,124,0),(1493,26,1),(1493,35,-1),(1493,124,0),(1494,26,1),(1494,35,-1),(1494,124,0),(1495,26,1),(1495,35,-1),(1495,124,0),(1496,26,1),(1496,35,-1),(1496,124,0),(1497,26,1),(1497,35,-1),(1497,124,0),(1498,26,1),(1498,35,-1),(1498,124,0),(1499,26,1),(1499,35,-1),(1499,124,0),(1500,26,1),(1500,35,-1),(1500,124,0),(1501,26,1),(1501,35,-1),(1501,124,0),(1502,26,1),(1502,35,-1),(1502,124,0),(1503,26,1),(1503,35,-1),(1503,124,0),(1504,26,1),(1504,35,-1),(1504,124,0),(1505,26,1),(1505,35,-1),(1505,124,0),(1506,26,1),(1506,35,-1),(1506,124,0),(1507,26,1),(1507,35,-1),(1507,124,0),(1508,26,1),(1508,35,-1),(1508,124,0),(1509,26,1),(1509,35,-1),(1509,124,0),(1510,26,1),(1510,35,-1),(1510,124,0),(1511,26,1),(1511,35,-1),(1511,124,0),(1512,26,1),(1512,35,-1),(1512,124,0),(1513,26,1),(1513,35,-1),(1513,124,0),(1514,26,1),(1514,35,-1),(1514,124,0),(1515,26,1),(1515,35,-1),(1515,124,0),(1516,26,1),(1516,35,-1),(1516,124,0),(1517,26,1),(1517,35,-1),(1517,124,0),(1518,26,1),(1518,35,-1),(1518,124,0),(1519,26,1),(1519,35,-1),(1519,124,0),(1520,26,1),(1520,35,-1),(1520,124,0),(1521,26,1),(1521,35,-1),(1521,124,0),(1522,26,1),(1522,35,-1),(1522,124,0),(1523,26,1),(1523,35,-1),(1523,124,0),(1524,26,1),(1524,35,-1),(1524,124,0),(1525,26,1),(1525,35,-1),(1525,124,0),(1526,26,1),(1526,35,-1),(1526,124,0),(1527,26,1),(1527,35,-1),(1527,124,0),(1528,26,1),(1528,35,-1),(1528,124,0),(1529,26,1),(1529,35,-1),(1529,124,0),(1530,26,1),(1530,35,-1),(1530,124,0),(1531,26,1),(1531,35,-1),(1531,124,0),(1532,26,1),(1532,35,-1),(1532,124,0),(1533,26,1),(1533,35,-1),(1533,124,0),(1534,26,1),(1534,35,-1),(1534,124,0),(1535,26,1),(1535,35,-1),(1535,124,0),(1536,26,1),(1536,35,-1),(1536,124,0),(1537,26,1),(1537,35,-1),(1537,124,0),(1538,26,1),(1538,35,-1),(1538,124,0),(1539,26,1),(1539,35,-1),(1539,124,0),(1540,26,1),(1540,35,-1),(1540,124,0),(1541,26,1),(1541,35,-1),(1541,124,0),(1542,26,1),(1542,35,-1),(1542,124,0),(1543,26,1),(1543,35,-1),(1543,124,0),(1544,26,1),(1544,35,-1),(1544,124,0),(1545,26,1),(1545,35,-1),(1545,124,0),(1546,26,1),(1546,35,-1),(1546,124,0),(1547,26,1),(1547,35,-1),(1547,124,0),(1548,26,1),(1548,35,-1),(1548,124,0),(1549,26,1),(1549,35,-1),(1549,124,0),(1550,26,1),(1550,35,-1),(1550,124,0),(1551,26,1),(1551,35,-1),(1551,124,0),(1552,26,1),(1552,35,-1),(1552,124,0),(1553,26,1),(1553,35,-1),(1553,124,0),(1554,26,1),(1554,35,-1),(1554,124,0),(1555,26,1),(1555,35,-1),(1555,124,0),(1556,26,1),(1556,35,-1),(1556,124,0),(1557,26,1),(1557,35,-1),(1557,124,0),(1558,26,1),(1558,35,-1),(1558,124,0),(1559,26,1),(1559,35,-1),(1559,124,0),(1560,26,1),(1560,35,-1),(1560,124,0),(1561,26,1),(1561,35,-1),(1561,124,0),(1562,26,1),(1562,35,-1),(1562,124,0),(1563,26,1),(1563,35,-1),(1563,124,0),(1564,26,1),(1564,35,-1),(1564,124,0),(1565,26,1),(1565,35,-1),(1565,124,0),(1566,26,1),(1566,35,-1),(1566,124,0),(1567,26,1),(1567,35,-1),(1567,124,0),(1568,26,1),(1568,35,-1),(1568,124,0),(1569,26,1),(1569,35,-1),(1569,124,0),(1570,26,1),(1570,35,-1),(1570,124,0),(1571,26,1),(1571,35,-1),(1571,124,0),(1572,26,1),(1572,35,-1),(1572,124,0),(1573,26,1),(1573,35,-1),(1573,124,0),(1574,26,1),(1574,35,-1),(1574,124,0),(1575,26,1),(1575,35,-1),(1575,124,0),(1576,26,1),(1576,35,-1),(1576,124,0),(1577,26,1),(1577,35,-1),(1577,124,0),(1578,26,1),(1578,35,-1),(1578,124,0),(1579,26,1),(1579,35,-1),(1579,124,0),(1580,26,1),(1580,35,-1),(1580,124,0),(1581,26,1),(1581,35,-1),(1581,124,0),(1582,26,1),(1582,35,-1),(1582,124,0),(1583,26,1),(1583,35,-1),(1583,124,0),(1584,26,1),(1584,35,-1),(1584,124,0),(1585,26,1),(1585,35,-1),(1585,124,0),(1586,26,1),(1586,35,-1),(1586,124,0),(1587,26,1),(1587,35,-1),(1587,124,0),(1588,26,1),(1588,35,-1),(1588,124,0),(1589,26,1),(1589,35,-1),(1589,124,0),(1590,26,1),(1590,35,-1),(1590,124,0),(1591,26,1),(1591,35,-1),(1591,124,0),(1592,26,1),(1592,35,-1),(1592,124,0),(1593,26,1),(1593,35,-1),(1593,124,0),(1594,26,1),(1594,35,-1),(1594,124,0),(1595,26,1),(1595,35,-1),(1595,124,0),(1596,26,1),(1596,35,-1),(1596,124,0),(1597,26,1),(1597,35,-1),(1597,124,0),(1598,26,1),(1598,35,-1),(1598,124,0),(1599,26,1),(1599,35,-1),(1599,124,0),(1600,26,1),(1600,35,-1),(1600,124,0),(1601,26,1),(1601,35,-1),(1601,124,0),(1602,26,1),(1602,35,-1),(1602,124,0),(1603,26,1),(1603,35,-1),(1603,124,0),(1604,26,1),(1604,35,-1),(1604,124,0),(1605,26,1),(1605,35,-1),(1605,124,0),(1606,26,1),(1606,35,-1),(1606,124,0),(1607,26,1),(1607,35,-1),(1607,124,0),(1608,26,1),(1608,35,-1),(1608,124,0),(1609,26,1),(1609,35,-1),(1609,124,0),(1610,26,1),(1610,35,-1),(1610,124,0),(1611,26,1),(1611,35,-1),(1611,124,0),(1612,26,1),(1612,35,-1),(1612,124,0),(1613,26,1),(1613,35,-1),(1613,124,0),(1614,26,1),(1614,35,-1),(1614,124,0),(1615,26,1),(1615,35,-1),(1615,124,0),(1616,26,1),(1616,35,-1),(1616,124,0),(1617,26,1),(1617,35,-1),(1617,124,0),(1618,26,1),(1618,35,-1),(1618,124,0),(1619,26,1),(1619,35,-1),(1619,124,0),(1620,26,1),(1620,35,-1),(1620,124,0),(1621,26,1),(1621,35,-1),(1621,124,0),(1622,26,1),(1622,35,-1),(1622,124,0),(1623,26,1),(1623,35,-1),(1623,124,0),(1624,26,1),(1624,35,-1),(1624,124,0),(1625,26,1),(1625,35,-1),(1625,124,0),(1626,26,1),(1626,35,-1),(1626,124,0),(1627,26,1),(1627,35,-1),(1627,124,0),(1628,26,1),(1628,35,-1),(1628,124,0),(1629,26,1),(1629,35,-1),(1629,124,0),(1630,26,1),(1630,35,-1),(1630,124,0),(1631,26,1),(1631,35,-1),(1631,124,0),(1632,26,1),(1632,35,-1),(1632,124,0),(1633,26,1),(1633,35,-1),(1633,124,0),(1634,26,1),(1634,35,-1),(1634,124,0),(1635,26,1),(1635,35,-1),(1635,124,0),(1636,26,1),(1636,35,-1),(1636,124,0),(1637,26,1),(1637,35,-1),(1637,124,0),(1638,26,1),(1638,35,-1),(1638,124,0),(1639,26,1),(1639,35,-1),(1639,124,0),(1640,26,1),(1640,35,-1),(1640,124,0),(1641,26,1),(1641,35,-1),(1641,124,0),(1642,26,1),(1642,35,-1),(1642,124,0),(1643,26,1),(1643,35,-1),(1643,124,0),(1644,26,1),(1644,35,-1),(1644,124,0),(1645,26,1),(1645,35,-1),(1645,124,0),(1646,26,1),(1646,35,-1),(1646,124,0),(1647,26,1),(1647,35,-1),(1647,124,0),(1648,26,1),(1648,35,-1),(1648,124,0),(1649,26,1),(1649,35,-1),(1649,124,0),(1650,26,1),(1650,35,-1),(1650,124,0),(1651,26,1),(1651,35,-1),(1651,124,0),(1652,26,1),(1652,35,-1),(1652,124,0),(1653,26,1),(1653,35,-1),(1653,124,0),(1654,26,1),(1654,35,-1),(1654,124,0),(1655,26,1),(1655,35,-1),(1655,124,0),(1656,26,1),(1656,35,-1),(1656,124,0),(1657,26,1),(1657,35,-1),(1657,124,0),(1658,26,1),(1658,35,-1),(1658,124,0),(1659,26,1),(1659,35,-1),(1659,124,0),(1660,26,1),(1660,35,-1),(1660,124,0),(1661,26,1),(1661,35,-1),(1661,124,0),(1662,26,1),(1662,35,-1),(1662,124,0),(1663,26,1),(1663,35,-1),(1663,124,0),(1664,26,1),(1664,35,-1),(1664,124,0),(1665,26,1),(1665,35,-1),(1665,124,0),(1666,26,1),(1666,35,-1),(1666,124,0),(1667,26,1),(1667,35,-1),(1667,124,0),(1668,26,1),(1668,35,-1),(1668,124,0),(1669,26,1),(1669,35,-1),(1669,124,0),(1670,26,1),(1670,35,-1),(1670,124,0),(1671,26,1),(1671,35,-1),(1671,124,0),(1672,26,1),(1672,35,-1),(1672,124,0),(1673,26,1),(1673,35,-1),(1673,124,0),(1674,26,1),(1674,35,-1),(1674,124,0),(1675,26,1),(1675,35,-1),(1675,124,0),(1676,26,1),(1676,35,-1),(1676,124,0),(1677,26,1),(1677,35,-1),(1677,124,0),(1678,26,1),(1678,35,-1),(1678,124,0),(1679,26,1),(1679,35,-1),(1679,124,0),(1680,26,1),(1680,35,-1),(1680,124,0),(1681,26,1),(1681,35,-1),(1681,124,0),(1682,26,1),(1682,35,-1),(1682,124,0),(1683,26,1),(1683,35,-1),(1683,124,0),(1684,26,1),(1684,35,-1),(1684,124,0),(1685,26,1),(1685,35,-1),(1685,124,0),(1686,26,1),(1686,35,-1),(1686,124,0),(1687,26,1),(1687,35,-1),(1687,124,0),(1688,26,1),(1688,35,-1),(1688,124,0),(1689,26,1),(1689,35,-1),(1689,124,0),(1690,26,1),(1690,35,-1),(1690,124,0),(1691,26,1),(1691,35,-1),(1691,124,0),(1692,26,1),(1692,35,-1),(1692,124,0),(1693,26,1),(1693,35,-1),(1693,124,0),(1694,26,1),(1694,35,-1),(1694,124,0),(1695,26,1),(1695,35,-1),(1695,124,0),(1696,26,1),(1696,35,-1),(1696,124,0),(1697,26,1),(1697,35,-1),(1697,124,0),(1698,26,1),(1698,35,-1),(1698,124,0),(1699,26,1),(1699,35,-1),(1699,124,0),(1700,26,1),(1700,35,-1),(1700,124,0),(1701,26,1),(1701,35,-1),(1701,124,0),(1702,26,1),(1702,35,-1),(1702,124,0),(1703,26,1),(1703,35,-1),(1703,124,0),(1704,26,1),(1704,35,-1),(1704,124,0),(1705,26,1),(1705,35,-1),(1705,124,0),(1706,26,1),(1706,35,-1),(1706,124,0),(1707,26,1),(1707,35,-1),(1707,124,0),(1708,26,1),(1708,35,-1),(1708,124,0),(1709,26,1),(1709,35,-1),(1709,124,0),(1710,26,1),(1710,35,-1),(1710,124,0),(1711,26,1),(1711,35,-1),(1711,124,0),(1712,26,1),(1712,35,-1),(1712,124,0),(1713,26,1),(1713,35,-1),(1713,124,0),(1714,26,1),(1714,35,-1),(1714,124,0),(1715,26,1),(1715,35,-1),(1715,124,0),(1716,26,1),(1716,35,-1),(1716,124,0),(1717,26,1),(1717,35,-1),(1717,124,0),(1718,26,1),(1718,35,-1),(1718,124,0),(1719,26,1),(1719,35,-1),(1719,124,0),(1720,26,1),(1720,35,-1),(1720,124,0),(1721,26,1),(1721,35,-1),(1721,124,0),(1722,26,1),(1722,35,-1),(1722,124,0),(1723,26,1),(1723,35,-1),(1723,124,0),(1724,26,1),(1724,35,-1),(1724,124,0),(1725,26,1),(1725,35,-1),(1725,124,0),(1726,26,1),(1726,35,-1),(1726,124,0),(1727,26,1),(1727,35,-1),(1727,124,0),(1728,26,1),(1728,35,-1),(1728,124,0),(1729,26,1),(1729,35,-1),(1729,124,0),(1730,26,1),(1730,35,-1),(1730,124,0),(1731,26,1),(1731,35,-1),(1731,124,0),(1732,26,1),(1732,35,-1),(1732,124,0),(1733,26,1),(1733,35,-1),(1733,124,0),(1734,26,1),(1734,35,-1),(1734,124,0),(1735,26,1),(1735,35,-1),(1735,124,0),(1736,26,1),(1736,35,-1),(1736,124,0),(1737,26,1),(1737,35,-1),(1737,124,0),(1738,26,1),(1738,35,-1),(1738,124,0),(1739,26,1),(1739,35,-1),(1739,124,0),(1740,26,1),(1740,35,-1),(1740,124,0),(1741,26,1),(1741,35,-1),(1741,124,0),(1742,26,1),(1742,35,-1),(1742,124,0),(1743,26,1),(1743,35,-1),(1743,124,0),(1744,26,1),(1744,35,-1),(1744,124,0),(1745,26,1),(1745,35,-1),(1745,124,0),(1746,26,1),(1746,35,-1),(1746,124,0),(1747,26,1),(1747,35,-1),(1747,124,0),(1748,26,1),(1748,35,-1),(1748,124,0),(1749,26,1),(1749,35,-1),(1749,124,0),(1750,26,1),(1750,35,-1),(1750,124,0),(1751,26,1),(1751,35,-1),(1751,124,0),(1752,26,1),(1752,35,-1),(1752,124,0),(1753,26,1),(1753,35,-1),(1753,124,0),(1754,26,1),(1754,35,-1),(1754,124,0),(1755,26,1),(1755,35,-1),(1755,124,0),(1756,26,1),(1756,35,-1),(1756,124,0),(1757,26,1),(1757,35,-1),(1757,124,0),(1758,26,1),(1758,35,-1),(1758,124,0),(1759,26,1),(1759,35,-1),(1759,124,0),(1760,26,1),(1760,35,-1),(1760,124,0),(1761,26,1),(1761,35,-1),(1761,124,0),(1762,26,1),(1762,35,-1),(1762,124,0),(1763,26,1),(1763,35,-1),(1763,124,0),(1764,26,1),(1764,35,-1),(1764,124,0),(1765,26,1),(1765,35,-1),(1765,124,0),(1766,26,1),(1766,35,-1),(1766,124,0),(1767,26,1),(1767,35,-1),(1767,124,0),(1768,26,1),(1768,35,-1),(1768,124,0),(1769,26,1),(1769,35,-1),(1769,124,0),(1770,26,1),(1770,35,-1),(1770,124,0),(1771,26,1),(1771,35,-1),(1771,124,0),(1772,26,1),(1772,35,-1),(1772,124,0),(1773,26,1),(1773,35,-1),(1773,124,0),(1774,26,1),(1774,35,-1),(1774,124,0),(1775,26,1),(1775,35,-1),(1775,124,0),(1776,26,1),(1776,35,-1),(1776,124,0),(1777,26,1),(1777,35,-1),(1777,124,0),(1778,26,1),(1778,35,-1),(1778,124,0),(1779,26,1),(1779,35,-1),(1779,124,0),(1780,26,1),(1780,35,-1),(1780,124,0),(1781,26,1),(1781,35,-1),(1781,124,0),(1782,26,1),(1782,35,-1),(1782,124,0),(1783,26,1),(1783,35,-1),(1783,124,0),(1784,26,1),(1784,35,-1),(1784,124,0),(1785,26,1),(1785,35,-1),(1785,124,0),(1786,26,1),(1786,35,-1),(1786,124,0),(1787,26,1),(1787,35,-1),(1787,124,0),(1788,26,1),(1788,35,-1),(1788,124,0),(1789,26,1),(1789,35,-1),(1789,124,0),(1790,26,1),(1790,35,-1),(1790,124,0),(1791,26,1),(1791,35,-1),(1791,124,0),(1792,26,1),(1792,35,-1),(1792,124,0),(1793,26,1),(1793,35,-1),(1793,124,0),(1794,26,1),(1794,35,-1),(1794,124,0),(1795,26,1),(1795,35,-1),(1795,124,0),(1796,26,1),(1796,35,-1),(1796,124,0),(1797,26,1),(1797,35,-1),(1797,124,0),(1798,26,1),(1798,35,-1),(1798,124,0),(1799,26,1),(1799,35,-1),(1799,124,0),(1800,26,1),(1800,35,-1),(1800,124,0),(1801,26,1),(1801,35,-1),(1801,124,0),(1802,26,1),(1802,35,-1),(1802,124,0),(1803,26,1),(1803,35,-1),(1803,124,0),(1804,26,1),(1804,35,-1),(1804,124,0),(1805,26,1),(1805,35,-1),(1805,124,0),(1806,26,1),(1806,35,-1),(1806,124,0),(1807,26,1),(1807,35,-1),(1807,124,0),(1808,26,1),(1808,35,-1),(1808,124,0),(1809,26,1),(1809,35,-1),(1809,124,0),(1810,26,1),(1810,35,-1),(1810,124,0),(1811,26,1),(1811,35,-1),(1811,124,0),(1812,26,1),(1812,35,-1),(1812,124,0),(1813,26,1),(1813,35,-1),(1813,124,0),(1814,26,1),(1814,35,-1),(1814,124,0),(1815,26,1),(1815,35,-1),(1815,124,0),(1816,26,1),(1816,35,-1),(1816,124,0),(1817,26,1),(1817,35,-1),(1817,124,0),(1818,26,1),(1818,35,-1),(1818,124,0),(1819,26,1),(1819,35,-1),(1819,124,0),(1820,26,1),(1820,35,-1),(1820,124,0),(1821,26,1),(1821,35,-1),(1821,124,0),(1822,26,1),(1822,35,-1),(1822,124,0),(1823,26,1),(1823,35,-1),(1823,124,0),(1824,26,1),(1824,35,-1),(1824,124,0),(1825,26,1),(1825,35,-1),(1825,124,0),(1826,26,1),(1826,35,-1),(1826,124,0),(1827,26,1),(1827,35,-1),(1827,124,0),(1828,26,1),(1828,35,-1),(1828,124,0),(1829,26,1),(1829,35,-1),(1829,124,0),(1830,26,1),(1830,35,-1),(1830,124,0),(1831,26,1),(1831,35,-1),(1831,124,0),(1832,26,1),(1832,35,-1),(1832,124,0),(1833,26,1),(1833,35,-1),(1833,124,0),(1834,26,1),(1834,35,-1),(1834,124,0),(1835,26,1),(1835,35,-1),(1835,124,0),(1836,26,1),(1836,35,-1),(1836,124,0),(1837,26,1),(1837,35,-1),(1837,124,0),(1838,26,1),(1838,35,-1),(1838,124,0),(1839,26,1),(1839,35,-1),(1839,124,0),(1840,26,1),(1840,35,-1),(1840,124,0),(1841,26,1),(1841,35,-1),(1841,124,0),(1842,26,1),(1842,35,-1),(1842,124,0),(1843,26,1),(1843,35,-1),(1843,124,0),(1844,26,1),(1844,35,-1),(1844,124,0),(1845,26,1),(1845,35,-1),(1845,124,0),(1846,26,1),(1846,35,-1),(1846,124,0),(1847,26,1),(1847,35,-1),(1847,124,0),(1848,26,1),(1848,35,-1),(1848,124,0),(1849,26,1),(1849,35,-1),(1849,124,0),(1850,26,1),(1850,35,-1),(1850,124,0),(1851,26,1),(1851,35,-1),(1851,124,0),(1852,26,1),(1852,35,-1),(1852,124,0),(1853,26,1),(1853,35,-1),(1853,124,0),(1854,26,1),(1854,35,-1),(1854,124,0),(1855,26,1),(1855,35,-1),(1855,124,0),(1856,26,1),(1856,35,-1),(1856,124,0),(1857,26,1),(1857,35,-1),(1857,124,0),(1858,26,1),(1858,35,-1),(1858,124,0),(1859,26,1),(1859,35,-1),(1859,124,0),(1860,26,1),(1860,35,-1),(1860,124,0),(1861,26,1),(1861,35,-1),(1861,124,0),(1862,26,1),(1862,35,-1),(1862,124,0),(1863,26,1),(1863,35,-1),(1863,124,0),(1864,26,1),(1864,35,-1),(1864,124,0),(1865,26,1),(1865,35,-1),(1865,124,0),(1866,26,1),(1866,35,-1),(1866,124,0),(1867,26,1),(1867,35,-1),(1867,124,0),(1868,26,1),(1868,35,-1),(1868,124,0),(1869,26,1),(1869,35,-1),(1869,124,0),(1870,26,1),(1870,35,-1),(1870,124,0),(1871,26,1),(1871,35,-1),(1871,124,0),(1872,26,1),(1872,35,-1),(1872,124,0),(1873,26,1),(1873,35,-1),(1873,124,0),(1874,26,1),(1874,35,-1),(1874,124,0),(1875,26,1),(1875,35,-1),(1875,124,0),(1876,26,1),(1876,35,-1),(1876,124,0),(1877,26,1),(1877,35,-1),(1877,124,0),(1878,26,1),(1878,35,-1),(1878,124,0),(1879,26,1),(1879,35,-1),(1879,124,0),(1880,26,1),(1880,35,-1),(1880,124,0),(1881,26,1),(1881,35,-1),(1881,124,0),(1882,26,1),(1882,35,-1),(1882,124,0),(1883,26,1),(1883,35,-1),(1883,124,0),(1884,26,1),(1884,35,-1),(1884,124,0),(1885,26,1),(1885,35,-1),(1885,124,0),(1886,26,1),(1886,35,-1),(1886,124,0),(1887,26,1),(1887,35,-1),(1887,124,0),(1888,26,1),(1888,35,-1),(1888,124,0),(1889,26,1),(1889,35,-1),(1889,124,0),(1890,26,1),(1890,35,-1),(1890,124,0),(1891,26,1),(1891,35,-1),(1891,124,0),(1892,26,1),(1892,35,-1),(1892,124,0),(1893,26,1),(1893,35,-1),(1893,124,0),(1894,26,1),(1894,35,-1),(1894,124,0),(1895,26,1),(1895,35,-1),(1895,124,0),(1896,26,1),(1896,35,-1),(1896,124,0),(1897,26,1),(1897,35,-1),(1897,124,0),(1898,26,1),(1898,35,-1),(1898,124,0),(1899,26,1),(1899,35,-1),(1899,124,0),(1900,26,1),(1900,35,-1),(1900,124,0),(1901,26,1),(1901,35,-1),(1901,124,0),(1902,26,1),(1902,35,-1),(1902,124,0),(1903,26,1),(1903,35,-1),(1903,124,0),(1904,26,1),(1904,35,-1),(1904,124,0),(1905,26,1),(1905,35,-1),(1905,124,0),(1906,26,1),(1906,35,-1),(1906,124,0),(1907,26,1),(1907,35,-1),(1907,124,0),(1908,26,1),(1908,35,-1),(1908,124,0),(1909,26,1),(1909,35,-1),(1909,124,0),(1910,26,1),(1910,35,-1),(1910,124,0),(1911,26,1),(1911,35,-1),(1911,124,0),(1912,26,1),(1912,35,-1),(1912,124,0),(1913,26,1),(1913,35,-1),(1913,124,0),(1914,26,1),(1914,35,-1),(1914,124,0),(1915,26,1),(1915,35,-1),(1915,124,0),(1916,26,1),(1916,35,-1),(1916,124,0),(1917,26,1),(1917,35,-1),(1917,124,0),(1918,26,1),(1918,35,-1),(1918,124,0),(1919,26,1),(1919,35,-1),(1919,124,0),(1920,26,1),(1920,35,-1),(1920,124,0),(1921,26,1),(1921,35,-1),(1921,124,0),(1922,26,1),(1922,35,-1),(1922,124,0),(1923,26,1),(1923,35,-1),(1923,124,0),(1924,26,1),(1924,35,-1),(1924,124,0),(1925,26,1),(1925,35,-1),(1925,124,0),(1926,26,1),(1926,35,-1),(1926,124,0),(1927,26,1),(1927,35,-1),(1927,124,0),(1928,26,1),(1928,35,-1),(1928,124,0),(1929,26,1),(1929,35,-1),(1929,124,0),(1930,26,1),(1930,35,-1),(1930,124,0),(1931,26,1),(1931,35,-1),(1931,124,0),(1932,26,1),(1932,35,-1),(1932,124,0),(1933,26,1),(1933,35,-1),(1933,124,0),(1934,26,1),(1934,35,-1),(1934,124,0),(1935,26,1),(1935,35,-1),(1935,124,0),(1936,26,1),(1936,35,-1),(1936,124,0),(1937,26,1),(1937,35,-1),(1937,124,0),(1938,26,1),(1938,35,-1),(1938,124,0),(1939,26,1),(1939,35,-1),(1939,124,0),(1940,26,1),(1940,35,-1),(1940,124,0),(1941,26,1),(1941,35,-1),(1941,124,0),(1942,26,1),(1942,35,-1),(1942,124,0),(1943,26,1),(1943,35,-1),(1943,124,0),(1944,26,1),(1944,35,-1),(1944,124,0),(1945,26,1),(1945,35,-1),(1945,124,0),(1946,26,1),(1946,35,-1),(1946,124,0),(1947,26,1),(1947,35,-1),(1947,124,0),(1948,26,1),(1948,35,-1),(1948,124,0),(1949,26,1),(1949,35,-1),(1949,124,0),(1950,26,1),(1950,35,-1),(1950,124,0),(1951,26,1),(1951,35,-1),(1951,124,0),(1952,26,1),(1952,35,-1),(1952,124,0),(1953,26,1),(1953,35,-1),(1953,124,0),(1954,26,1),(1954,35,-1),(1954,124,0),(1955,26,1),(1955,35,-1),(1955,124,0),(1956,26,1),(1956,35,-1),(1956,124,0),(1957,26,1),(1957,35,-1),(1957,124,0),(1958,26,1),(1958,35,-1),(1958,124,0),(1959,26,1),(1959,35,-1),(1959,124,0),(1960,26,1),(1960,35,-1),(1960,124,0),(1961,26,1),(1961,35,-1),(1961,124,0),(1962,26,1),(1962,35,-1),(1962,124,0),(1963,26,1),(1963,35,-1),(1963,124,0),(1964,26,1),(1964,35,-1),(1964,124,0),(1965,26,1),(1965,35,-1),(1965,124,0),(1966,26,1),(1966,35,-1),(1966,124,0),(1967,26,1),(1967,35,-1),(1967,124,0),(1968,26,1),(1968,35,-1),(1968,124,0),(1969,26,1),(1969,35,-1),(1969,124,0),(1970,26,1),(1970,35,-1),(1970,124,0),(1971,26,1),(1971,35,-1),(1971,124,0),(1972,26,1),(1972,35,-1),(1972,124,0),(1973,26,1),(1973,35,-1),(1973,124,0),(1974,26,1),(1974,35,-1),(1974,124,0),(1975,26,1),(1975,35,-1),(1975,124,0),(1976,26,1),(1976,35,-1),(1976,124,0),(1977,26,1),(1977,35,-1),(1977,124,0),(1978,26,1),(1978,35,-1),(1978,124,0),(1979,26,1),(1979,35,-1),(1979,124,0),(1980,26,1),(1980,35,-1),(1980,124,0),(1981,26,1),(1981,35,-1),(1981,124,0),(1982,26,1),(1982,35,-1),(1982,124,0),(1983,26,1),(1983,35,-1),(1983,124,0),(1984,26,1),(1984,35,-1),(1984,124,0),(1985,26,1),(1985,35,-1),(1985,124,0),(1986,26,1),(1986,35,-1),(1986,124,0),(1987,26,1),(1987,35,-1),(1987,124,0),(1988,26,1),(1988,35,-1),(1988,124,0),(1989,26,1),(1989,35,-1),(1989,124,0),(1990,26,1),(1990,35,-1),(1990,124,0),(1991,26,1),(1991,35,-1),(1991,124,0),(1992,26,1),(1992,35,-1),(1992,124,0),(1993,26,1),(1993,35,-1),(1993,124,0),(1994,26,1),(1994,35,-1),(1994,124,0),(1995,26,1),(1995,35,-1),(1995,124,0),(1996,26,1),(1996,35,-1),(1996,124,0),(1997,26,1),(1997,35,-1),(1997,124,0),(1998,26,1),(1998,35,-1),(1998,124,0),(1999,26,1),(1999,35,-1),(1999,124,0),(2000,26,1),(2000,35,-1),(2000,124,0),(2001,26,1),(2001,35,-1),(2001,124,0),(2002,26,1),(2002,35,-1),(2002,124,0),(2003,26,1),(2003,35,-1),(2003,124,0),(2004,26,1),(2004,35,-1),(2004,124,0),(2005,26,1),(2005,35,-1),(2005,124,0),(2006,26,1),(2006,35,-1),(2006,124,0),(2007,26,1),(2007,35,-1),(2007,124,0),(2008,26,1),(2008,35,-1),(2008,124,0),(2009,26,1),(2009,35,-1),(2009,124,0),(2010,26,1),(2010,35,-1),(2010,124,0),(2011,26,1),(2011,35,-1),(2011,124,0),(2012,26,1),(2012,35,-1),(2012,124,0),(2013,26,1),(2013,35,-1),(2013,124,0),(2014,26,1),(2014,35,-1),(2014,124,0),(2015,26,1),(2015,35,-1),(2015,124,0),(2016,26,1),(2016,35,-1),(2016,124,0),(2017,26,1),(2017,35,-1),(2017,124,0),(2018,26,1),(2018,35,-1),(2018,124,0),(2019,26,1),(2019,35,-1),(2019,124,0),(2020,26,1),(2020,35,-1),(2020,124,0),(2021,26,1),(2021,35,-1),(2021,124,0),(2022,26,1),(2022,35,-1),(2022,124,0),(2023,26,1),(2023,35,-1),(2023,124,0),(2024,26,1),(2024,35,-1),(2024,124,0),(2025,26,1),(2025,35,-1),(2025,124,0),(2026,26,1),(2026,35,-1),(2026,124,0),(2027,26,1),(2027,35,-1),(2027,124,0),(2028,26,1),(2028,35,-1),(2028,124,0),(2029,26,1),(2029,35,-1),(2029,124,0),(2030,26,1),(2030,35,-1),(2030,124,0),(2031,26,1),(2031,35,-1),(2031,124,0),(2032,26,1),(2032,35,-1),(2032,124,0),(2033,26,1),(2033,35,-1),(2033,124,0),(2034,26,1),(2034,35,-1),(2034,124,0),(2035,26,1),(2035,35,-1),(2035,124,0),(2036,26,1),(2036,35,-1),(2036,124,0),(2037,26,1),(2037,35,-1),(2037,124,0),(2038,26,1),(2038,35,-1),(2038,124,0),(2039,26,1),(2039,35,-1),(2039,124,0),(2040,26,1),(2040,35,-1),(2040,124,0),(2041,26,1),(2041,35,-1),(2041,124,0),(2042,26,1),(2042,35,-1),(2042,124,0),(2043,26,1),(2043,35,-1),(2043,124,0),(2044,26,1),(2044,35,-1),(2044,124,0),(2045,26,1),(2045,35,-1),(2045,124,0),(2046,26,1),(2046,35,-1),(2046,124,0),(2047,26,1),(2047,35,-1),(2047,124,0),(2048,26,1),(2048,35,-1),(2048,124,0),(2049,26,1),(2049,35,-1),(2049,124,0),(2050,26,1),(2050,35,-1),(2050,124,0),(2051,26,1),(2051,35,-1),(2051,124,0),(2052,26,1),(2052,35,-1),(2052,124,0),(2053,26,1),(2053,35,-1),(2053,124,0),(2054,26,1),(2054,35,-1),(2054,124,0),(2055,26,1),(2055,35,-1),(2055,124,0),(2056,26,1),(2056,35,-1),(2056,124,0),(2057,26,1),(2057,35,-1),(2057,124,0),(2058,26,1),(2058,35,-1),(2058,124,0),(2059,26,1),(2059,35,-1),(2059,124,0),(2060,26,1),(2060,35,-1),(2060,124,0),(2061,26,1),(2061,35,-1),(2061,124,0),(2062,26,1),(2062,35,-1),(2062,124,0),(2063,26,1),(2063,35,-1),(2063,124,0),(2064,26,1),(2064,35,-1),(2064,124,0),(2065,26,1),(2065,35,-1),(2065,124,0),(2066,26,1),(2066,35,-1),(2066,124,0),(2067,26,1),(2067,35,-1),(2067,124,0),(2068,26,1),(2068,35,-1),(2068,124,0),(2069,26,1),(2069,35,-1),(2069,124,0),(2070,26,1),(2070,35,-1),(2070,124,0),(2071,26,1),(2071,35,-1),(2071,124,0),(2072,26,1),(2072,35,-1),(2072,124,0),(2073,26,1),(2073,35,-1),(2073,124,0),(2074,26,1),(2074,35,-1),(2074,124,0),(2075,26,1),(2075,35,-1),(2075,124,0),(2076,26,1),(2076,35,-1),(2076,124,0),(2077,26,1),(2077,35,-1),(2077,124,0),(2078,26,1),(2078,35,-1),(2078,124,0),(2079,26,1),(2079,35,-1),(2079,124,0),(2080,26,1),(2080,35,-1),(2080,124,0),(2081,26,1),(2081,35,-1),(2081,124,0),(2082,26,1),(2082,35,-1),(2082,124,0),(2083,26,1),(2083,35,-1),(2083,124,0),(2084,26,1),(2084,35,-1),(2084,124,0),(2085,26,1),(2085,35,-1),(2085,124,0),(2086,26,1),(2086,35,-1),(2086,124,0),(2087,26,1),(2087,35,-1),(2087,124,0),(2088,26,1),(2088,35,-1),(2088,124,0),(2089,26,1),(2089,35,-1),(2089,124,0),(2090,26,1),(2090,35,-1),(2090,124,0),(2091,26,1),(2091,35,-1),(2091,124,0),(2092,26,1),(2092,35,-1),(2092,124,0),(2093,26,1),(2093,35,-1),(2093,124,0),(2094,26,1),(2094,35,-1),(2094,124,0),(2095,26,1),(2095,35,-1),(2095,124,0),(2096,26,1),(2096,35,-1),(2096,124,0),(2097,26,1),(2097,35,-1),(2097,124,0),(2098,26,1),(2098,35,-1),(2098,124,0),(2099,26,1),(2099,35,-1),(2099,124,0),(2100,26,1),(2100,35,-1),(2100,124,0),(2101,26,1),(2101,35,-1),(2101,124,0),(2102,26,1),(2102,35,-1),(2102,124,0),(2103,26,1),(2103,35,-1),(2103,124,0),(2104,26,1),(2104,35,-1),(2104,124,0),(2105,26,1),(2105,35,-1),(2105,124,0),(2106,26,1),(2106,35,-1),(2106,124,0),(2107,26,1),(2107,35,-1),(2107,124,0),(2108,26,1),(2108,35,-1),(2108,124,0),(2109,26,1),(2109,35,-1),(2109,124,0),(2110,26,1),(2110,35,-1),(2110,124,0),(2111,26,1),(2111,35,-1),(2111,124,0),(2112,26,1),(2112,35,-1),(2112,124,0),(2113,26,1),(2113,35,-1),(2113,124,0),(2114,26,1),(2114,35,-1),(2114,124,0),(2115,26,1),(2115,35,-1),(2115,124,0),(2116,26,1),(2116,35,-1),(2116,124,0),(2117,26,1),(2117,35,-1),(2117,124,0),(2118,26,1),(2118,35,-1),(2118,124,0),(2119,26,1),(2119,35,-1),(2119,124,0),(2120,26,1),(2120,35,-1),(2120,124,0),(2121,26,1),(2121,35,-1),(2121,124,0),(2122,26,1),(2122,35,-1),(2122,124,0),(2123,26,1),(2123,35,-1),(2123,124,0),(2124,26,1),(2124,35,-1),(2124,124,0),(2125,26,1),(2125,35,-1),(2125,124,0),(2126,26,1),(2126,35,-1),(2126,124,0),(2127,26,1),(2127,35,-1),(2127,124,0),(2128,26,1),(2128,35,-1),(2128,124,0),(2129,26,1),(2129,35,-1),(2129,124,0),(2130,26,1),(2130,35,-1),(2130,124,0),(2131,26,1),(2131,35,-1),(2131,124,0),(2132,26,1),(2132,35,-1),(2132,124,0),(2133,26,1),(2133,35,-1),(2133,124,0),(2134,26,1),(2134,35,-1),(2134,124,0),(2135,26,1),(2135,35,-1),(2135,124,0),(2136,26,1),(2136,35,-1),(2136,124,0),(2137,26,1),(2137,35,-1),(2137,124,0),(2138,26,1),(2138,35,-1),(2138,124,0),(2139,26,1),(2139,35,-1),(2139,124,0),(2140,26,1),(2140,35,-1),(2140,124,0),(2141,26,1),(2141,35,-1),(2141,124,0),(2142,26,1),(2142,35,-1),(2142,124,0),(2143,26,1),(2143,35,-1),(2143,124,0),(2144,26,1),(2144,35,-1),(2144,124,0),(2145,26,1),(2145,35,-1),(2145,124,0),(2146,26,1),(2146,35,-1),(2146,124,0),(2147,26,1),(2147,35,-1),(2147,124,0),(2148,26,1),(2148,35,-1),(2148,124,0),(2149,26,1),(2149,35,-1),(2149,124,0),(2150,26,1),(2150,35,-1),(2150,124,0),(2151,26,1),(2151,35,-1),(2151,124,0),(2152,26,1),(2152,35,-1),(2152,124,0),(2153,26,1),(2153,35,-1),(2153,124,0),(2154,26,1),(2154,35,-1),(2154,124,0),(2155,26,1),(2155,35,-1),(2155,124,0),(2156,26,1),(2156,35,-1),(2156,124,0),(2157,26,1),(2157,35,-1),(2157,124,0),(2158,26,1),(2158,35,-1),(2158,124,0),(2159,26,1),(2159,35,-1),(2159,124,0),(2160,26,1),(2160,35,-1),(2160,124,0),(2161,26,1),(2161,35,-1),(2161,124,0),(2162,26,1),(2162,35,-1),(2162,124,0),(2163,26,1),(2163,35,-1),(2163,124,0),(2164,26,1),(2164,35,-1),(2164,124,0),(2165,26,1),(2165,35,-1),(2165,124,0),(2166,26,1),(2166,35,-1),(2166,124,0),(2167,26,1),(2167,35,-1),(2167,124,0),(2168,26,1),(2168,35,-1),(2168,124,0),(2169,26,1),(2169,35,-1),(2169,124,0),(2170,26,1),(2170,35,-1),(2170,124,0),(2171,26,1),(2171,35,-1),(2171,124,0),(2172,26,1),(2172,35,-1),(2172,124,0),(2173,26,1),(2173,35,-1),(2173,124,0),(2174,26,1),(2174,35,-1),(2174,124,0),(2175,26,1),(2175,35,-1),(2175,124,0),(2176,26,1),(2176,35,-1),(2176,124,0),(2177,26,1),(2177,35,-1),(2177,124,0),(2178,26,1),(2178,35,-1),(2178,124,0),(2179,26,1),(2179,35,-1),(2179,124,0),(2180,26,1),(2180,35,-1),(2180,124,0),(2181,26,1),(2181,35,-1),(2181,124,0),(2182,26,1),(2182,35,-1),(2182,124,0),(2183,26,1),(2183,35,-1),(2183,124,0),(2184,26,1),(2184,35,-1),(2184,124,0),(2185,26,1),(2185,35,-1),(2185,124,0),(2186,26,1),(2186,35,-1),(2186,124,0),(2187,26,1),(2187,35,-1),(2187,124,0),(2188,26,1),(2188,35,-1),(2188,124,0),(2189,26,1),(2189,35,-1),(2189,124,0),(2190,26,1),(2190,35,-1),(2190,124,0),(2191,26,1),(2191,35,-1),(2191,124,0),(2192,26,1),(2192,35,-1),(2192,124,0),(2193,26,1),(2193,35,-1),(2193,124,0),(2194,26,1),(2194,35,-1),(2194,124,0),(2195,26,1),(2195,35,-1),(2195,124,0),(2196,26,1),(2196,35,-1),(2196,124,0),(2197,26,1),(2197,35,-1),(2197,124,0),(2198,26,1),(2198,35,-1),(2198,124,0),(2199,26,1),(2199,35,-1),(2199,124,0),(2200,26,1),(2200,35,-1),(2200,124,0),(2201,26,1),(2201,35,-1),(2201,124,0),(2202,26,1),(2202,35,-1),(2202,124,0),(2203,26,1),(2203,35,-1),(2203,124,0),(2204,26,1),(2204,35,-1),(2204,124,0),(2205,26,1),(2205,35,-1),(2205,124,0),(2206,26,1),(2206,35,-1),(2206,124,0),(2207,26,1),(2207,35,-1),(2207,124,0),(2208,26,1),(2208,35,-1),(2208,124,0),(2209,26,1),(2209,35,-1),(2209,124,0),(2210,26,1),(2210,35,-1),(2210,124,0),(2211,26,1),(2211,35,-1),(2211,124,0),(2212,26,1),(2212,35,-1),(2212,124,0),(2213,26,1),(2213,35,-1),(2213,124,0),(2214,26,1),(2214,35,-1),(2214,124,0),(2215,26,1),(2215,35,-1),(2215,124,0),(2216,26,1),(2216,35,-1),(2216,124,0),(2217,26,1),(2217,35,-1),(2217,124,0),(2218,26,1),(2218,35,-1),(2218,124,0),(2219,26,1),(2219,35,-1),(2219,124,0),(2220,26,1),(2220,35,-1),(2220,124,0),(2221,26,1),(2221,35,-1),(2221,124,0),(2222,26,1),(2222,35,-1),(2222,124,0),(2223,26,1),(2223,35,-1),(2223,124,0),(2224,26,1),(2224,35,-1),(2224,124,0),(2225,26,1),(2225,35,-1),(2225,124,0),(2226,26,1),(2226,35,-1),(2226,124,0),(2227,26,1),(2227,35,-1),(2227,124,0),(2228,26,1),(2228,35,-1),(2228,124,0),(2229,26,1),(2229,35,-1),(2229,124,0),(2230,26,1),(2230,35,-1),(2230,124,0),(2231,26,1),(2231,35,-1),(2231,124,0),(2232,26,1),(2232,35,-1),(2232,124,0),(2233,26,1),(2233,35,-1),(2233,124,0),(2234,26,1),(2234,35,-1),(2234,124,0),(2235,26,1),(2235,35,-1),(2235,124,0),(2236,26,1),(2236,35,-1),(2236,124,0),(2237,26,1),(2237,35,-1),(2237,124,0),(2238,26,1),(2238,35,-1),(2238,124,0),(2239,26,1),(2239,35,-1),(2239,124,0),(2240,26,1),(2240,35,-1),(2240,124,0),(2241,26,1),(2241,35,-1),(2241,124,0),(2242,26,1),(2242,35,-1),(2242,124,0),(2243,26,1),(2243,35,-1),(2243,124,0),(2244,26,1),(2244,35,-1),(2244,124,0),(2245,26,1),(2245,35,-1),(2245,124,0),(2246,26,1),(2246,35,-1),(2246,124,0),(2247,26,1),(2247,35,-1),(2247,124,0),(2248,26,1),(2248,35,-1),(2248,124,0),(2249,26,1),(2249,35,-1),(2249,124,0),(2250,26,1),(2250,35,-1),(2250,124,0),(2251,26,1),(2251,35,-1),(2251,124,0),(2252,26,1),(2252,35,-1),(2252,124,0),(2253,26,1),(2253,35,-1),(2253,124,0),(2254,26,1),(2254,35,-1),(2254,124,0),(2255,26,1),(2255,35,-1),(2255,124,0),(2256,26,1),(2256,35,-1),(2256,124,0),(2257,26,1),(2257,35,-1),(2257,124,0),(2258,26,1),(2258,35,-1),(2258,124,0),(2259,26,1),(2259,35,-1),(2259,124,0),(2260,26,1),(2260,35,-1),(2260,124,0),(2261,26,1),(2261,35,-1),(2261,124,0),(2262,26,1),(2262,35,-1),(2262,124,0),(2263,26,1),(2263,35,-1),(2263,124,0),(2264,26,1),(2264,35,-1),(2264,124,0),(2265,26,1),(2265,35,-1),(2265,124,0),(2266,26,1),(2266,35,-1),(2266,124,0),(2267,26,1),(2267,35,-1),(2267,124,0),(2268,26,1),(2268,35,-1),(2268,124,0),(2269,26,1),(2269,35,-1),(2269,124,0),(2270,26,1),(2270,35,-1),(2270,124,0),(2271,26,1),(2271,35,-1),(2271,124,0),(2272,26,1),(2272,35,-1),(2272,124,0),(2273,26,1),(2273,35,-1),(2273,124,0),(2274,26,1),(2274,35,-1),(2274,124,0),(2275,26,1),(2275,35,-1),(2275,124,0),(2276,26,1),(2276,35,-1),(2276,124,0),(2277,26,1),(2277,35,-1),(2277,124,0),(2278,26,1),(2278,35,-1),(2278,124,0),(2279,26,1),(2279,35,-1),(2279,124,0),(2280,26,1),(2280,35,-1),(2280,124,0),(2281,26,1),(2281,35,-1),(2281,124,0),(2282,26,1),(2282,35,-1),(2282,124,0),(2283,26,1),(2283,35,-1),(2283,124,0),(2284,26,1),(2284,35,-1),(2284,124,0),(2285,26,1),(2285,35,-1),(2285,124,0),(2286,26,1),(2286,35,-1),(2286,124,0),(2287,26,1),(2287,35,-1),(2287,124,0),(2288,26,1),(2288,35,-1),(2288,124,0),(2289,26,1),(2289,35,-1),(2289,124,0),(2290,26,1),(2290,35,-1),(2290,124,0),(2291,26,1),(2291,35,-1),(2291,124,0),(2292,26,1),(2292,35,-1),(2292,124,0),(2293,26,1),(2293,35,-1),(2293,124,0),(2294,26,1),(2294,35,-1),(2294,124,0),(2295,26,1),(2295,35,-1),(2295,124,0),(2296,26,1),(2296,35,-1),(2296,124,0),(2297,26,1),(2297,35,-1),(2297,124,0),(2298,26,1),(2298,35,-1),(2298,124,0),(2299,26,1),(2299,35,-1),(2299,124,0),(2300,26,1),(2300,35,-1),(2300,124,0),(2301,26,1),(2301,35,-1),(2301,124,0),(2302,26,1),(2302,35,-1),(2302,124,0),(2303,26,1),(2303,35,-1),(2303,124,0),(2304,26,1),(2304,35,-1),(2304,124,0),(2305,26,1),(2305,35,-1),(2305,124,0),(2306,26,1),(2306,35,-1),(2306,124,0),(2307,26,1),(2307,35,-1),(2307,124,0),(2308,26,1),(2308,35,-1),(2308,124,0),(2309,26,1),(2309,35,-1),(2309,124,0),(2310,26,1),(2310,35,-1),(2310,124,0),(2311,26,1),(2311,35,-1),(2311,124,0),(2312,26,1),(2312,35,-1),(2312,124,0),(2313,26,1),(2313,35,-1),(2313,124,0),(2314,26,1),(2314,35,-1),(2314,124,0),(2315,26,1),(2315,35,-1),(2315,124,0),(2316,26,1),(2316,35,-1),(2316,124,0),(2317,26,1),(2317,35,-1),(2317,124,0),(2318,26,1),(2318,35,-1),(2318,124,0),(2319,26,1),(2319,35,-1),(2319,124,0),(2320,26,1),(2320,35,-1),(2320,124,0),(2321,26,1),(2321,35,-1),(2321,124,0),(2322,26,1),(2322,35,-1),(2322,124,0),(2323,26,1),(2323,35,-1),(2323,124,0),(2324,26,1),(2324,35,-1),(2324,124,0),(2325,26,1),(2325,35,-1),(2325,124,0),(2326,26,1),(2326,35,-1),(2326,124,0),(2327,26,1),(2327,35,-1),(2327,124,0),(2328,26,1),(2328,35,-1),(2328,124,0),(2329,26,1),(2329,35,-1),(2329,124,0),(2330,26,1),(2330,35,-1),(2330,124,0),(2331,26,1),(2331,35,-1),(2331,124,0),(2332,26,1),(2332,35,-1),(2332,124,0),(2333,26,1),(2333,35,-1),(2333,124,0),(2334,26,1),(2334,35,-1),(2334,124,0),(2335,26,1),(2335,35,-1),(2335,124,0),(2336,26,1),(2336,35,-1),(2336,124,0),(2337,26,1),(2337,35,-1),(2337,124,0),(2338,26,1),(2338,35,-1),(2338,124,0),(2339,26,1),(2339,35,-1),(2339,124,0),(2340,26,1),(2340,35,-1),(2340,124,0),(2341,26,1),(2341,35,-1),(2341,124,0),(2342,26,1),(2342,35,-1),(2342,124,0),(2343,26,1),(2343,35,-1),(2343,124,0),(2344,26,1),(2344,35,-1),(2344,124,0),(2345,26,1),(2345,35,-1),(2345,124,0),(2346,26,1),(2346,35,-1),(2346,124,0),(2347,26,1),(2347,35,-1),(2347,124,0),(2348,26,1),(2348,35,-1),(2348,124,0),(2349,26,1),(2349,35,-1),(2349,124,0),(2350,26,1),(2350,35,-1),(2350,124,0),(2351,26,1),(2351,35,-1),(2351,124,0),(2352,26,1),(2352,35,-1),(2352,124,0),(2353,26,1),(2353,35,-1),(2353,124,0),(2354,26,1),(2354,35,-1),(2354,124,0),(2355,26,1),(2355,35,-1),(2355,124,0),(2356,26,1),(2356,35,-1),(2356,124,0),(2357,26,1),(2357,35,-1),(2357,124,0),(2358,26,1),(2358,35,-1),(2358,124,0),(2359,26,1),(2359,35,-1),(2359,124,0),(2360,26,1),(2360,35,-1),(2360,124,0),(2361,26,1),(2361,35,-1),(2361,124,0),(2362,26,1),(2362,35,-1),(2362,124,0),(2363,26,1),(2363,35,-1),(2363,124,0),(2364,26,1),(2364,35,-1),(2364,124,0),(2365,26,1),(2365,35,-1),(2365,124,0),(2366,26,1),(2366,35,-1),(2366,124,0),(2367,26,1),(2367,35,-1),(2367,124,0),(2368,26,1),(2368,35,-1),(2368,124,0),(2369,26,1),(2369,35,-1),(2369,124,0),(2370,26,1),(2370,35,-1),(2370,124,0),(2371,26,1),(2371,35,-1),(2371,124,0),(2372,26,1),(2372,35,-1),(2372,124,0),(2373,26,1),(2373,35,-1),(2373,124,0),(2374,26,1),(2374,35,-1),(2374,124,0),(2375,26,1),(2375,35,-1),(2375,124,0),(2376,26,1),(2376,35,-1),(2376,124,0),(2377,26,1),(2377,35,-1),(2377,124,0),(2378,26,1),(2378,35,-1),(2378,124,0),(2379,26,1),(2379,35,-1),(2379,124,0),(2380,26,1),(2380,35,-1),(2380,124,0),(2381,26,1),(2381,35,-1),(2381,124,0),(2382,26,1),(2382,35,-1),(2382,124,0),(2383,26,1),(2383,35,-1),(2383,124,0),(2384,26,1),(2384,35,-1),(2384,124,0),(2385,26,1),(2385,35,-1),(2385,124,0),(2386,26,1),(2386,35,-1),(2386,124,0),(2387,26,1),(2387,35,-1),(2387,124,0),(2388,26,1),(2388,35,-1),(2388,124,0),(2389,26,1),(2389,35,-1),(2389,124,0),(2390,26,1),(2390,35,-1),(2390,124,0),(2391,26,1),(2391,35,-1),(2391,124,0),(2392,26,1),(2392,35,-1),(2392,124,0),(2393,26,1),(2393,35,-1),(2393,124,0),(2394,26,1),(2394,35,-1),(2394,124,0),(2395,26,1),(2395,35,-1),(2395,124,0),(2396,26,1),(2396,35,-1),(2396,124,0),(2397,26,1),(2397,35,-1),(2397,124,0),(2398,26,1),(2398,35,-1),(2398,124,0),(2399,26,1),(2399,35,-1),(2399,124,0),(2400,26,1),(2400,35,-1),(2400,124,0),(2401,26,1),(2401,35,-1),(2401,124,0),(2402,26,1),(2402,35,-1),(2402,124,0),(2403,26,1),(2403,35,-1),(2403,124,0),(2404,26,1),(2404,35,-1),(2404,124,0),(2405,26,1),(2405,35,-1),(2405,124,0),(2406,26,1),(2406,35,-1),(2406,124,0),(2407,26,1),(2407,35,-1),(2407,124,0),(2408,26,1),(2408,35,-1),(2408,124,0),(2409,26,1),(2409,35,-1),(2409,124,0),(2410,26,1),(2410,35,-1),(2410,124,0),(2411,26,1),(2411,35,-1),(2411,124,0),(2412,26,1),(2412,35,-1),(2412,124,0),(2413,26,1),(2413,35,-1),(2413,124,0),(2414,26,1),(2414,35,-1),(2414,124,0),(2415,26,1),(2415,35,-1),(2415,124,0),(2416,26,1),(2416,35,-1),(2416,124,0),(2417,26,1),(2417,35,-1),(2417,124,0),(2418,26,1),(2418,35,-1),(2418,124,0),(2419,26,1),(2419,35,-1),(2419,124,0),(2420,26,1),(2420,35,-1),(2420,124,0),(2421,26,1),(2421,35,-1),(2421,124,0),(2422,26,1),(2422,35,-1),(2422,124,0),(2423,26,1),(2423,35,-1),(2423,124,0),(2424,26,1),(2424,35,-1),(2424,124,0),(2425,26,1),(2425,35,-1),(2425,124,0),(2426,26,1),(2426,35,-1),(2426,124,0),(2427,26,1),(2427,35,-1),(2427,124,0),(2428,26,1),(2428,35,-1),(2428,124,0),(2429,26,1),(2429,35,-1),(2429,124,0),(2430,26,1),(2430,35,-1),(2430,124,0),(2431,26,1),(2431,35,-1),(2431,124,0),(2432,26,1),(2432,35,-1),(2432,124,0),(2433,26,1),(2433,35,-1),(2433,124,0),(2434,26,1),(2434,35,-1),(2434,124,0),(2435,26,1),(2435,35,-1),(2435,124,0),(2436,26,1),(2436,35,-1),(2436,124,0),(2437,26,1),(2437,35,-1),(2437,124,0),(2438,26,1),(2438,35,-1),(2438,124,0),(2439,26,1),(2439,35,-1),(2439,124,0),(2440,26,1),(2440,35,-1),(2440,124,0),(2441,26,1),(2441,35,-1),(2441,124,0),(2442,26,1),(2442,35,-1),(2442,124,0),(2443,26,1),(2443,35,-1),(2443,124,0),(2444,26,1),(2444,35,-1),(2444,124,0),(2445,26,1),(2445,35,-1),(2445,124,0),(2446,26,1),(2446,35,-1),(2446,124,0),(2447,26,1),(2447,35,-1),(2447,124,0),(2448,26,1),(2448,35,-1),(2448,124,0),(2449,26,1),(2449,35,-1),(2449,124,0),(2450,26,1),(2450,35,-1),(2450,124,0),(2451,26,1),(2451,35,-1),(2451,124,0),(2452,26,1),(2452,35,-1),(2452,124,0),(2453,26,1),(2453,35,-1),(2453,124,0),(2454,26,1),(2454,35,-1),(2454,124,0),(2455,26,1),(2455,35,-1),(2455,124,0),(2456,26,1),(2456,35,-1),(2456,124,0),(2457,26,1),(2457,35,-1),(2457,124,0),(2458,26,1),(2458,35,-1),(2458,124,0),(2459,26,1),(2459,35,-1),(2459,124,0),(2460,26,1),(2460,35,-1),(2460,124,0),(2461,26,1),(2461,35,-1),(2461,124,0),(2462,26,1),(2462,35,-1),(2462,124,0),(2463,26,1),(2463,35,-1),(2463,124,0),(2464,26,1),(2464,35,-1),(2464,124,0),(2465,26,1),(2465,35,-1),(2465,124,0),(2466,26,1),(2466,35,-1),(2466,124,0),(2467,26,1),(2467,35,-1),(2467,124,0),(2468,26,1),(2468,35,-1),(2468,124,0),(2469,26,1),(2469,35,-1),(2469,124,0),(2470,26,1),(2470,35,-1),(2470,124,0),(2471,26,1),(2471,35,-1),(2471,124,0),(2472,26,1),(2472,35,-1),(2472,124,0),(2473,26,1),(2473,35,-1),(2473,124,0),(2474,26,1),(2474,35,-1),(2474,124,0),(2475,26,1),(2475,35,-1),(2475,124,0),(2476,26,1),(2476,35,-1),(2476,124,0),(2477,26,1),(2477,35,-1),(2477,124,0),(2478,26,1),(2478,35,-1),(2478,124,0),(2479,26,1),(2479,35,-1),(2479,124,0),(2480,26,1),(2480,35,-1),(2480,124,0),(2481,26,1),(2481,35,-1),(2481,124,0),(2482,26,1),(2482,35,-1),(2482,124,0),(2483,26,1),(2483,35,-1),(2483,124,0),(2484,26,1),(2484,35,-1),(2484,124,0),(2485,26,1),(2485,35,-1),(2485,124,0),(2486,26,1),(2486,35,-1),(2486,124,0),(2487,26,1),(2487,35,-1),(2487,124,0),(2488,26,1),(2488,35,-1),(2488,124,0),(2489,26,1),(2489,35,-1),(2489,124,0),(2490,26,1),(2490,35,-1),(2490,124,0),(2491,26,1),(2491,35,-1),(2491,124,0),(2492,26,1),(2492,35,-1),(2492,124,0),(2493,26,1),(2493,35,-1),(2493,124,0),(2494,26,1),(2494,35,-1),(2494,124,0),(2495,26,1),(2495,35,-1),(2495,124,0),(2496,26,1),(2496,35,-1),(2496,124,0),(2497,26,1),(2497,35,-1),(2497,124,0),(2498,26,1),(2498,35,-1),(2498,124,0),(2499,26,1),(2499,35,-1),(2499,124,0),(2500,26,1),(2500,35,-1),(2500,124,0),(2501,26,1),(2501,35,-1),(2501,124,0),(2502,26,1),(2502,35,-1),(2502,124,0),(2503,26,1),(2503,35,-1),(2503,124,0),(2504,26,1),(2504,35,-1),(2504,124,0),(2505,26,1),(2505,35,-1),(2505,124,0),(2506,26,1),(2506,35,-1),(2506,124,0),(2507,26,1),(2507,35,-1),(2507,124,0),(2508,26,1),(2508,35,-1),(2508,124,0),(2509,26,1),(2509,35,-1),(2509,124,0),(2510,26,1),(2510,35,-1),(2510,124,0),(2511,26,1),(2511,35,-1),(2511,124,0),(2512,26,1),(2512,35,-1),(2512,124,0),(2513,26,1),(2513,35,-1),(2513,124,0),(2514,26,1),(2514,35,-1),(2514,124,0),(2515,26,1),(2515,35,-1),(2515,124,0),(2516,26,1),(2516,35,-1),(2516,124,0),(2517,26,1),(2517,35,-1),(2517,124,0),(2518,26,1),(2518,35,-1),(2518,124,0),(2519,26,1),(2519,35,-1),(2519,124,0),(2520,26,1),(2520,35,-1),(2520,124,0),(2521,26,1),(2521,35,-1),(2521,124,0),(2522,26,1),(2522,35,-1),(2522,124,0),(2523,26,1),(2523,35,-1),(2523,124,0),(2524,26,1),(2524,35,-1),(2524,124,0),(2525,26,1),(2525,35,-1),(2525,124,0),(2526,26,1),(2526,35,-1),(2526,124,0),(2527,26,1),(2527,35,-1),(2527,124,0),(2528,26,1),(2528,35,-1),(2528,124,0),(2529,26,1),(2529,35,-1),(2529,124,0),(2530,26,1),(2530,35,-1),(2530,124,0),(2531,26,1),(2531,35,-1),(2531,124,0),(2532,26,1),(2532,35,-1),(2532,124,0),(2533,26,1),(2533,35,-1),(2533,124,0),(2534,26,1),(2534,35,-1),(2534,124,0),(2535,26,1),(2535,35,-1),(2535,124,0),(2536,26,1),(2536,35,-1),(2536,124,0),(2537,26,1),(2537,35,-1),(2537,124,0),(2538,26,1),(2538,35,-1),(2538,124,0),(2539,26,1),(2539,35,-1),(2539,124,0),(2540,26,1),(2540,35,-1),(2540,124,0),(2541,26,1),(2541,35,-1),(2541,124,0),(2542,26,1),(2542,35,-1),(2542,124,0),(2543,26,1),(2543,35,-1),(2543,124,0),(2544,26,1),(2544,35,-1),(2544,124,0),(2545,26,1),(2545,35,-1),(2545,124,0),(2546,26,1),(2546,35,-1),(2546,124,0),(2547,26,1),(2547,35,-1),(2547,124,0),(2548,26,1),(2548,35,-1),(2548,124,0),(2549,26,1),(2549,35,-1),(2549,124,0),(2550,26,1),(2550,35,-1),(2550,124,0),(2551,26,1),(2551,35,-1),(2551,124,0),(2552,26,1),(2552,35,-1),(2552,124,0),(2553,26,1),(2553,35,-1),(2553,124,0),(2554,26,1),(2554,35,-1),(2554,124,0),(2555,26,1),(2555,35,-1),(2555,124,0),(2556,26,1),(2556,35,-1),(2556,124,0),(2557,26,1),(2557,35,-1),(2557,124,0),(2558,26,1),(2558,35,-1),(2558,124,0),(2559,26,1),(2559,35,-1),(2559,124,0),(2560,26,1),(2560,35,-1),(2560,124,0),(2561,26,1),(2561,35,-1),(2561,124,0),(2562,26,1),(2562,35,-1),(2562,124,0),(2563,26,1),(2563,35,-1),(2563,124,0),(2564,26,1),(2564,35,-1),(2564,124,0),(2565,26,1),(2565,35,-1),(2565,124,0),(2566,26,1),(2566,35,-1),(2566,124,0),(2567,26,1),(2567,35,-1),(2567,124,0),(2568,26,1),(2568,35,-1),(2568,124,0),(2569,26,1),(2569,35,-1),(2569,124,0),(2570,26,1),(2570,35,-1),(2570,124,0),(2571,26,1),(2571,35,-1),(2571,124,0),(2572,26,1),(2572,35,-1),(2572,124,0),(2573,26,1),(2573,35,-1),(2573,124,0),(2574,26,1),(2574,35,-1),(2574,124,0),(2575,26,1),(2575,35,-1),(2575,124,0),(2576,26,1),(2576,35,-1),(2576,124,0),(2577,26,1),(2577,35,-1),(2577,124,0),(2578,26,1),(2578,35,-1),(2578,124,0),(2579,26,1),(2579,35,-1),(2579,124,0),(2580,26,1),(2580,35,-1),(2580,124,0),(2581,26,1),(2581,35,-1),(2581,124,0),(2582,26,1),(2582,35,-1),(2582,124,0),(2583,26,1),(2583,35,-1),(2583,124,0),(2584,26,1),(2584,35,-1),(2584,124,0),(2585,26,1),(2585,35,-1),(2585,124,0),(2586,26,1),(2586,35,-1),(2586,124,0),(2587,26,1),(2587,35,-1),(2587,124,0),(2588,26,1),(2588,35,-1),(2588,124,0),(2589,26,1),(2589,35,-1),(2589,124,0),(2590,26,1),(2590,35,-1),(2590,124,0),(2591,26,1),(2591,35,-1),(2591,124,0),(2592,26,1),(2592,35,-1),(2592,124,0),(2593,26,1),(2593,35,-1),(2593,124,0),(2594,26,1),(2594,35,-1),(2594,124,0),(2595,26,1),(2595,35,-1),(2595,124,0),(2596,26,1),(2596,35,-1),(2596,124,0),(2597,26,1),(2597,35,-1),(2597,124,0),(2598,26,1),(2598,35,-1),(2598,124,0),(2599,26,1),(2599,35,-1),(2599,124,0),(2600,26,1),(2600,35,-1),(2600,124,0),(2601,26,1),(2601,35,-1),(2601,124,0),(2602,26,1),(2602,35,-1),(2602,124,0),(2603,26,1),(2603,35,-1),(2603,124,0),(2604,26,1),(2604,35,-1),(2604,124,0),(2605,26,1),(2605,35,-1),(2605,124,0),(2606,26,1),(2606,35,-1),(2606,124,0),(2607,26,1),(2607,35,-1),(2607,124,0),(2608,26,1),(2608,35,-1),(2608,124,0),(2609,26,1),(2609,35,-1),(2609,124,0),(2610,26,1),(2610,35,-1),(2610,124,0),(2611,26,1),(2611,35,-1),(2611,124,0),(2612,26,1),(2612,35,-1),(2612,124,0),(2613,26,1),(2613,35,-1),(2613,124,0),(2614,26,1),(2614,35,-1),(2614,124,0),(2615,26,1),(2615,35,-1),(2615,124,0),(2616,26,1),(2616,35,-1),(2616,124,0),(2617,26,1),(2617,35,-1),(2617,124,0),(2618,26,1),(2618,35,-1),(2618,124,0),(2619,26,1),(2619,35,-1),(2619,124,0),(2620,26,1),(2620,35,-1),(2620,124,0),(2621,26,1),(2621,35,-1),(2621,124,0),(2622,26,1),(2622,35,-1),(2622,124,0),(2623,26,1),(2623,35,-1),(2623,124,0),(2624,26,1),(2624,35,-1),(2624,124,0),(2625,26,1),(2625,35,-1),(2625,124,0),(2626,26,1),(2626,35,-1),(2626,124,0),(2627,26,1),(2627,35,-1),(2627,124,0),(2628,26,1),(2628,35,-1),(2628,124,0),(2629,26,1),(2629,35,-1),(2629,124,0),(2630,26,1),(2630,35,-1),(2630,124,0),(2631,26,1),(2631,35,-1),(2631,124,0),(2632,26,1),(2632,35,-1),(2632,124,0),(2633,26,1),(2633,35,-1),(2633,124,0),(2634,26,1),(2634,35,-1),(2634,124,0),(2635,26,1),(2635,35,-1),(2635,124,0),(2636,26,1),(2636,35,-1),(2636,124,0),(2637,26,1),(2637,35,-1),(2637,124,0),(2638,26,1),(2638,35,-1),(2638,124,0),(2639,26,1),(2639,35,-1),(2639,124,0),(2640,26,1),(2640,35,-1),(2640,124,0),(2641,26,1),(2641,35,-1),(2641,124,0),(2642,26,1),(2642,35,-1),(2642,124,0),(2643,26,1),(2643,35,-1),(2643,124,0),(2644,26,1),(2644,35,-1),(2644,124,0),(2645,26,1),(2645,35,-1),(2645,124,0),(2646,26,1),(2646,35,-1),(2646,124,0),(2647,26,1),(2647,35,-1),(2647,124,0),(2648,26,1),(2648,35,-1),(2648,124,0),(2649,26,1),(2649,35,-1),(2649,124,0),(2650,26,1),(2650,35,-1),(2650,124,0),(2651,26,1),(2651,35,-1),(2651,124,0),(2652,26,1),(2652,35,-1),(2652,124,0),(2653,26,1),(2653,35,-1),(2653,124,0),(2654,26,1),(2654,35,-1),(2654,124,0),(2655,26,1),(2655,35,-1),(2655,124,0),(2656,26,1),(2656,35,-1),(2656,124,0),(2657,26,1),(2657,35,-1),(2657,124,0),(2658,26,1),(2658,35,-1),(2658,124,0),(2659,26,1),(2659,35,-1),(2659,124,0),(2660,26,1),(2660,35,-1),(2660,124,0),(2661,26,1),(2661,35,-1),(2661,124,0),(2662,26,1),(2662,35,-1),(2662,124,0),(2663,26,1),(2663,35,-1),(2663,124,0),(2664,26,1),(2664,35,-1),(2664,124,0),(2665,26,1),(2665,35,-1),(2665,124,0),(2666,26,1),(2666,35,-1),(2666,124,0),(2667,26,1),(2667,35,-1),(2667,124,0),(2668,26,1),(2668,35,-1),(2668,124,0),(2669,26,1),(2669,35,-1),(2669,124,0),(2670,26,1),(2670,35,-1),(2670,124,0),(2671,26,1),(2671,35,-1),(2671,124,0),(2672,26,1),(2672,35,-1),(2672,124,0),(2673,26,1),(2673,35,-1),(2673,124,0),(2674,26,1),(2674,35,-1),(2674,124,0),(2675,26,1),(2675,35,-1),(2675,124,0),(2676,26,1),(2676,35,-1),(2676,124,0),(2677,26,1),(2677,35,-1),(2677,124,0),(2678,26,1),(2678,35,-1),(2678,124,0),(2679,26,1),(2679,35,-1),(2679,124,0),(2680,26,1),(2680,35,-1),(2680,124,0),(2681,26,1),(2681,35,-1),(2681,124,0),(2682,26,1),(2682,35,-1),(2682,124,0),(2683,26,1),(2683,35,-1),(2683,124,0),(2684,26,1),(2684,35,-1),(2684,124,0),(2685,26,1),(2685,35,-1),(2685,124,0),(2686,26,1),(2686,35,-1),(2686,124,0),(2687,26,1),(2687,35,-1),(2687,124,0),(2688,26,1),(2688,35,-1),(2688,124,0),(2689,26,1),(2689,35,-1),(2689,124,0),(2690,26,1),(2690,35,-1),(2690,124,0),(2691,26,1),(2691,35,-1),(2691,124,0),(2692,26,1),(2692,35,-1),(2692,124,0),(2693,26,1),(2693,35,-1),(2693,124,0),(2694,26,1),(2694,35,-1),(2694,124,0),(2695,26,1),(2695,35,-1),(2695,124,0),(2696,26,1),(2696,35,-1),(2696,124,0),(2697,26,1),(2697,35,-1),(2697,124,0),(2698,26,1),(2698,35,-1),(2698,124,0),(2699,26,1),(2699,35,-1),(2699,124,0),(2700,26,1),(2700,35,-1),(2700,124,0),(2701,26,1),(2701,35,-1),(2701,124,0),(2702,26,1),(2702,35,-1),(2702,124,0),(2703,26,1),(2703,35,-1),(2703,124,0),(2704,26,1),(2704,35,-1),(2704,124,0),(2705,26,1),(2705,35,-1),(2705,124,0),(2706,26,1),(2706,35,-1),(2706,124,0),(2707,26,1),(2707,35,-1),(2707,124,0),(2708,26,1),(2708,35,-1),(2708,124,0),(2709,26,1),(2709,35,-1),(2709,124,0),(2710,26,1),(2710,35,-1),(2710,124,0),(2711,26,1),(2711,35,-1),(2711,124,0),(2712,26,1),(2712,35,-1),(2712,124,0),(2713,26,1),(2713,35,-1),(2713,124,0),(2714,26,1),(2714,35,-1),(2714,124,0),(2715,26,1),(2715,35,-1),(2715,124,0),(2716,26,1),(2716,35,-1),(2716,124,0),(2717,26,1),(2717,35,-1),(2717,124,0),(2718,26,1),(2718,35,-1),(2718,124,0),(2719,26,1),(2719,35,-1),(2719,124,0),(2720,26,1),(2720,35,-1),(2720,124,0),(2721,26,1),(2721,35,-1),(2721,124,0),(2722,26,1),(2722,35,-1),(2722,124,0),(2723,26,1),(2723,35,-1),(2723,124,0),(2724,26,1),(2724,35,-1),(2724,124,0),(2725,26,1),(2725,35,-1),(2725,124,0),(2726,26,1),(2726,35,-1),(2726,124,0),(2727,26,1),(2727,35,-1),(2727,124,0),(2728,26,1),(2728,35,-1),(2728,124,0),(2729,26,1),(2729,35,-1),(2729,124,0),(2730,26,1),(2730,35,-1),(2730,124,0),(2731,26,1),(2731,35,-1),(2731,124,0),(2732,26,1),(2732,35,-1),(2732,124,0),(2733,26,1),(2733,35,-1),(2733,124,0),(2734,26,1),(2734,35,-1),(2734,124,0),(2735,26,1),(2735,35,-1),(2735,124,0),(2736,26,1),(2736,35,-1),(2736,124,0),(2737,26,1),(2737,35,-1),(2737,124,0),(2738,26,1),(2738,35,-1),(2738,124,0),(2739,26,1),(2739,35,-1),(2739,124,0),(2740,26,1),(2740,35,-1),(2740,124,0),(2741,26,1),(2741,35,-1),(2741,124,0),(2742,26,1),(2742,35,-1),(2742,124,0),(2743,26,1),(2743,35,-1),(2743,124,0),(2744,26,1),(2744,35,-1),(2744,124,0),(2745,26,1),(2745,35,-1),(2745,124,0),(2746,26,1),(2746,35,-1),(2746,124,0),(2747,26,1),(2747,35,-1),(2747,124,0),(2748,26,1),(2748,35,-1),(2748,124,0),(2749,26,1),(2749,35,-1),(2749,124,0),(2750,26,1),(2750,35,-1),(2750,124,0),(2751,26,1),(2751,35,-1),(2751,124,0),(2752,26,1),(2752,35,-1),(2752,124,0),(2753,26,1),(2753,35,-1),(2753,124,0),(2754,26,1),(2754,35,-1),(2754,124,0),(2755,26,1),(2755,35,-1),(2755,124,0),(2756,26,1),(2756,35,-1),(2756,124,0),(2757,26,1),(2757,35,-1),(2757,124,0),(2758,26,1),(2758,35,-1),(2758,124,0),(2759,26,1),(2759,35,-1),(2759,124,0),(2760,26,1),(2760,35,-1),(2760,124,0),(2761,26,1),(2761,35,-1),(2761,124,0),(2762,26,1),(2762,35,-1),(2762,124,0),(2763,26,1),(2763,35,-1),(2763,124,0),(2764,26,1),(2764,35,-1),(2764,124,0),(2765,26,1),(2765,35,-1),(2765,124,0),(2766,26,1),(2766,35,-1),(2766,124,0),(2767,26,1),(2767,35,-1),(2767,124,0),(2768,26,1),(2768,35,-1),(2768,124,0),(2769,26,1),(2769,35,-1),(2769,124,0),(2770,26,1),(2770,35,-1),(2770,124,0),(2771,26,1),(2771,35,-1),(2771,124,0),(2772,26,1),(2772,35,-1),(2772,124,0),(2773,26,1),(2773,35,-1),(2773,124,0),(2774,26,1),(2774,35,-1),(2774,124,0),(2775,26,1),(2775,35,-1),(2775,124,0),(2776,26,1),(2776,35,-1),(2776,124,0),(2777,26,1),(2777,35,-1),(2777,124,0),(2778,26,1),(2778,35,-1),(2778,124,0),(2779,26,1),(2779,35,-1),(2779,124,0),(2780,26,1),(2780,35,-1),(2780,124,0),(2781,26,1),(2781,35,-1),(2781,124,0),(2782,26,1),(2782,35,-1),(2782,124,0),(2783,26,1),(2783,35,-1),(2783,124,0),(2784,26,1),(2784,35,-1),(2784,124,0),(2785,26,1),(2785,35,-1),(2785,124,0),(2786,26,1),(2786,35,-1),(2786,124,0),(2787,26,1),(2787,35,-1),(2787,124,0),(2788,26,1),(2788,35,-1),(2788,124,0),(2789,26,1),(2789,35,-1),(2789,124,0),(2790,26,1),(2790,35,-1),(2790,124,0),(2791,26,1),(2791,35,-1),(2791,124,0),(2792,26,1),(2792,35,-1),(2792,124,0),(2793,26,1),(2793,35,-1),(2793,124,0),(2794,26,1),(2794,35,-1),(2794,124,0),(2795,26,1),(2795,35,-1),(2795,124,0),(2796,26,1),(2796,35,-1),(2796,124,0),(2797,26,1),(2797,35,-1),(2797,124,0),(2798,26,1),(2798,35,-1),(2798,124,0),(2799,26,1),(2799,35,-1),(2799,124,0),(2800,26,1),(2800,35,-1),(2800,124,0),(2801,26,1),(2801,35,-1),(2801,124,0),(2802,26,1),(2802,35,-1),(2802,124,0),(2803,26,1),(2803,35,-1),(2803,124,0),(2804,26,1),(2804,35,-1),(2804,124,0),(2805,26,1),(2805,35,-1),(2805,124,0),(2806,26,1),(2806,35,-1),(2806,124,0),(2807,26,1),(2807,35,-1),(2807,124,0),(2808,26,1),(2808,35,-1),(2808,124,0),(2809,26,1),(2809,35,-1),(2809,124,0),(2810,26,1),(2810,35,-1),(2810,124,0),(2811,26,1),(2811,35,-1),(2811,124,0),(2812,26,1),(2812,35,-1),(2812,124,0),(2813,26,1),(2813,35,-1),(2813,124,0),(2814,26,1),(2814,35,-1),(2814,124,0),(2815,26,1),(2815,35,-1),(2815,124,0),(2816,26,1),(2816,35,-1),(2816,124,0),(2817,26,1),(2817,35,-1),(2817,124,0),(2818,26,1),(2818,35,-1),(2818,124,0),(2819,26,1),(2819,35,-1),(2819,124,0),(2820,26,1),(2820,35,-1),(2820,124,0),(2821,26,1),(2821,35,-1),(2821,124,0),(2822,26,1),(2822,35,-1),(2822,124,0),(2823,26,1),(2823,35,-1),(2823,124,0),(2824,26,1),(2824,35,-1),(2824,124,0),(2825,26,1),(2825,35,-1),(2825,124,0),(2826,26,1),(2826,35,-1),(2826,124,0),(2827,26,1),(2827,35,-1),(2827,124,0),(2828,26,1),(2828,35,-1),(2828,124,0),(2829,26,1),(2829,35,-1),(2829,124,0),(2830,26,1),(2830,35,-1),(2830,124,0),(2831,26,1),(2831,35,-1),(2831,124,0),(2832,26,1),(2832,35,-1),(2832,124,0),(2833,26,1),(2833,35,-1),(2833,124,0),(2834,26,1),(2834,35,-1),(2834,124,0),(2835,26,1),(2835,35,-1),(2835,124,0),(2836,26,1),(2836,35,-1),(2836,124,0),(2837,26,1),(2837,35,-1),(2837,124,0),(2838,26,1),(2838,35,-1),(2838,124,0),(2839,26,1),(2839,35,-1),(2839,124,0),(2840,26,1),(2840,35,-1),(2840,124,0),(2841,26,1),(2841,35,-1),(2841,124,0),(2842,26,1),(2842,35,-1),(2842,124,0),(2843,26,1),(2843,35,-1),(2843,124,0),(2844,26,1),(2844,35,-1),(2844,124,0),(2845,26,1),(2845,35,-1),(2845,124,0),(2846,26,1),(2846,35,-1),(2846,124,0),(2847,26,1),(2847,35,-1),(2847,124,0),(2848,26,1),(2848,35,-1),(2848,124,0),(2849,26,1),(2849,35,-1),(2849,124,0),(2850,26,1),(2850,35,-1),(2850,124,0),(2851,26,1),(2851,35,-1),(2851,124,0),(2852,26,1),(2852,35,-1),(2852,124,0),(2853,26,1),(2853,35,-1),(2853,124,0),(2854,26,1),(2854,35,-1),(2854,124,0),(2855,26,1),(2855,35,-1),(2855,124,0),(2856,26,1),(2856,35,-1),(2856,124,0),(2857,26,1),(2857,35,-1),(2857,124,0),(2858,26,1),(2858,35,-1),(2858,124,0),(2859,26,1),(2859,35,-1),(2859,124,0),(2860,26,1),(2860,35,-1),(2860,124,0),(2861,26,1),(2861,35,-1),(2861,124,0),(2862,26,1),(2862,35,-1),(2862,124,0),(2863,26,1),(2863,35,-1),(2863,124,0),(2864,26,1),(2864,35,-1),(2864,124,0),(2865,26,1),(2865,35,-1),(2865,124,0),(2866,26,1),(2866,35,-1),(2866,124,0),(2867,26,1),(2867,35,-1),(2867,124,0),(2868,26,1),(2868,35,-1),(2868,124,0),(2869,26,1),(2869,35,-1),(2869,124,0),(2870,26,1),(2870,35,-1),(2870,124,0),(2871,26,1),(2871,35,-1),(2871,124,0),(2872,26,1),(2872,35,-1),(2872,124,0),(2873,26,1),(2873,35,-1),(2873,124,0),(2874,26,1),(2874,35,-1),(2874,124,0),(2875,26,1),(2875,35,-1),(2875,124,0),(2876,26,1),(2876,35,-1),(2876,124,0),(2877,26,1),(2877,35,-1),(2877,124,0),(2878,26,1),(2878,35,-1),(2878,124,0),(2879,26,1),(2879,35,-1),(2879,124,0),(2880,26,1),(2880,35,-1),(2880,124,0),(2881,26,1),(2881,35,-1),(2881,124,0),(2882,26,1),(2882,35,-1),(2882,124,0),(2883,26,1),(2883,35,-1),(2883,124,0),(2884,26,1),(2884,35,-1),(2884,124,0),(2885,26,1),(2885,35,-1),(2885,124,0),(2886,26,1),(2886,35,-1),(2886,124,0),(2887,26,1),(2887,35,-1),(2887,124,0),(2888,26,1),(2888,35,-1),(2888,124,0),(2889,26,1),(2889,35,-1),(2889,124,0),(2890,26,1),(2890,35,-1),(2890,124,0),(2891,26,1),(2891,35,-1),(2891,124,0),(2892,26,1),(2892,35,-1),(2892,124,0),(2893,26,1),(2893,35,-1),(2893,124,0),(2894,26,1),(2894,35,-1),(2894,124,0),(2895,26,1),(2895,35,-1),(2895,124,0),(2896,26,1),(2896,35,-1),(2896,124,0),(2897,26,1),(2897,35,-1),(2897,124,0),(2898,26,1),(2898,35,-1),(2898,124,0),(2899,26,1),(2899,35,-1),(2899,124,0),(2900,26,1),(2900,35,-1),(2900,124,0),(2901,26,1),(2901,35,-1),(2901,124,0),(2902,26,1),(2902,35,-1),(2902,124,0),(2903,26,1),(2903,35,-1),(2903,124,0),(2904,26,1),(2904,35,-1),(2904,124,0),(2905,26,1),(2905,35,-1),(2905,124,0),(2906,26,1),(2906,35,-1),(2906,124,0),(2907,26,1),(2907,35,-1),(2907,124,0),(2908,26,1),(2908,35,-1),(2908,124,0),(2909,26,1),(2909,35,-1),(2909,124,0),(2910,26,1),(2910,35,-1),(2910,124,0),(2911,26,1),(2911,35,-1),(2911,124,0),(2912,26,1),(2912,35,-1),(2912,124,0),(2913,26,1),(2913,35,-1),(2913,124,0),(2914,26,1),(2914,35,-1),(2914,124,0),(2915,26,1),(2915,35,-1),(2915,124,0),(2916,26,1),(2916,35,-1),(2916,124,0),(2917,26,1),(2917,35,-1),(2917,124,0),(2918,26,1),(2918,35,-1),(2918,124,0),(2919,26,1),(2919,35,-1),(2919,124,0),(2920,26,1),(2920,35,-1),(2920,124,0),(2921,26,1),(2921,35,-1),(2921,124,0),(2922,26,1),(2922,35,-1),(2922,124,0),(2923,26,1),(2923,35,-1),(2923,124,0),(2924,26,1),(2924,35,-1),(2924,124,0),(2925,26,1),(2925,35,-1),(2925,124,0),(2926,26,1),(2926,35,-1),(2926,124,0),(2927,26,1),(2927,35,-1),(2927,124,0),(2928,26,1),(2928,35,-1),(2928,124,0),(2929,26,1),(2929,35,-1),(2929,124,0),(2930,26,1),(2930,35,-1),(2930,124,0),(2931,26,1),(2931,35,-1),(2931,124,0),(2932,26,1),(2932,35,-1),(2932,124,0),(2933,26,1),(2933,35,-1),(2933,124,0),(2934,26,1),(2934,35,-1),(2934,124,0),(2935,26,1),(2935,35,-1),(2935,124,0),(2936,26,1),(2936,35,-1),(2936,124,0),(2937,26,1),(2937,35,-1),(2937,124,0),(2938,26,1),(2938,35,-1),(2938,124,0),(2939,26,1),(2939,35,-1),(2939,124,0),(2940,26,1),(2940,35,-1),(2940,124,0),(2941,26,1),(2941,35,-1),(2941,124,0),(2942,26,1),(2942,35,-1),(2942,124,0),(2943,26,1),(2943,35,-1),(2943,124,0),(2944,26,1),(2944,35,-1),(2944,124,0),(2945,26,1),(2945,35,-1),(2945,124,0),(2946,26,1),(2946,35,-1),(2946,124,0),(2947,26,1),(2947,35,-1),(2947,124,0),(2948,26,1),(2948,35,-1),(2948,124,0),(2949,26,1),(2949,35,-1),(2949,124,0),(2950,26,1),(2950,35,-1),(2950,124,0),(2951,26,1),(2951,35,-1),(2951,124,0),(2952,26,1),(2952,35,-1),(2952,124,0),(2953,26,1),(2953,35,-1),(2953,124,0),(2954,26,1),(2954,35,-1),(2954,124,0),(2955,26,1),(2955,35,-1),(2955,124,0),(2956,26,1),(2956,35,-1),(2956,124,0),(2957,26,1),(2957,35,-1),(2957,124,0),(2958,26,1),(2958,35,-1),(2958,124,0),(2959,26,1),(2959,35,-1),(2959,124,0),(2960,26,1),(2960,35,-1),(2960,124,0),(2961,26,1),(2961,35,-1),(2961,124,0),(2962,26,1),(2962,35,-1),(2962,124,0),(2963,26,1),(2963,35,-1),(2963,124,0),(2964,26,1),(2964,35,-1),(2964,124,0),(2965,26,1),(2965,35,-1),(2965,124,0),(2966,26,1),(2966,35,-1),(2966,124,0),(2967,26,1),(2967,35,-1),(2967,124,0),(2968,26,1),(2968,35,-1),(2968,124,0),(2969,26,1),(2969,35,-1),(2969,124,0),(2970,26,1),(2970,35,-1),(2970,124,0),(2971,26,1),(2971,35,-1),(2971,124,0),(2972,26,1),(2972,35,-1),(2972,124,0),(2973,26,1),(2973,35,-1),(2973,124,0),(2974,26,1),(2974,35,-1),(2974,124,0),(2975,26,1),(2975,35,-1),(2975,124,0),(2976,26,1),(2976,35,-1),(2976,124,0),(2977,26,1),(2977,35,-1),(2977,124,0),(2978,26,1),(2978,35,-1),(2978,124,0),(2979,26,1),(2979,35,-1),(2979,124,0),(2980,26,1),(2980,35,-1),(2980,124,0),(2981,26,1),(2981,35,-1),(2981,124,0),(2982,26,1),(2982,35,-1),(2982,124,0),(2983,26,1),(2983,35,-1),(2983,124,0),(2984,26,1),(2984,35,-1),(2984,124,0),(2985,26,1),(2985,35,-1),(2985,124,0),(2986,26,1),(2986,35,-1),(2986,124,0),(2987,26,1),(2987,35,-1),(2987,124,0),(2988,26,1),(2988,35,-1),(2988,124,0),(2989,26,1),(2989,35,-1),(2989,124,0),(2990,26,1),(2990,35,-1),(2990,124,0),(2991,26,1),(2991,35,-1),(2991,124,0),(2992,26,1),(2992,35,-1),(2992,124,0),(2993,26,1),(2993,35,-1),(2993,124,0),(2994,26,1),(2994,35,-1),(2994,124,0),(2995,26,1),(2995,35,-1),(2995,124,0),(2996,26,1),(2996,35,-1),(2996,124,0),(2997,26,1),(2997,35,-1),(2997,124,0),(2998,26,1),(2998,35,-1),(2998,124,0),(2999,26,1),(2999,35,-1),(2999,124,0),(3000,26,1),(3000,35,-1),(3000,124,0),(3001,26,1),(3001,35,-1),(3001,124,0),(3002,26,1),(3002,35,-1),(3002,124,0),(3003,26,1),(3003,35,-1),(3003,124,0),(3004,26,1),(3004,35,-1),(3004,124,0),(3005,26,1),(3005,35,-1),(3005,124,0),(3006,26,1),(3006,35,-1),(3006,124,0),(3007,26,1),(3007,35,-1),(3007,124,0),(3008,26,1),(3008,35,-1),(3008,124,0),(3009,26,1),(3009,35,-1),(3009,124,0),(3010,26,1),(3010,35,-1),(3010,124,0),(3011,26,1),(3011,35,-1),(3011,124,0),(3012,26,1),(3012,35,-1),(3012,124,0),(3013,26,1),(3013,35,-1),(3013,124,0),(3014,26,1),(3014,35,-1),(3014,124,0),(3015,26,1),(3015,35,-1),(3015,124,0),(3016,26,1),(3016,35,-1),(3016,124,0),(3017,26,1),(3017,35,-1),(3017,124,0),(3018,26,1),(3018,35,-1),(3018,124,0),(3019,26,1),(3019,35,-1),(3019,124,0),(3020,26,1),(3020,35,-1),(3020,124,0),(3021,26,1),(3021,35,-1),(3021,124,0),(3022,26,1),(3022,35,-1),(3022,124,0),(3023,26,1),(3023,35,-1),(3023,124,0),(3024,26,1),(3024,35,-1),(3024,124,0),(3025,26,1),(3025,35,-1),(3025,124,0),(3026,26,1),(3026,35,-1),(3026,124,0),(3027,26,1),(3027,35,-1),(3027,124,0),(3028,26,1),(3028,35,-1),(3028,124,0),(3029,26,1),(3029,35,-1),(3029,124,0),(3030,26,1),(3030,35,-1),(3030,124,0),(3031,26,1),(3031,35,-1),(3031,124,0),(3032,26,1),(3032,35,-1),(3032,124,0),(3033,26,1),(3033,35,-1),(3033,124,0),(3034,26,1),(3034,35,-1),(3034,124,0),(3035,26,1),(3035,35,-1),(3035,124,0),(3036,26,1),(3036,35,-1),(3036,124,0),(3037,26,1),(3037,35,-1),(3037,124,0),(3038,26,1),(3038,35,-1),(3038,124,0),(3039,26,1),(3039,35,-1),(3039,124,0),(3040,26,1),(3040,35,-1),(3040,124,0),(3041,26,1),(3041,35,-1),(3041,124,0),(3042,26,1),(3042,35,-1),(3042,124,0),(3043,26,1),(3043,35,-1),(3043,124,0),(3044,26,1),(3044,35,-1),(3044,124,0),(3045,26,1),(3045,35,-1),(3045,124,0),(3046,26,1),(3046,35,-1),(3046,124,0),(3047,26,1),(3047,35,-1),(3047,124,0),(3048,26,1),(3048,35,-1),(3048,124,0),(3049,26,1),(3049,35,-1),(3049,124,0),(3050,26,1),(3050,35,-1),(3050,124,0),(3051,26,1),(3051,35,-1),(3051,124,0),(3052,26,1),(3052,35,-1),(3052,124,0),(3053,26,1),(3053,35,-1),(3053,124,0),(3054,26,1),(3054,35,-1),(3054,124,0),(3055,26,1),(3055,35,-1),(3055,124,0),(3056,26,1),(3056,35,-1),(3056,124,0),(3057,26,1),(3057,35,-1),(3057,124,0),(3058,26,1),(3058,35,-1),(3058,124,0),(3059,26,1),(3059,35,-1),(3059,124,0),(3060,26,1),(3060,35,-1),(3060,124,0),(3061,26,1),(3061,35,-1),(3061,124,0),(3062,26,1),(3062,35,-1),(3062,124,0),(3063,26,1),(3063,35,-1),(3063,124,0),(3064,26,1),(3064,35,-1),(3064,124,0),(3065,26,1),(3065,35,-1),(3065,124,0),(3066,26,1),(3066,35,-1),(3066,124,0),(3067,26,1),(3067,35,-1),(3067,124,0),(3068,26,1),(3068,35,-1),(3068,124,0),(3069,26,1),(3069,35,-1),(3069,124,0),(3070,26,1),(3070,35,-1),(3070,124,0),(3071,26,1),(3071,35,-1),(3071,124,0),(3072,26,1),(3072,35,-1),(3072,124,0),(3073,26,1),(3073,35,-1),(3073,124,0),(3074,26,1),(3074,35,-1),(3074,124,0),(3075,26,1),(3075,35,-1),(3075,124,0),(3076,26,1),(3076,35,-1),(3076,124,0),(3077,26,1),(3077,35,-1),(3077,124,0),(3078,26,1),(3078,35,-1),(3078,124,0),(3079,26,1),(3079,35,-1),(3079,124,0),(3080,26,1),(3080,35,-1),(3080,124,0),(3081,26,1),(3081,35,-1),(3081,124,0),(3082,26,1),(3082,35,-1),(3082,124,0),(3083,26,1),(3083,35,-1),(3083,124,0),(3084,26,1),(3084,35,-1),(3084,124,0),(3085,26,1),(3085,35,-1),(3085,124,0),(3086,26,1),(3086,35,-1),(3086,124,0),(3087,26,1),(3087,35,-1),(3087,124,0),(3088,26,1),(3088,35,-1),(3088,124,0),(3089,26,1),(3089,35,-1),(3089,124,0),(3090,26,1),(3090,35,-1),(3090,124,0),(3091,26,1),(3091,35,-1),(3091,124,0),(3092,26,1),(3092,35,-1),(3092,124,0),(3093,26,1),(3093,35,-1),(3093,124,0),(3094,26,1),(3094,35,-1),(3094,124,0),(3095,26,1),(3095,35,-1),(3095,124,0),(3096,26,1),(3096,35,-1),(3096,124,0),(3097,26,1),(3097,35,-1),(3097,124,0),(3098,26,1),(3098,35,-1),(3098,124,0),(3099,26,1),(3099,35,-1),(3099,124,0),(3100,26,1),(3100,35,-1),(3100,124,0),(3101,26,1),(3101,35,-1),(3101,124,0),(3102,26,1),(3102,35,-1),(3102,124,0),(3103,26,1),(3103,35,-1),(3103,124,0),(3104,26,1),(3104,35,-1),(3104,124,0),(3105,26,1),(3105,35,-1),(3105,124,0),(3106,26,1),(3106,35,-1),(3106,124,0),(3107,26,1),(3107,35,-1),(3107,124,0),(3108,26,1),(3108,35,-1),(3108,124,0),(3109,26,1),(3109,35,-1),(3109,124,0),(3110,26,1),(3110,35,-1),(3110,124,0),(3111,26,1),(3111,35,-1),(3111,124,0),(3112,26,1),(3112,35,-1),(3112,124,0),(3113,26,1),(3113,35,-1),(3113,124,0),(3114,26,1),(3114,35,-1),(3114,124,0),(3115,26,1),(3115,35,-1),(3115,124,0),(3116,26,1),(3116,35,-1),(3116,124,0),(3117,26,1),(3117,35,-1),(3117,124,0),(3118,26,1),(3118,35,-1),(3118,124,0),(3119,26,1),(3119,35,-1),(3119,124,0),(3120,26,1),(3120,35,-1),(3120,124,0),(3121,26,1),(3121,35,-1),(3121,124,0),(3122,26,1),(3122,35,-1),(3122,124,0),(3123,26,1),(3123,35,-1),(3123,124,0),(3124,26,1),(3124,35,-1),(3124,124,0),(3125,26,1),(3125,35,-1),(3125,124,0),(3126,26,1),(3126,35,-1),(3126,124,0),(3127,26,1),(3127,35,-1),(3127,124,0),(3128,26,1),(3128,35,-1),(3128,124,0),(3129,26,1),(3129,35,-1),(3129,124,0),(3130,26,1),(3130,35,-1),(3130,124,0),(3131,26,1),(3131,35,-1),(3131,124,0),(3132,26,1),(3132,35,-1),(3132,124,0),(3133,26,1),(3133,35,-1),(3133,124,0),(3134,26,1),(3134,35,-1),(3134,124,0),(3135,26,1),(3135,35,-1),(3135,124,0),(3136,26,1),(3136,35,-1),(3136,124,0),(3137,26,1),(3137,35,-1),(3137,124,0),(3138,26,1),(3138,35,-1),(3138,124,0),(3139,26,1),(3139,35,-1),(3139,124,0),(3140,26,1),(3140,35,-1),(3140,124,0),(3141,26,1),(3141,35,-1),(3141,124,0),(3142,26,1),(3142,35,-1),(3142,124,0),(3143,26,1),(3143,35,-1),(3143,124,0),(3144,26,1),(3144,35,-1),(3144,124,0),(3145,26,1),(3145,35,-1),(3145,124,0),(3146,26,1),(3146,35,-1),(3146,124,0),(3147,26,1),(3147,35,-1),(3147,124,0),(3148,26,1),(3148,35,-1),(3148,124,0),(3149,26,1),(3149,35,-1),(3149,124,0),(3150,26,1),(3150,35,-1),(3150,124,0),(3151,26,1),(3151,35,-1),(3151,124,0),(3152,26,1),(3152,35,-1),(3152,124,0),(3153,26,1),(3153,35,-1),(3153,124,0),(3154,26,1),(3154,35,-1),(3154,124,0),(3155,26,1),(3155,35,-1),(3155,124,0),(3156,26,1),(3156,35,-1),(3156,124,0),(3157,26,1),(3157,35,-1),(3157,124,0),(3158,26,1),(3158,35,-1),(3158,124,0),(3159,26,1),(3159,35,-1),(3159,124,0),(3160,26,1),(3160,35,-1),(3160,124,0),(3161,26,1),(3161,35,-1),(3161,124,0),(3162,26,1),(3162,35,-1),(3162,124,0);

--
-- Table structure for table `ngn_users_category`
--

CREATE TABLE `ngn_users_category` (
  `category_id` int(11) NOT NULL AUTO_INCREMENT,
  `category_enable` int(11) DEFAULT NULL,
  `category_createdate` datetime DEFAULT NULL,
  `category_showdate` datetime DEFAULT NULL,
  `category_hidedate` datetime DEFAULT NULL,
  `category_hide` tinyint(1) NOT NULL,
  `category_editdate` datetime DEFAULT NULL,
  `category_position` int(11) DEFAULT NULL,
  `category_type` int(11) NOT NULL,
  `category_parent` int(11) DEFAULT NULL,
  `category_photo` int(11) DEFAULT NULL,
  `category_restriction` int(11) NOT NULL,
  `category_template` int(11) NOT NULL,
  `category_template_news` int(11) NOT NULL,
  `category_source` varchar(200) NOT NULL,
  `category_source_url` varchar(200) NOT NULL,
  `category_photo2` int(11) DEFAULT NULL,
  `category_photo_language1` int(11) NOT NULL,
  `category_photo_language2` int(11) NOT NULL,
  PRIMARY KEY (`category_id`),
  KEY `category_enable` (`category_enable`),
  KEY `category_template` (`category_template`),
  KEY `category_template_news` (`category_template_news`),
  KEY `category_createdate` (`category_createdate`),
  KEY `category_editdate` (`category_editdate`),
  KEY `category_hidedate` (`category_hidedate`),
  KEY `category_showdate` (`category_showdate`)
) ENGINE=InnoDB AUTO_INCREMENT=166 DEFAULT CHARSET=utf8;

--
-- Dumping data for table `ngn_users_category`
--

INSERT INTO `ngn_users_category` VALUES (9,0,'0000-00-00 00:00:00','0000-00-00 00:00:00','0000-00-00 00:00:00',0,'0000-00-00 00:00:00',11,0,0,0,0,0,0,'','',NULL,0,0),(10,1,'0000-00-00 00:00:00','0000-00-00 00:00:00','0000-00-00 00:00:00',0,'2015-10-05 14:27:01',0,0,0,0,0,0,0,'','',NULL,0,0),(11,1,'0000-00-00 00:00:00','0000-00-00 00:00:00','0000-00-00 00:00:00',0,'0000-00-00 00:00:00',8,0,0,0,0,0,0,'','',NULL,0,0),(12,1,'0000-00-00 00:00:00','0000-00-00 00:00:00','0000-00-00 00:00:00',0,'0000-00-00 00:00:00',9,0,0,0,0,0,0,'','',NULL,0,0),(13,1,'0000-00-00 00:00:00','0000-00-00 00:00:00','0000-00-00 00:00:00',0,'0000-00-00 00:00:00',10,0,0,0,0,0,0,'','',NULL,0,0),(26,1,'0000-00-00 00:00:00','0000-00-00 00:00:00','0000-00-00 00:00:00',0,'0000-00-00 00:00:00',0,0,12,0,0,0,0,'','',NULL,0,0),(27,1,'0000-00-00 00:00:00','0000-00-00 00:00:00','0000-00-00 00:00:00',0,'0000-00-00 00:00:00',1,0,12,0,0,0,0,'','',NULL,0,0),(33,1,'0000-00-00 00:00:00','0000-00-00 00:00:00','0000-00-00 00:00:00',0,'0000-00-00 00:00:00',0,0,10,0,0,0,0,'','',NULL,0,0),(34,1,'0000-00-00 00:00:00','0000-00-00 00:00:00','0000-00-00 00:00:00',0,'0000-00-00 00:00:00',1,0,10,0,0,0,0,'','',NULL,0,0),(35,1,'0000-00-00 00:00:00','0000-00-00 00:00:00','0000-00-00 00:00:00',0,'2016-11-28 16:33:23',3,0,0,0,0,0,0,'','',NULL,0,0),(36,1,'2014-11-30 10:55:34','0000-00-00 00:00:00','0000-00-00 00:00:00',0,'2014-11-30 11:00:08',4,0,0,0,0,0,0,'','',NULL,0,0),(37,1,'2015-01-19 12:47:07','0000-00-00 00:00:00','0000-00-00 00:00:00',0,'2015-01-19 12:47:08',5,0,0,0,0,0,0,'','',NULL,0,0),(101,1,'2015-05-26 13:47:55',NULL,NULL,0,'2015-05-26 13:49:08',6,0,0,0,0,0,0,'','',NULL,0,0),(102,1,'2015-05-26 13:48:37',NULL,NULL,0,'2015-05-26 14:04:54',0,0,101,0,0,0,0,'','',NULL,0,0),(104,1,'2015-06-02 16:18:25',NULL,NULL,0,'2015-06-02 16:18:25',4,0,101,0,0,0,0,'','',NULL,0,0),(106,1,'2015-06-03 12:47:23',NULL,NULL,0,'2015-06-03 12:47:23',5,0,101,0,0,0,0,'','',NULL,0,0),(111,1,'2015-07-18 12:59:08',NULL,NULL,0,'2015-07-18 12:59:08',6,0,101,0,0,0,0,'','',NULL,0,0),(118,1,'2015-07-21 17:24:31',NULL,NULL,0,'2015-07-21 17:24:31',3,0,101,0,0,0,0,'','',NULL,0,0),(119,0,'2015-10-02 15:33:01',NULL,NULL,0,'2015-10-02 15:33:01',7,0,0,0,0,0,0,'','',NULL,0,0),(122,0,'2016-11-14 16:22:47',NULL,NULL,0,'2016-11-14 16:22:47',2,0,0,0,0,0,0,'','',NULL,0,0),(123,1,'2016-11-15 09:50:53',NULL,NULL,0,'2016-11-15 09:51:03',2,0,101,0,0,0,0,'','',NULL,0,0),(124,0,'2016-11-28 16:33:42',NULL,NULL,0,'2022-08-22 09:02:57',0,0,11,0,0,0,0,'','',NULL,0,0),(126,1,'2017-01-06 09:37:49',NULL,NULL,0,'2019-04-30 09:42:59',2,0,11,0,0,0,0,'','',NULL,0,0),(127,0,'2017-08-23 15:35:39',NULL,NULL,0,'2017-08-23 15:35:39',1,0,0,0,0,0,0,'','',NULL,0,0),(145,1,'2017-10-18 13:52:13',NULL,NULL,0,'2019-04-30 09:29:59',20,0,11,0,0,0,0,'','',NULL,0,0),(165,1,'2017-11-22 17:01:35',NULL,NULL,0,'2017-11-22 17:01:35',1,0,101,0,0,0,0,'','',NULL,0,0);

--
-- Table structure for table `ngn_users_category_file`
--

CREATE TABLE `ngn_users_category_file` (
  `type_id` int(11) NOT NULL AUTO_INCREMENT,
  `type_name` varchar(200) NOT NULL DEFAULT '',
  `type_extension` varchar(200) NOT NULL DEFAULT '',
  `type_type` varchar(200) NOT NULL DEFAULT '',
  `type_enable` int(11) NOT NULL DEFAULT 0,
  `type_photo` varchar(200) NOT NULL DEFAULT '',
  PRIMARY KEY (`type_id`)
) ENGINE=InnoDB DEFAULT CHARSET=utf8;

--
-- Dumping data for table `ngn_users_category_file`
--


--
-- Table structure for table `ngn_users_category_files`
--

CREATE TABLE `ngn_users_category_files` (
  `file_id` int(11) NOT NULL AUTO_INCREMENT,
  `category_id` int(11) NOT NULL DEFAULT 0,
  `file_type` int(11) NOT NULL DEFAULT 0,
  `file_group` int(11) NOT NULL,
  `file_size` int(11) NOT NULL DEFAULT 0,
  `file_list` int(11) NOT NULL DEFAULT 1,
  `file_file` varchar(100) NOT NULL DEFAULT '',
  `file_original_name` varchar(200) NOT NULL DEFAULT '0',
  `file_createdate` datetime NOT NULL,
  `file_showdate` datetime NOT NULL,
  `file_hidedate` datetime NOT NULL,
  `file_hide` smallint(1) NOT NULL,
  `file_owner` int(11) NOT NULL,
  `file_order` int(11) NOT NULL,
  PRIMARY KEY (`file_id`),
  KEY `category_id` (`category_id`),
  KEY `file_type` (`file_type`),
  KEY `file_createdate` (`file_createdate`),
  KEY `file_owner` (`file_owner`),
  KEY `file_group` (`file_group`),
  KEY `file_showdate` (`file_showdate`),
  KEY `file_hidedate` (`file_hidedate`),
  KEY `file_hide` (`file_hide`),
  KEY `file_order` (`file_order`),
  CONSTRAINT `ngn_users_category_files_ibfk_1` FOREIGN KEY (`category_id`) REFERENCES `ngn_users_category` (`category_id`) ON DELETE CASCADE ON UPDATE CASCADE
) ENGINE=InnoDB DEFAULT CHARSET=utf8;

--
-- Dumping data for table `ngn_users_category_files`
--


--
-- Table structure for table `ngn_users_category_files_language`
--

CREATE TABLE `ngn_users_category_files_language` (
  `file_id` int(11) NOT NULL,
  `language_id` int(11) NOT NULL DEFAULT 0,
  `editdate` datetime NOT NULL,
  `enable` int(11) NOT NULL,
  `approved` int(1) NOT NULL DEFAULT 0,
  `language_name` varchar(200) DEFAULT NULL,
  `language_description` text DEFAULT NULL,
  `language_meta` text DEFAULT NULL,
  `language_keywords` varchar(100) DEFAULT NULL,
  `language_url` varchar(100) DEFAULT NULL,
  `language_photo` varchar(100) NOT NULL DEFAULT '',
  PRIMARY KEY (`file_id`,`language_id`),
  KEY `language_id` (`language_id`),
  KEY `editdate` (`editdate`),
  CONSTRAINT `ngn_users_category_files_languageibfk_1` FOREIGN KEY (`file_id`) REFERENCES `ngn_users_category_files` (`file_id`) ON DELETE CASCADE ON UPDATE CASCADE
) ENGINE=InnoDB DEFAULT CHARSET=utf8;

--
-- Dumping data for table `ngn_users_category_files_language`
--


--
-- Table structure for table `ngn_users_category_groups`
--

CREATE TABLE `ngn_users_category_groups` (
  `id` int(11) NOT NULL AUTO_INCREMENT,
  `category_id` int(11) NOT NULL,
  `group_id` int(11) NOT NULL,
  `position` int(11) NOT NULL,
  `transfer` int(11) NOT NULL DEFAULT 1,
  `category` int(11) NOT NULL DEFAULT 0,
  PRIMARY KEY (`id`),
  UNIQUE KEY `category_id_2` (`category_id`,`group_id`),
  KEY `group_id` (`group_id`),
  KEY `category_id` (`category_id`),
  KEY `position` (`position`),
  CONSTRAINT `ngn_users_category_groups_ibfk_1` FOREIGN KEY (`category_id`) REFERENCES `ngn_users_category` (`category_id`) ON DELETE CASCADE ON UPDATE CASCADE,
  CONSTRAINT `ngn_users_category_groups_ibfk_2` FOREIGN KEY (`group_id`) REFERENCES `ngn_users_groups` (`group_id`) ON DELETE CASCADE ON UPDATE CASCADE
) ENGINE=InnoDB AUTO_INCREMENT=8 DEFAULT CHARSET=utf8;

--
-- Dumping data for table `ngn_users_category_groups`
--

INSERT INTO `ngn_users_category_groups` VALUES (1,36,1,0,1,0),(3,35,2,0,1,0),(4,37,3,0,1,0),(6,33,5,0,1,0),(7,26,2,0,1,0);

--
-- Table structure for table `ngn_users_category_groups_atribute`
--

CREATE TABLE `ngn_users_category_groups_atribute` (
  `cgid` int(11) NOT NULL,
  `gaid` int(11) NOT NULL,
  `language_id` int(11) NOT NULL,
  `valueInt` int(11) NOT NULL DEFAULT 0,
  `valueFloat` double NOT NULL DEFAULT 0,
  `valueText` text NOT NULL,
  PRIMARY KEY (`cgid`,`gaid`,`language_id`),
  KEY `language_id` (`language_id`),
  KEY `gaid` (`gaid`),
  KEY `cgid` (`cgid`),
  KEY `valueInt` (`valueInt`)
) ENGINE=InnoDB DEFAULT CHARSET=utf8;

--
-- Dumping data for table `ngn_users_category_groups_atribute`
--

INSERT INTO `ngn_users_category_groups_atribute` VALUES (5,5,1,0,0,'&lt;p&gt;21123213&lt;/p&gt;');

--
-- Table structure for table `ngn_users_category_groups_atribute_multi`
--

CREATE TABLE `ngn_users_category_groups_atribute_multi` (
  `cgid` int(11) NOT NULL,
  `category_id` int(11) NOT NULL,
  `gaid` int(11) NOT NULL,
  `language_id` int(11) NOT NULL,
  `valueInt` int(11) NOT NULL,
  `item_order` int(11) NOT NULL,
  PRIMARY KEY (`cgid`,`gaid`,`language_id`),
  KEY `item_order` (`item_order`)
) ENGINE=InnoDB DEFAULT CHARSET=utf8;

--
-- Dumping data for table `ngn_users_category_groups_atribute_multi`
--


--
-- Table structure for table `ngn_users_category_language`
--

CREATE TABLE `ngn_users_category_language` (
  `category_id` int(11) NOT NULL,
  `language_id` int(11) NOT NULL DEFAULT 0,
  `editdate` datetime NOT NULL,
  `enable` int(11) NOT NULL,
  `approved` int(1) NOT NULL DEFAULT 0,
  `language_name` varchar(200) DEFAULT NULL,
  `language_description` text DEFAULT NULL,
  `language_meta` text DEFAULT NULL,
  `language_keywords` varchar(100) DEFAULT NULL,
  `language_url` varchar(100) DEFAULT NULL,
  `photo1` int(11) NOT NULL,
  `photo2` int(11) NOT NULL,
  `language_photo` varchar(100) NOT NULL DEFAULT '',
  `language_photo2` varchar(100) NOT NULL,
  `language_html` text NOT NULL,
  PRIMARY KEY (`category_id`,`language_id`),
  KEY `language_id` (`language_id`),
  KEY `editdate` (`editdate`),
  FULLTEXT KEY `language_html` (`language_html`),
  CONSTRAINT `ngn_users_category_language_ibfk_1` FOREIGN KEY (`category_id`) REFERENCES `ngn_users_category` (`category_id`) ON DELETE CASCADE ON UPDATE CASCADE
) ENGINE=InnoDB DEFAULT CHARSET=utf8;

--
-- Dumping data for table `ngn_users_category_language`
--

INSERT INTO `ngn_users_category_language` VALUES (9,0,'0000-00-00 00:00:00',0,0,'Administrator','','','','administrator',0,0,'','',''),(9,1,'0000-00-00 00:00:00',0,0,'Administrator','','','','administrator',0,0,'','',''),(9,2,'0000-00-00 00:00:00',0,0,'Administrator','','','','administrator',0,0,'','',''),(10,1,'0000-00-00 00:00:00',0,1,'Ekipa','','','','ekipa',0,0,'','',''),(10,2,'0000-00-00 00:00:00',0,1,'Ekipa','','','','ekipa',0,0,'','',''),(11,1,'0000-00-00 00:00:00',0,0,'Mape','','','','mape',0,0,'','',''),(11,2,'0000-00-00 00:00:00',0,0,'Mape','','','','mape',0,0,'','',''),(12,1,'0000-00-00 00:00:00',0,0,'Tip stranke','','','','tip-stranke',0,0,'','',''),(12,2,'0000-00-00 00:00:00',0,0,'Tip stranke','','','','tip-stranke',0,0,'','',''),(13,1,'0000-00-00 00:00:00',0,0,'Tip pridobitve','','','','tip-pridobitve',0,0,'','',''),(13,2,'0000-00-00 00:00:00',0,0,'Tip pridobitve','','','','tip-pridobitve',0,0,'','',''),(26,1,'0000-00-00 00:00:00',0,0,'Fizična oseba','','','','fizicna-oseba',0,0,'','',''),(26,2,'0000-00-00 00:00:00',0,0,'Fizična oseba','','','','fizicna-oseba',0,0,'','',''),(27,1,'0000-00-00 00:00:00',0,0,'Pravna oseba','','','','pravna-oseba',0,0,'','',''),(27,2,'0000-00-00 00:00:00',0,0,'Pravna oseba','','','','pravna-oseba',0,0,'','',''),(33,1,'0000-00-00 00:00:00',0,0,'Komercialisti','','','','komercialisti',0,0,'','',''),(33,2,'0000-00-00 00:00:00',0,0,'Komercialisti','','','','komercialisti',0,0,'','',''),(34,1,'0000-00-00 00:00:00',0,0,'Tehnologi','','','','tehnologi',0,0,'','',''),(34,2,'0000-00-00 00:00:00',0,0,'Tehnologi','','','','tehnologi',0,0,'','',''),(35,1,'0000-00-00 00:00:00',0,1,'CRM Stranke','','','','crm-stranke',0,0,'','',''),(35,2,'0000-00-00 00:00:00',0,1,'CRM Stranke','','','','crm-stranke',0,0,'','',''),(36,1,'0000-00-00 00:00:00',0,0,'Kategory 1','','','','kategory-1',0,0,'','',''),(36,2,'0000-00-00 00:00:00',0,0,'Kategory 1','','','','kategory-1',0,0,'','',''),(37,1,'0000-00-00 00:00:00',0,0,'Dobavitelji','','','','dobavitelji',0,0,'','',''),(37,2,'0000-00-00 00:00:00',0,0,'Dobavitelji','','','','dobavitelji',0,0,'','',''),(101,1,'0000-00-00 00:00:00',0,0,'Namen povpraševanja','','','','namen-povprasevanja',0,0,'','',''),(101,2,'0000-00-00 00:00:00',0,0,'Namen povpraševanja','','','','namen-povprasevanja',0,0,'','',''),(102,1,'0000-00-00 00:00:00',0,0,'Povpraševanje','','','','povprasevanje',0,0,'','',''),(102,2,'0000-00-00 00:00:00',0,0,'Povpraševanje','','','','povprasevanje',0,0,'','',''),(104,1,'0000-00-00 00:00:00',1,0,'Klic','','','','klic',0,0,'','',''),(104,2,'0000-00-00 00:00:00',1,0,'Klic','','','','klic',0,0,'','',''),(106,1,'0000-00-00 00:00:00',1,0,'Reklamacija','','','','reklamacija',0,0,'','',''),(106,2,'0000-00-00 00:00:00',1,0,'Reklamacija','','','','reklamacija',0,0,'','',''),(111,1,'0000-00-00 00:00:00',0,0,'Opomba','','','','opomba',0,0,'','',''),(111,2,'0000-00-00 00:00:00',0,0,'Opomba','','','','opomba',0,0,'','',''),(118,1,'0000-00-00 00:00:00',0,0,'Pohvala','','','','pohvala',0,0,'','',''),(118,2,'0000-00-00 00:00:00',0,0,'Pohvala','','','','pohvala',0,0,'','',''),(119,1,'0000-00-00 00:00:00',0,1,'Admin','','','','admin',0,0,'','',''),(119,2,'0000-00-00 00:00:00',0,1,'Admin','','','','admin',0,0,'','',''),(122,1,'0000-00-00 00:00:00',0,1,'Testna kategorija','','','','testna-kategorija',0,0,'','',''),(122,2,'0000-00-00 00:00:00',0,1,'Testna kategorija','','','','testna-kategorija',0,0,'','',''),(123,1,'0000-00-00 00:00:00',0,0,'Nakup','','','','nakup',0,0,'','',''),(123,2,'0000-00-00 00:00:00',0,0,'Nakup','','','','nakup',0,0,'','',''),(124,1,'2022-08-22 09:02:50',0,1,'Uporabniki spletne trgovine','','','','124-',0,0,'','',''),(124,2,'2022-08-22 09:02:50',0,1,'Uporabniki spletne trgovine','','','','124-',0,0,'','',''),(126,1,'0000-00-00 00:00:00',1,1,'Klub ugodnosti','','','','',0,0,'','',''),(126,2,'0000-00-00 00:00:00',1,1,'Klub ugodnosti','','','','',0,0,'','',''),(127,1,'0000-00-00 00:00:00',0,1,'Odstranjene stranke','','','','odstranjene-stranke',0,0,'','',''),(127,2,'0000-00-00 00:00:00',0,1,'Odstranjene stranke','','','','odstranjene-stranke',0,0,'','',''),(145,1,'0000-00-00 00:00:00',1,1,'Na&scaron;i partnerji','','','','',0,0,'','',''),(145,2,'0000-00-00 00:00:00',1,1,'Na&scaron;i partnerji','','','','',0,0,'','',''),(165,1,'0000-00-00 00:00:00',0,0,'Sestanek','','','','sestanek',0,0,'','',''),(165,2,'0000-00-00 00:00:00',0,0,'Sestanek','','','','sestanek',0,0,'','','');

--
-- Table structure for table `ngn_users_category_links`
--

CREATE TABLE `ngn_users_category_links` (
  `category_id` int(11) NOT NULL,
  `link_id` int(11) NOT NULL,
  `category_position` int(11) NOT NULL DEFAULT 0,
  `link_position` int(11) NOT NULL,
  `link_date` int(11) NOT NULL,
  PRIMARY KEY (`category_id`,`link_id`),
  KEY `link_position` (`link_position`),
  KEY `link_id` (`link_id`),
  KEY `category_position` (`category_position`)
) ENGINE=InnoDB DEFAULT CHARSET=utf8;

--
-- Dumping data for table `ngn_users_category_links`
--


--
-- Table structure for table `ngn_users_category_multi`
--

CREATE TABLE `ngn_users_category_multi` (
  `user_id` int(11) NOT NULL,
  `category_id` int(11) NOT NULL,
  `position` int(11) NOT NULL DEFAULT 0,
  `editdate` datetime NOT NULL DEFAULT current_timestamp(),
  PRIMARY KEY (`user_id`,`category_id`),
  KEY `category_id` (`category_id`),
  CONSTRAINT `ngn_users_category_multi_ibfk_2` FOREIGN KEY (`category_id`) REFERENCES `ngn_users_category` (`category_id`) ON DELETE CASCADE ON UPDATE CASCADE
) ENGINE=InnoDB DEFAULT CHARSET=utf8;

--
-- Dumping data for table `ngn_users_category_multi`
--

INSERT INTO `ngn_users_category_multi` VALUES (0,26,1,'2022-04-11 11:33:45'),(0,124,0,'2022-04-11 11:33:45'),(1,33,0,'2022-04-01 08:18:45'),(1,124,1,'2022-04-01 08:18:45'),(2,124,0,'2022-04-01 08:19:10'),(718,26,2,'2022-08-22 09:02:35'),(718,35,0,'2022-08-22 09:02:35'),(718,124,1,'2022-08-22 09:02:35'),(719,26,1,'2022-10-17 10:02:00'),(719,124,0,'2022-10-17 10:02:00'),(723,26,1,'2022-04-11 11:33:46'),(723,124,0,'2022-04-11 11:33:46'),(724,26,1,'2022-04-12 11:39:10'),(724,124,0,'2022-04-12 11:39:10'),(725,26,1,'2022-04-12 11:44:00'),(725,124,0,'2022-04-12 11:44:00'),(726,26,1,'2022-04-12 13:24:23'),(726,124,0,'2022-04-12 13:24:23'),(727,26,1,'2022-04-15 11:57:55'),(727,124,0,'2022-04-15 11:57:55'),(728,26,1,'2022-04-15 13:28:33'),(728,124,0,'2022-04-15 13:28:33'),(729,26,1,'2022-04-15 13:57:59'),(729,124,0,'2022-04-15 13:57:59'),(730,26,1,'2022-04-20 11:35:52'),(730,124,0,'2022-04-20 11:35:52'),(731,26,1,'2022-11-10 21:37:51'),(731,124,0,'2022-11-10 21:37:51'),(732,26,1,'2022-11-21 15:12:14'),(732,124,0,'2022-11-21 15:12:14'),(733,26,1,'2022-11-23 08:58:32'),(733,124,0,'2022-11-23 08:58:32'),(734,26,1,'2022-11-25 10:37:23'),(734,124,0,'2022-11-25 10:37:23'),(735,26,1,'2022-11-25 23:32:10'),(735,124,0,'2022-11-25 23:32:10'),(736,26,1,'2022-11-26 05:50:25'),(736,124,0,'2022-11-26 05:50:25'),(737,26,1,'2022-11-26 10:26:11'),(737,124,0,'2022-11-26 10:26:11'),(738,26,1,'2022-11-26 14:46:04'),(738,124,0,'2022-11-26 14:46:04'),(739,26,1,'2022-11-26 15:26:42'),(739,124,0,'2022-11-26 15:26:42'),(740,26,1,'2022-11-26 17:22:05'),(740,124,0,'2022-11-26 17:22:05'),(741,26,1,'2022-11-27 02:32:37'),(741,124,0,'2022-11-27 02:32:37'),(742,26,1,'2022-11-27 06:06:25'),(742,124,0,'2022-11-27 06:06:25'),(743,26,1,'2022-11-27 16:48:43'),(743,124,0,'2022-11-27 16:48:43'),(744,26,1,'2022-11-27 23:59:31'),(744,124,0,'2022-11-27 23:59:31'),(745,26,1,'2022-11-28 01:32:41'),(745,124,0,'2022-11-28 01:32:41'),(746,26,1,'2022-11-28 11:20:20'),(746,124,0,'2022-11-28 11:20:20'),(747,26,1,'2022-11-28 16:16:31'),(747,124,0,'2022-11-28 16:16:31'),(748,26,1,'2022-11-28 17:31:26'),(748,124,0,'2022-11-28 17:31:26'),(749,26,1,'2022-11-28 18:32:07'),(749,124,0,'2022-11-28 18:32:07'),(750,26,1,'2022-11-28 20:33:38'),(750,124,0,'2022-11-28 20:33:38'),(751,26,1,'2022-11-29 01:42:44'),(751,124,0,'2022-11-29 01:42:44'),(752,26,1,'2022-11-29 08:54:46'),(752,124,0,'2022-11-29 08:54:46'),(753,26,1,'2022-11-29 09:17:23'),(753,124,0,'2022-11-29 09:17:23'),(754,26,1,'2022-11-29 17:40:17'),(754,124,0,'2022-11-29 17:40:17'),(755,26,1,'2022-11-29 18:57:53'),(755,124,0,'2022-11-29 18:57:53'),(756,26,1,'2022-11-29 20:47:48'),(756,124,0,'2022-11-29 20:47:48'),(757,26,1,'2022-11-29 21:25:53'),(757,124,0,'2022-11-29 21:25:53'),(758,26,1,'2022-11-29 21:32:52'),(758,124,0,'2022-11-29 21:32:52'),(759,26,1,'2022-11-29 21:46:27'),(759,124,0,'2022-11-29 21:46:27'),(760,26,1,'2022-11-29 23:10:03'),(760,124,0,'2022-11-29 23:10:03'),(761,26,1,'2022-11-30 17:15:31'),(761,124,0,'2022-11-30 17:15:31'),(762,26,1,'2022-11-30 18:34:16'),(762,124,0,'2022-11-30 18:34:16'),(763,26,1,'2022-11-30 19:11:51'),(763,124,0,'2022-11-30 19:11:51'),(764,26,1,'2022-11-30 20:18:34'),(764,124,0,'2022-11-30 20:18:34'),(765,26,1,'2022-11-30 21:58:58'),(765,124,0,'2022-11-30 21:58:58'),(766,26,1,'2022-12-01 00:19:12'),(766,124,0,'2022-12-01 00:19:12'),(767,26,1,'2022-12-01 01:05:10'),(767,124,0,'2022-12-01 01:05:10'),(768,26,1,'2022-12-01 01:43:33'),(768,124,0,'2022-12-01 01:43:33'),(769,26,1,'2022-12-01 05:01:54'),(769,124,0,'2022-12-01 05:01:54'),(770,26,1,'2022-12-01 05:11:12'),(770,124,0,'2022-12-01 05:11:12'),(771,26,1,'2022-12-01 08:15:31'),(771,124,0,'2022-12-01 08:15:31'),(772,26,1,'2022-12-01 14:13:02'),(772,124,0,'2022-12-01 14:13:02'),(773,26,1,'2022-12-01 15:33:50'),(773,124,0,'2022-12-01 15:33:50'),(774,26,1,'2022-12-01 16:26:52'),(774,124,0,'2022-12-01 16:26:52'),(775,26,1,'2022-12-01 17:46:33'),(775,124,0,'2022-12-01 17:46:33'),(776,26,1,'2022-12-01 17:57:14'),(776,124,0,'2022-12-01 17:57:14'),(777,26,1,'2022-12-01 18:43:20'),(777,124,0,'2022-12-01 18:43:20'),(778,26,1,'2022-12-01 19:19:22'),(778,124,0,'2022-12-01 19:19:22'),(779,26,1,'2022-12-01 20:01:53'),(779,124,0,'2022-12-01 20:01:53'),(780,26,1,'2022-12-01 21:52:44'),(780,124,0,'2022-12-01 21:52:44'),(781,26,1,'2022-12-01 22:32:00'),(781,124,0,'2022-12-01 22:32:00'),(782,26,1,'2022-12-01 22:54:03'),(782,124,0,'2022-12-01 22:54:03'),(783,26,1,'2022-12-01 22:58:42'),(783,124,0,'2022-12-01 22:58:42'),(784,26,1,'2022-12-01 23:50:20'),(784,124,0,'2022-12-01 23:50:20'),(785,26,1,'2022-12-02 01:15:17'),(785,124,0,'2022-12-02 01:15:17'),(786,26,1,'2022-12-02 14:49:32'),(786,124,0,'2022-12-02 14:49:32'),(787,26,1,'2022-12-02 16:48:37'),(787,124,0,'2022-12-02 16:48:37'),(788,26,1,'2022-12-02 16:55:10'),(788,124,0,'2022-12-02 16:55:10'),(789,26,1,'2022-12-02 17:13:32'),(789,124,0,'2022-12-02 17:13:32'),(790,26,1,'2022-12-03 08:09:22'),(790,124,0,'2022-12-03 08:09:22'),(791,26,1,'2022-12-03 11:51:59'),(791,124,0,'2022-12-03 11:51:59'),(792,26,1,'2022-12-04 01:22:40'),(792,124,0,'2022-12-04 01:22:40'),(793,26,1,'2022-12-04 16:04:47'),(793,124,0,'2022-12-04 16:04:47'),(794,26,1,'2022-12-04 20:26:27'),(794,124,0,'2022-12-04 20:26:27'),(795,26,1,'2022-12-04 21:23:10'),(795,124,0,'2022-12-04 21:23:10'),(796,26,1,'2022-12-05 16:39:01'),(796,124,0,'2022-12-05 16:39:01'),(797,26,1,'2022-12-05 21:44:37'),(797,124,0,'2022-12-05 21:44:37'),(798,26,1,'2022-12-06 16:44:20'),(798,124,0,'2022-12-06 16:44:20'),(799,26,1,'2022-12-07 04:45:20'),(799,124,0,'2022-12-07 04:45:20'),(800,26,1,'2022-12-07 06:32:18'),(800,124,0,'2022-12-07 06:32:18'),(801,26,1,'2022-12-08 10:20:08'),(801,124,0,'2022-12-08 10:20:08'),(802,26,1,'2022-12-08 12:37:29'),(802,124,0,'2022-12-08 12:37:29'),(803,26,1,'2022-12-08 13:10:08'),(803,124,0,'2022-12-08 13:10:08'),(804,26,1,'2022-12-08 14:47:35'),(804,124,0,'2022-12-08 14:47:35'),(805,26,1,'2022-12-08 15:41:22'),(805,124,0,'2022-12-08 15:41:22'),(806,26,1,'2022-12-09 12:53:17'),(806,124,0,'2022-12-09 12:53:17'),(807,26,1,'2022-12-09 22:00:21'),(807,124,0,'2022-12-09 22:00:21'),(808,26,1,'2022-12-10 02:12:18'),(808,124,0,'2022-12-10 02:12:18'),(809,26,1,'2022-12-10 08:47:40'),(809,124,0,'2022-12-10 08:47:40'),(810,26,1,'2022-12-10 21:14:15'),(810,124,0,'2022-12-10 21:14:15'),(811,26,1,'2022-12-10 23:31:02'),(811,124,0,'2022-12-10 23:31:02'),(812,26,1,'2022-12-11 01:30:24'),(812,124,0,'2022-12-11 01:30:24'),(813,26,1,'2022-12-11 03:17:12'),(813,124,0,'2022-12-11 03:17:12'),(814,26,1,'2022-12-11 14:05:22'),(814,124,0,'2022-12-11 14:05:22'),(815,26,1,'2022-12-11 16:34:57'),(815,124,0,'2022-12-11 16:34:57'),(816,26,1,'2022-12-11 17:29:01'),(816,124,0,'2022-12-11 17:29:01'),(817,26,1,'2022-12-11 20:47:15'),(817,124,0,'2022-12-11 20:47:15'),(818,26,1,'2022-12-11 21:14:50'),(818,124,0,'2022-12-11 21:14:50'),(819,26,1,'2022-12-11 22:23:43'),(819,124,0,'2022-12-11 22:23:43'),(820,26,1,'2022-12-12 02:28:18'),(820,124,0,'2022-12-12 02:28:18'),(821,26,1,'2022-12-12 03:57:04'),(821,124,0,'2022-12-12 03:57:04'),(822,26,1,'2022-12-12 07:45:39'),(822,124,0,'2022-12-12 07:45:39'),(823,26,1,'2022-12-12 09:03:48'),(823,124,0,'2022-12-12 09:03:48'),(824,26,1,'2022-12-12 12:37:40'),(824,124,0,'2022-12-12 12:37:40'),(825,26,1,'2022-12-12 13:29:27'),(825,124,0,'2022-12-12 13:29:27'),(826,26,1,'2022-12-12 13:57:31'),(826,124,0,'2022-12-12 13:57:31'),(827,26,1,'2022-12-12 15:19:41'),(827,124,0,'2022-12-12 15:19:41'),(828,26,1,'2022-12-12 17:14:46'),(828,124,0,'2022-12-12 17:14:46'),(829,26,1,'2022-12-12 21:33:45'),(829,124,0,'2022-12-12 21:33:45'),(830,26,1,'2022-12-12 21:46:04'),(830,124,0,'2022-12-12 21:46:04'),(831,26,1,'2022-12-12 22:26:04'),(831,124,0,'2022-12-12 22:26:04'),(832,26,1,'2022-12-12 22:52:29'),(832,124,0,'2022-12-12 22:52:29'),(833,26,1,'2022-12-12 23:03:18'),(833,124,0,'2022-12-12 23:03:18'),(834,26,1,'2022-12-13 00:36:31'),(834,124,0,'2022-12-13 00:36:31'),(835,26,1,'2022-12-13 03:18:20'),(835,124,0,'2022-12-13 03:18:20'),(836,26,1,'2022-12-13 03:58:18'),(836,124,0,'2022-12-13 03:58:18'),(837,26,1,'2022-12-13 06:17:25'),(837,124,0,'2022-12-13 06:17:25'),(838,26,1,'2022-12-13 10:08:10'),(838,124,0,'2022-12-13 10:08:10'),(839,26,1,'2022-12-13 13:08:14'),(839,124,0,'2022-12-13 13:08:14'),(840,26,1,'2022-12-13 13:33:46'),(840,124,0,'2022-12-13 13:33:46'),(841,26,1,'2022-12-13 17:53:15'),(841,124,0,'2022-12-13 17:53:15'),(842,26,1,'2022-12-13 21:42:30'),(842,124,0,'2022-12-13 21:42:30'),(843,26,1,'2022-12-13 22:23:40'),(843,124,0,'2022-12-13 22:23:40'),(844,26,1,'2022-12-13 23:06:06'),(844,124,0,'2022-12-13 23:06:06'),(845,26,1,'2022-12-14 00:14:27'),(845,124,0,'2022-12-14 00:14:27'),(846,26,1,'2022-12-14 01:25:37'),(846,124,0,'2022-12-14 01:25:37'),(847,26,1,'2022-12-14 01:42:59'),(847,124,0,'2022-12-14 01:42:59'),(848,26,1,'2022-12-14 01:50:01'),(848,124,0,'2022-12-14 01:50:01'),(849,26,1,'2022-12-14 08:25:16'),(849,124,0,'2022-12-14 08:25:16'),(850,26,1,'2022-12-14 08:31:20'),(850,124,0,'2022-12-14 08:31:20'),(851,26,1,'2022-12-14 10:16:08'),(851,124,0,'2022-12-14 10:16:08'),(852,26,1,'2022-12-14 18:40:48'),(852,124,0,'2022-12-14 18:40:48'),(853,26,1,'2022-12-14 18:56:30'),(853,124,0,'2022-12-14 18:56:30'),(854,26,1,'2022-12-14 19:01:41'),(854,124,0,'2022-12-14 19:01:41'),(855,26,1,'2022-12-14 19:43:30'),(855,124,0,'2022-12-14 19:43:30'),(856,26,1,'2022-12-14 21:57:17'),(856,124,0,'2022-12-14 21:57:17'),(857,26,1,'2022-12-14 21:59:16'),(857,124,0,'2022-12-14 21:59:16'),(858,26,1,'2022-12-15 00:56:06'),(858,124,0,'2022-12-15 00:56:06'),(859,26,1,'2022-12-15 01:06:44'),(859,124,0,'2022-12-15 01:06:44'),(860,26,1,'2022-12-15 01:07:17'),(860,124,0,'2022-12-15 01:07:17'),(861,26,1,'2022-12-15 01:13:14'),(861,124,0,'2022-12-15 01:13:14'),(862,26,1,'2022-12-15 02:37:45'),(862,124,0,'2022-12-15 02:37:45'),(863,26,1,'2022-12-15 06:09:05'),(863,124,0,'2022-12-15 06:09:05'),(864,26,1,'2022-12-15 06:56:47'),(864,124,0,'2022-12-15 06:56:47'),(865,26,1,'2022-12-15 07:05:35'),(865,124,0,'2022-12-15 07:05:35'),(866,26,1,'2022-12-15 07:19:45'),(866,124,0,'2022-12-15 07:19:45'),(867,26,1,'2022-12-15 12:35:31'),(867,124,0,'2022-12-15 12:35:31'),(868,26,1,'2022-12-15 15:24:23'),(868,124,0,'2022-12-15 15:24:23'),(869,26,1,'2022-12-15 17:43:51'),(869,124,0,'2022-12-15 17:43:51'),(870,26,1,'2022-12-15 18:55:40'),(870,124,0,'2022-12-15 18:55:40'),(871,26,1,'2022-12-15 18:56:49'),(871,124,0,'2022-12-15 18:56:49'),(872,26,1,'2022-12-15 19:30:28'),(872,124,0,'2022-12-15 19:30:28'),(873,26,1,'2022-12-15 20:03:39'),(873,124,0,'2022-12-15 20:03:39'),(874,26,1,'2022-12-15 20:38:35'),(874,124,0,'2022-12-15 20:38:35'),(875,26,1,'2022-12-15 21:46:48'),(875,124,0,'2022-12-15 21:46:48'),(876,26,1,'2022-12-15 22:12:14'),(876,124,0,'2022-12-15 22:12:14'),(877,26,1,'2022-12-15 23:26:27'),(877,124,0,'2022-12-15 23:26:27'),(878,26,1,'2022-12-16 00:05:44'),(878,124,0,'2022-12-16 00:05:44'),(879,26,1,'2022-12-16 00:49:38'),(879,124,0,'2022-12-16 00:49:38'),(880,26,1,'2022-12-16 03:31:56'),(880,124,0,'2022-12-16 03:31:56'),(881,26,1,'2022-12-16 03:56:12'),(881,124,0,'2022-12-16 03:56:12'),(882,26,1,'2022-12-16 09:28:08'),(882,124,0,'2022-12-16 09:28:08'),(883,26,1,'2022-12-16 10:44:44'),(883,124,0,'2022-12-16 10:44:44'),(884,26,1,'2022-12-16 11:22:20'),(884,124,0,'2022-12-16 11:22:20'),(885,26,1,'2022-12-16 11:32:44'),(885,124,0,'2022-12-16 11:32:44'),(886,26,1,'2022-12-16 11:38:53'),(886,124,0,'2022-12-16 11:38:53'),(887,26,1,'2022-12-16 22:31:53'),(887,124,0,'2022-12-16 22:31:53'),(888,26,1,'2022-12-17 02:05:50'),(888,124,0,'2022-12-17 02:05:50'),(889,26,1,'2022-12-17 13:20:40'),(889,124,0,'2022-12-17 13:20:40'),(890,26,1,'2022-12-17 23:28:55'),(890,124,0,'2022-12-17 23:28:55'),(891,26,1,'2022-12-18 01:31:50'),(891,124,0,'2022-12-18 01:31:50'),(892,26,1,'2022-12-18 13:44:30'),(892,124,0,'2022-12-18 13:44:30'),(893,26,1,'2022-12-18 13:59:25'),(893,124,0,'2022-12-18 13:59:25'),(894,26,1,'2022-12-18 21:56:14'),(894,124,0,'2022-12-18 21:56:14'),(895,9,4,'2022-12-19 11:55:11'),(895,10,0,'2022-12-19 11:55:11'),(895,26,3,'2022-12-19 11:55:11'),(895,35,1,'2022-12-19 11:55:11'),(895,124,2,'2022-12-19 11:55:11'),(896,26,1,'2022-12-19 11:56:25'),(896,124,0,'2022-12-19 11:56:25'),(897,26,2,'2022-12-19 11:58:25'),(897,35,0,'2022-12-19 11:58:25'),(897,124,1,'2022-12-19 11:58:25'),(898,26,1,'2022-12-19 17:23:27'),(898,124,0,'2022-12-19 17:23:27'),(899,26,1,'2022-12-19 19:02:08'),(899,124,0,'2022-12-19 19:02:08'),(900,26,1,'2022-12-19 21:04:02'),(900,124,0,'2022-12-19 21:04:02'),(901,26,1,'2022-12-19 22:35:04'),(901,124,0,'2022-12-19 22:35:04'),(902,26,1,'2022-12-19 23:05:20'),(902,124,0,'2022-12-19 23:05:20'),(903,26,1,'2022-12-20 00:53:30'),(903,124,0,'2022-12-20 00:53:30'),(904,26,1,'2022-12-20 00:56:33'),(904,124,0,'2022-12-20 00:56:33'),(905,26,1,'2022-12-20 10:20:43'),(905,124,0,'2022-12-20 10:20:43'),(906,26,1,'2022-12-20 15:41:33'),(906,124,0,'2022-12-20 15:41:33'),(907,26,1,'2022-12-21 04:32:17'),(907,124,0,'2022-12-21 04:32:17'),(908,26,1,'2022-12-21 15:50:54'),(908,124,0,'2022-12-21 15:50:54'),(909,26,1,'2022-12-21 16:51:45'),(909,124,0,'2022-12-21 16:51:45'),(910,26,1,'2022-12-22 00:38:52'),(910,124,0,'2022-12-22 00:38:52'),(911,26,1,'2022-12-22 11:26:23'),(911,124,0,'2022-12-22 11:26:23'),(912,26,1,'2022-12-22 16:02:16'),(912,124,0,'2022-12-22 16:02:16'),(913,26,1,'2022-12-22 16:43:54'),(913,124,0,'2022-12-22 16:43:54'),(914,26,1,'2022-12-22 17:04:59'),(914,124,0,'2022-12-22 17:04:59'),(915,26,1,'2022-12-22 17:34:16'),(915,124,0,'2022-12-22 17:34:16'),(916,26,1,'2022-12-22 21:49:28'),(916,124,0,'2022-12-22 21:49:28'),(917,26,1,'2022-12-22 23:44:40'),(917,124,0,'2022-12-22 23:44:40'),(918,26,1,'2022-12-23 05:20:42'),(918,124,0,'2022-12-23 05:20:42'),(919,26,1,'2022-12-23 08:43:28'),(919,124,0,'2022-12-23 08:43:28'),(920,26,1,'2022-12-24 00:40:32'),(920,124,0,'2022-12-24 00:40:32'),(921,26,1,'2022-12-24 20:04:30'),(921,124,0,'2022-12-24 20:04:30'),(922,26,1,'2022-12-25 01:26:25'),(922,124,0,'2022-12-25 01:26:25'),(923,26,1,'2022-12-25 02:24:06'),(923,124,0,'2022-12-25 02:24:06'),(924,26,1,'2022-12-26 14:44:54'),(924,124,0,'2022-12-26 14:44:54'),(925,26,1,'2022-12-26 16:37:14'),(925,124,0,'2022-12-26 16:37:14'),(926,26,1,'2022-12-26 19:34:14'),(926,124,0,'2022-12-26 19:34:14'),(927,26,1,'2022-12-27 02:51:52'),(927,124,0,'2022-12-27 02:51:52'),(928,26,1,'2022-12-27 11:02:43'),(928,124,0,'2022-12-27 11:02:43'),(929,26,1,'2022-12-27 19:21:59'),(929,124,0,'2022-12-27 19:21:59'),(930,26,1,'2022-12-28 09:07:36'),(930,124,0,'2022-12-28 09:07:36'),(931,26,1,'2022-12-28 13:06:11'),(931,124,0,'2022-12-28 13:06:11'),(932,26,1,'2022-12-28 13:12:05'),(932,124,0,'2022-12-28 13:12:05'),(933,26,1,'2023-01-03 06:22:23'),(933,124,0,'2023-01-03 06:22:23'),(934,26,1,'2023-01-03 08:54:15'),(934,124,0,'2023-01-03 08:54:15'),(935,26,1,'2023-01-04 12:36:47'),(935,124,0,'2023-01-04 12:36:47'),(936,26,1,'2023-01-04 23:56:16'),(936,124,0,'2023-01-04 23:56:16'),(937,26,1,'2023-01-05 00:02:52'),(937,124,0,'2023-01-05 00:02:52'),(938,26,1,'2023-01-05 04:44:07'),(938,124,0,'2023-01-05 04:44:07'),(939,26,1,'2023-01-05 12:37:06'),(939,124,0,'2023-01-05 12:37:06'),(940,26,1,'2023-01-05 13:50:06'),(940,124,0,'2023-01-05 13:50:06'),(941,26,1,'2023-01-05 20:56:26'),(941,124,0,'2023-01-05 20:56:26'),(942,26,1,'2023-01-05 22:39:53'),(942,124,0,'2023-01-05 22:39:53'),(943,26,1,'2023-01-06 00:55:32'),(943,124,0,'2023-01-06 00:55:32'),(944,26,1,'2023-01-06 06:40:18'),(944,124,0,'2023-01-06 06:40:18'),(947,26,1,'2023-01-06 19:08:08'),(947,124,0,'2023-01-06 19:08:08'),(948,26,1,'2023-01-06 19:28:37'),(948,124,0,'2023-01-06 19:28:37'),(949,26,1,'2023-01-06 21:36:13'),(949,124,0,'2023-01-06 21:36:13'),(950,26,1,'2023-01-07 22:31:57'),(950,124,0,'2023-01-07 22:31:57'),(951,26,1,'2023-01-08 17:27:53'),(951,124,0,'2023-01-08 17:27:53'),(952,26,1,'2023-01-08 17:51:37'),(952,124,0,'2023-01-08 17:51:37'),(953,26,1,'2023-01-09 00:54:00'),(953,124,0,'2023-01-09 00:54:00'),(954,26,1,'2023-01-09 01:16:50'),(954,124,0,'2023-01-09 01:16:50'),(955,26,1,'2023-01-09 01:47:55'),(955,124,0,'2023-01-09 01:47:55'),(956,26,1,'2023-01-09 10:13:51'),(956,124,0,'2023-01-09 10:13:51'),(957,26,1,'2023-01-09 11:57:36'),(957,124,0,'2023-01-09 11:57:36'),(958,26,1,'2023-01-09 14:16:13'),(958,124,0,'2023-01-09 14:16:13'),(959,26,1,'2023-01-09 16:40:41'),(959,124,0,'2023-01-09 16:40:41'),(960,26,1,'2023-01-09 21:47:34'),(960,124,0,'2023-01-09 21:47:34'),(961,26,1,'2023-01-09 22:56:52'),(961,124,0,'2023-01-09 22:56:52'),(962,26,1,'2023-01-10 02:08:59'),(962,124,0,'2023-01-10 02:08:59'),(963,26,1,'2023-01-10 02:56:40'),(963,124,0,'2023-01-10 02:56:40'),(964,26,1,'2023-01-10 09:44:58'),(964,124,0,'2023-01-10 09:44:58'),(965,26,1,'2023-01-10 13:39:13'),(965,124,0,'2023-01-10 13:39:13'),(966,26,1,'2023-01-10 22:31:10'),(966,124,0,'2023-01-10 22:31:10'),(967,26,1,'2023-01-10 23:33:32'),(967,124,0,'2023-01-10 23:33:32'),(968,26,1,'2023-01-11 00:45:36'),(968,124,0,'2023-01-11 00:45:36'),(969,26,1,'2023-01-11 02:04:43'),(969,124,0,'2023-01-11 02:04:43'),(970,26,1,'2023-01-11 17:37:33'),(970,124,0,'2023-01-11 17:37:33'),(971,26,1,'2023-01-11 17:56:18'),(971,124,0,'2023-01-11 17:56:18'),(972,26,1,'2023-01-11 22:33:28'),(972,124,0,'2023-01-11 22:33:28'),(973,26,1,'2023-01-11 22:40:30'),(973,124,0,'2023-01-11 22:40:30'),(974,26,1,'2023-01-11 22:59:04'),(974,124,0,'2023-01-11 22:59:04'),(975,26,1,'2023-01-12 04:57:06'),(975,124,0,'2023-01-12 04:57:06'),(976,26,1,'2023-01-12 06:38:41'),(976,124,0,'2023-01-12 06:38:41'),(977,26,1,'2023-01-12 07:28:14'),(977,124,0,'2023-01-12 07:28:14'),(978,26,1,'2023-01-12 12:58:49'),(978,124,0,'2023-01-12 12:58:49'),(979,26,1,'2023-01-12 15:01:07'),(979,124,0,'2023-01-12 15:01:07'),(980,26,1,'2023-01-12 15:57:02'),(980,124,0,'2023-01-12 15:57:02'),(981,26,1,'2023-01-12 20:56:40'),(981,124,0,'2023-01-12 20:56:40'),(982,26,1,'2023-01-13 05:01:52'),(982,124,0,'2023-01-13 05:01:52'),(983,26,1,'2023-01-13 07:23:12'),(983,124,0,'2023-01-13 07:23:12'),(984,26,1,'2023-01-13 16:17:09'),(984,124,0,'2023-01-13 16:17:09'),(985,26,1,'2023-01-13 21:30:53'),(985,124,0,'2023-01-13 21:30:53'),(986,26,1,'2023-01-13 23:56:54'),(986,124,0,'2023-01-13 23:56:54'),(987,26,1,'2023-01-14 02:45:18'),(987,124,0,'2023-01-14 02:45:18'),(988,26,1,'2023-01-14 09:05:27'),(988,124,0,'2023-01-14 09:05:27'),(989,26,1,'2023-01-14 19:30:05'),(989,124,0,'2023-01-14 19:30:05'),(990,26,1,'2023-01-14 20:51:18'),(990,124,0,'2023-01-14 20:51:18'),(991,26,1,'2023-01-15 19:24:01'),(991,124,0,'2023-01-15 19:24:01'),(992,26,1,'2023-01-16 00:19:52'),(992,124,0,'2023-01-16 00:19:52'),(993,26,1,'2023-01-16 11:55:18'),(993,124,0,'2023-01-16 11:55:18'),(994,26,1,'2023-01-16 12:05:16'),(994,124,0,'2023-01-16 12:05:16'),(995,26,1,'2023-01-16 14:42:14'),(995,124,0,'2023-01-16 14:42:14'),(996,26,1,'2023-01-16 17:43:51'),(996,124,0,'2023-01-16 17:43:51'),(997,26,1,'2023-01-16 21:27:00'),(997,124,0,'2023-01-16 21:27:00'),(998,26,1,'2023-01-17 03:10:48'),(998,124,0,'2023-01-17 03:10:48'),(999,26,1,'2023-01-17 05:17:09'),(999,124,0,'2023-01-17 05:17:09'),(1000,26,1,'2023-01-17 19:00:13'),(1000,124,0,'2023-01-17 19:00:13'),(1001,26,1,'2023-01-18 02:30:39'),(1001,124,0,'2023-01-18 02:30:39'),(1002,26,1,'2023-01-18 02:31:05'),(1002,124,0,'2023-01-18 02:31:05'),(1003,26,1,'2023-01-18 03:13:11'),(1003,124,0,'2023-01-18 03:13:11'),(1004,26,1,'2023-01-18 03:29:33'),(1004,124,0,'2023-01-18 03:29:33'),(1005,26,1,'2023-01-19 02:54:31'),(1005,124,0,'2023-01-19 02:54:31'),(1006,26,1,'2023-01-19 03:03:11'),(1006,124,0,'2023-01-19 03:03:11'),(1007,26,1,'2023-01-19 08:38:18'),(1007,124,0,'2023-01-19 08:38:18'),(1008,26,1,'2023-01-19 12:55:16'),(1008,124,0,'2023-01-19 12:55:16'),(1009,26,1,'2023-01-19 13:54:53'),(1009,124,0,'2023-01-19 13:54:53'),(1010,26,1,'2023-01-19 20:01:35'),(1010,124,0,'2023-01-19 20:01:35'),(1011,26,1,'2023-01-19 22:06:15'),(1011,124,0,'2023-01-19 22:06:15'),(1012,26,1,'2023-01-20 04:56:03'),(1012,124,0,'2023-01-20 04:56:03'),(1013,26,1,'2023-01-20 14:47:02'),(1013,124,0,'2023-01-20 14:47:02'),(1014,26,1,'2023-01-20 22:30:40'),(1014,124,0,'2023-01-20 22:30:40'),(1015,26,1,'2023-01-21 01:55:38'),(1015,124,0,'2023-01-21 01:55:38'),(1016,26,1,'2023-01-21 07:26:51'),(1016,124,0,'2023-01-21 07:26:51'),(1017,26,1,'2023-01-21 07:54:55'),(1017,124,0,'2023-01-21 07:54:55'),(1018,26,1,'2023-01-21 08:39:20'),(1018,124,0,'2023-01-21 08:39:20'),(1019,26,1,'2023-01-21 09:51:30'),(1019,124,0,'2023-01-21 09:51:30'),(1020,26,1,'2023-01-21 12:45:50'),(1020,124,0,'2023-01-21 12:45:50'),(1021,26,1,'2023-01-21 22:06:57'),(1021,124,0,'2023-01-21 22:06:57'),(1022,26,1,'2023-01-22 16:01:14'),(1022,124,0,'2023-01-22 16:01:14'),(1023,26,1,'2023-01-22 18:29:05'),(1023,124,0,'2023-01-22 18:29:05'),(1024,26,1,'2023-01-22 21:25:21'),(1024,124,0,'2023-01-22 21:25:21'),(1025,26,1,'2023-01-22 23:21:56'),(1025,124,0,'2023-01-22 23:21:56'),(1026,26,1,'2023-01-23 09:07:26'),(1026,124,0,'2023-01-23 09:07:26'),(1027,26,1,'2023-01-23 11:55:08'),(1027,124,0,'2023-01-23 11:55:08'),(1028,26,1,'2023-01-23 12:45:07'),(1028,124,0,'2023-01-23 12:45:07'),(1029,26,1,'2023-01-23 12:53:44'),(1029,124,0,'2023-01-23 12:53:44'),(1030,26,1,'2023-01-23 13:32:00'),(1030,124,0,'2023-01-23 13:32:00'),(1031,26,1,'2023-01-23 15:32:07'),(1031,124,0,'2023-01-23 15:32:07'),(1032,26,1,'2023-01-23 15:59:55'),(1032,124,0,'2023-01-23 15:59:55'),(1033,26,1,'2023-01-23 16:50:31'),(1033,124,0,'2023-01-23 16:50:31'),(1034,26,1,'2023-01-23 16:52:36'),(1034,124,0,'2023-01-23 16:52:36'),(1035,26,1,'2023-01-23 17:33:14'),(1035,124,0,'2023-01-23 17:33:14'),(1036,26,1,'2023-01-23 19:44:31'),(1036,124,0,'2023-01-23 19:44:31'),(1037,26,1,'2023-01-23 22:48:57'),(1037,124,0,'2023-01-23 22:48:57'),(1038,26,1,'2023-01-24 00:41:37'),(1038,124,0,'2023-01-24 00:41:37'),(1039,26,1,'2023-01-24 06:29:15'),(1039,124,0,'2023-01-24 06:29:15'),(1040,26,1,'2023-01-24 13:22:50'),(1040,124,0,'2023-01-24 13:22:50'),(1041,26,1,'2023-01-24 14:32:55'),(1041,124,0,'2023-01-24 14:32:55'),(1042,26,1,'2023-01-24 15:14:00'),(1042,124,0,'2023-01-24 15:14:00'),(1043,26,1,'2023-01-24 15:47:57'),(1043,124,0,'2023-01-24 15:47:57'),(1044,26,1,'2023-01-24 16:58:51'),(1044,124,0,'2023-01-24 16:58:51'),(1045,26,1,'2023-01-24 20:06:39'),(1045,124,0,'2023-01-24 20:06:39'),(1046,26,1,'2023-01-24 22:17:15'),(1046,124,0,'2023-01-24 22:17:15'),(1047,26,1,'2023-01-25 00:13:56'),(1047,124,0,'2023-01-25 00:13:56'),(1048,26,1,'2023-01-25 05:59:50'),(1048,124,0,'2023-01-25 05:59:50'),(1049,26,1,'2023-01-25 07:07:56'),(1049,124,0,'2023-01-25 07:07:56'),(1050,26,1,'2023-01-25 10:02:19'),(1050,124,0,'2023-01-25 10:02:19'),(1051,26,1,'2023-01-25 10:04:38'),(1051,124,0,'2023-01-25 10:04:38'),(1052,26,1,'2023-01-25 12:16:08'),(1052,124,0,'2023-01-25 12:16:08'),(1053,26,1,'2023-01-25 15:24:19'),(1053,124,0,'2023-01-25 15:24:19'),(1054,26,1,'2023-01-25 17:12:30'),(1054,124,0,'2023-01-25 17:12:30'),(1055,26,1,'2023-01-25 17:44:25'),(1055,124,0,'2023-01-25 17:44:25'),(1056,26,1,'2023-01-25 23:59:32'),(1056,124,0,'2023-01-25 23:59:32'),(1057,26,1,'2023-01-26 01:48:24'),(1057,124,0,'2023-01-26 01:48:24'),(1058,26,1,'2023-01-26 04:00:10'),(1058,124,0,'2023-01-26 04:00:10'),(1059,26,1,'2023-01-26 22:12:54'),(1059,124,0,'2023-01-26 22:12:54'),(1060,26,1,'2023-01-26 23:08:36'),(1060,124,0,'2023-01-26 23:08:36'),(1061,26,1,'2023-01-27 11:59:18'),(1061,124,0,'2023-01-27 11:59:18'),(1062,26,1,'2023-01-27 13:00:08'),(1062,124,0,'2023-01-27 13:00:08'),(1063,26,1,'2023-01-27 13:49:37'),(1063,124,0,'2023-01-27 13:49:37'),(1064,26,1,'2023-01-27 13:59:07'),(1064,124,0,'2023-01-27 13:59:07'),(1065,26,1,'2023-01-27 14:59:37'),(1065,124,0,'2023-01-27 14:59:37'),(1066,26,1,'2023-01-27 15:31:56'),(1066,124,0,'2023-01-27 15:31:56'),(1067,26,1,'2023-01-27 15:34:19'),(1067,124,0,'2023-01-27 15:34:19'),(1068,26,1,'2023-01-27 17:25:06'),(1068,124,0,'2023-01-27 17:25:06'),(1069,26,1,'2023-01-27 20:32:13'),(1069,124,0,'2023-01-27 20:32:13'),(1070,26,1,'2023-01-28 00:04:23'),(1070,124,0,'2023-01-28 00:04:23'),(1071,26,1,'2023-01-28 09:14:11'),(1071,124,0,'2023-01-28 09:14:11'),(1072,26,1,'2023-01-28 13:27:58'),(1072,124,0,'2023-01-28 13:27:58'),(1073,26,1,'2023-01-28 14:34:22'),(1073,124,0,'2023-01-28 14:34:22'),(1074,26,1,'2023-01-28 16:10:34'),(1074,124,0,'2023-01-28 16:10:34'),(1075,26,1,'2023-01-28 17:14:44'),(1075,124,0,'2023-01-28 17:14:44'),(1076,26,1,'2023-01-28 17:55:03'),(1076,124,0,'2023-01-28 17:55:03'),(1077,26,1,'2023-01-28 18:09:57'),(1077,124,0,'2023-01-28 18:09:57'),(1078,26,1,'2023-01-28 19:23:31'),(1078,124,0,'2023-01-28 19:23:31'),(1079,26,1,'2023-01-28 22:19:42'),(1079,124,0,'2023-01-28 22:19:42'),(1080,26,1,'2023-01-28 22:48:09'),(1080,124,0,'2023-01-28 22:48:09'),(1081,26,1,'2023-01-29 01:53:42'),(1081,124,0,'2023-01-29 01:53:42'),(1082,26,1,'2023-01-29 08:48:04'),(1082,124,0,'2023-01-29 08:48:04'),(1083,26,1,'2023-01-29 09:25:26'),(1083,124,0,'2023-01-29 09:25:26'),(1084,26,1,'2023-01-29 10:13:57'),(1084,124,0,'2023-01-29 10:13:57'),(1085,26,1,'2023-01-29 15:37:02'),(1085,124,0,'2023-01-29 15:37:02'),(1086,26,1,'2023-01-29 16:27:33'),(1086,124,0,'2023-01-29 16:27:33'),(1087,26,1,'2023-01-29 20:45:56'),(1087,124,0,'2023-01-29 20:45:56'),(1088,26,1,'2023-01-29 23:09:08'),(1088,124,0,'2023-01-29 23:09:08'),(1089,26,1,'2023-01-29 23:55:54'),(1089,124,0,'2023-01-29 23:55:54'),(1090,26,1,'2023-01-30 10:12:15'),(1090,124,0,'2023-01-30 10:12:15'),(1091,26,1,'2023-01-30 11:31:36'),(1091,124,0,'2023-01-30 11:31:36'),(1092,26,1,'2023-01-30 16:22:53'),(1092,124,0,'2023-01-30 16:22:53'),(1093,26,1,'2023-01-30 16:52:20'),(1093,124,0,'2023-01-30 16:52:20'),(1094,26,1,'2023-01-30 18:27:41'),(1094,124,0,'2023-01-30 18:27:41'),(1095,26,1,'2023-01-30 20:30:52'),(1095,124,0,'2023-01-30 20:30:52'),(1096,26,1,'2023-01-30 23:02:59'),(1096,124,0,'2023-01-30 23:02:59'),(1097,26,1,'2023-01-31 02:12:39'),(1097,124,0,'2023-01-31 02:12:39'),(1098,26,1,'2023-01-31 03:20:52'),(1098,124,0,'2023-01-31 03:20:52'),(1099,26,1,'2023-01-31 04:01:57'),(1099,124,0,'2023-01-31 04:01:57'),(1100,26,1,'2023-01-31 04:11:26'),(1100,124,0,'2023-01-31 04:11:26'),(1101,26,1,'2023-01-31 06:26:36'),(1101,124,0,'2023-01-31 06:26:36'),(1102,26,1,'2023-01-31 07:30:21'),(1102,124,0,'2023-01-31 07:30:21'),(1103,26,1,'2023-01-31 10:35:53'),(1103,124,0,'2023-01-31 10:35:53'),(1104,26,1,'2023-01-31 13:21:52'),(1104,124,0,'2023-01-31 13:21:52'),(1105,26,1,'2023-01-31 17:20:28'),(1105,124,0,'2023-01-31 17:20:28'),(1106,26,1,'2023-01-31 17:49:21'),(1106,124,0,'2023-01-31 17:49:21'),(1107,26,1,'2023-01-31 18:50:26'),(1107,124,0,'2023-01-31 18:50:26'),(1108,26,1,'2023-01-31 20:34:14'),(1108,124,0,'2023-01-31 20:34:14'),(1109,26,1,'2023-02-01 09:04:22'),(1109,124,0,'2023-02-01 09:04:22'),(1110,26,1,'2023-02-02 02:23:06'),(1110,124,0,'2023-02-02 02:23:06'),(1111,26,1,'2023-02-02 20:12:49'),(1111,124,0,'2023-02-02 20:12:49'),(1112,26,1,'2023-02-03 03:26:01'),(1112,124,0,'2023-02-03 03:26:01'),(1113,26,1,'2023-02-03 06:46:18'),(1113,124,0,'2023-02-03 06:46:18'),(1114,26,1,'2023-02-04 03:07:26'),(1114,124,0,'2023-02-04 03:07:26'),(1115,26,1,'2023-02-04 22:56:42'),(1115,124,0,'2023-02-04 22:56:42'),(1116,26,1,'2023-02-05 11:07:14'),(1116,124,0,'2023-02-05 11:07:14'),(1117,26,1,'2023-02-05 12:07:04'),(1117,124,0,'2023-02-05 12:07:04'),(1118,26,1,'2023-02-05 12:37:46'),(1118,124,0,'2023-02-05 12:37:46'),(1119,26,1,'2023-02-05 14:24:59'),(1119,124,0,'2023-02-05 14:24:59'),(1120,26,1,'2023-02-05 15:19:20'),(1120,124,0,'2023-02-05 15:19:20'),(1121,26,1,'2023-02-05 15:25:28'),(1121,124,0,'2023-02-05 15:25:28'),(1122,26,1,'2023-02-05 19:00:26'),(1122,124,0,'2023-02-05 19:00:26'),(1123,26,1,'2023-02-05 20:54:18'),(1123,124,0,'2023-02-05 20:54:18'),(1124,26,1,'2023-02-06 02:18:26'),(1124,124,0,'2023-02-06 02:18:26'),(1125,26,1,'2023-02-06 06:33:50'),(1125,124,0,'2023-02-06 06:33:50'),(1126,26,1,'2023-02-06 08:11:22'),(1126,124,0,'2023-02-06 08:11:22'),(1127,26,1,'2023-02-06 11:33:18'),(1127,124,0,'2023-02-06 11:33:18'),(1128,26,1,'2023-02-06 14:43:27'),(1128,124,0,'2023-02-06 14:43:27'),(1129,26,1,'2023-02-06 15:46:55'),(1129,124,0,'2023-02-06 15:46:55'),(1130,26,1,'2023-02-06 17:35:49'),(1130,124,0,'2023-02-06 17:35:49'),(1131,26,1,'2023-02-06 21:47:08'),(1131,124,0,'2023-02-06 21:47:08'),(1132,26,1,'2023-02-06 23:33:49'),(1132,124,0,'2023-02-06 23:33:49'),(1133,26,1,'2023-02-06 23:47:50'),(1133,124,0,'2023-02-06 23:47:50'),(1134,26,1,'2023-02-07 04:50:38'),(1134,124,0,'2023-02-07 04:50:38'),(1135,26,1,'2023-02-07 14:12:44'),(1135,124,0,'2023-02-07 14:12:44'),(1136,26,1,'2023-02-07 17:21:16'),(1136,124,0,'2023-02-07 17:21:16'),(1137,26,1,'2023-02-07 19:45:06'),(1137,124,0,'2023-02-07 19:45:06'),(1138,26,1,'2023-02-08 04:42:03'),(1138,124,0,'2023-02-08 04:42:03'),(1139,26,1,'2023-02-08 20:50:05'),(1139,124,0,'2023-02-08 20:50:05'),(1140,26,1,'2023-02-09 07:11:07'),(1140,124,0,'2023-02-09 07:11:07'),(1141,26,1,'2023-02-09 18:46:27'),(1141,124,0,'2023-02-09 18:46:27'),(1142,26,1,'2023-02-10 08:57:21'),(1142,124,0,'2023-02-10 08:57:21'),(1143,26,1,'2023-02-10 09:44:28'),(1143,124,0,'2023-02-10 09:44:28'),(1144,26,1,'2023-02-10 13:33:02'),(1144,124,0,'2023-02-10 13:33:02'),(1145,26,1,'2023-02-10 19:15:49'),(1145,124,0,'2023-02-10 19:15:49'),(1146,26,1,'2023-02-10 20:36:18'),(1146,124,0,'2023-02-10 20:36:18'),(1147,26,1,'2023-02-11 02:50:20'),(1147,124,0,'2023-02-11 02:50:20'),(1148,26,1,'2023-02-11 05:22:43'),(1148,124,0,'2023-02-11 05:22:43'),(1149,26,1,'2023-02-11 09:10:43'),(1149,124,0,'2023-02-11 09:10:43'),(1150,26,1,'2023-02-11 09:39:41'),(1150,124,0,'2023-02-11 09:39:41'),(1151,26,1,'2023-02-11 11:40:39'),(1151,124,0,'2023-02-11 11:40:39'),(1152,26,1,'2023-02-11 11:58:52'),(1152,124,0,'2023-02-11 11:58:52'),(1153,26,1,'2023-02-11 17:06:43'),(1153,124,0,'2023-02-11 17:06:43'),(1154,26,1,'2023-02-11 17:51:37'),(1154,124,0,'2023-02-11 17:51:37'),(1155,26,1,'2023-02-11 18:16:06'),(1155,124,0,'2023-02-11 18:16:06'),(1156,26,1,'2023-02-11 19:31:26'),(1156,124,0,'2023-02-11 19:31:26'),(1157,26,1,'2023-02-12 01:45:46'),(1157,124,0,'2023-02-12 01:45:46'),(1158,26,1,'2023-02-12 02:56:03'),(1158,124,0,'2023-02-12 02:56:03'),(1159,26,1,'2023-02-12 14:44:08'),(1159,124,0,'2023-02-12 14:44:08'),(1160,26,1,'2023-02-12 17:36:52'),(1160,124,0,'2023-02-12 17:36:52'),(1161,26,1,'2023-02-12 19:08:19'),(1161,124,0,'2023-02-12 19:08:19'),(1162,26,1,'2023-02-12 19:38:55'),(1162,124,0,'2023-02-12 19:38:55'),(1163,26,1,'2023-02-12 23:08:34'),(1163,124,0,'2023-02-12 23:08:34'),(1164,26,1,'2023-02-13 08:30:03'),(1164,124,0,'2023-02-13 08:30:03'),(1165,26,1,'2023-02-13 08:53:22'),(1165,124,0,'2023-02-13 08:53:22'),(1166,26,1,'2023-02-13 11:46:01'),(1166,124,0,'2023-02-13 11:46:01'),(1167,26,1,'2023-02-13 12:08:17'),(1167,124,0,'2023-02-13 12:08:17'),(1168,26,1,'2023-02-13 12:55:46'),(1168,124,0,'2023-02-13 12:55:46'),(1169,26,1,'2023-02-13 15:12:10'),(1169,124,0,'2023-02-13 15:12:10'),(1170,26,1,'2023-02-13 16:39:49'),(1170,124,0,'2023-02-13 16:39:49'),(1171,26,1,'2023-02-13 17:26:40'),(1171,124,0,'2023-02-13 17:26:40'),(1172,26,1,'2023-02-13 17:46:13'),(1172,124,0,'2023-02-13 17:46:13'),(1173,26,1,'2023-02-13 22:04:23'),(1173,124,0,'2023-02-13 22:04:23'),(1174,26,1,'2023-02-13 22:06:12'),(1174,124,0,'2023-02-13 22:06:12'),(1175,26,1,'2023-02-13 22:16:23'),(1175,124,0,'2023-02-13 22:16:23'),(1176,26,1,'2023-02-13 22:21:23'),(1176,124,0,'2023-02-13 22:21:23'),(1177,26,1,'2023-02-14 16:06:04'),(1177,124,0,'2023-02-14 16:06:04'),(1178,26,1,'2023-02-14 19:06:43'),(1178,124,0,'2023-02-14 19:06:43'),(1179,26,1,'2023-02-14 19:48:52'),(1179,124,0,'2023-02-14 19:48:52'),(1180,26,1,'2023-02-14 23:22:47'),(1180,124,0,'2023-02-14 23:22:47'),(1181,26,1,'2023-02-15 00:00:56'),(1181,124,0,'2023-02-15 00:00:56'),(1182,26,1,'2023-02-15 09:42:42'),(1182,124,0,'2023-02-15 09:42:42'),(1183,26,1,'2023-02-15 13:52:15'),(1183,124,0,'2023-02-15 13:52:15'),(1184,26,1,'2023-02-15 14:46:53'),(1184,124,0,'2023-02-15 14:46:53'),(1185,26,1,'2023-02-16 00:21:57'),(1185,124,0,'2023-02-16 00:21:57'),(1186,26,1,'2023-02-16 00:46:47'),(1186,124,0,'2023-02-16 00:46:47'),(1187,26,1,'2023-02-16 13:04:02'),(1187,124,0,'2023-02-16 13:04:02'),(1188,26,1,'2023-02-16 15:46:20'),(1188,124,0,'2023-02-16 15:46:20'),(1189,26,1,'2023-02-16 18:40:09'),(1189,124,0,'2023-02-16 18:40:09'),(1190,26,1,'2023-02-16 19:55:41'),(1190,124,0,'2023-02-16 19:55:41'),(1191,26,1,'2023-02-17 01:28:42'),(1191,124,0,'2023-02-17 01:28:42'),(1192,26,1,'2023-02-17 12:53:25'),(1192,124,0,'2023-02-17 12:53:25'),(1193,26,1,'2023-02-17 15:30:53'),(1193,124,0,'2023-02-17 15:30:53'),(1194,26,1,'2023-02-17 22:35:04'),(1194,124,0,'2023-02-17 22:35:04'),(1195,26,1,'2023-02-18 03:43:34'),(1195,124,0,'2023-02-18 03:43:34'),(1196,26,1,'2023-02-18 05:09:22'),(1196,124,0,'2023-02-18 05:09:22'),(1197,26,1,'2023-02-18 05:21:08'),(1197,124,0,'2023-02-18 05:21:08'),(1198,26,1,'2023-02-18 19:56:51'),(1198,124,0,'2023-02-18 19:56:51'),(1199,26,1,'2023-02-19 09:25:16'),(1199,124,0,'2023-02-19 09:25:16'),(1200,26,1,'2023-02-19 15:48:22'),(1200,124,0,'2023-02-19 15:48:22'),(1201,26,1,'2023-02-19 18:35:22'),(1201,124,0,'2023-02-19 18:35:22'),(1202,26,1,'2023-02-19 19:43:00'),(1202,124,0,'2023-02-19 19:43:00'),(1203,26,1,'2023-02-19 23:10:23'),(1203,124,0,'2023-02-19 23:10:23'),(1204,26,1,'2023-02-19 23:50:33'),(1204,124,0,'2023-02-19 23:50:33'),(1205,26,1,'2023-02-20 02:32:26'),(1205,124,0,'2023-02-20 02:32:26'),(1206,26,1,'2023-02-20 11:14:33'),(1206,124,0,'2023-02-20 11:14:33'),(1207,26,1,'2023-02-20 12:56:09'),(1207,124,0,'2023-02-20 12:56:09'),(1208,26,1,'2023-02-20 13:53:58'),(1208,124,0,'2023-02-20 13:53:58'),(1209,26,1,'2023-02-20 14:24:58'),(1209,124,0,'2023-02-20 14:24:58'),(1210,26,1,'2023-02-20 15:23:29'),(1210,124,0,'2023-02-20 15:23:29'),(1211,26,1,'2023-02-20 16:03:37'),(1211,124,0,'2023-02-20 16:03:37'),(1212,26,1,'2023-02-20 19:12:31'),(1212,124,0,'2023-02-20 19:12:31'),(1213,26,1,'2023-02-20 23:24:08'),(1213,124,0,'2023-02-20 23:24:08'),(1214,26,1,'2023-02-21 12:25:12'),(1214,124,0,'2023-02-21 12:25:12'),(1215,26,1,'2023-02-21 14:41:37'),(1215,124,0,'2023-02-21 14:41:37'),(1216,26,1,'2023-02-21 18:12:12'),(1216,124,0,'2023-02-21 18:12:12'),(1217,26,1,'2023-02-21 19:17:05'),(1217,124,0,'2023-02-21 19:17:05'),(1218,26,1,'2023-02-21 22:42:58'),(1218,124,0,'2023-02-21 22:42:58'),(1219,26,1,'2023-02-22 10:41:46'),(1219,124,0,'2023-02-22 10:41:46'),(1220,26,1,'2023-02-22 11:27:16'),(1220,124,0,'2023-02-22 11:27:16'),(1221,26,1,'2023-02-22 13:01:20'),(1221,124,0,'2023-02-22 13:01:20'),(1222,26,1,'2023-02-22 13:38:43'),(1222,124,0,'2023-02-22 13:38:43'),(1223,26,1,'2023-02-22 14:00:09'),(1223,124,0,'2023-02-22 14:00:09'),(1224,26,1,'2023-02-22 14:10:11'),(1224,124,0,'2023-02-22 14:10:11'),(1225,26,1,'2023-02-22 15:54:14'),(1225,124,0,'2023-02-22 15:54:14'),(1226,26,1,'2023-02-22 18:14:17'),(1226,124,0,'2023-02-22 18:14:17'),(1227,26,1,'2023-02-22 18:54:13'),(1227,124,0,'2023-02-22 18:54:13'),(1228,26,1,'2023-02-22 19:53:31'),(1228,124,0,'2023-02-22 19:53:31'),(1229,26,1,'2023-02-22 19:54:13'),(1229,124,0,'2023-02-22 19:54:13'),(1230,26,1,'2023-02-22 20:01:29'),(1230,124,0,'2023-02-22 20:01:29'),(1231,26,1,'2023-02-22 21:00:54'),(1231,124,0,'2023-02-22 21:00:54'),(1232,26,1,'2023-02-22 21:32:26'),(1232,124,0,'2023-02-22 21:32:26'),(1233,26,1,'2023-02-22 23:20:37'),(1233,124,0,'2023-02-22 23:20:37'),(1234,26,1,'2023-02-23 02:27:43'),(1234,124,0,'2023-02-23 02:27:43'),(1235,26,1,'2023-02-23 03:17:42'),(1235,124,0,'2023-02-23 03:17:42'),(1236,26,1,'2023-02-23 09:11:33'),(1236,124,0,'2023-02-23 09:11:33'),(1237,26,1,'2023-02-23 09:15:29'),(1237,124,0,'2023-02-23 09:15:29'),(1238,26,1,'2023-02-23 11:46:35'),(1238,124,0,'2023-02-23 11:46:35'),(1239,26,1,'2023-02-23 12:28:16'),(1239,124,0,'2023-02-23 12:28:16'),(1240,26,1,'2023-02-23 16:10:39'),(1240,124,0,'2023-02-23 16:10:39'),(1241,26,1,'2023-02-23 16:47:14'),(1241,124,0,'2023-02-23 16:47:14'),(1242,26,1,'2023-02-23 18:37:55'),(1242,124,0,'2023-02-23 18:37:55'),(1243,26,1,'2023-02-23 19:23:53'),(1243,124,0,'2023-02-23 19:23:53'),(1244,26,1,'2023-02-23 19:25:52'),(1244,124,0,'2023-02-23 19:25:52'),(1245,26,1,'2023-02-23 19:58:52'),(1245,124,0,'2023-02-23 19:58:52'),(1246,26,1,'2023-02-23 20:25:39'),(1246,124,0,'2023-02-23 20:25:39'),(1247,26,1,'2023-02-23 22:14:27'),(1247,124,0,'2023-02-23 22:14:27'),(1248,26,1,'2023-02-23 22:28:43'),(1248,124,0,'2023-02-23 22:28:43'),(1249,26,1,'2023-02-23 23:48:32'),(1249,124,0,'2023-02-23 23:48:32'),(1250,26,1,'2023-02-24 00:30:50'),(1250,124,0,'2023-02-24 00:30:50'),(1251,26,1,'2023-02-24 08:23:32'),(1251,124,0,'2023-02-24 08:23:32'),(1252,26,1,'2023-02-24 09:11:20'),(1252,124,0,'2023-02-24 09:11:20'),(1253,26,1,'2023-02-24 09:25:43'),(1253,124,0,'2023-02-24 09:25:43'),(1254,26,1,'2023-02-24 11:02:45'),(1254,124,0,'2023-02-24 11:02:45'),(1255,26,1,'2023-02-24 12:19:30'),(1255,124,0,'2023-02-24 12:19:30'),(1256,26,1,'2023-02-24 13:26:08'),(1256,124,0,'2023-02-24 13:26:08'),(1257,26,1,'2023-02-24 17:42:53'),(1257,124,0,'2023-02-24 17:42:53'),(1258,26,1,'2023-02-24 19:05:54'),(1258,124,0,'2023-02-24 19:05:54'),(1259,26,1,'2023-02-24 19:37:29'),(1259,124,0,'2023-02-24 19:37:29'),(1260,26,1,'2023-02-24 19:47:36'),(1260,124,0,'2023-02-24 19:47:36'),(1261,26,1,'2023-02-24 19:56:23'),(1261,124,0,'2023-02-24 19:56:23'),(1262,26,1,'2023-02-24 20:45:24'),(1262,124,0,'2023-02-24 20:45:24'),(1263,26,1,'2023-02-24 23:41:11'),(1263,124,0,'2023-02-24 23:41:11'),(1264,26,1,'2023-02-25 03:22:52'),(1264,124,0,'2023-02-25 03:22:52'),(1265,26,1,'2023-02-25 04:04:22'),(1265,124,0,'2023-02-25 04:04:22'),(1266,26,1,'2023-02-25 04:36:22'),(1266,124,0,'2023-02-25 04:36:22'),(1267,26,1,'2023-02-25 12:31:53'),(1267,124,0,'2023-02-25 12:31:53'),(1268,26,1,'2023-02-25 12:56:46'),(1268,124,0,'2023-02-25 12:56:46'),(1269,26,1,'2023-02-25 15:16:07'),(1269,124,0,'2023-02-25 15:16:07'),(1270,26,1,'2023-02-25 15:31:00'),(1270,124,0,'2023-02-25 15:31:00'),(1271,26,1,'2023-02-25 19:06:27'),(1271,124,0,'2023-02-25 19:06:27'),(1272,26,1,'2023-02-25 19:26:01'),(1272,124,0,'2023-02-25 19:26:01'),(1273,26,1,'2023-02-26 01:08:34'),(1273,124,0,'2023-02-26 01:08:34'),(1274,26,1,'2023-02-26 01:13:09'),(1274,124,0,'2023-02-26 01:13:09'),(1275,26,1,'2023-02-26 03:46:55'),(1275,124,0,'2023-02-26 03:46:55'),(1276,26,1,'2023-02-27 06:47:25'),(1276,124,0,'2023-02-27 06:47:25'),(1277,26,1,'2023-02-27 08:55:12'),(1277,124,0,'2023-02-27 08:55:12'),(1278,26,1,'2023-02-27 11:05:15'),(1278,124,0,'2023-02-27 11:05:15'),(1279,26,1,'2023-02-27 12:20:01'),(1279,124,0,'2023-02-27 12:20:01'),(1280,26,1,'2023-02-27 17:17:20'),(1280,124,0,'2023-02-27 17:17:20'),(1281,26,1,'2023-02-27 18:05:23'),(1281,124,0,'2023-02-27 18:05:23'),(1282,26,1,'2023-02-27 18:23:55'),(1282,124,0,'2023-02-27 18:23:55'),(1283,26,1,'2023-02-27 21:31:33'),(1283,124,0,'2023-02-27 21:31:33'),(1284,26,1,'2023-02-27 22:37:08'),(1284,124,0,'2023-02-27 22:37:08'),(1285,26,1,'2023-02-27 23:05:33'),(1285,124,0,'2023-02-27 23:05:33'),(1286,26,1,'2023-02-27 23:43:59'),(1286,124,0,'2023-02-27 23:43:59'),(1287,26,1,'2023-02-28 01:22:41'),(1287,124,0,'2023-02-28 01:22:41'),(1288,26,1,'2023-02-28 05:05:28'),(1288,124,0,'2023-02-28 05:05:28'),(1289,26,1,'2023-02-28 09:25:01'),(1289,124,0,'2023-02-28 09:25:01'),(1290,26,1,'2023-02-28 12:07:58'),(1290,124,0,'2023-02-28 12:07:58'),(1291,26,1,'2023-02-28 12:08:48'),(1291,124,0,'2023-02-28 12:08:48'),(1292,26,2,'2023-02-28 15:58:16'),(1292,35,0,'2023-02-28 15:58:16'),(1292,124,1,'2023-02-28 15:58:16'),(1293,26,1,'2023-02-28 18:31:59'),(1293,124,0,'2023-02-28 18:31:59'),(1294,26,1,'2023-02-28 19:15:05'),(1294,124,0,'2023-02-28 19:15:05'),(1295,26,1,'2023-02-28 19:20:00'),(1295,124,0,'2023-02-28 19:20:00'),(1296,26,1,'2023-02-28 19:24:31'),(1296,124,0,'2023-02-28 19:24:31'),(1297,26,1,'2023-02-28 19:50:36'),(1297,124,0,'2023-02-28 19:50:36'),(1298,26,1,'2023-02-28 20:21:58'),(1298,124,0,'2023-02-28 20:21:58'),(1299,26,1,'2023-02-28 21:13:30'),(1299,124,0,'2023-02-28 21:13:30'),(1300,26,1,'2023-02-28 21:17:42'),(1300,124,0,'2023-02-28 21:17:42'),(1301,26,1,'2023-02-28 22:24:09'),(1301,124,0,'2023-02-28 22:24:09'),(1302,26,1,'2023-02-28 22:25:09'),(1302,124,0,'2023-02-28 22:25:09'),(1303,26,1,'2023-03-01 00:20:38'),(1303,124,0,'2023-03-01 00:20:38'),(1304,26,1,'2023-03-01 00:32:35'),(1304,124,0,'2023-03-01 00:32:35'),(1305,26,1,'2023-03-01 01:21:03'),(1305,124,0,'2023-03-01 01:21:03'),(1306,26,1,'2023-03-01 01:28:38'),(1306,124,0,'2023-03-01 01:28:38'),(1307,26,1,'2023-03-01 01:49:49'),(1307,124,0,'2023-03-01 01:49:49'),(1308,26,1,'2023-03-01 03:10:40'),(1308,124,0,'2023-03-01 03:10:40'),(1309,26,1,'2023-03-01 05:35:33'),(1309,124,0,'2023-03-01 05:35:33'),(1310,26,1,'2023-03-01 08:33:55'),(1310,124,0,'2023-03-01 08:33:55'),(1311,26,1,'2023-03-01 08:46:33'),(1311,124,0,'2023-03-01 08:46:33'),(1312,26,1,'2023-03-01 09:47:33'),(1312,124,0,'2023-03-01 09:47:33'),(1313,26,1,'2023-03-01 09:53:42'),(1313,124,0,'2023-03-01 09:53:42'),(1314,26,1,'2023-03-01 09:56:25'),(1314,124,0,'2023-03-01 09:56:25'),(1315,26,1,'2023-03-01 12:40:40'),(1315,124,0,'2023-03-01 12:40:40'),(1316,26,1,'2023-03-01 13:57:47'),(1316,124,0,'2023-03-01 13:57:47'),(1317,26,1,'2023-03-01 14:18:26'),(1317,124,0,'2023-03-01 14:18:26'),(1318,26,1,'2023-03-01 14:38:47'),(1318,124,0,'2023-03-01 14:38:47'),(1319,26,1,'2023-03-01 15:13:09'),(1319,124,0,'2023-03-01 15:13:09'),(1320,26,1,'2023-03-01 15:35:37'),(1320,124,0,'2023-03-01 15:35:37'),(1321,26,1,'2023-03-01 16:01:25'),(1321,124,0,'2023-03-01 16:01:25'),(1322,26,1,'2023-03-01 16:02:41'),(1322,124,0,'2023-03-01 16:02:41'),(1323,26,1,'2023-03-01 16:39:18'),(1323,124,0,'2023-03-01 16:39:18'),(1324,26,1,'2023-03-01 16:52:10'),(1324,124,0,'2023-03-01 16:52:10'),(1325,26,1,'2023-03-01 17:05:06'),(1325,124,0,'2023-03-01 17:05:06'),(1326,26,1,'2023-03-01 17:08:11'),(1326,124,0,'2023-03-01 17:08:11'),(1327,26,1,'2023-03-01 17:13:04'),(1327,124,0,'2023-03-01 17:13:04'),(1328,26,1,'2023-03-01 17:56:37'),(1328,124,0,'2023-03-01 17:56:37'),(1329,26,1,'2023-03-01 19:16:54'),(1329,124,0,'2023-03-01 19:16:54'),(1330,26,1,'2023-03-01 19:50:53'),(1330,124,0,'2023-03-01 19:50:53'),(1331,26,1,'2023-03-01 20:02:16'),(1331,124,0,'2023-03-01 20:02:16'),(1332,26,1,'2023-03-01 20:04:41'),(1332,124,0,'2023-03-01 20:04:41'),(1333,26,1,'2023-03-01 20:35:23'),(1333,124,0,'2023-03-01 20:35:23'),(1334,26,1,'2023-03-01 20:52:33'),(1334,124,0,'2023-03-01 20:52:33'),(1335,26,1,'2023-03-01 22:22:14'),(1335,124,0,'2023-03-01 22:22:14'),(1336,26,1,'2023-03-01 22:48:52'),(1336,124,0,'2023-03-01 22:48:52'),(1337,26,1,'2023-03-01 23:32:43'),(1337,124,0,'2023-03-01 23:32:43'),(1338,26,1,'2023-03-02 00:30:38'),(1338,124,0,'2023-03-02 00:30:38'),(1339,26,1,'2023-03-02 00:55:32'),(1339,124,0,'2023-03-02 00:55:32'),(1340,26,1,'2023-03-02 02:59:59'),(1340,124,0,'2023-03-02 02:59:59'),(1341,26,1,'2023-03-02 04:35:34'),(1341,124,0,'2023-03-02 04:35:34'),(1342,26,1,'2023-03-02 05:18:55'),(1342,124,0,'2023-03-02 05:18:55'),(1343,26,1,'2023-03-02 07:35:07'),(1343,124,0,'2023-03-02 07:35:07'),(1344,26,1,'2023-03-02 09:52:06'),(1344,124,0,'2023-03-02 09:52:06'),(1345,26,1,'2023-03-02 11:22:45'),(1345,124,0,'2023-03-02 11:22:45'),(1346,26,1,'2023-03-02 16:37:16'),(1346,124,0,'2023-03-02 16:37:16'),(1347,26,1,'2023-03-02 18:36:44'),(1347,124,0,'2023-03-02 18:36:44'),(1348,26,1,'2023-03-02 20:42:15'),(1348,124,0,'2023-03-02 20:42:15'),(1349,26,1,'2023-03-02 22:32:26'),(1349,124,0,'2023-03-02 22:32:26'),(1350,26,1,'2023-03-02 22:45:18'),(1350,124,0,'2023-03-02 22:45:18'),(1351,26,1,'2023-03-02 23:54:52'),(1351,124,0,'2023-03-02 23:54:52'),(1352,26,1,'2023-03-03 14:24:30'),(1352,124,0,'2023-03-03 14:24:30'),(1353,26,1,'2023-03-03 15:20:57'),(1353,124,0,'2023-03-03 15:20:57'),(1354,26,1,'2023-03-03 16:03:47'),(1354,124,0,'2023-03-03 16:03:47'),(1355,26,1,'2023-03-03 16:57:53'),(1355,124,0,'2023-03-03 16:57:53'),(1356,26,1,'2023-03-03 17:12:00'),(1356,124,0,'2023-03-03 17:12:00'),(1357,26,1,'2023-03-03 17:32:40'),(1357,124,0,'2023-03-03 17:32:40'),(1358,26,1,'2023-03-03 22:50:34'),(1358,124,0,'2023-03-03 22:50:34'),(1359,26,1,'2023-03-04 03:48:46'),(1359,124,0,'2023-03-04 03:48:46'),(1360,26,1,'2023-03-04 06:20:36'),(1360,124,0,'2023-03-04 06:20:36'),(1361,26,1,'2023-03-04 15:47:18'),(1361,124,0,'2023-03-04 15:47:18'),(1362,26,1,'2023-03-04 18:52:07'),(1362,124,0,'2023-03-04 18:52:07'),(1363,26,1,'2023-03-04 22:52:01'),(1363,124,0,'2023-03-04 22:52:01'),(1364,26,1,'2023-03-05 03:33:37'),(1364,124,0,'2023-03-05 03:33:37'),(1365,26,1,'2023-03-05 10:13:03'),(1365,124,0,'2023-03-05 10:13:03'),(1366,26,1,'2023-03-05 12:31:07'),(1366,124,0,'2023-03-05 12:31:07'),(1367,26,1,'2023-03-05 18:18:14'),(1367,124,0,'2023-03-05 18:18:14'),(1368,26,1,'2023-03-05 19:22:30'),(1368,124,0,'2023-03-05 19:22:30'),(1369,26,1,'2023-03-05 20:02:46'),(1369,124,0,'2023-03-05 20:02:46'),(1370,26,1,'2023-03-05 21:18:39'),(1370,124,0,'2023-03-05 21:18:39'),(1371,26,1,'2023-03-05 23:23:14'),(1371,124,0,'2023-03-05 23:23:14'),(1372,26,1,'2023-03-06 08:30:20'),(1372,124,0,'2023-03-06 08:30:20'),(1373,26,1,'2023-03-06 18:31:36'),(1373,124,0,'2023-03-06 18:31:36'),(1374,26,1,'2023-03-06 19:11:55'),(1374,124,0,'2023-03-06 19:11:55'),(1375,26,1,'2023-03-07 00:51:17'),(1375,124,0,'2023-03-07 00:51:17'),(1376,26,1,'2023-03-07 05:41:42'),(1376,124,0,'2023-03-07 05:41:42'),(1377,26,1,'2023-03-07 07:52:33'),(1377,124,0,'2023-03-07 07:52:33'),(1378,26,1,'2023-03-07 09:42:15'),(1378,124,0,'2023-03-07 09:42:15'),(1379,26,1,'2023-03-07 13:39:04'),(1379,124,0,'2023-03-07 13:39:04'),(1380,26,1,'2023-03-07 21:05:25'),(1380,124,0,'2023-03-07 21:05:25'),(1381,26,1,'2023-03-07 21:24:30'),(1381,124,0,'2023-03-07 21:24:30'),(1382,26,1,'2023-03-07 22:15:44'),(1382,124,0,'2023-03-07 22:15:44'),(1383,26,1,'2023-03-07 23:17:13'),(1383,124,0,'2023-03-07 23:17:13'),(1384,26,1,'2023-03-07 23:49:55'),(1384,124,0,'2023-03-07 23:49:55'),(1385,26,1,'2023-03-08 00:31:51'),(1385,124,0,'2023-03-08 00:31:51'),(1386,26,1,'2023-03-08 00:37:43'),(1386,124,0,'2023-03-08 00:37:43'),(1387,26,1,'2023-03-08 03:16:25'),(1387,124,0,'2023-03-08 03:16:25'),(1388,26,1,'2023-03-08 03:21:50'),(1388,124,0,'2023-03-08 03:21:50'),(1389,26,1,'2023-03-08 03:30:02'),(1389,124,0,'2023-03-08 03:30:02'),(1390,26,1,'2023-03-08 03:38:04'),(1390,124,0,'2023-03-08 03:38:04'),(1391,26,1,'2023-03-08 04:59:26'),(1391,124,0,'2023-03-08 04:59:26'),(1392,26,1,'2023-03-08 07:22:20'),(1392,124,0,'2023-03-08 07:22:20'),(1393,26,1,'2023-03-08 10:55:37'),(1393,124,0,'2023-03-08 10:55:37'),(1394,26,1,'2023-03-08 14:43:54'),(1394,124,0,'2023-03-08 14:43:54'),(1395,26,1,'2023-03-08 15:23:13'),(1395,124,0,'2023-03-08 15:23:13'),(1396,26,1,'2023-03-08 17:57:24'),(1396,124,0,'2023-03-08 17:57:24'),(1397,26,1,'2023-03-09 00:20:00'),(1397,124,0,'2023-03-09 00:20:00'),(1398,26,1,'2023-03-09 07:13:07'),(1398,124,0,'2023-03-09 07:13:07'),(1399,26,1,'2023-03-09 15:16:08'),(1399,124,0,'2023-03-09 15:16:08'),(1400,26,1,'2023-03-09 17:13:21'),(1400,124,0,'2023-03-09 17:13:21'),(1401,26,1,'2023-03-09 18:00:34'),(1401,124,0,'2023-03-09 18:00:34'),(1402,26,1,'2023-03-10 00:06:41'),(1402,124,0,'2023-03-10 00:06:41'),(1403,26,1,'2023-03-10 01:31:37'),(1403,124,0,'2023-03-10 01:31:37'),(1404,26,1,'2023-03-10 10:32:30'),(1404,124,0,'2023-03-10 10:32:30'),(1405,26,1,'2023-03-10 13:48:56'),(1405,124,0,'2023-03-10 13:48:56'),(1406,26,1,'2023-03-10 15:20:38'),(1406,124,0,'2023-03-10 15:20:38'),(1407,26,1,'2023-03-10 16:45:09'),(1407,124,0,'2023-03-10 16:45:09'),(1408,26,1,'2023-03-10 17:24:05'),(1408,124,0,'2023-03-10 17:24:05'),(1409,26,1,'2023-03-10 19:47:22'),(1409,124,0,'2023-03-10 19:47:22'),(1410,26,1,'2023-03-10 20:48:19'),(1410,124,0,'2023-03-10 20:48:19'),(1411,26,1,'2023-03-10 20:49:14'),(1411,124,0,'2023-03-10 20:49:14'),(1412,26,1,'2023-03-10 22:07:13'),(1412,124,0,'2023-03-10 22:07:13'),(1413,26,1,'2023-03-11 00:05:37'),(1413,124,0,'2023-03-11 00:05:37'),(1414,26,1,'2023-03-11 00:52:57'),(1414,124,0,'2023-03-11 00:52:57'),(1415,26,1,'2023-03-11 07:10:24'),(1415,124,0,'2023-03-11 07:10:24'),(1416,26,1,'2023-03-11 15:41:57'),(1416,124,0,'2023-03-11 15:41:57'),(1417,26,1,'2023-03-11 18:46:49'),(1417,124,0,'2023-03-11 18:46:49'),(1418,26,1,'2023-03-11 19:34:06'),(1418,124,0,'2023-03-11 19:34:06'),(1419,26,1,'2023-03-12 03:49:22'),(1419,124,0,'2023-03-12 03:49:22'),(1420,26,1,'2023-03-12 05:46:46'),(1420,124,0,'2023-03-12 05:46:46'),(1421,26,1,'2023-03-12 09:46:35'),(1421,124,0,'2023-03-12 09:46:35'),(1422,26,1,'2023-03-12 10:06:04'),(1422,124,0,'2023-03-12 10:06:04'),(1423,26,1,'2023-03-12 12:16:28'),(1423,124,0,'2023-03-12 12:16:28'),(1424,26,1,'2023-03-12 16:09:16'),(1424,124,0,'2023-03-12 16:09:16'),(1425,26,1,'2023-03-13 05:26:07'),(1425,124,0,'2023-03-13 05:26:07'),(1426,26,1,'2023-03-13 13:40:52'),(1426,124,0,'2023-03-13 13:40:52'),(1427,26,1,'2023-03-13 14:31:25'),(1427,124,0,'2023-03-13 14:31:25'),(1428,26,1,'2023-03-13 15:34:08'),(1428,124,0,'2023-03-13 15:34:08'),(1429,26,1,'2023-03-13 15:56:49'),(1429,124,0,'2023-03-13 15:56:49'),(1430,26,1,'2023-03-13 16:42:59'),(1430,124,0,'2023-03-13 16:42:59'),(1431,26,1,'2023-03-13 16:48:08'),(1431,124,0,'2023-03-13 16:48:08'),(1432,26,1,'2023-03-13 17:32:48'),(1432,124,0,'2023-03-13 17:32:48'),(1433,26,1,'2023-03-13 20:57:05'),(1433,124,0,'2023-03-13 20:57:05'),(1434,26,1,'2023-03-14 05:45:29'),(1434,124,0,'2023-03-14 05:45:29'),(1435,26,1,'2023-03-14 05:59:56'),(1435,124,0,'2023-03-14 05:59:56'),(1436,26,1,'2023-03-14 10:56:37'),(1436,124,0,'2023-03-14 10:56:37'),(1437,26,1,'2023-03-14 13:18:16'),(1437,124,0,'2023-03-14 13:18:16'),(1438,26,1,'2023-03-14 13:57:21'),(1438,124,0,'2023-03-14 13:57:21'),(1439,26,1,'2023-03-14 17:51:54'),(1439,124,0,'2023-03-14 17:51:54'),(1440,26,1,'2023-03-14 18:12:54'),(1440,124,0,'2023-03-14 18:12:54'),(1441,26,1,'2023-03-14 21:30:57'),(1441,124,0,'2023-03-14 21:30:57'),(1442,26,1,'2023-03-14 22:46:27'),(1442,124,0,'2023-03-14 22:46:27'),(1443,26,1,'2023-03-15 03:13:29'),(1443,124,0,'2023-03-15 03:13:29'),(1444,26,1,'2023-03-15 03:24:32'),(1444,124,0,'2023-03-15 03:24:32'),(1445,26,1,'2023-03-15 05:10:58'),(1445,124,0,'2023-03-15 05:10:58'),(1446,26,1,'2023-03-15 09:37:50'),(1446,124,0,'2023-03-15 09:37:50'),(1447,26,1,'2023-03-15 20:45:52'),(1447,124,0,'2023-03-15 20:45:52'),(1448,26,1,'2023-03-15 21:37:38'),(1448,124,0,'2023-03-15 21:37:38'),(1449,26,1,'2023-03-15 22:36:42'),(1449,124,0,'2023-03-15 22:36:42'),(1450,26,1,'2023-03-16 01:56:36'),(1450,124,0,'2023-03-16 01:56:36'),(1451,26,1,'2023-03-16 11:58:36'),(1451,124,0,'2023-03-16 11:58:36'),(1452,26,1,'2023-03-16 12:03:27'),(1452,124,0,'2023-03-16 12:03:27'),(1453,26,1,'2023-03-16 15:45:28'),(1453,124,0,'2023-03-16 15:45:28'),(1454,26,1,'2023-03-16 16:09:58'),(1454,124,0,'2023-03-16 16:09:58'),(1455,26,1,'2023-03-16 18:32:59'),(1455,124,0,'2023-03-16 18:32:59'),(1456,26,1,'2023-03-16 19:19:32'),(1456,124,0,'2023-03-16 19:19:32'),(1457,26,1,'2023-03-16 19:37:29'),(1457,124,0,'2023-03-16 19:37:29'),(1458,26,1,'2023-03-17 01:42:37'),(1458,124,0,'2023-03-17 01:42:37'),(1459,26,1,'2023-03-17 05:02:08'),(1459,124,0,'2023-03-17 05:02:08'),(1460,26,1,'2023-03-17 11:27:45'),(1460,124,0,'2023-03-17 11:27:45'),(1461,26,1,'2023-03-17 11:48:22'),(1461,124,0,'2023-03-17 11:48:22'),(1462,26,1,'2023-03-17 12:06:08'),(1462,124,0,'2023-03-17 12:06:08'),(1463,26,1,'2023-03-17 16:11:38'),(1463,124,0,'2023-03-17 16:11:38'),(1464,26,1,'2023-03-17 16:42:46'),(1464,124,0,'2023-03-17 16:42:46'),(1465,26,1,'2023-03-17 18:00:07'),(1465,124,0,'2023-03-17 18:00:07'),(1466,26,1,'2023-03-17 18:12:52'),(1466,124,0,'2023-03-17 18:12:52'),(1467,26,1,'2023-03-17 21:29:08'),(1467,124,0,'2023-03-17 21:29:08'),(1468,26,1,'2023-03-17 22:45:04'),(1468,124,0,'2023-03-17 22:45:04'),(1469,26,1,'2023-03-17 22:45:39'),(1469,124,0,'2023-03-17 22:45:39'),(1470,26,1,'2023-03-17 23:05:19'),(1470,124,0,'2023-03-17 23:05:19'),(1471,26,1,'2023-03-18 01:50:34'),(1471,124,0,'2023-03-18 01:50:34'),(1472,26,1,'2023-03-18 03:42:18'),(1472,124,0,'2023-03-18 03:42:18'),(1473,26,1,'2023-03-18 08:49:29'),(1473,124,0,'2023-03-18 08:49:29'),(1474,26,1,'2023-03-18 09:17:38'),(1474,124,0,'2023-03-18 09:17:38'),(1475,26,1,'2023-03-18 12:24:22'),(1475,124,0,'2023-03-18 12:24:22'),(1476,26,1,'2023-03-18 14:41:54'),(1476,124,0,'2023-03-18 14:41:54'),(1477,26,1,'2023-03-18 18:53:38'),(1477,124,0,'2023-03-18 18:53:38'),(1478,26,1,'2023-03-18 20:21:56'),(1478,124,0,'2023-03-18 20:21:56'),(1479,26,1,'2023-03-18 21:11:47'),(1479,124,0,'2023-03-18 21:11:47'),(1480,26,1,'2023-03-18 22:50:44'),(1480,124,0,'2023-03-18 22:50:44'),(1481,26,1,'2023-03-18 23:32:25'),(1481,124,0,'2023-03-18 23:32:25'),(1482,26,1,'2023-03-19 09:22:58'),(1482,124,0,'2023-03-19 09:22:58'),(1483,26,1,'2023-03-19 12:30:18'),(1483,124,0,'2023-03-19 12:30:18'),(1484,26,1,'2023-03-19 16:19:57'),(1484,124,0,'2023-03-19 16:19:57'),(1485,26,1,'2023-03-19 17:04:47'),(1485,124,0,'2023-03-19 17:04:47'),(1486,26,1,'2023-03-19 19:48:58'),(1486,124,0,'2023-03-19 19:48:58'),(1487,26,1,'2023-03-19 21:41:27'),(1487,124,0,'2023-03-19 21:41:27'),(1488,26,1,'2023-03-20 00:22:10'),(1488,124,0,'2023-03-20 00:22:10'),(1489,26,1,'2023-03-20 01:59:09'),(1489,124,0,'2023-03-20 01:59:09'),(1490,26,1,'2023-03-20 10:06:18'),(1490,124,0,'2023-03-20 10:06:18'),(1491,26,1,'2023-03-20 11:35:47'),(1491,124,0,'2023-03-20 11:35:47'),(1492,26,1,'2023-03-20 12:51:34'),(1492,124,0,'2023-03-20 12:51:34'),(1493,26,1,'2023-03-20 19:28:57'),(1493,124,0,'2023-03-20 19:28:57'),(1494,26,1,'2023-03-20 19:37:47'),(1494,124,0,'2023-03-20 19:37:47'),(1495,26,1,'2023-03-20 21:42:24'),(1495,124,0,'2023-03-20 21:42:24'),(1496,26,1,'2023-03-20 23:01:39'),(1496,124,0,'2023-03-20 23:01:39'),(1497,26,1,'2023-03-20 23:21:20'),(1497,124,0,'2023-03-20 23:21:20'),(1498,26,1,'2023-03-20 23:31:26'),(1498,124,0,'2023-03-20 23:31:26'),(1499,26,1,'2023-03-21 00:22:36'),(1499,124,0,'2023-03-21 00:22:36'),(1500,26,1,'2023-03-21 00:25:45'),(1500,124,0,'2023-03-21 00:25:45'),(1501,26,1,'2023-03-21 01:45:30'),(1501,124,0,'2023-03-21 01:45:30'),(1502,26,1,'2023-03-21 02:07:25'),(1502,124,0,'2023-03-21 02:07:25'),(1503,26,1,'2023-03-21 03:07:47'),(1503,124,0,'2023-03-21 03:07:47'),(1504,26,1,'2023-03-21 04:56:18'),(1504,124,0,'2023-03-21 04:56:18'),(1505,26,1,'2023-03-21 06:42:05'),(1505,124,0,'2023-03-21 06:42:05'),(1506,26,1,'2023-03-21 07:19:09'),(1506,124,0,'2023-03-21 07:19:09'),(1507,26,1,'2023-03-21 09:50:33'),(1507,124,0,'2023-03-21 09:50:33'),(1508,26,1,'2023-03-21 14:39:59'),(1508,124,0,'2023-03-21 14:39:59'),(1509,26,1,'2023-03-21 15:00:48'),(1509,124,0,'2023-03-21 15:00:48'),(1510,26,1,'2023-03-21 15:52:25'),(1510,124,0,'2023-03-21 15:52:25'),(1511,26,1,'2023-03-21 16:42:16'),(1511,124,0,'2023-03-21 16:42:16'),(1512,26,1,'2023-03-21 18:24:31'),(1512,124,0,'2023-03-21 18:24:31'),(1513,26,1,'2023-03-21 19:10:41'),(1513,124,0,'2023-03-21 19:10:41'),(1514,26,1,'2023-03-21 19:42:19'),(1514,124,0,'2023-03-21 19:42:19'),(1515,26,1,'2023-03-21 19:56:52'),(1515,124,0,'2023-03-21 19:56:52'),(1516,26,1,'2023-03-21 21:14:01'),(1516,124,0,'2023-03-21 21:14:01'),(1517,26,1,'2023-03-21 21:14:13'),(1517,124,0,'2023-03-21 21:14:13'),(1518,26,1,'2023-03-21 21:42:44'),(1518,124,0,'2023-03-21 21:42:44'),(1519,26,1,'2023-03-21 21:49:02'),(1519,124,0,'2023-03-21 21:49:02'),(1520,26,1,'2023-03-21 22:04:40'),(1520,124,0,'2023-03-21 22:04:40'),(1521,26,1,'2023-03-21 22:06:24'),(1521,124,0,'2023-03-21 22:06:24'),(1522,26,1,'2023-03-21 23:59:15'),(1522,124,0,'2023-03-21 23:59:15'),(1523,26,1,'2023-03-22 01:29:00'),(1523,124,0,'2023-03-22 01:29:00'),(1524,26,1,'2023-03-22 03:54:55'),(1524,124,0,'2023-03-22 03:54:55'),(1525,26,1,'2023-03-22 07:12:15'),(1525,124,0,'2023-03-22 07:12:15'),(1526,26,1,'2023-03-22 09:00:38'),(1526,124,0,'2023-03-22 09:00:38'),(1527,26,1,'2023-03-22 09:44:56'),(1527,124,0,'2023-03-22 09:44:56'),(1528,26,1,'2023-03-22 10:04:26'),(1528,124,0,'2023-03-22 10:04:26'),(1529,26,1,'2023-03-22 10:51:57'),(1529,124,0,'2023-03-22 10:51:57'),(1530,26,1,'2023-03-22 17:14:32'),(1530,124,0,'2023-03-22 17:14:32'),(1531,26,1,'2023-03-22 17:53:23'),(1531,124,0,'2023-03-22 17:53:23'),(1532,26,1,'2023-03-22 22:45:45'),(1532,124,0,'2023-03-22 22:45:45'),(1533,26,1,'2023-03-22 22:46:41'),(1533,124,0,'2023-03-22 22:46:41'),(1534,26,1,'2023-03-23 00:15:41'),(1534,124,0,'2023-03-23 00:15:41'),(1535,26,1,'2023-03-23 00:18:37'),(1535,124,0,'2023-03-23 00:18:37'),(1536,26,1,'2023-03-23 00:47:33'),(1536,124,0,'2023-03-23 00:47:33'),(1537,26,1,'2023-03-23 01:07:30'),(1537,124,0,'2023-03-23 01:07:30'),(1538,26,1,'2023-03-23 13:10:53'),(1538,124,0,'2023-03-23 13:10:53'),(1539,26,1,'2023-03-23 14:28:36'),(1539,124,0,'2023-03-23 14:28:36'),(1540,26,1,'2023-03-23 16:08:41'),(1540,124,0,'2023-03-23 16:08:41'),(1541,26,1,'2023-03-23 16:49:55'),(1541,124,0,'2023-03-23 16:49:55'),(1542,26,1,'2023-03-23 17:10:37'),(1542,124,0,'2023-03-23 17:10:37'),(1543,26,1,'2023-03-23 17:17:25'),(1543,124,0,'2023-03-23 17:17:25'),(1544,26,1,'2023-03-23 17:20:43'),(1544,124,0,'2023-03-23 17:20:43'),(1545,26,1,'2023-03-23 17:50:46'),(1545,124,0,'2023-03-23 17:50:46'),(1546,26,1,'2023-03-23 19:24:02'),(1546,124,0,'2023-03-23 19:24:02'),(1547,26,1,'2023-03-23 20:01:06'),(1547,124,0,'2023-03-23 20:01:06'),(1548,26,1,'2023-03-23 20:16:57'),(1548,124,0,'2023-03-23 20:16:57'),(1549,26,1,'2023-03-23 20:17:35'),(1549,124,0,'2023-03-23 20:17:35'),(1550,26,1,'2023-03-23 20:21:41'),(1550,124,0,'2023-03-23 20:21:41'),(1551,26,1,'2023-03-23 21:01:57'),(1551,124,0,'2023-03-23 21:01:57'),(1552,26,1,'2023-03-23 21:27:17'),(1552,124,0,'2023-03-23 21:27:17'),(1553,26,1,'2023-03-23 22:23:39'),(1553,124,0,'2023-03-23 22:23:39'),(1554,26,1,'2023-03-23 22:51:42'),(1554,124,0,'2023-03-23 22:51:42'),(1555,26,1,'2023-03-24 01:23:58'),(1555,124,0,'2023-03-24 01:23:58'),(1556,26,1,'2023-03-24 02:14:21'),(1556,124,0,'2023-03-24 02:14:21'),(1557,26,1,'2023-03-24 03:51:32'),(1557,124,0,'2023-03-24 03:51:32'),(1558,26,1,'2023-03-24 06:31:54'),(1558,124,0,'2023-03-24 06:31:54'),(1559,26,1,'2023-03-24 06:42:40'),(1559,124,0,'2023-03-24 06:42:40'),(1560,26,1,'2023-03-24 07:15:14'),(1560,124,0,'2023-03-24 07:15:14'),(1561,26,1,'2023-03-24 08:01:59'),(1561,124,0,'2023-03-24 08:01:59'),(1562,26,1,'2023-03-24 08:21:49'),(1562,124,0,'2023-03-24 08:21:49'),(1563,26,1,'2023-03-24 08:41:45'),(1563,124,0,'2023-03-24 08:41:45'),(1564,26,1,'2023-03-24 09:18:38'),(1564,124,0,'2023-03-24 09:18:38'),(1565,26,1,'2023-03-24 10:18:15'),(1565,124,0,'2023-03-24 10:18:15'),(1566,26,1,'2023-03-24 11:38:21'),(1566,124,0,'2023-03-24 11:38:21'),(1567,26,1,'2023-03-24 12:07:50'),(1567,124,0,'2023-03-24 12:07:50'),(1568,26,1,'2023-03-24 14:45:52'),(1568,124,0,'2023-03-24 14:45:52'),(1569,26,1,'2023-03-24 15:53:56'),(1569,124,0,'2023-03-24 15:53:56'),(1570,26,1,'2023-03-24 16:20:01'),(1570,124,0,'2023-03-24 16:20:01'),(1571,26,1,'2023-03-24 17:07:24'),(1571,124,0,'2023-03-24 17:07:24'),(1572,26,1,'2023-03-24 18:16:16'),(1572,124,0,'2023-03-24 18:16:16'),(1573,26,1,'2023-03-24 18:18:52'),(1573,124,0,'2023-03-24 18:18:52'),(1574,26,1,'2023-03-24 19:20:26'),(1574,124,0,'2023-03-24 19:20:26'),(1575,26,1,'2023-03-24 19:47:15'),(1575,124,0,'2023-03-24 19:47:15'),(1576,26,1,'2023-03-24 19:57:18'),(1576,124,0,'2023-03-24 19:57:18'),(1577,26,1,'2023-03-24 20:02:02'),(1577,124,0,'2023-03-24 20:02:02'),(1578,26,1,'2023-03-24 21:36:07'),(1578,124,0,'2023-03-24 21:36:07'),(1579,26,1,'2023-03-24 22:56:51'),(1579,124,0,'2023-03-24 22:56:51'),(1580,26,1,'2023-03-24 23:09:30'),(1580,124,0,'2023-03-24 23:09:30'),(1581,26,1,'2023-03-25 01:45:25'),(1581,124,0,'2023-03-25 01:45:25'),(1582,26,1,'2023-03-25 06:43:43'),(1582,124,0,'2023-03-25 06:43:43'),(1583,26,1,'2023-03-25 08:44:45'),(1583,124,0,'2023-03-25 08:44:45'),(1584,26,1,'2023-03-25 17:17:14'),(1584,124,0,'2023-03-25 17:17:14'),(1585,26,1,'2023-03-25 17:55:05'),(1585,124,0,'2023-03-25 17:55:05'),(1586,26,1,'2023-03-25 20:13:13'),(1586,124,0,'2023-03-25 20:13:13'),(1587,26,1,'2023-03-25 21:36:47'),(1587,124,0,'2023-03-25 21:36:47'),(1588,26,1,'2023-03-26 00:48:08'),(1588,124,0,'2023-03-26 00:48:08'),(1589,26,1,'2023-03-26 11:50:26'),(1589,124,0,'2023-03-26 11:50:26'),(1590,26,1,'2023-03-26 20:23:06'),(1590,124,0,'2023-03-26 20:23:06'),(1591,26,1,'2023-03-26 21:15:34'),(1591,124,0,'2023-03-26 21:15:34'),(1592,26,1,'2023-03-26 21:46:58'),(1592,124,0,'2023-03-26 21:46:58'),(1593,26,1,'2023-03-27 09:17:03'),(1593,124,0,'2023-03-27 09:17:03'),(1594,26,1,'2023-03-27 10:14:13'),(1594,124,0,'2023-03-27 10:14:13'),(1595,26,1,'2023-03-27 15:19:52'),(1595,124,0,'2023-03-27 15:19:52'),(1596,26,1,'2023-03-27 17:17:51'),(1596,124,0,'2023-03-27 17:17:51'),(1597,26,1,'2023-03-27 22:00:41'),(1597,124,0,'2023-03-27 22:00:41'),(1598,26,1,'2023-03-28 13:42:38'),(1598,124,0,'2023-03-28 13:42:38'),(1599,26,1,'2023-03-28 15:17:56'),(1599,124,0,'2023-03-28 15:17:56'),(1600,26,1,'2023-03-28 17:25:41'),(1600,124,0,'2023-03-28 17:25:41'),(1601,26,1,'2023-03-28 17:41:41'),(1601,124,0,'2023-03-28 17:41:41'),(1602,26,1,'2023-03-28 18:15:07'),(1602,124,0,'2023-03-28 18:15:07'),(1603,26,1,'2023-03-28 20:31:43'),(1603,124,0,'2023-03-28 20:31:43'),(1604,26,1,'2023-03-28 21:03:11'),(1604,124,0,'2023-03-28 21:03:11'),(1605,26,1,'2023-03-28 21:57:25'),(1605,124,0,'2023-03-28 21:57:25'),(1606,26,1,'2023-03-28 23:25:40'),(1606,124,0,'2023-03-28 23:25:40'),(1607,26,1,'2023-03-29 01:02:52'),(1607,124,0,'2023-03-29 01:02:52'),(1608,26,1,'2023-03-29 05:00:10'),(1608,124,0,'2023-03-29 05:00:10'),(1609,26,1,'2023-03-29 13:54:52'),(1609,124,0,'2023-03-29 13:54:52'),(1610,26,1,'2023-03-29 17:08:55'),(1610,124,0,'2023-03-29 17:08:55'),(1611,26,1,'2023-03-29 22:12:32'),(1611,124,0,'2023-03-29 22:12:32'),(1612,26,1,'2023-03-30 06:50:33'),(1612,124,0,'2023-03-30 06:50:33'),(1613,26,1,'2023-03-30 11:22:04'),(1613,124,0,'2023-03-30 11:22:04'),(1614,26,1,'2023-03-30 12:02:33'),(1614,124,0,'2023-03-30 12:02:33'),(1615,26,1,'2023-03-30 12:19:47'),(1615,124,0,'2023-03-30 12:19:47'),(1616,26,1,'2023-03-30 13:12:26'),(1616,124,0,'2023-03-30 13:12:26'),(1617,26,1,'2023-03-30 13:22:25'),(1617,124,0,'2023-03-30 13:22:25'),(1618,26,1,'2023-03-30 13:34:09'),(1618,124,0,'2023-03-30 13:34:09'),(1619,26,1,'2023-03-30 15:18:44'),(1619,124,0,'2023-03-30 15:18:44'),(1620,26,1,'2023-03-30 18:17:21'),(1620,124,0,'2023-03-30 18:17:21'),(1621,26,1,'2023-03-30 20:58:25'),(1621,124,0,'2023-03-30 20:58:25'),(1622,26,1,'2023-03-30 21:23:30'),(1622,124,0,'2023-03-30 21:23:30'),(1623,26,1,'2023-03-31 00:23:07'),(1623,124,0,'2023-03-31 00:23:07'),(1624,26,1,'2023-03-31 00:27:23'),(1624,124,0,'2023-03-31 00:27:23'),(1625,26,1,'2023-03-31 01:57:12'),(1625,124,0,'2023-03-31 01:57:12'),(1626,26,1,'2023-03-31 04:33:11'),(1626,124,0,'2023-03-31 04:33:11'),(1627,26,1,'2023-03-31 12:56:33'),(1627,124,0,'2023-03-31 12:56:33'),(1628,26,1,'2023-03-31 17:19:25'),(1628,124,0,'2023-03-31 17:19:25'),(1629,26,1,'2023-04-01 02:56:59'),(1629,124,0,'2023-04-01 02:56:59'),(1630,26,1,'2023-04-01 03:19:08'),(1630,124,0,'2023-04-01 03:19:08'),(1631,26,1,'2023-04-01 09:39:23'),(1631,124,0,'2023-04-01 09:39:23'),(1632,26,1,'2023-04-01 14:16:32'),(1632,124,0,'2023-04-01 14:16:32'),(1633,26,1,'2023-04-01 18:51:30'),(1633,124,0,'2023-04-01 18:51:30'),(1634,26,1,'2023-04-01 18:59:04'),(1634,124,0,'2023-04-01 18:59:04'),(1635,26,1,'2023-04-01 19:50:54'),(1635,124,0,'2023-04-01 19:50:54'),(1636,26,1,'2023-04-02 11:34:46'),(1636,124,0,'2023-04-02 11:34:46'),(1637,26,1,'2023-04-02 18:05:04'),(1637,124,0,'2023-04-02 18:05:04'),(1638,26,1,'2023-04-03 12:56:18'),(1638,124,0,'2023-04-03 12:56:18'),(1639,26,1,'2023-04-03 19:42:41'),(1639,124,0,'2023-04-03 19:42:41'),(1640,26,1,'2023-04-03 20:44:16'),(1640,124,0,'2023-04-03 20:44:16'),(1641,26,1,'2023-04-03 21:10:30'),(1641,124,0,'2023-04-03 21:10:30'),(1642,26,1,'2023-04-03 21:24:04'),(1642,124,0,'2023-04-03 21:24:04'),(1643,26,1,'2023-04-04 01:19:31'),(1643,124,0,'2023-04-04 01:19:31'),(1644,26,1,'2023-04-04 08:10:14'),(1644,124,0,'2023-04-04 08:10:14'),(1645,26,1,'2023-04-04 18:02:13'),(1645,124,0,'2023-04-04 18:02:13'),(1646,26,1,'2023-04-04 23:41:44'),(1646,124,0,'2023-04-04 23:41:44'),(1647,26,1,'2023-04-05 01:02:15'),(1647,124,0,'2023-04-05 01:02:15'),(1648,26,1,'2023-04-05 03:28:50'),(1648,124,0,'2023-04-05 03:28:50'),(1649,26,1,'2023-04-05 12:27:21'),(1649,124,0,'2023-04-05 12:27:21'),(1650,26,1,'2023-04-05 14:10:41'),(1650,124,0,'2023-04-05 14:10:41'),(1651,26,1,'2023-04-05 18:12:58'),(1651,124,0,'2023-04-05 18:12:58'),(1652,26,1,'2023-04-05 21:51:40'),(1652,124,0,'2023-04-05 21:51:40'),(1653,26,1,'2023-04-05 23:43:41'),(1653,124,0,'2023-04-05 23:43:41'),(1654,26,1,'2023-04-06 05:01:24'),(1654,124,0,'2023-04-06 05:01:24'),(1655,26,1,'2023-04-06 07:00:50'),(1655,124,0,'2023-04-06 07:00:50'),(1656,26,1,'2023-04-06 14:01:37'),(1656,124,0,'2023-04-06 14:01:37'),(1657,26,1,'2023-04-06 18:10:44'),(1657,124,0,'2023-04-06 18:10:44'),(1658,26,1,'2023-04-06 21:55:28'),(1658,124,0,'2023-04-06 21:55:28'),(1659,26,1,'2023-04-06 22:23:33'),(1659,124,0,'2023-04-06 22:23:33'),(1660,26,1,'2023-04-07 01:11:47'),(1660,124,0,'2023-04-07 01:11:47'),(1661,26,1,'2023-04-07 20:48:42'),(1661,124,0,'2023-04-07 20:48:42'),(1662,26,1,'2023-04-07 22:07:02'),(1662,124,0,'2023-04-07 22:07:02'),(1663,26,1,'2023-04-08 01:04:39'),(1663,124,0,'2023-04-08 01:04:39'),(1664,26,1,'2023-04-08 01:29:43'),(1664,124,0,'2023-04-08 01:29:43'),(1665,26,1,'2023-04-08 01:35:02'),(1665,124,0,'2023-04-08 01:35:02'),(1666,26,1,'2023-04-08 02:18:12'),(1666,124,0,'2023-04-08 02:18:12'),(1667,26,1,'2023-04-08 04:23:41'),(1667,124,0,'2023-04-08 04:23:41'),(1668,26,1,'2023-04-08 11:05:51'),(1668,124,0,'2023-04-08 11:05:51'),(1669,26,1,'2023-04-08 14:08:25'),(1669,124,0,'2023-04-08 14:08:25'),(1670,26,1,'2023-04-08 16:03:53'),(1670,124,0,'2023-04-08 16:03:53'),(1671,26,1,'2023-04-08 17:06:10'),(1671,124,0,'2023-04-08 17:06:10'),(1672,26,1,'2023-04-08 18:30:19'),(1672,124,0,'2023-04-08 18:30:19'),(1673,26,1,'2023-04-11 14:50:39'),(1673,124,0,'2023-04-11 14:50:39'),(1674,26,1,'2023-04-11 15:20:32'),(1674,124,0,'2023-04-11 15:20:32'),(1675,26,1,'2023-04-11 18:12:03'),(1675,124,0,'2023-04-11 18:12:03'),(1676,26,1,'2023-04-11 18:18:51'),(1676,124,0,'2023-04-11 18:18:51'),(1677,26,1,'2023-04-11 21:26:20'),(1677,124,0,'2023-04-11 21:26:20'),(1678,26,1,'2023-04-11 22:17:50'),(1678,124,0,'2023-04-11 22:17:50'),(1679,26,1,'2023-04-11 22:21:06'),(1679,124,0,'2023-04-11 22:21:06'),(1680,26,1,'2023-04-11 22:33:56'),(1680,124,0,'2023-04-11 22:33:56'),(1681,26,1,'2023-04-11 23:36:29'),(1681,124,0,'2023-04-11 23:36:29'),(1682,26,1,'2023-04-12 00:02:57'),(1682,124,0,'2023-04-12 00:02:57'),(1683,26,1,'2023-04-12 04:40:24'),(1683,124,0,'2023-04-12 04:40:24'),(1684,26,1,'2023-04-12 06:28:37'),(1684,124,0,'2023-04-12 06:28:37'),(1685,26,1,'2023-04-12 10:04:41'),(1685,124,0,'2023-04-12 10:04:41'),(1686,26,1,'2023-04-12 12:17:52'),(1686,124,0,'2023-04-12 12:17:52'),(1687,26,1,'2023-04-12 13:24:46'),(1687,124,0,'2023-04-12 13:24:46'),(1688,26,1,'2023-04-12 17:38:40'),(1688,124,0,'2023-04-12 17:38:40'),(1689,26,1,'2023-04-12 18:11:32'),(1689,124,0,'2023-04-12 18:11:32'),(1690,26,1,'2023-04-12 18:39:26'),(1690,124,0,'2023-04-12 18:39:26'),(1691,26,1,'2023-04-12 19:39:08'),(1691,124,0,'2023-04-12 19:39:08'),(1692,26,1,'2023-04-12 20:03:43'),(1692,124,0,'2023-04-12 20:03:43'),(1693,26,1,'2023-04-12 21:39:28'),(1693,124,0,'2023-04-12 21:39:28'),(1694,26,1,'2023-04-12 23:26:57'),(1694,124,0,'2023-04-12 23:26:57'),(1695,26,1,'2023-04-12 23:59:42'),(1695,124,0,'2023-04-12 23:59:42'),(1696,26,1,'2023-04-13 00:13:13'),(1696,124,0,'2023-04-13 00:13:13'),(1697,26,1,'2023-04-13 01:22:56'),(1697,124,0,'2023-04-13 01:22:56'),(1698,26,1,'2023-04-13 06:55:49'),(1698,124,0,'2023-04-13 06:55:49'),(1699,26,1,'2023-04-13 07:01:52'),(1699,124,0,'2023-04-13 07:01:52'),(1700,26,1,'2023-04-13 08:04:02'),(1700,124,0,'2023-04-13 08:04:02'),(1701,26,1,'2023-04-13 08:24:48'),(1701,124,0,'2023-04-13 08:24:48'),(1702,26,1,'2023-04-13 14:31:22'),(1702,124,0,'2023-04-13 14:31:22'),(1703,26,1,'2023-04-13 14:35:59'),(1703,124,0,'2023-04-13 14:35:59'),(1704,26,1,'2023-04-13 19:41:55'),(1704,124,0,'2023-04-13 19:41:55'),(1705,26,1,'2023-04-13 20:03:26'),(1705,124,0,'2023-04-13 20:03:26'),(1706,26,1,'2023-04-13 20:13:07'),(1706,124,0,'2023-04-13 20:13:07'),(1707,26,1,'2023-04-13 20:42:25'),(1707,124,0,'2023-04-13 20:42:25'),(1708,26,1,'2023-04-13 21:04:07'),(1708,124,0,'2023-04-13 21:04:07'),(1709,26,1,'2023-04-13 21:45:33'),(1709,124,0,'2023-04-13 21:45:33'),(1710,26,1,'2023-04-13 22:23:20'),(1710,124,0,'2023-04-13 22:23:20'),(1711,26,1,'2023-04-13 22:38:29'),(1711,124,0,'2023-04-13 22:38:29'),(1712,26,1,'2023-04-13 22:56:04'),(1712,124,0,'2023-04-13 22:56:04'),(1713,26,1,'2023-04-14 00:38:06'),(1713,124,0,'2023-04-14 00:38:06'),(1714,26,1,'2023-04-14 00:52:45'),(1714,124,0,'2023-04-14 00:52:45'),(1715,26,1,'2023-04-14 02:06:38'),(1715,124,0,'2023-04-14 02:06:38'),(1716,26,1,'2023-04-14 03:36:42'),(1716,124,0,'2023-04-14 03:36:42'),(1717,26,1,'2023-04-14 04:17:57'),(1717,124,0,'2023-04-14 04:17:57'),(1718,26,1,'2023-04-14 05:48:49'),(1718,124,0,'2023-04-14 05:48:49'),(1719,26,1,'2023-04-14 07:17:45'),(1719,124,0,'2023-04-14 07:17:45'),(1720,26,1,'2023-04-14 07:59:21'),(1720,124,0,'2023-04-14 07:59:21'),(1721,26,1,'2023-04-14 08:09:28'),(1721,124,0,'2023-04-14 08:09:28'),(1722,26,1,'2023-04-14 08:56:19'),(1722,124,0,'2023-04-14 08:56:19'),(1723,26,1,'2023-04-14 09:47:51'),(1723,124,0,'2023-04-14 09:47:51'),(1724,26,1,'2023-04-14 10:24:38'),(1724,124,0,'2023-04-14 10:24:38'),(1725,26,1,'2023-04-14 11:10:22'),(1725,124,0,'2023-04-14 11:10:22'),(1726,26,1,'2023-04-14 13:39:18'),(1726,124,0,'2023-04-14 13:39:18'),(1727,26,1,'2023-04-14 14:19:59'),(1727,124,0,'2023-04-14 14:19:59'),(1728,26,1,'2023-04-14 22:26:10'),(1728,124,0,'2023-04-14 22:26:10'),(1729,26,1,'2023-04-15 01:16:41'),(1729,124,0,'2023-04-15 01:16:41'),(1730,26,1,'2023-04-15 01:46:33'),(1730,124,0,'2023-04-15 01:46:33'),(1731,26,1,'2023-04-15 04:39:52'),(1731,124,0,'2023-04-15 04:39:52'),(1732,26,1,'2023-04-15 13:41:42'),(1732,124,0,'2023-04-15 13:41:42'),(1733,26,1,'2023-04-15 14:18:57'),(1733,124,0,'2023-04-15 14:18:57'),(1734,26,1,'2023-04-15 20:51:59'),(1734,124,0,'2023-04-15 20:51:59'),(1735,26,1,'2023-04-16 01:59:34'),(1735,124,0,'2023-04-16 01:59:34'),(1736,26,1,'2023-04-16 02:00:05'),(1736,124,0,'2023-04-16 02:00:05'),(1737,26,1,'2023-04-16 03:03:52'),(1737,124,0,'2023-04-16 03:03:52'),(1738,26,1,'2023-04-16 04:09:59'),(1738,124,0,'2023-04-16 04:09:59'),(1739,26,1,'2023-04-16 04:18:09'),(1739,124,0,'2023-04-16 04:18:09'),(1740,26,1,'2023-04-16 04:19:02'),(1740,124,0,'2023-04-16 04:19:02'),(1741,26,1,'2023-04-16 09:04:45'),(1741,124,0,'2023-04-16 09:04:45'),(1742,26,1,'2023-04-16 15:33:09'),(1742,124,0,'2023-04-16 15:33:09'),(1743,26,1,'2023-04-16 17:58:47'),(1743,124,0,'2023-04-16 17:58:47'),(1744,26,1,'2023-04-16 19:27:02'),(1744,124,0,'2023-04-16 19:27:02'),(1745,26,1,'2023-04-16 20:28:20'),(1745,124,0,'2023-04-16 20:28:20'),(1746,26,1,'2023-04-16 21:36:22'),(1746,124,0,'2023-04-16 21:36:22'),(1747,26,1,'2023-04-16 22:01:32'),(1747,124,0,'2023-04-16 22:01:32'),(1748,26,1,'2023-04-16 22:04:12'),(1748,124,0,'2023-04-16 22:04:12'),(1749,26,1,'2023-04-16 23:40:34'),(1749,124,0,'2023-04-16 23:40:34'),(1750,26,1,'2023-04-16 23:48:48'),(1750,124,0,'2023-04-16 23:48:48'),(1751,26,1,'2023-04-17 04:50:40'),(1751,124,0,'2023-04-17 04:50:40'),(1752,26,1,'2023-04-17 07:22:54'),(1752,124,0,'2023-04-17 07:22:54'),(1753,26,1,'2023-04-17 07:34:00'),(1753,124,0,'2023-04-17 07:34:00'),(1754,26,1,'2023-04-17 08:02:02'),(1754,124,0,'2023-04-17 08:02:02'),(1755,26,1,'2023-04-17 11:27:03'),(1755,124,0,'2023-04-17 11:27:03'),(1756,26,1,'2023-04-17 12:54:34'),(1756,124,0,'2023-04-17 12:54:34'),(1757,26,1,'2023-04-17 13:28:44'),(1757,124,0,'2023-04-17 13:28:44'),(1758,26,1,'2023-04-17 15:58:01'),(1758,124,0,'2023-04-17 15:58:01'),(1759,26,1,'2023-04-17 16:14:33'),(1759,124,0,'2023-04-17 16:14:33'),(1760,26,1,'2023-04-17 18:43:57'),(1760,124,0,'2023-04-17 18:43:57'),(1761,26,1,'2023-04-17 19:30:36'),(1761,124,0,'2023-04-17 19:30:36'),(1762,26,1,'2023-04-17 19:59:54'),(1762,124,0,'2023-04-17 19:59:54'),(1763,26,1,'2023-04-17 21:15:47'),(1763,124,0,'2023-04-17 21:15:47'),(1764,26,1,'2023-04-17 22:12:21'),(1764,124,0,'2023-04-17 22:12:21'),(1765,26,1,'2023-04-17 22:55:03'),(1765,124,0,'2023-04-17 22:55:03'),(1766,26,1,'2023-04-17 22:55:51'),(1766,124,0,'2023-04-17 22:55:51'),(1767,26,1,'2023-04-17 22:58:33'),(1767,124,0,'2023-04-17 22:58:33'),(1768,26,1,'2023-04-18 02:58:51'),(1768,124,0,'2023-04-18 02:58:51'),(1769,26,1,'2023-04-18 03:10:13'),(1769,124,0,'2023-04-18 03:10:13'),(1770,26,1,'2023-04-18 03:24:56'),(1770,124,0,'2023-04-18 03:24:56'),(1771,26,1,'2023-04-18 04:49:11'),(1771,124,0,'2023-04-18 04:49:11'),(1772,26,1,'2023-04-18 05:08:05'),(1772,124,0,'2023-04-18 05:08:05'),(1773,26,1,'2023-04-18 05:35:16'),(1773,124,0,'2023-04-18 05:35:16'),(1774,26,1,'2023-04-18 06:28:22'),(1774,124,0,'2023-04-18 06:28:22'),(1775,26,1,'2023-04-18 06:32:36'),(1775,124,0,'2023-04-18 06:32:36'),(1776,26,1,'2023-04-18 06:54:00'),(1776,124,0,'2023-04-18 06:54:00'),(1777,26,1,'2023-04-18 13:52:31'),(1777,124,0,'2023-04-18 13:52:31'),(1778,26,1,'2023-04-18 14:02:37'),(1778,124,0,'2023-04-18 14:02:37'),(1779,26,1,'2023-04-18 16:00:27'),(1779,124,0,'2023-04-18 16:00:27'),(1780,26,1,'2023-04-18 16:45:46'),(1780,124,0,'2023-04-18 16:45:46'),(1781,26,1,'2023-04-18 18:02:48'),(1781,124,0,'2023-04-18 18:02:48'),(1782,26,1,'2023-04-18 18:34:02'),(1782,124,0,'2023-04-18 18:34:02'),(1783,26,1,'2023-04-18 19:36:27'),(1783,124,0,'2023-04-18 19:36:27'),(1784,26,1,'2023-04-18 19:49:16'),(1784,124,0,'2023-04-18 19:49:16'),(1785,26,1,'2023-04-18 20:12:54'),(1785,124,0,'2023-04-18 20:12:54'),(1786,26,1,'2023-04-18 20:44:47'),(1786,124,0,'2023-04-18 20:44:47'),(1787,26,1,'2023-04-18 20:50:53'),(1787,124,0,'2023-04-18 20:50:53'),(1788,26,1,'2023-04-18 21:25:26'),(1788,124,0,'2023-04-18 21:25:26'),(1789,26,1,'2023-04-18 23:06:00'),(1789,124,0,'2023-04-18 23:06:00'),(1790,26,1,'2023-04-19 01:51:21'),(1790,124,0,'2023-04-19 01:51:21'),(1791,26,1,'2023-04-19 03:51:06'),(1791,124,0,'2023-04-19 03:51:06'),(1792,26,1,'2023-04-19 11:55:36'),(1792,124,0,'2023-04-19 11:55:36'),(1793,26,1,'2023-04-19 15:34:07'),(1793,124,0,'2023-04-19 15:34:07'),(1794,26,1,'2023-04-19 17:33:49'),(1794,124,0,'2023-04-19 17:33:49'),(1795,26,1,'2023-04-19 17:55:16'),(1795,124,0,'2023-04-19 17:55:16'),(1796,26,1,'2023-04-19 18:04:59'),(1796,124,0,'2023-04-19 18:04:59'),(1797,26,1,'2023-04-19 18:17:40'),(1797,124,0,'2023-04-19 18:17:40'),(1798,26,1,'2023-04-19 18:36:17'),(1798,124,0,'2023-04-19 18:36:17'),(1799,26,1,'2023-04-19 19:07:11'),(1799,124,0,'2023-04-19 19:07:11'),(1800,26,1,'2023-04-19 19:16:24'),(1800,124,0,'2023-04-19 19:16:24'),(1801,26,1,'2023-04-19 21:20:50'),(1801,124,0,'2023-04-19 21:20:50'),(1802,26,1,'2023-04-19 22:50:04'),(1802,124,0,'2023-04-19 22:50:04'),(1803,26,1,'2023-04-19 23:26:16'),(1803,124,0,'2023-04-19 23:26:16'),(1804,26,1,'2023-04-20 01:40:03'),(1804,124,0,'2023-04-20 01:40:03'),(1805,26,1,'2023-04-20 02:02:15'),(1805,124,0,'2023-04-20 02:02:15'),(1806,26,1,'2023-04-20 02:41:39'),(1806,124,0,'2023-04-20 02:41:39'),(1807,26,1,'2023-04-20 08:43:30'),(1807,124,0,'2023-04-20 08:43:30'),(1808,26,1,'2023-04-20 09:15:21'),(1808,124,0,'2023-04-20 09:15:21'),(1809,26,1,'2023-04-20 13:56:42'),(1809,124,0,'2023-04-20 13:56:42'),(1810,26,1,'2023-04-20 16:15:01'),(1810,124,0,'2023-04-20 16:15:01'),(1811,26,1,'2023-04-20 18:44:52'),(1811,124,0,'2023-04-20 18:44:52'),(1812,26,1,'2023-04-20 20:05:05'),(1812,124,0,'2023-04-20 20:05:05'),(1813,26,1,'2023-04-20 22:10:21'),(1813,124,0,'2023-04-20 22:10:21'),(1814,26,1,'2023-04-21 00:01:46'),(1814,124,0,'2023-04-21 00:01:46'),(1815,26,1,'2023-04-21 01:20:22'),(1815,124,0,'2023-04-21 01:20:22'),(1816,26,1,'2023-04-21 02:41:40'),(1816,124,0,'2023-04-21 02:41:40'),(1817,26,1,'2023-04-21 04:02:53'),(1817,124,0,'2023-04-21 04:02:53'),(1818,26,1,'2023-04-21 04:51:50'),(1818,124,0,'2023-04-21 04:51:50'),(1819,26,1,'2023-04-21 05:43:52'),(1819,124,0,'2023-04-21 05:43:52'),(1820,26,1,'2023-04-21 06:24:29'),(1820,124,0,'2023-04-21 06:24:29'),(1821,26,1,'2023-04-21 06:40:17'),(1821,124,0,'2023-04-21 06:40:17'),(1822,26,1,'2023-04-21 06:57:26'),(1822,124,0,'2023-04-21 06:57:26'),(1823,26,1,'2023-04-21 07:18:26'),(1823,124,0,'2023-04-21 07:18:26'),(1824,26,1,'2023-04-21 09:21:43'),(1824,124,0,'2023-04-21 09:21:43'),(1825,26,1,'2023-04-21 10:41:36'),(1825,124,0,'2023-04-21 10:41:36'),(1826,26,1,'2023-04-21 10:44:44'),(1826,124,0,'2023-04-21 10:44:44'),(1827,26,1,'2023-04-21 12:13:40'),(1827,124,0,'2023-04-21 12:13:40'),(1828,26,1,'2023-04-21 12:16:27'),(1828,124,0,'2023-04-21 12:16:27'),(1829,26,1,'2023-04-21 14:52:54'),(1829,124,0,'2023-04-21 14:52:54'),(1830,26,1,'2023-04-21 15:29:45'),(1830,124,0,'2023-04-21 15:29:45'),(1831,26,1,'2023-04-21 15:59:14'),(1831,124,0,'2023-04-21 15:59:14'),(1832,26,1,'2023-04-21 16:26:11'),(1832,124,0,'2023-04-21 16:26:11'),(1833,26,1,'2023-04-21 17:45:59'),(1833,124,0,'2023-04-21 17:45:59'),(1834,26,1,'2023-04-21 17:49:17'),(1834,124,0,'2023-04-21 17:49:17'),(1835,26,1,'2023-04-21 17:50:46'),(1835,124,0,'2023-04-21 17:50:46'),(1836,26,1,'2023-04-21 18:13:34'),(1836,124,0,'2023-04-21 18:13:34'),(1837,26,1,'2023-04-21 20:56:06'),(1837,124,0,'2023-04-21 20:56:06'),(1838,26,1,'2023-04-21 21:21:30'),(1838,124,0,'2023-04-21 21:21:30'),(1839,26,1,'2023-04-21 22:35:25'),(1839,124,0,'2023-04-21 22:35:25'),(1840,26,1,'2023-04-21 22:35:48'),(1840,124,0,'2023-04-21 22:35:48'),(1841,26,1,'2023-04-21 23:25:26'),(1841,124,0,'2023-04-21 23:25:26'),(1842,26,1,'2023-04-21 23:25:53'),(1842,124,0,'2023-04-21 23:25:53'),(1843,26,1,'2023-04-21 23:25:58'),(1843,124,0,'2023-04-21 23:25:58'),(1844,26,1,'2023-04-22 01:08:09'),(1844,124,0,'2023-04-22 01:08:09'),(1845,26,1,'2023-04-22 04:50:17'),(1845,124,0,'2023-04-22 04:50:17'),(1846,26,1,'2023-04-22 06:23:04'),(1846,124,0,'2023-04-22 06:23:04'),(1847,26,1,'2023-04-22 07:59:30'),(1847,124,0,'2023-04-22 07:59:30'),(1848,26,1,'2023-04-22 09:27:08'),(1848,124,0,'2023-04-22 09:27:08'),(1849,26,1,'2023-04-22 09:49:29'),(1849,124,0,'2023-04-22 09:49:29'),(1850,26,1,'2023-04-22 09:54:43'),(1850,124,0,'2023-04-22 09:54:43'),(1851,26,1,'2023-04-22 10:06:24'),(1851,124,0,'2023-04-22 10:06:24'),(1852,26,1,'2023-04-22 12:06:20'),(1852,124,0,'2023-04-22 12:06:20'),(1853,26,1,'2023-04-22 12:36:41'),(1853,124,0,'2023-04-22 12:36:41'),(1854,26,1,'2023-04-22 12:37:26'),(1854,124,0,'2023-04-22 12:37:26'),(1855,26,1,'2023-04-22 21:48:10'),(1855,124,0,'2023-04-22 21:48:10'),(1856,26,1,'2023-04-22 23:04:54'),(1856,124,0,'2023-04-22 23:04:54'),(1857,26,1,'2023-04-23 01:58:48'),(1857,124,0,'2023-04-23 01:58:48'),(1858,26,1,'2023-04-23 02:50:43'),(1858,124,0,'2023-04-23 02:50:43'),(1859,26,1,'2023-04-23 03:14:50'),(1859,124,0,'2023-04-23 03:14:50'),(1860,26,1,'2023-04-23 06:47:16'),(1860,124,0,'2023-04-23 06:47:16'),(1861,26,1,'2023-04-23 08:38:32'),(1861,124,0,'2023-04-23 08:38:32'),(1862,26,1,'2023-04-23 12:37:55'),(1862,124,0,'2023-04-23 12:37:55'),(1863,26,1,'2023-04-23 13:02:16'),(1863,124,0,'2023-04-23 13:02:16'),(1864,26,1,'2023-04-23 15:25:32'),(1864,124,0,'2023-04-23 15:25:32'),(1865,26,1,'2023-04-23 18:15:59'),(1865,124,0,'2023-04-23 18:15:59'),(1866,26,1,'2023-04-23 18:49:00'),(1866,124,0,'2023-04-23 18:49:00'),(1867,26,1,'2023-04-23 20:26:07'),(1867,124,0,'2023-04-23 20:26:07'),(1868,26,1,'2023-04-23 22:30:20'),(1868,124,0,'2023-04-23 22:30:20'),(1869,26,1,'2023-04-23 23:21:09'),(1869,124,0,'2023-04-23 23:21:09'),(1870,26,1,'2023-04-23 23:35:07'),(1870,124,0,'2023-04-23 23:35:07'),(1871,26,1,'2023-04-24 00:01:12'),(1871,124,0,'2023-04-24 00:01:12'),(1872,26,1,'2023-04-24 00:46:50'),(1872,124,0,'2023-04-24 00:46:50'),(1873,26,1,'2023-04-24 00:55:55'),(1873,124,0,'2023-04-24 00:55:55'),(1874,26,1,'2023-04-24 04:26:09'),(1874,124,0,'2023-04-24 04:26:09'),(1875,26,1,'2023-04-24 07:28:37'),(1875,124,0,'2023-04-24 07:28:37'),(1876,26,1,'2023-04-24 08:08:59'),(1876,124,0,'2023-04-24 08:08:59'),(1877,26,1,'2023-04-24 16:17:37'),(1877,124,0,'2023-04-24 16:17:37'),(1878,26,1,'2023-04-24 18:48:09'),(1878,124,0,'2023-04-24 18:48:09'),(1879,26,1,'2023-04-24 20:37:25'),(1879,124,0,'2023-04-24 20:37:25'),(1880,26,1,'2023-04-24 21:11:40'),(1880,124,0,'2023-04-24 21:11:40'),(1881,26,1,'2023-04-24 22:30:24'),(1881,124,0,'2023-04-24 22:30:24'),(1882,26,1,'2023-04-25 05:20:31'),(1882,124,0,'2023-04-25 05:20:31'),(1883,26,1,'2023-04-25 05:38:16'),(1883,124,0,'2023-04-25 05:38:16'),(1884,26,1,'2023-04-25 05:50:15'),(1884,124,0,'2023-04-25 05:50:15'),(1885,26,1,'2023-04-25 10:30:10'),(1885,124,0,'2023-04-25 10:30:10'),(1886,26,1,'2023-04-25 12:05:00'),(1886,124,0,'2023-04-25 12:05:00'),(1887,26,1,'2023-04-25 13:35:26'),(1887,124,0,'2023-04-25 13:35:26'),(1888,26,1,'2023-04-25 15:39:55'),(1888,124,0,'2023-04-25 15:39:55'),(1889,26,1,'2023-04-25 18:29:42'),(1889,124,0,'2023-04-25 18:29:42'),(1890,26,1,'2023-04-25 19:37:54'),(1890,124,0,'2023-04-25 19:37:54'),(1891,26,1,'2023-04-26 02:33:51'),(1891,124,0,'2023-04-26 02:33:51'),(1892,26,1,'2023-04-26 02:36:45'),(1892,124,0,'2023-04-26 02:36:45'),(1893,26,1,'2023-04-26 03:17:34'),(1893,124,0,'2023-04-26 03:17:34'),(1894,26,1,'2023-04-26 12:37:45'),(1894,124,0,'2023-04-26 12:37:45'),(1895,26,1,'2023-04-26 14:37:28'),(1895,124,0,'2023-04-26 14:37:28'),(1896,26,1,'2023-04-26 22:08:28'),(1896,124,0,'2023-04-26 22:08:28'),(1897,26,1,'2023-04-26 22:41:47'),(1897,124,0,'2023-04-26 22:41:47'),(1898,26,1,'2023-04-26 23:56:57'),(1898,124,0,'2023-04-26 23:56:57'),(1899,26,1,'2023-04-27 00:29:16'),(1899,124,0,'2023-04-27 00:29:16'),(1900,26,1,'2023-04-27 02:38:00'),(1900,124,0,'2023-04-27 02:38:00'),(1901,26,1,'2023-04-27 04:30:01'),(1901,124,0,'2023-04-27 04:30:01'),(1902,26,1,'2023-04-27 15:35:49'),(1902,124,0,'2023-04-27 15:35:49'),(1903,26,1,'2023-04-27 21:42:48'),(1903,124,0,'2023-04-27 21:42:48'),(1904,26,1,'2023-04-27 21:45:56'),(1904,124,0,'2023-04-27 21:45:56'),(1905,26,1,'2023-04-27 22:29:27'),(1905,124,0,'2023-04-27 22:29:27'),(1906,26,1,'2023-04-27 23:20:00'),(1906,124,0,'2023-04-27 23:20:00'),(1907,26,1,'2023-04-28 06:01:30'),(1907,124,0,'2023-04-28 06:01:30'),(1908,26,1,'2023-04-28 06:46:02'),(1908,124,0,'2023-04-28 06:46:02'),(1909,26,1,'2023-04-28 07:01:09'),(1909,124,0,'2023-04-28 07:01:09'),(1910,26,1,'2023-04-28 10:26:14'),(1910,124,0,'2023-04-28 10:26:14'),(1911,26,1,'2023-04-28 10:49:56'),(1911,124,0,'2023-04-28 10:49:56'),(1912,26,1,'2023-04-28 15:53:27'),(1912,124,0,'2023-04-28 15:53:27'),(1913,26,1,'2023-04-28 18:53:02'),(1913,124,0,'2023-04-28 18:53:02'),(1914,26,1,'2023-04-28 19:56:18'),(1914,124,0,'2023-04-28 19:56:18'),(1915,26,1,'2023-04-28 20:03:38'),(1915,124,0,'2023-04-28 20:03:38'),(1916,26,1,'2023-04-28 23:02:03'),(1916,124,0,'2023-04-28 23:02:03'),(1917,26,1,'2023-04-29 01:41:00'),(1917,124,0,'2023-04-29 01:41:00'),(1918,26,1,'2023-04-29 12:21:25'),(1918,124,0,'2023-04-29 12:21:25'),(1919,26,1,'2023-04-29 19:25:35'),(1919,124,0,'2023-04-29 19:25:35'),(1920,26,1,'2023-04-29 22:25:59'),(1920,124,0,'2023-04-29 22:25:59'),(1921,26,1,'2023-04-29 23:52:19'),(1921,124,0,'2023-04-29 23:52:19'),(1922,26,1,'2023-04-30 00:14:14'),(1922,124,0,'2023-04-30 00:14:14'),(1923,26,1,'2023-04-30 03:48:21'),(1923,124,0,'2023-04-30 03:48:21'),(1924,26,1,'2023-04-30 05:38:53'),(1924,124,0,'2023-04-30 05:38:53'),(1925,26,1,'2023-04-30 06:45:26'),(1925,124,0,'2023-04-30 06:45:26'),(1926,26,1,'2023-04-30 13:23:49'),(1926,124,0,'2023-04-30 13:23:49'),(1927,26,1,'2023-04-30 14:14:05'),(1927,124,0,'2023-04-30 14:14:05'),(1928,26,1,'2023-04-30 14:31:44'),(1928,124,0,'2023-04-30 14:31:44'),(1929,26,1,'2023-05-01 00:41:00'),(1929,124,0,'2023-05-01 00:41:00'),(1930,26,1,'2023-05-01 01:11:59'),(1930,124,0,'2023-05-01 01:11:59'),(1931,26,1,'2023-05-01 01:58:33'),(1931,124,0,'2023-05-01 01:58:33'),(1932,26,1,'2023-05-01 04:39:00'),(1932,124,0,'2023-05-01 04:39:00'),(1933,26,1,'2023-05-01 06:44:47'),(1933,124,0,'2023-05-01 06:44:47'),(1934,26,1,'2023-05-01 12:11:40'),(1934,124,0,'2023-05-01 12:11:40'),(1935,26,1,'2023-05-01 13:36:01'),(1935,124,0,'2023-05-01 13:36:01'),(1936,26,1,'2023-05-01 14:31:10'),(1936,124,0,'2023-05-01 14:31:10'),(1937,26,1,'2023-05-01 16:19:09'),(1937,124,0,'2023-05-01 16:19:09'),(1938,26,1,'2023-05-01 19:42:48'),(1938,124,0,'2023-05-01 19:42:48'),(1939,26,1,'2023-05-01 22:06:47'),(1939,124,0,'2023-05-01 22:06:47'),(1940,26,1,'2023-05-01 22:28:21'),(1940,124,0,'2023-05-01 22:28:21'),(1941,26,1,'2023-05-01 22:36:23'),(1941,124,0,'2023-05-01 22:36:23'),(1942,26,1,'2023-05-02 06:34:12'),(1942,124,0,'2023-05-02 06:34:12'),(1943,26,1,'2023-05-02 06:46:41'),(1943,124,0,'2023-05-02 06:46:41'),(1944,26,1,'2023-05-02 11:48:03'),(1944,124,0,'2023-05-02 11:48:03'),(1945,26,1,'2023-05-02 12:13:41'),(1945,124,0,'2023-05-02 12:13:41'),(1946,26,1,'2023-05-02 15:04:17'),(1946,124,0,'2023-05-02 15:04:17'),(1947,26,1,'2023-05-02 16:48:11'),(1947,124,0,'2023-05-02 16:48:11'),(1948,26,1,'2023-05-02 19:46:15'),(1948,124,0,'2023-05-02 19:46:15'),(1949,26,1,'2023-05-02 22:18:51'),(1949,124,0,'2023-05-02 22:18:51'),(1950,26,1,'2023-05-02 23:21:43'),(1950,124,0,'2023-05-02 23:21:43'),(1951,26,1,'2023-05-02 23:22:33'),(1951,124,0,'2023-05-02 23:22:33'),(1952,26,1,'2023-05-02 23:39:57'),(1952,124,0,'2023-05-02 23:39:57'),(1953,26,1,'2023-05-03 02:47:56'),(1953,124,0,'2023-05-03 02:47:56'),(1954,26,1,'2023-05-03 05:16:29'),(1954,124,0,'2023-05-03 05:16:29'),(1955,26,1,'2023-05-03 14:53:32'),(1955,124,0,'2023-05-03 14:53:32'),(1956,26,1,'2023-05-03 15:45:19'),(1956,124,0,'2023-05-03 15:45:19'),(1957,26,1,'2023-05-03 19:51:53'),(1957,124,0,'2023-05-03 19:51:53'),(1958,26,1,'2023-05-03 23:43:47'),(1958,124,0,'2023-05-03 23:43:47'),(1959,26,1,'2023-05-04 01:38:15'),(1959,124,0,'2023-05-04 01:38:15'),(1960,26,1,'2023-05-04 13:19:25'),(1960,124,0,'2023-05-04 13:19:25'),(1961,26,1,'2023-05-04 16:50:27'),(1961,124,0,'2023-05-04 16:50:27'),(1962,26,1,'2023-05-04 17:52:40'),(1962,124,0,'2023-05-04 17:52:40'),(1963,26,1,'2023-05-04 21:41:10'),(1963,124,0,'2023-05-04 21:41:10'),(1964,26,1,'2023-05-04 22:21:22'),(1964,124,0,'2023-05-04 22:21:22'),(1965,26,1,'2023-05-04 23:38:07'),(1965,124,0,'2023-05-04 23:38:07'),(1966,26,1,'2023-05-05 00:29:14'),(1966,124,0,'2023-05-05 00:29:14'),(1967,26,1,'2023-05-05 00:33:35'),(1967,124,0,'2023-05-05 00:33:35'),(1968,26,1,'2023-05-05 11:47:58'),(1968,124,0,'2023-05-05 11:47:58'),(1969,26,1,'2023-05-05 18:12:26'),(1969,124,0,'2023-05-05 18:12:26'),(1970,26,1,'2023-05-05 18:40:47'),(1970,124,0,'2023-05-05 18:40:47'),(1971,26,1,'2023-05-05 19:54:53'),(1971,124,0,'2023-05-05 19:54:53'),(1972,26,1,'2023-05-05 21:00:40'),(1972,124,0,'2023-05-05 21:00:40'),(1973,26,1,'2023-05-06 13:48:13'),(1973,124,0,'2023-05-06 13:48:13'),(1974,26,1,'2023-05-07 00:44:30'),(1974,124,0,'2023-05-07 00:44:30'),(1975,26,1,'2023-05-07 01:36:36'),(1975,124,0,'2023-05-07 01:36:36'),(1976,26,1,'2023-05-07 02:07:26'),(1976,124,0,'2023-05-07 02:07:26'),(1977,26,1,'2023-05-07 02:23:33'),(1977,124,0,'2023-05-07 02:23:33'),(1978,26,1,'2023-05-07 07:48:36'),(1978,124,0,'2023-05-07 07:48:36'),(1979,26,1,'2023-05-07 08:20:17'),(1979,124,0,'2023-05-07 08:20:17'),(1980,26,1,'2023-05-07 20:21:51'),(1980,124,0,'2023-05-07 20:21:51'),(1981,26,1,'2023-05-08 12:53:08'),(1981,124,0,'2023-05-08 12:53:08'),(1982,26,1,'2023-05-08 14:25:50'),(1982,124,0,'2023-05-08 14:25:50'),(1983,26,1,'2023-05-08 22:49:05'),(1983,124,0,'2023-05-08 22:49:05'),(1984,26,1,'2023-05-09 05:27:34'),(1984,124,0,'2023-05-09 05:27:34'),(1985,26,1,'2023-05-09 10:10:51'),(1985,124,0,'2023-05-09 10:10:51'),(1986,26,1,'2023-05-09 10:23:43'),(1986,124,0,'2023-05-09 10:23:43'),(1987,26,1,'2023-05-09 18:03:21'),(1987,124,0,'2023-05-09 18:03:21'),(1988,26,1,'2023-05-09 18:38:53'),(1988,124,0,'2023-05-09 18:38:53'),(1989,26,1,'2023-05-09 18:55:51'),(1989,124,0,'2023-05-09 18:55:51'),(1990,26,1,'2023-05-09 22:31:11'),(1990,124,0,'2023-05-09 22:31:11'),(1991,26,1,'2023-05-10 04:55:12'),(1991,124,0,'2023-05-10 04:55:12'),(1992,26,1,'2023-05-10 11:30:35'),(1992,124,0,'2023-05-10 11:30:35'),(1993,26,1,'2023-05-10 17:57:33'),(1993,124,0,'2023-05-10 17:57:33'),(1994,26,1,'2023-05-10 21:58:27'),(1994,124,0,'2023-05-10 21:58:27'),(1995,26,1,'2023-05-11 02:05:28'),(1995,124,0,'2023-05-11 02:05:28'),(1996,26,1,'2023-05-11 02:43:00'),(1996,124,0,'2023-05-11 02:43:00'),(1997,26,1,'2023-05-11 04:58:40'),(1997,124,0,'2023-05-11 04:58:40'),(1998,26,1,'2023-05-11 05:46:06'),(1998,124,0,'2023-05-11 05:46:06'),(1999,26,1,'2023-05-11 07:30:54'),(1999,124,0,'2023-05-11 07:30:54'),(2000,26,1,'2023-05-11 12:24:44'),(2000,124,0,'2023-05-11 12:24:44'),(2001,26,1,'2023-05-11 13:25:55'),(2001,124,0,'2023-05-11 13:25:55'),(2002,26,1,'2023-05-11 15:15:37'),(2002,124,0,'2023-05-11 15:15:37'),(2003,26,1,'2023-05-11 17:20:28'),(2003,124,0,'2023-05-11 17:20:28'),(2004,26,1,'2023-05-11 17:56:39'),(2004,124,0,'2023-05-11 17:56:39'),(2005,26,1,'2023-05-11 18:05:11'),(2005,124,0,'2023-05-11 18:05:11'),(2006,26,1,'2023-05-11 18:06:38'),(2006,124,0,'2023-05-11 18:06:38'),(2007,26,1,'2023-05-11 18:06:45'),(2007,124,0,'2023-05-11 18:06:45'),(2008,26,1,'2023-05-11 19:02:04'),(2008,124,0,'2023-05-11 19:02:04'),(2009,26,1,'2023-05-11 19:51:07'),(2009,124,0,'2023-05-11 19:51:07'),(2010,26,1,'2023-05-11 20:59:45'),(2010,124,0,'2023-05-11 20:59:45'),(2011,26,1,'2023-05-11 21:16:34'),(2011,124,0,'2023-05-11 21:16:34'),(2012,26,1,'2023-05-11 21:21:02'),(2012,124,0,'2023-05-11 21:21:02'),(2013,26,1,'2023-05-11 21:44:51'),(2013,124,0,'2023-05-11 21:44:51'),(2014,26,1,'2023-05-11 22:05:03'),(2014,124,0,'2023-05-11 22:05:03'),(2015,26,1,'2023-05-12 01:41:41'),(2015,124,0,'2023-05-12 01:41:41'),(2016,26,1,'2023-05-12 03:32:33'),(2016,124,0,'2023-05-12 03:32:33'),(2017,26,1,'2023-05-12 05:31:03'),(2017,124,0,'2023-05-12 05:31:03'),(2018,26,1,'2023-05-12 09:03:13'),(2018,124,0,'2023-05-12 09:03:13'),(2019,26,1,'2023-05-12 10:44:56'),(2019,124,0,'2023-05-12 10:44:56'),(2020,26,1,'2023-05-12 11:01:31'),(2020,124,0,'2023-05-12 11:01:31'),(2021,26,1,'2023-05-12 12:28:52'),(2021,124,0,'2023-05-12 12:28:52'),(2022,26,1,'2023-05-12 13:54:39'),(2022,124,0,'2023-05-12 13:54:39'),(2023,26,1,'2023-05-12 15:20:44'),(2023,124,0,'2023-05-12 15:20:44'),(2024,26,1,'2023-05-12 19:14:35'),(2024,124,0,'2023-05-12 19:14:35'),(2025,26,1,'2023-05-13 01:57:36'),(2025,124,0,'2023-05-13 01:57:36'),(2026,26,1,'2023-05-13 06:28:20'),(2026,124,0,'2023-05-13 06:28:20'),(2027,26,1,'2023-05-13 06:29:01'),(2027,124,0,'2023-05-13 06:29:01'),(2028,26,1,'2023-05-13 13:09:12'),(2028,124,0,'2023-05-13 13:09:12'),(2029,26,1,'2023-05-13 17:17:21'),(2029,124,0,'2023-05-13 17:17:21'),(2030,26,1,'2023-05-13 17:53:31'),(2030,124,0,'2023-05-13 17:53:31'),(2031,26,1,'2023-05-13 21:19:40'),(2031,124,0,'2023-05-13 21:19:40'),(2032,26,1,'2023-05-14 02:16:39'),(2032,124,0,'2023-05-14 02:16:39'),(2033,26,1,'2023-05-14 03:07:23'),(2033,124,0,'2023-05-14 03:07:23'),(2034,26,1,'2023-05-14 08:14:41'),(2034,124,0,'2023-05-14 08:14:41'),(2035,26,1,'2023-05-14 08:19:24'),(2035,124,0,'2023-05-14 08:19:24'),(2036,26,1,'2023-05-14 08:54:33'),(2036,124,0,'2023-05-14 08:54:33'),(2037,26,1,'2023-05-14 15:37:23'),(2037,124,0,'2023-05-14 15:37:23'),(2038,26,1,'2023-05-14 17:54:30'),(2038,124,0,'2023-05-14 17:54:30'),(2039,26,1,'2023-05-14 18:47:25'),(2039,124,0,'2023-05-14 18:47:25'),(2040,26,1,'2023-05-14 21:14:46'),(2040,124,0,'2023-05-14 21:14:46'),(2041,26,1,'2023-05-14 22:27:50'),(2041,124,0,'2023-05-14 22:27:50'),(2042,26,1,'2023-05-15 01:32:12'),(2042,124,0,'2023-05-15 01:32:12'),(2043,26,1,'2023-05-15 03:31:08'),(2043,124,0,'2023-05-15 03:31:08'),(2044,26,1,'2023-05-15 08:33:56'),(2044,124,0,'2023-05-15 08:33:56'),(2045,26,1,'2023-05-15 11:40:34'),(2045,124,0,'2023-05-15 11:40:34'),(2046,26,1,'2023-05-15 12:20:27'),(2046,124,0,'2023-05-15 12:20:27'),(2047,26,1,'2023-05-15 15:45:07'),(2047,124,0,'2023-05-15 15:45:07'),(2048,26,1,'2023-05-15 16:22:55'),(2048,124,0,'2023-05-15 16:22:55'),(2049,26,1,'2023-05-15 17:32:13'),(2049,124,0,'2023-05-15 17:32:13'),(2050,26,1,'2023-05-15 19:18:49'),(2050,124,0,'2023-05-15 19:18:49'),(2051,26,1,'2023-05-15 19:42:00'),(2051,124,0,'2023-05-15 19:42:00'),(2052,26,1,'2023-05-15 20:02:53'),(2052,124,0,'2023-05-15 20:02:53'),(2053,26,1,'2023-05-15 21:06:08'),(2053,124,0,'2023-05-15 21:06:08'),(2054,26,1,'2023-05-15 21:32:05'),(2054,124,0,'2023-05-15 21:32:05'),(2055,26,1,'2023-05-15 22:59:30'),(2055,124,0,'2023-05-15 22:59:30'),(2056,26,1,'2023-05-15 23:29:31'),(2056,124,0,'2023-05-15 23:29:31'),(2057,26,1,'2023-05-15 23:31:36'),(2057,124,0,'2023-05-15 23:31:36'),(2058,26,1,'2023-05-15 23:37:04'),(2058,124,0,'2023-05-15 23:37:04'),(2059,26,1,'2023-05-16 00:22:41'),(2059,124,0,'2023-05-16 00:22:41'),(2060,26,1,'2023-05-16 00:53:29'),(2060,124,0,'2023-05-16 00:53:29'),(2061,26,1,'2023-05-16 05:14:10'),(2061,124,0,'2023-05-16 05:14:10'),(2062,26,1,'2023-05-16 06:59:11'),(2062,124,0,'2023-05-16 06:59:11'),(2063,26,1,'2023-05-16 14:56:27'),(2063,124,0,'2023-05-16 14:56:27'),(2064,26,1,'2023-05-16 15:24:05'),(2064,124,0,'2023-05-16 15:24:05'),(2065,26,1,'2023-05-16 16:43:49'),(2065,124,0,'2023-05-16 16:43:49'),(2066,26,1,'2023-05-16 18:03:55'),(2066,124,0,'2023-05-16 18:03:55'),(2067,26,1,'2023-05-16 18:17:35'),(2067,124,0,'2023-05-16 18:17:35'),(2068,26,1,'2023-05-16 20:00:39'),(2068,124,0,'2023-05-16 20:00:39'),(2069,26,1,'2023-05-16 20:44:56'),(2069,124,0,'2023-05-16 20:44:56'),(2070,26,1,'2023-05-16 21:46:43'),(2070,124,0,'2023-05-16 21:46:43'),(2071,26,1,'2023-05-17 01:29:01'),(2071,124,0,'2023-05-17 01:29:01'),(2072,26,1,'2023-05-17 01:40:40'),(2072,124,0,'2023-05-17 01:40:40'),(2073,26,1,'2023-05-17 01:51:05'),(2073,124,0,'2023-05-17 01:51:05'),(2074,26,1,'2023-05-17 02:23:28'),(2074,124,0,'2023-05-17 02:23:28'),(2075,26,1,'2023-05-17 06:18:34'),(2075,124,0,'2023-05-17 06:18:34'),(2076,26,1,'2023-05-17 07:14:16'),(2076,124,0,'2023-05-17 07:14:16'),(2077,26,1,'2023-05-17 08:20:59'),(2077,124,0,'2023-05-17 08:20:59'),(2078,26,1,'2023-05-17 12:25:02'),(2078,124,0,'2023-05-17 12:25:02'),(2079,26,1,'2023-05-17 12:35:26'),(2079,124,0,'2023-05-17 12:35:26'),(2080,26,1,'2023-05-17 13:45:16'),(2080,124,0,'2023-05-17 13:45:16'),(2081,26,1,'2023-05-17 23:05:54'),(2081,124,0,'2023-05-17 23:05:54'),(2082,26,1,'2023-05-18 00:23:00'),(2082,124,0,'2023-05-18 00:23:00'),(2083,26,1,'2023-05-18 00:34:36'),(2083,124,0,'2023-05-18 00:34:36'),(2084,26,1,'2023-05-18 00:48:18'),(2084,124,0,'2023-05-18 00:48:18'),(2085,26,1,'2023-05-18 03:50:59'),(2085,124,0,'2023-05-18 03:50:59'),(2086,26,1,'2023-05-18 04:27:26'),(2086,124,0,'2023-05-18 04:27:26'),(2087,26,1,'2023-05-18 07:38:42'),(2087,124,0,'2023-05-18 07:38:42'),(2088,26,1,'2023-05-18 18:05:02'),(2088,124,0,'2023-05-18 18:05:02'),(2089,26,1,'2023-05-18 19:38:08'),(2089,124,0,'2023-05-18 19:38:08'),(2090,26,1,'2023-05-18 19:46:41'),(2090,124,0,'2023-05-18 19:46:41'),(2091,26,1,'2023-05-18 20:09:55'),(2091,124,0,'2023-05-18 20:09:55'),(2092,26,1,'2023-05-18 20:11:18'),(2092,124,0,'2023-05-18 20:11:18'),(2093,26,1,'2023-05-18 22:52:02'),(2093,124,0,'2023-05-18 22:52:02'),(2094,26,1,'2023-05-18 23:30:44'),(2094,124,0,'2023-05-18 23:30:44'),(2095,26,1,'2023-05-18 23:34:56'),(2095,124,0,'2023-05-18 23:34:56'),(2096,26,1,'2023-05-19 03:13:17'),(2096,124,0,'2023-05-19 03:13:17'),(2097,26,1,'2023-05-19 05:02:10'),(2097,124,0,'2023-05-19 05:02:10'),(2098,26,1,'2023-05-19 06:46:56'),(2098,124,0,'2023-05-19 06:46:56'),(2099,26,1,'2023-05-19 08:33:41'),(2099,124,0,'2023-05-19 08:33:41'),(2100,26,1,'2023-05-19 10:48:36'),(2100,124,0,'2023-05-19 10:48:36'),(2101,26,1,'2023-05-19 12:47:52'),(2101,124,0,'2023-05-19 12:47:52'),(2102,26,1,'2023-05-19 18:06:11'),(2102,124,0,'2023-05-19 18:06:11'),(2103,26,1,'2023-05-19 18:30:00'),(2103,124,0,'2023-05-19 18:30:00'),(2104,26,1,'2023-05-19 19:30:59'),(2104,124,0,'2023-05-19 19:30:59'),(2105,26,1,'2023-05-19 21:42:18'),(2105,124,0,'2023-05-19 21:42:18'),(2106,26,1,'2023-05-20 00:01:18'),(2106,124,0,'2023-05-20 00:01:18'),(2107,26,1,'2023-05-20 00:07:04'),(2107,124,0,'2023-05-20 00:07:04'),(2108,26,1,'2023-05-20 00:09:52'),(2108,124,0,'2023-05-20 00:09:52'),(2109,26,1,'2023-05-20 02:32:34'),(2109,124,0,'2023-05-20 02:32:34'),(2110,26,1,'2023-05-20 02:37:27'),(2110,124,0,'2023-05-20 02:37:27'),(2111,26,1,'2023-05-20 02:48:24'),(2111,124,0,'2023-05-20 02:48:24'),(2112,26,1,'2023-05-20 03:21:36'),(2112,124,0,'2023-05-20 03:21:36'),(2113,26,1,'2023-05-20 04:01:34'),(2113,124,0,'2023-05-20 04:01:34'),(2114,26,1,'2023-05-20 04:13:57'),(2114,124,0,'2023-05-20 04:13:57'),(2115,26,1,'2023-05-20 07:06:30'),(2115,124,0,'2023-05-20 07:06:30'),(2116,26,1,'2023-05-20 10:31:30'),(2116,124,0,'2023-05-20 10:31:30'),(2117,26,1,'2023-05-20 11:17:27'),(2117,124,0,'2023-05-20 11:17:27'),(2118,26,1,'2023-05-20 20:18:59'),(2118,124,0,'2023-05-20 20:18:59'),(2119,26,1,'2023-05-21 01:21:21'),(2119,124,0,'2023-05-21 01:21:21'),(2120,26,1,'2023-05-21 05:04:46'),(2120,124,0,'2023-05-21 05:04:46'),(2121,26,1,'2023-05-21 17:37:27'),(2121,124,0,'2023-05-21 17:37:27'),(2122,26,1,'2023-05-22 04:59:30'),(2122,124,0,'2023-05-22 04:59:30'),(2123,26,1,'2023-05-22 05:11:54'),(2123,124,0,'2023-05-22 05:11:54'),(2124,26,1,'2023-05-22 10:38:19'),(2124,124,0,'2023-05-22 10:38:19'),(2125,26,1,'2023-05-22 10:53:24'),(2125,124,0,'2023-05-22 10:53:24'),(2126,26,1,'2023-05-22 12:15:02'),(2126,124,0,'2023-05-22 12:15:02'),(2127,26,1,'2023-05-22 16:08:02'),(2127,124,0,'2023-05-22 16:08:02'),(2128,26,1,'2023-05-22 16:43:33'),(2128,124,0,'2023-05-22 16:43:33'),(2129,26,1,'2023-05-23 11:34:31'),(2129,124,0,'2023-05-23 11:34:31'),(2130,26,1,'2023-05-23 11:51:07'),(2130,124,0,'2023-05-23 11:51:07'),(2131,26,1,'2023-05-23 13:51:47'),(2131,124,0,'2023-05-23 13:51:47'),(2132,26,1,'2023-05-23 16:21:10'),(2132,124,0,'2023-05-23 16:21:10'),(2133,26,1,'2023-05-23 17:07:51'),(2133,124,0,'2023-05-23 17:07:51'),(2134,26,1,'2023-05-23 22:30:41'),(2134,124,0,'2023-05-23 22:30:41'),(2135,26,1,'2023-05-24 16:36:36'),(2135,124,0,'2023-05-24 16:36:36'),(2136,26,1,'2023-05-24 18:15:15'),(2136,124,0,'2023-05-24 18:15:15'),(2137,26,1,'2023-05-25 02:02:51'),(2137,124,0,'2023-05-25 02:02:51'),(2138,26,1,'2023-05-25 02:40:49'),(2138,124,0,'2023-05-25 02:40:49'),(2139,26,1,'2023-05-25 14:41:38'),(2139,124,0,'2023-05-25 14:41:38'),(2140,26,1,'2023-05-25 18:14:40'),(2140,124,0,'2023-05-25 18:14:40'),(2141,26,1,'2023-05-25 20:56:23'),(2141,124,0,'2023-05-25 20:56:23'),(2142,26,1,'2023-05-25 21:01:35'),(2142,124,0,'2023-05-25 21:01:35'),(2143,26,1,'2023-05-25 21:02:31'),(2143,124,0,'2023-05-25 21:02:31'),(2144,26,1,'2023-05-26 09:17:09'),(2144,124,0,'2023-05-26 09:17:09'),(2145,26,1,'2023-05-27 03:53:18'),(2145,124,0,'2023-05-27 03:53:18'),(2146,26,1,'2023-05-27 04:00:02'),(2146,124,0,'2023-05-27 04:00:02'),(2147,26,1,'2023-05-27 22:28:32'),(2147,124,0,'2023-05-27 22:28:32'),(2148,26,1,'2023-05-28 17:02:14'),(2148,124,0,'2023-05-28 17:02:14'),(2149,26,1,'2023-05-28 21:55:34'),(2149,124,0,'2023-05-28 21:55:34'),(2150,26,1,'2023-05-29 02:26:12'),(2150,124,0,'2023-05-29 02:26:12'),(2151,26,1,'2023-05-29 03:54:21'),(2151,124,0,'2023-05-29 03:54:21'),(2152,26,1,'2023-05-29 08:47:54'),(2152,124,0,'2023-05-29 08:47:54'),(2153,26,1,'2023-05-29 13:11:28'),(2153,124,0,'2023-05-29 13:11:28'),(2154,26,1,'2023-05-29 18:14:54'),(2154,124,0,'2023-05-29 18:14:54'),(2155,26,1,'2023-05-29 19:14:16'),(2155,124,0,'2023-05-29 19:14:16'),(2156,26,1,'2023-05-30 00:00:00'),(2156,124,0,'2023-05-30 00:00:00'),(2157,26,1,'2023-05-30 00:40:14'),(2157,124,0,'2023-05-30 00:40:14'),(2158,26,1,'2023-05-30 00:45:10'),(2158,124,0,'2023-05-30 00:45:10'),(2159,26,1,'2023-05-30 02:28:30'),(2159,124,0,'2023-05-30 02:28:30'),(2160,26,1,'2023-05-30 05:57:52'),(2160,124,0,'2023-05-30 05:57:52'),(2161,26,1,'2023-05-30 06:38:33'),(2161,124,0,'2023-05-30 06:38:33'),(2162,26,1,'2023-05-30 07:46:49'),(2162,124,0,'2023-05-30 07:46:49'),(2163,26,1,'2023-05-30 08:17:55'),(2163,124,0,'2023-05-30 08:17:55'),(2164,26,1,'2023-05-30 12:05:12'),(2164,124,0,'2023-05-30 12:05:12'),(2165,26,1,'2023-05-30 15:38:00'),(2165,124,0,'2023-05-30 15:38:00'),(2166,26,1,'2023-05-30 17:55:17'),(2166,124,0,'2023-05-30 17:55:17'),(2167,26,1,'2023-05-30 18:28:13'),(2167,124,0,'2023-05-30 18:28:13'),(2168,26,1,'2023-05-30 18:50:51'),(2168,124,0,'2023-05-30 18:50:51'),(2169,26,1,'2023-05-30 22:40:41'),(2169,124,0,'2023-05-30 22:40:41'),(2170,26,1,'2023-05-31 00:37:34'),(2170,124,0,'2023-05-31 00:37:34'),(2171,26,1,'2023-05-31 00:52:52'),(2171,124,0,'2023-05-31 00:52:52'),(2172,26,1,'2023-05-31 03:05:40'),(2172,124,0,'2023-05-31 03:05:40'),(2173,26,1,'2023-05-31 03:42:13'),(2173,124,0,'2023-05-31 03:42:13'),(2174,26,1,'2023-05-31 09:03:13'),(2174,124,0,'2023-05-31 09:03:13'),(2175,26,1,'2023-05-31 12:14:57'),(2175,124,0,'2023-05-31 12:14:57'),(2176,26,1,'2023-05-31 13:56:57'),(2176,124,0,'2023-05-31 13:56:57'),(2177,26,1,'2023-05-31 15:23:43'),(2177,124,0,'2023-05-31 15:23:43'),(2178,26,1,'2023-05-31 16:28:41'),(2178,124,0,'2023-05-31 16:28:41'),(2179,26,1,'2023-05-31 17:29:16'),(2179,124,0,'2023-05-31 17:29:16'),(2180,26,1,'2023-05-31 17:30:18'),(2180,124,0,'2023-05-31 17:30:18'),(2181,26,1,'2023-05-31 17:39:41'),(2181,124,0,'2023-05-31 17:39:41'),(2182,26,1,'2023-05-31 17:50:51'),(2182,124,0,'2023-05-31 17:50:51'),(2183,26,1,'2023-05-31 18:43:39'),(2183,124,0,'2023-05-31 18:43:39'),(2184,26,1,'2023-05-31 20:24:49'),(2184,124,0,'2023-05-31 20:24:49'),(2185,26,1,'2023-05-31 20:45:46'),(2185,124,0,'2023-05-31 20:45:46'),(2186,26,1,'2023-05-31 20:49:39'),(2186,124,0,'2023-05-31 20:49:39'),(2187,26,1,'2023-05-31 21:40:17'),(2187,124,0,'2023-05-31 21:40:17'),(2188,26,1,'2023-05-31 21:55:14'),(2188,124,0,'2023-05-31 21:55:14'),(2189,26,1,'2023-05-31 22:16:15'),(2189,124,0,'2023-05-31 22:16:15'),(2190,26,1,'2023-05-31 22:18:31'),(2190,124,0,'2023-05-31 22:18:31'),(2191,26,1,'2023-05-31 22:21:22'),(2191,124,0,'2023-05-31 22:21:22'),(2192,26,1,'2023-05-31 22:39:24'),(2192,124,0,'2023-05-31 22:39:24'),(2193,26,1,'2023-06-01 01:01:31'),(2193,124,0,'2023-06-01 01:01:31'),(2194,26,1,'2023-06-01 01:39:45'),(2194,124,0,'2023-06-01 01:39:45'),(2195,26,1,'2023-06-01 03:54:01'),(2195,124,0,'2023-06-01 03:54:01'),(2196,26,1,'2023-06-01 07:19:59'),(2196,124,0,'2023-06-01 07:19:59'),(2197,26,1,'2023-06-01 07:48:02'),(2197,124,0,'2023-06-01 07:48:02'),(2198,26,1,'2023-06-01 11:20:46'),(2198,124,0,'2023-06-01 11:20:46'),(2199,26,1,'2023-06-01 16:25:52'),(2199,124,0,'2023-06-01 16:25:52'),(2200,26,1,'2023-06-01 19:37:35'),(2200,124,0,'2023-06-01 19:37:35'),(2201,26,1,'2023-06-01 21:01:29'),(2201,124,0,'2023-06-01 21:01:29'),(2202,26,1,'2023-06-01 21:35:41'),(2202,124,0,'2023-06-01 21:35:41'),(2203,26,1,'2023-06-01 22:00:23'),(2203,124,0,'2023-06-01 22:00:23'),(2204,26,1,'2023-06-01 22:14:53'),(2204,124,0,'2023-06-01 22:14:53'),(2205,26,1,'2023-06-01 22:41:50'),(2205,124,0,'2023-06-01 22:41:50'),(2206,26,1,'2023-06-01 23:02:56'),(2206,124,0,'2023-06-01 23:02:56'),(2207,26,1,'2023-06-01 23:49:24'),(2207,124,0,'2023-06-01 23:49:24'),(2208,26,1,'2023-06-01 23:59:45'),(2208,124,0,'2023-06-01 23:59:45'),(2209,26,1,'2023-06-02 00:21:49'),(2209,124,0,'2023-06-02 00:21:49'),(2210,26,1,'2023-06-02 01:00:59'),(2210,124,0,'2023-06-02 01:00:59'),(2211,26,1,'2023-06-02 01:27:42'),(2211,124,0,'2023-06-02 01:27:42'),(2212,26,1,'2023-06-02 01:50:39'),(2212,124,0,'2023-06-02 01:50:39'),(2213,26,1,'2023-06-02 02:27:31'),(2213,124,0,'2023-06-02 02:27:31'),(2214,26,1,'2023-06-02 08:38:35'),(2214,124,0,'2023-06-02 08:38:35'),(2215,26,1,'2023-06-02 08:55:30'),(2215,124,0,'2023-06-02 08:55:30'),(2216,26,1,'2023-06-02 08:59:21'),(2216,124,0,'2023-06-02 08:59:21'),(2217,26,1,'2023-06-02 09:05:56'),(2217,124,0,'2023-06-02 09:05:56'),(2218,26,1,'2023-06-02 09:08:07'),(2218,124,0,'2023-06-02 09:08:07'),(2219,26,1,'2023-06-02 09:42:28'),(2219,124,0,'2023-06-02 09:42:28'),(2220,26,1,'2023-06-02 10:14:46'),(2220,124,0,'2023-06-02 10:14:46'),(2221,26,1,'2023-06-02 10:42:46'),(2221,124,0,'2023-06-02 10:42:46'),(2222,26,1,'2023-06-02 12:18:15'),(2222,124,0,'2023-06-02 12:18:15'),(2223,26,1,'2023-06-02 17:06:51'),(2223,124,0,'2023-06-02 17:06:51'),(2224,26,1,'2023-06-02 17:15:16'),(2224,124,0,'2023-06-02 17:15:16'),(2225,26,1,'2023-06-02 17:39:14'),(2225,124,0,'2023-06-02 17:39:14'),(2226,26,1,'2023-06-02 20:00:30'),(2226,124,0,'2023-06-02 20:00:30'),(2227,26,1,'2023-06-02 22:53:53'),(2227,124,0,'2023-06-02 22:53:53'),(2228,26,1,'2023-06-02 23:24:28'),(2228,124,0,'2023-06-02 23:24:28'),(2229,26,1,'2023-06-02 23:31:47'),(2229,124,0,'2023-06-02 23:31:47'),(2230,26,1,'2023-06-02 23:43:14'),(2230,124,0,'2023-06-02 23:43:14'),(2231,26,1,'2023-06-03 01:54:42'),(2231,124,0,'2023-06-03 01:54:42'),(2232,26,1,'2023-06-03 14:47:57'),(2232,124,0,'2023-06-03 14:47:57'),(2233,26,1,'2023-06-03 16:10:31'),(2233,124,0,'2023-06-03 16:10:31'),(2234,26,1,'2023-06-03 16:50:43'),(2234,124,0,'2023-06-03 16:50:43'),(2235,26,1,'2023-06-03 21:53:09'),(2235,124,0,'2023-06-03 21:53:09'),(2236,26,1,'2023-06-03 22:23:49'),(2236,124,0,'2023-06-03 22:23:49'),(2237,26,1,'2023-06-04 00:39:36'),(2237,124,0,'2023-06-04 00:39:36'),(2238,26,1,'2023-06-04 09:55:30'),(2238,124,0,'2023-06-04 09:55:30'),(2239,26,1,'2023-06-04 10:27:45'),(2239,124,0,'2023-06-04 10:27:45'),(2240,26,1,'2023-06-04 15:46:11'),(2240,124,0,'2023-06-04 15:46:11'),(2241,26,1,'2023-06-04 17:48:09'),(2241,124,0,'2023-06-04 17:48:09'),(2242,26,1,'2023-06-05 08:11:55'),(2242,124,0,'2023-06-05 08:11:55'),(2243,26,1,'2023-06-05 16:36:22'),(2243,124,0,'2023-06-05 16:36:22'),(2244,26,1,'2023-06-05 16:41:17'),(2244,124,0,'2023-06-05 16:41:17'),(2245,26,1,'2023-06-05 19:30:30'),(2245,124,0,'2023-06-05 19:30:30'),(2246,26,1,'2023-06-05 19:40:32'),(2246,124,0,'2023-06-05 19:40:32'),(2247,26,1,'2023-06-05 20:35:01'),(2247,124,0,'2023-06-05 20:35:01'),(2248,26,1,'2023-06-05 20:35:20'),(2248,124,0,'2023-06-05 20:35:20'),(2249,26,1,'2023-06-05 21:24:35'),(2249,124,0,'2023-06-05 21:24:35'),(2250,26,1,'2023-06-05 21:25:27'),(2250,124,0,'2023-06-05 21:25:27'),(2251,26,1,'2023-06-05 22:09:25'),(2251,124,0,'2023-06-05 22:09:25'),(2252,26,1,'2023-06-05 22:09:48'),(2252,124,0,'2023-06-05 22:09:48'),(2253,26,1,'2023-06-05 23:07:21'),(2253,124,0,'2023-06-05 23:07:21'),(2254,26,1,'2023-06-06 02:32:08'),(2254,124,0,'2023-06-06 02:32:08'),(2255,26,1,'2023-06-06 02:52:05'),(2255,124,0,'2023-06-06 02:52:05'),(2256,26,1,'2023-06-06 03:22:56'),(2256,124,0,'2023-06-06 03:22:56'),(2257,26,1,'2023-06-06 03:31:11'),(2257,124,0,'2023-06-06 03:31:11'),(2258,26,1,'2023-06-06 08:33:44'),(2258,124,0,'2023-06-06 08:33:44'),(2259,26,1,'2023-06-06 10:06:37'),(2259,124,0,'2023-06-06 10:06:37'),(2260,26,1,'2023-06-06 10:18:25'),(2260,124,0,'2023-06-06 10:18:25'),(2261,26,1,'2023-06-06 10:19:44'),(2261,124,0,'2023-06-06 10:19:44'),(2262,26,1,'2023-06-06 11:03:37'),(2262,124,0,'2023-06-06 11:03:37'),(2263,26,1,'2023-06-06 11:09:22'),(2263,124,0,'2023-06-06 11:09:22'),(2264,26,1,'2023-06-06 13:23:38'),(2264,124,0,'2023-06-06 13:23:38'),(2265,26,1,'2023-06-06 13:42:55'),(2265,124,0,'2023-06-06 13:42:55'),(2266,26,1,'2023-06-06 13:46:30'),(2266,124,0,'2023-06-06 13:46:30'),(2267,26,1,'2023-06-06 14:51:34'),(2267,124,0,'2023-06-06 14:51:34'),(2268,26,1,'2023-06-06 17:02:32'),(2268,124,0,'2023-06-06 17:02:32'),(2269,26,1,'2023-06-06 17:06:53'),(2269,124,0,'2023-06-06 17:06:53'),(2270,26,1,'2023-06-06 19:23:54'),(2270,124,0,'2023-06-06 19:23:54'),(2271,26,1,'2023-06-06 20:32:11'),(2271,124,0,'2023-06-06 20:32:11'),(2272,26,1,'2023-06-06 20:49:49'),(2272,124,0,'2023-06-06 20:49:49'),(2273,26,1,'2023-06-06 21:21:35'),(2273,124,0,'2023-06-06 21:21:35'),(2274,26,1,'2023-06-07 00:16:30'),(2274,124,0,'2023-06-07 00:16:30'),(2275,26,1,'2023-06-07 00:34:50'),(2275,124,0,'2023-06-07 00:34:50'),(2276,26,1,'2023-06-07 00:44:28'),(2276,124,0,'2023-06-07 00:44:28'),(2277,26,1,'2023-06-07 01:23:09'),(2277,124,0,'2023-06-07 01:23:09'),(2278,26,1,'2023-06-07 04:26:05'),(2278,124,0,'2023-06-07 04:26:05'),(2279,26,1,'2023-06-07 06:16:30'),(2279,124,0,'2023-06-07 06:16:30'),(2280,26,1,'2023-06-07 07:00:45'),(2280,124,0,'2023-06-07 07:00:45'),(2281,26,1,'2023-06-07 07:21:45'),(2281,124,0,'2023-06-07 07:21:45'),(2282,26,1,'2023-06-07 07:32:11'),(2282,124,0,'2023-06-07 07:32:11'),(2283,26,1,'2023-06-07 08:09:01'),(2283,124,0,'2023-06-07 08:09:01'),(2284,26,1,'2023-06-07 08:14:25'),(2284,124,0,'2023-06-07 08:14:25'),(2285,26,1,'2023-06-07 08:22:48'),(2285,124,0,'2023-06-07 08:22:48'),(2286,26,1,'2023-06-07 09:03:14'),(2286,124,0,'2023-06-07 09:03:14'),(2287,26,1,'2023-06-07 09:49:22'),(2287,124,0,'2023-06-07 09:49:22'),(2288,26,1,'2023-06-07 10:42:47'),(2288,124,0,'2023-06-07 10:42:47'),(2289,26,1,'2023-06-07 10:51:56'),(2289,124,0,'2023-06-07 10:51:56'),(2290,26,1,'2023-06-07 11:12:22'),(2290,124,0,'2023-06-07 11:12:22'),(2291,26,1,'2023-06-07 11:41:25'),(2291,124,0,'2023-06-07 11:41:25'),(2292,26,1,'2023-06-07 12:16:15'),(2292,124,0,'2023-06-07 12:16:15'),(2293,26,1,'2023-06-07 12:33:39'),(2293,124,0,'2023-06-07 12:33:39'),(2294,26,1,'2023-06-07 14:17:23'),(2294,124,0,'2023-06-07 14:17:23'),(2295,26,1,'2023-06-07 15:28:26'),(2295,124,0,'2023-06-07 15:28:26'),(2296,26,1,'2023-06-07 16:24:21'),(2296,124,0,'2023-06-07 16:24:21'),(2297,26,1,'2023-06-07 17:06:33'),(2297,124,0,'2023-06-07 17:06:33'),(2298,26,1,'2023-06-07 17:11:32'),(2298,124,0,'2023-06-07 17:11:32'),(2299,26,1,'2023-06-07 17:33:16'),(2299,124,0,'2023-06-07 17:33:16'),(2300,26,1,'2023-06-07 18:08:21'),(2300,124,0,'2023-06-07 18:08:21'),(2301,26,1,'2023-06-07 18:09:55'),(2301,124,0,'2023-06-07 18:09:55'),(2302,26,1,'2023-06-07 18:40:30'),(2302,124,0,'2023-06-07 18:40:30'),(2303,26,1,'2023-06-07 18:51:54'),(2303,124,0,'2023-06-07 18:51:54'),(2304,26,1,'2023-06-07 18:59:43'),(2304,124,0,'2023-06-07 18:59:43'),(2305,26,1,'2023-06-07 19:56:46'),(2305,124,0,'2023-06-07 19:56:46'),(2306,26,1,'2023-06-07 21:15:47'),(2306,124,0,'2023-06-07 21:15:47'),(2307,26,1,'2023-06-07 22:01:08'),(2307,124,0,'2023-06-07 22:01:08'),(2308,26,1,'2023-06-07 22:20:11'),(2308,124,0,'2023-06-07 22:20:11'),(2309,26,1,'2023-06-07 23:02:49'),(2309,124,0,'2023-06-07 23:02:49'),(2310,26,1,'2023-06-07 23:03:33'),(2310,124,0,'2023-06-07 23:03:33'),(2311,26,1,'2023-06-07 23:08:18'),(2311,124,0,'2023-06-07 23:08:18'),(2312,26,1,'2023-06-07 23:17:14'),(2312,124,0,'2023-06-07 23:17:14'),(2313,26,1,'2023-06-07 23:28:20'),(2313,124,0,'2023-06-07 23:28:20'),(2314,26,1,'2023-06-07 23:43:02'),(2314,124,0,'2023-06-07 23:43:02'),(2315,26,1,'2023-06-07 23:50:14'),(2315,124,0,'2023-06-07 23:50:14'),(2316,26,1,'2023-06-08 00:03:38'),(2316,124,0,'2023-06-08 00:03:38'),(2317,26,1,'2023-06-08 00:04:12'),(2317,124,0,'2023-06-08 00:04:12'),(2318,26,1,'2023-06-08 00:33:22'),(2318,124,0,'2023-06-08 00:33:22'),(2319,26,1,'2023-06-08 02:06:36'),(2319,124,0,'2023-06-08 02:06:36'),(2320,26,1,'2023-06-08 03:51:15'),(2320,124,0,'2023-06-08 03:51:15'),(2321,26,1,'2023-06-08 03:56:03'),(2321,124,0,'2023-06-08 03:56:03'),(2322,26,1,'2023-06-08 05:33:09'),(2322,124,0,'2023-06-08 05:33:09'),(2323,26,1,'2023-06-08 07:00:32'),(2323,124,0,'2023-06-08 07:00:32'),(2324,26,1,'2023-06-08 10:22:15'),(2324,124,0,'2023-06-08 10:22:15'),(2325,26,1,'2023-06-08 11:00:41'),(2325,124,0,'2023-06-08 11:00:41'),(2326,26,1,'2023-06-08 12:29:20'),(2326,124,0,'2023-06-08 12:29:20'),(2327,26,1,'2023-06-08 15:14:52'),(2327,124,0,'2023-06-08 15:14:52'),(2328,26,1,'2023-06-08 17:11:57'),(2328,124,0,'2023-06-08 17:11:57'),(2329,26,1,'2023-06-08 17:34:55'),(2329,124,0,'2023-06-08 17:34:55'),(2330,26,1,'2023-06-08 20:59:03'),(2330,124,0,'2023-06-08 20:59:03'),(2331,26,1,'2023-06-08 21:18:27'),(2331,124,0,'2023-06-08 21:18:27'),(2332,26,1,'2023-06-09 04:19:33'),(2332,124,0,'2023-06-09 04:19:33'),(2333,26,1,'2023-06-09 06:05:07'),(2333,124,0,'2023-06-09 06:05:07'),(2334,26,1,'2023-06-09 13:42:55'),(2334,124,0,'2023-06-09 13:42:55'),(2335,26,1,'2023-06-09 13:58:07'),(2335,124,0,'2023-06-09 13:58:07'),(2336,26,1,'2023-06-09 15:45:06'),(2336,124,0,'2023-06-09 15:45:06'),(2337,26,1,'2023-06-09 17:09:16'),(2337,124,0,'2023-06-09 17:09:16'),(2338,26,1,'2023-06-09 18:37:39'),(2338,124,0,'2023-06-09 18:37:39'),(2339,26,1,'2023-06-09 18:49:16'),(2339,124,0,'2023-06-09 18:49:16'),(2340,26,1,'2023-06-09 18:54:34'),(2340,124,0,'2023-06-09 18:54:34'),(2341,26,1,'2023-06-09 18:56:36'),(2341,124,0,'2023-06-09 18:56:36'),(2342,26,1,'2023-06-10 00:01:23'),(2342,124,0,'2023-06-10 00:01:23'),(2343,26,1,'2023-06-10 00:37:08'),(2343,124,0,'2023-06-10 00:37:08'),(2344,26,1,'2023-06-10 01:58:07'),(2344,124,0,'2023-06-10 01:58:07'),(2345,26,1,'2023-06-10 23:47:47'),(2345,124,0,'2023-06-10 23:47:47'),(2346,26,1,'2023-06-11 01:22:43'),(2346,124,0,'2023-06-11 01:22:43'),(2347,26,1,'2023-06-11 14:01:55'),(2347,124,0,'2023-06-11 14:01:55'),(2348,26,1,'2023-06-11 22:29:54'),(2348,124,0,'2023-06-11 22:29:54'),(2349,26,1,'2023-06-11 22:39:40'),(2349,124,0,'2023-06-11 22:39:40'),(2350,26,1,'2023-06-12 02:13:32'),(2350,124,0,'2023-06-12 02:13:32'),(2351,26,1,'2023-06-12 02:25:29'),(2351,124,0,'2023-06-12 02:25:29'),(2352,26,1,'2023-06-12 15:42:56'),(2352,124,0,'2023-06-12 15:42:56'),(2353,26,1,'2023-06-12 17:14:35'),(2353,124,0,'2023-06-12 17:14:35'),(2354,26,1,'2023-06-12 17:29:58'),(2354,124,0,'2023-06-12 17:29:58'),(2355,26,1,'2023-06-13 07:40:00'),(2355,124,0,'2023-06-13 07:40:00'),(2356,26,1,'2023-06-13 07:40:32'),(2356,124,0,'2023-06-13 07:40:32'),(2357,26,1,'2023-06-13 12:10:07'),(2357,124,0,'2023-06-13 12:10:07'),(2358,26,1,'2023-06-13 16:31:16'),(2358,124,0,'2023-06-13 16:31:16'),(2359,26,1,'2023-06-13 18:33:55'),(2359,124,0,'2023-06-13 18:33:55'),(2360,26,1,'2023-06-13 20:21:50'),(2360,124,0,'2023-06-13 20:21:50'),(2361,26,1,'2023-06-13 21:49:36'),(2361,124,0,'2023-06-13 21:49:36'),(2362,26,1,'2023-06-13 23:26:12'),(2362,124,0,'2023-06-13 23:26:12'),(2363,26,1,'2023-06-14 01:20:06'),(2363,124,0,'2023-06-14 01:20:06'),(2364,26,1,'2023-06-14 03:24:00'),(2364,124,0,'2023-06-14 03:24:00'),(2365,26,1,'2023-06-14 08:03:32'),(2365,124,0,'2023-06-14 08:03:32'),(2366,26,1,'2023-06-14 11:34:31'),(2366,124,0,'2023-06-14 11:34:31'),(2367,26,1,'2023-06-14 12:25:48'),(2367,124,0,'2023-06-14 12:25:48'),(2368,26,1,'2023-06-14 12:46:22'),(2368,124,0,'2023-06-14 12:46:22'),(2369,26,1,'2023-06-14 13:06:10'),(2369,124,0,'2023-06-14 13:06:10'),(2370,26,1,'2023-06-14 14:31:33'),(2370,124,0,'2023-06-14 14:31:33'),(2371,26,1,'2023-06-14 18:20:15'),(2371,124,0,'2023-06-14 18:20:15'),(2372,26,1,'2023-06-14 18:38:14'),(2372,124,0,'2023-06-14 18:38:14'),(2373,26,1,'2023-06-14 22:16:35'),(2373,124,0,'2023-06-14 22:16:35'),(2374,26,1,'2023-06-15 04:08:03'),(2374,124,0,'2023-06-15 04:08:03'),(2375,26,1,'2023-06-15 19:19:05'),(2375,124,0,'2023-06-15 19:19:05'),(2376,26,1,'2023-06-15 19:55:27'),(2376,124,0,'2023-06-15 19:55:27'),(2377,26,1,'2023-06-15 20:23:51'),(2377,124,0,'2023-06-15 20:23:51'),(2378,26,1,'2023-06-15 22:34:24'),(2378,124,0,'2023-06-15 22:34:24'),(2379,26,1,'2023-06-16 02:30:49'),(2379,124,0,'2023-06-16 02:30:49'),(2380,26,1,'2023-06-16 02:57:48'),(2380,124,0,'2023-06-16 02:57:48'),(2381,26,1,'2023-06-16 03:21:30'),(2381,124,0,'2023-06-16 03:21:30'),(2382,26,1,'2023-06-16 07:01:09'),(2382,124,0,'2023-06-16 07:01:09'),(2383,26,1,'2023-06-16 07:05:57'),(2383,124,0,'2023-06-16 07:05:57'),(2384,26,1,'2023-06-16 09:46:31'),(2384,124,0,'2023-06-16 09:46:31'),(2385,26,1,'2023-06-16 17:15:43'),(2385,124,0,'2023-06-16 17:15:43'),(2386,26,1,'2023-06-16 17:26:57'),(2386,124,0,'2023-06-16 17:26:57'),(2387,26,1,'2023-06-16 17:31:34'),(2387,124,0,'2023-06-16 17:31:34'),(2388,26,1,'2023-06-16 18:24:39'),(2388,124,0,'2023-06-16 18:24:39'),(2389,26,1,'2023-06-16 19:54:17'),(2389,124,0,'2023-06-16 19:54:17'),(2390,26,1,'2023-06-16 22:50:08'),(2390,124,0,'2023-06-16 22:50:08'),(2391,26,1,'2023-06-17 00:25:12'),(2391,124,0,'2023-06-17 00:25:12'),(2392,26,1,'2023-06-17 01:35:08'),(2392,124,0,'2023-06-17 01:35:08'),(2393,26,1,'2023-06-17 04:25:29'),(2393,124,0,'2023-06-17 04:25:29'),(2394,26,1,'2023-06-17 12:08:23'),(2394,124,0,'2023-06-17 12:08:23'),(2395,26,1,'2023-06-17 18:50:37'),(2395,124,0,'2023-06-17 18:50:37'),(2396,26,1,'2023-06-18 07:51:54'),(2396,124,0,'2023-06-18 07:51:54'),(2397,26,1,'2023-06-18 17:07:39'),(2397,124,0,'2023-06-18 17:07:39'),(2398,26,1,'2023-06-19 09:11:03'),(2398,124,0,'2023-06-19 09:11:03'),(2399,26,1,'2023-06-19 19:12:03'),(2399,124,0,'2023-06-19 19:12:03'),(2400,26,1,'2023-06-20 05:49:15'),(2400,124,0,'2023-06-20 05:49:15'),(2401,26,1,'2023-06-20 08:33:26'),(2401,124,0,'2023-06-20 08:33:26'),(2402,26,1,'2023-06-20 09:02:27'),(2402,124,0,'2023-06-20 09:02:27'),(2403,26,1,'2023-06-20 14:13:36'),(2403,124,0,'2023-06-20 14:13:36'),(2404,26,1,'2023-06-20 15:06:16'),(2404,124,0,'2023-06-20 15:06:16'),(2405,26,1,'2023-06-20 15:18:21'),(2405,124,0,'2023-06-20 15:18:21'),(2406,26,1,'2023-06-20 19:37:44'),(2406,124,0,'2023-06-20 19:37:44'),(2407,26,1,'2023-06-20 20:00:41'),(2407,124,0,'2023-06-20 20:00:41'),(2408,26,1,'2023-06-20 21:23:19'),(2408,124,0,'2023-06-20 21:23:19'),(2409,26,1,'2023-06-20 21:34:09'),(2409,124,0,'2023-06-20 21:34:09'),(2410,26,1,'2023-06-20 22:14:24'),(2410,124,0,'2023-06-20 22:14:24'),(2411,26,1,'2023-06-20 22:39:28'),(2411,124,0,'2023-06-20 22:39:28'),(2412,26,1,'2023-06-20 23:03:29'),(2412,124,0,'2023-06-20 23:03:29'),(2413,26,1,'2023-06-21 01:27:46'),(2413,124,0,'2023-06-21 01:27:46'),(2414,26,1,'2023-06-21 01:42:27'),(2414,124,0,'2023-06-21 01:42:27'),(2415,26,1,'2023-06-21 01:47:51'),(2415,124,0,'2023-06-21 01:47:51'),(2416,26,1,'2023-06-21 11:13:47'),(2416,124,0,'2023-06-21 11:13:47'),(2417,26,1,'2023-06-21 11:54:04'),(2417,124,0,'2023-06-21 11:54:04'),(2418,26,1,'2023-06-21 12:08:37'),(2418,124,0,'2023-06-21 12:08:37'),(2419,26,1,'2023-06-21 12:14:52'),(2419,124,0,'2023-06-21 12:14:52'),(2420,26,1,'2023-06-21 13:31:39'),(2420,124,0,'2023-06-21 13:31:39'),(2421,26,1,'2023-06-21 13:32:13'),(2421,124,0,'2023-06-21 13:32:13'),(2422,26,1,'2023-06-21 13:36:23'),(2422,124,0,'2023-06-21 13:36:23'),(2423,26,1,'2023-06-21 15:14:08'),(2423,124,0,'2023-06-21 15:14:08'),(2424,26,1,'2023-06-21 16:46:25'),(2424,124,0,'2023-06-21 16:46:25'),(2425,26,1,'2023-06-21 17:24:24'),(2425,124,0,'2023-06-21 17:24:24'),(2426,26,1,'2023-06-21 19:32:40'),(2426,124,0,'2023-06-21 19:32:40'),(2427,26,1,'2023-06-21 19:41:36'),(2427,124,0,'2023-06-21 19:41:36'),(2428,26,1,'2023-06-21 19:45:22'),(2428,124,0,'2023-06-21 19:45:22'),(2429,26,1,'2023-06-21 20:22:27'),(2429,124,0,'2023-06-21 20:22:27'),(2430,26,1,'2023-06-21 22:26:00'),(2430,124,0,'2023-06-21 22:26:00'),(2431,26,1,'2023-06-21 23:49:27'),(2431,124,0,'2023-06-21 23:49:27'),(2432,26,1,'2023-06-22 04:46:45'),(2432,124,0,'2023-06-22 04:46:45'),(2433,26,1,'2023-06-22 05:44:51'),(2433,124,0,'2023-06-22 05:44:51'),(2434,26,1,'2023-06-22 12:04:55'),(2434,124,0,'2023-06-22 12:04:55'),(2435,26,1,'2023-06-22 14:55:03'),(2435,124,0,'2023-06-22 14:55:03'),(2436,26,1,'2023-06-22 16:04:09'),(2436,124,0,'2023-06-22 16:04:09'),(2437,26,1,'2023-06-22 16:32:00'),(2437,124,0,'2023-06-22 16:32:00'),(2438,26,1,'2023-06-22 17:12:13'),(2438,124,0,'2023-06-22 17:12:13'),(2439,26,1,'2023-06-22 18:53:23'),(2439,124,0,'2023-06-22 18:53:23'),(2440,26,1,'2023-06-22 19:06:00'),(2440,124,0,'2023-06-22 19:06:00'),(2441,26,1,'2023-06-22 21:11:05'),(2441,124,0,'2023-06-22 21:11:05'),(2442,26,1,'2023-06-22 21:16:58'),(2442,124,0,'2023-06-22 21:16:58'),(2443,26,1,'2023-06-22 21:47:36'),(2443,124,0,'2023-06-22 21:47:36'),(2444,26,1,'2023-06-22 22:33:03'),(2444,124,0,'2023-06-22 22:33:03'),(2445,26,1,'2023-06-22 22:45:18'),(2445,124,0,'2023-06-22 22:45:18'),(2446,26,1,'2023-06-22 23:23:22'),(2446,124,0,'2023-06-22 23:23:22'),(2447,26,1,'2023-06-23 05:52:46'),(2447,124,0,'2023-06-23 05:52:46'),(2448,26,1,'2023-06-23 11:25:36'),(2448,124,0,'2023-06-23 11:25:36'),(2449,26,1,'2023-06-23 12:20:52'),(2449,124,0,'2023-06-23 12:20:52'),(2450,26,1,'2023-06-23 12:42:58'),(2450,124,0,'2023-06-23 12:42:58'),(2451,26,1,'2023-06-23 16:56:30'),(2451,124,0,'2023-06-23 16:56:30'),(2452,26,1,'2023-06-23 17:11:46'),(2452,124,0,'2023-06-23 17:11:46'),(2453,26,1,'2023-06-23 18:16:13'),(2453,124,0,'2023-06-23 18:16:13'),(2454,26,1,'2023-06-23 18:55:46'),(2454,124,0,'2023-06-23 18:55:46'),(2455,26,1,'2023-06-23 18:56:37'),(2455,124,0,'2023-06-23 18:56:37'),(2456,26,1,'2023-06-23 20:53:52'),(2456,124,0,'2023-06-23 20:53:52'),(2457,26,1,'2023-06-23 21:11:39'),(2457,124,0,'2023-06-23 21:11:39'),(2458,26,1,'2023-06-23 21:48:20'),(2458,124,0,'2023-06-23 21:48:20'),(2459,26,1,'2023-06-23 21:55:24'),(2459,124,0,'2023-06-23 21:55:24'),(2460,26,1,'2023-06-23 22:35:55'),(2460,124,0,'2023-06-23 22:35:55'),(2461,26,1,'2023-06-23 23:45:35'),(2461,124,0,'2023-06-23 23:45:35'),(2462,26,1,'2023-06-24 11:24:27'),(2462,124,0,'2023-06-24 11:24:27'),(2463,26,1,'2023-06-24 12:04:50'),(2463,124,0,'2023-06-24 12:04:50'),(2464,26,1,'2023-06-24 22:03:45'),(2464,124,0,'2023-06-24 22:03:45'),(2465,26,1,'2023-06-25 02:58:48'),(2465,124,0,'2023-06-25 02:58:48'),(2466,26,1,'2023-06-25 06:20:17'),(2466,124,0,'2023-06-25 06:20:17'),(2467,26,1,'2023-06-25 17:18:58'),(2467,124,0,'2023-06-25 17:18:58'),(2468,26,1,'2023-06-25 19:19:49'),(2468,124,0,'2023-06-25 19:19:49'),(2469,26,1,'2023-06-25 19:50:51'),(2469,124,0,'2023-06-25 19:50:51'),(2470,26,1,'2023-06-25 20:13:33'),(2470,124,0,'2023-06-25 20:13:33'),(2471,26,1,'2023-06-25 20:17:24'),(2471,124,0,'2023-06-25 20:17:24'),(2472,26,1,'2023-06-25 20:18:01'),(2472,124,0,'2023-06-25 20:18:01'),(2473,26,1,'2023-06-25 21:03:49'),(2473,124,0,'2023-06-25 21:03:49'),(2474,26,1,'2023-06-25 22:35:20'),(2474,124,0,'2023-06-25 22:35:20'),(2475,26,1,'2023-06-26 04:20:08'),(2475,124,0,'2023-06-26 04:20:08'),(2476,26,1,'2023-06-26 04:30:13'),(2476,124,0,'2023-06-26 04:30:13'),(2477,26,1,'2023-06-26 12:13:12'),(2477,124,0,'2023-06-26 12:13:12'),(2478,26,1,'2023-06-26 12:30:26'),(2478,124,0,'2023-06-26 12:30:26'),(2479,26,1,'2023-06-26 14:44:09'),(2479,124,0,'2023-06-26 14:44:09'),(2480,26,1,'2023-06-26 16:42:26'),(2480,124,0,'2023-06-26 16:42:26'),(2481,26,1,'2023-06-26 18:34:34'),(2481,124,0,'2023-06-26 18:34:34'),(2482,26,1,'2023-06-26 20:03:35'),(2482,124,0,'2023-06-26 20:03:35'),(2483,26,1,'2023-06-26 20:59:41'),(2483,124,0,'2023-06-26 20:59:41'),(2484,26,1,'2023-06-26 22:42:48'),(2484,124,0,'2023-06-26 22:42:48'),(2485,26,1,'2023-06-26 22:54:10'),(2485,124,0,'2023-06-26 22:54:10'),(2486,26,1,'2023-06-26 23:38:44'),(2486,124,0,'2023-06-26 23:38:44'),(2487,26,1,'2023-06-26 23:59:28'),(2487,124,0,'2023-06-26 23:59:28'),(2488,26,1,'2023-06-27 00:38:01'),(2488,124,0,'2023-06-27 00:38:01'),(2489,26,1,'2023-06-27 02:46:50'),(2489,124,0,'2023-06-27 02:46:50'),(2490,26,1,'2023-06-27 06:12:23'),(2490,124,0,'2023-06-27 06:12:23'),(2491,26,1,'2023-06-27 08:21:04'),(2491,124,0,'2023-06-27 08:21:04'),(2492,26,1,'2023-06-27 08:48:51'),(2492,124,0,'2023-06-27 08:48:51'),(2493,26,1,'2023-06-27 13:19:40'),(2493,124,0,'2023-06-27 13:19:40'),(2494,26,1,'2023-06-27 15:45:50'),(2494,124,0,'2023-06-27 15:45:50'),(2495,26,1,'2023-06-27 15:47:04'),(2495,124,0,'2023-06-27 15:47:04'),(2496,26,1,'2023-06-27 16:16:55'),(2496,124,0,'2023-06-27 16:16:55'),(2497,26,1,'2023-06-27 16:37:26'),(2497,124,0,'2023-06-27 16:37:26'),(2498,26,1,'2023-06-27 16:40:47'),(2498,124,0,'2023-06-27 16:40:47'),(2499,26,1,'2023-06-27 18:23:21'),(2499,124,0,'2023-06-27 18:23:21'),(2500,26,1,'2023-06-27 20:59:35'),(2500,124,0,'2023-06-27 20:59:35'),(2501,26,1,'2023-06-27 21:05:05'),(2501,124,0,'2023-06-27 21:05:05'),(2502,26,1,'2023-06-28 05:49:39'),(2502,124,0,'2023-06-28 05:49:39'),(2503,26,1,'2023-06-28 07:01:33'),(2503,124,0,'2023-06-28 07:01:33'),(2504,26,1,'2023-06-28 13:00:30'),(2504,124,0,'2023-06-28 13:00:30'),(2505,26,1,'2023-06-28 13:17:23'),(2505,124,0,'2023-06-28 13:17:23'),(2506,26,1,'2023-06-28 14:46:12'),(2506,124,0,'2023-06-28 14:46:12'),(2507,26,1,'2023-06-28 15:53:57'),(2507,124,0,'2023-06-28 15:53:57'),(2508,26,1,'2023-06-28 16:18:52'),(2508,124,0,'2023-06-28 16:18:52'),(2509,26,1,'2023-06-28 16:43:48'),(2509,124,0,'2023-06-28 16:43:48'),(2510,26,1,'2023-06-28 18:01:04'),(2510,124,0,'2023-06-28 18:01:04'),(2511,26,1,'2023-06-28 18:22:48'),(2511,124,0,'2023-06-28 18:22:48'),(2512,26,1,'2023-06-28 21:34:05'),(2512,124,0,'2023-06-28 21:34:05'),(2513,26,1,'2023-06-28 21:41:50'),(2513,124,0,'2023-06-28 21:41:50'),(2514,26,1,'2023-06-29 00:05:50'),(2514,124,0,'2023-06-29 00:05:50'),(2515,26,1,'2023-06-29 00:55:45'),(2515,124,0,'2023-06-29 00:55:45'),(2516,26,1,'2023-06-29 17:08:30'),(2516,124,0,'2023-06-29 17:08:30'),(2517,26,1,'2023-06-29 18:14:11'),(2517,124,0,'2023-06-29 18:14:11'),(2518,26,1,'2023-06-29 19:06:54'),(2518,124,0,'2023-06-29 19:06:54'),(2519,26,1,'2023-06-29 19:54:22'),(2519,124,0,'2023-06-29 19:54:22'),(2520,26,1,'2023-06-29 20:36:19'),(2520,124,0,'2023-06-29 20:36:19'),(2521,26,1,'2023-06-29 23:07:09'),(2521,124,0,'2023-06-29 23:07:09'),(2522,26,1,'2023-06-29 23:14:44'),(2522,124,0,'2023-06-29 23:14:44'),(2523,26,1,'2023-06-29 23:50:08'),(2523,124,0,'2023-06-29 23:50:08'),(2524,26,1,'2023-06-30 00:26:04'),(2524,124,0,'2023-06-30 00:26:04'),(2525,26,1,'2023-06-30 01:30:31'),(2525,124,0,'2023-06-30 01:30:31'),(2526,26,1,'2023-06-30 01:37:37'),(2526,124,0,'2023-06-30 01:37:37'),(2527,26,1,'2023-06-30 03:21:09'),(2527,124,0,'2023-06-30 03:21:09'),(2528,26,1,'2023-06-30 06:32:43'),(2528,124,0,'2023-06-30 06:32:43'),(2529,26,1,'2023-06-30 06:45:48'),(2529,124,0,'2023-06-30 06:45:48'),(2530,26,1,'2023-06-30 06:57:20'),(2530,124,0,'2023-06-30 06:57:20'),(2531,26,1,'2023-06-30 08:39:21'),(2531,124,0,'2023-06-30 08:39:21'),(2532,26,1,'2023-06-30 10:41:45'),(2532,124,0,'2023-06-30 10:41:45'),(2533,26,1,'2023-06-30 16:08:07'),(2533,124,0,'2023-06-30 16:08:07'),(2534,26,1,'2023-06-30 16:17:57'),(2534,124,0,'2023-06-30 16:17:57'),(2535,26,1,'2023-06-30 17:32:42'),(2535,124,0,'2023-06-30 17:32:42'),(2536,26,1,'2023-06-30 17:50:57'),(2536,124,0,'2023-06-30 17:50:57'),(2537,26,1,'2023-06-30 21:59:15'),(2537,124,0,'2023-06-30 21:59:15'),(2538,26,1,'2023-07-01 01:54:33'),(2538,124,0,'2023-07-01 01:54:33'),(2539,26,1,'2023-07-01 10:24:42'),(2539,124,0,'2023-07-01 10:24:42'),(2540,26,1,'2023-07-01 10:41:55'),(2540,124,0,'2023-07-01 10:41:55'),(2541,26,1,'2023-07-01 15:35:01'),(2541,124,0,'2023-07-01 15:35:01'),(2542,26,1,'2023-07-01 17:32:35'),(2542,124,0,'2023-07-01 17:32:35'),(2543,26,1,'2023-07-01 23:20:24'),(2543,124,0,'2023-07-01 23:20:24'),(2544,26,1,'2023-07-01 23:21:01'),(2544,124,0,'2023-07-01 23:21:01'),(2545,26,1,'2023-07-01 23:26:09'),(2545,124,0,'2023-07-01 23:26:09'),(2546,26,1,'2023-07-02 02:47:15'),(2546,124,0,'2023-07-02 02:47:15'),(2547,26,1,'2023-07-02 03:20:39'),(2547,124,0,'2023-07-02 03:20:39'),(2548,26,1,'2023-07-02 05:28:34'),(2548,124,0,'2023-07-02 05:28:34'),(2549,26,1,'2023-07-02 09:16:56'),(2549,124,0,'2023-07-02 09:16:56'),(2550,26,1,'2023-07-02 14:08:57'),(2550,124,0,'2023-07-02 14:08:57'),(2551,26,1,'2023-07-02 15:27:55'),(2551,124,0,'2023-07-02 15:27:55'),(2552,26,1,'2023-07-02 15:56:17'),(2552,124,0,'2023-07-02 15:56:17'),(2553,26,1,'2023-07-02 17:32:09'),(2553,124,0,'2023-07-02 17:32:09'),(2554,26,1,'2023-07-02 18:23:58'),(2554,124,0,'2023-07-02 18:23:58'),(2555,26,1,'2023-07-03 01:27:15'),(2555,124,0,'2023-07-03 01:27:15'),(2556,26,1,'2023-07-03 02:25:42'),(2556,124,0,'2023-07-03 02:25:42'),(2557,26,1,'2023-07-03 02:38:52'),(2557,124,0,'2023-07-03 02:38:52'),(2558,26,1,'2023-07-03 04:14:33'),(2558,124,0,'2023-07-03 04:14:33'),(2559,26,1,'2023-07-03 05:52:56'),(2559,124,0,'2023-07-03 05:52:56'),(2560,26,1,'2023-07-03 13:37:38'),(2560,124,0,'2023-07-03 13:37:38'),(2561,26,1,'2023-07-03 15:44:48'),(2561,124,0,'2023-07-03 15:44:48'),(2562,26,1,'2023-07-03 16:09:08'),(2562,124,0,'2023-07-03 16:09:08'),(2563,26,1,'2023-07-03 16:54:42'),(2563,124,0,'2023-07-03 16:54:42'),(2564,26,1,'2023-07-03 17:07:18'),(2564,124,0,'2023-07-03 17:07:18'),(2565,26,1,'2023-07-03 18:06:32'),(2565,124,0,'2023-07-03 18:06:32'),(2566,26,1,'2023-07-03 18:10:30'),(2566,124,0,'2023-07-03 18:10:30'),(2567,26,1,'2023-07-03 18:16:16'),(2567,124,0,'2023-07-03 18:16:16'),(2568,26,1,'2023-07-03 18:48:26'),(2568,124,0,'2023-07-03 18:48:26'),(2569,26,1,'2023-07-03 18:52:00'),(2569,124,0,'2023-07-03 18:52:00'),(2570,26,1,'2023-07-03 19:22:07'),(2570,124,0,'2023-07-03 19:22:07'),(2571,26,1,'2023-07-03 19:24:26'),(2571,124,0,'2023-07-03 19:24:26'),(2572,26,1,'2023-07-03 21:02:38'),(2572,124,0,'2023-07-03 21:02:38'),(2573,26,1,'2023-07-03 21:44:13'),(2573,124,0,'2023-07-03 21:44:13'),(2574,26,1,'2023-07-03 22:00:23'),(2574,124,0,'2023-07-03 22:00:23'),(2575,26,1,'2023-07-03 23:09:37'),(2575,124,0,'2023-07-03 23:09:37'),(2576,26,1,'2023-07-03 23:11:37'),(2576,124,0,'2023-07-03 23:11:37'),(2577,26,1,'2023-07-04 00:57:14'),(2577,124,0,'2023-07-04 00:57:14'),(2578,26,1,'2023-07-04 01:23:03'),(2578,124,0,'2023-07-04 01:23:03'),(2579,26,1,'2023-07-04 01:36:18'),(2579,124,0,'2023-07-04 01:36:18'),(2580,26,1,'2023-07-04 03:59:52'),(2580,124,0,'2023-07-04 03:59:52'),(2581,26,1,'2023-07-04 04:16:39'),(2581,124,0,'2023-07-04 04:16:39'),(2582,26,1,'2023-07-04 05:19:51'),(2582,124,0,'2023-07-04 05:19:51'),(2583,26,1,'2023-07-04 06:00:36'),(2583,124,0,'2023-07-04 06:00:36'),(2584,26,1,'2023-07-04 10:46:11'),(2584,124,0,'2023-07-04 10:46:11'),(2585,26,1,'2023-07-04 15:38:08'),(2585,124,0,'2023-07-04 15:38:08'),(2586,26,1,'2023-07-04 16:13:27'),(2586,124,0,'2023-07-04 16:13:27'),(2587,26,1,'2023-07-04 16:28:40'),(2587,124,0,'2023-07-04 16:28:40'),(2588,26,1,'2023-07-04 17:27:55'),(2588,124,0,'2023-07-04 17:27:55'),(2589,26,1,'2023-07-04 17:29:51'),(2589,124,0,'2023-07-04 17:29:51'),(2590,26,1,'2023-07-04 18:19:16'),(2590,124,0,'2023-07-04 18:19:16'),(2591,26,1,'2023-07-04 18:23:02'),(2591,124,0,'2023-07-04 18:23:02'),(2592,26,1,'2023-07-04 18:24:42'),(2592,124,0,'2023-07-04 18:24:42'),(2593,26,1,'2023-07-04 18:30:38'),(2593,124,0,'2023-07-04 18:30:38'),(2594,26,1,'2023-07-04 18:55:45'),(2594,124,0,'2023-07-04 18:55:45'),(2595,26,1,'2023-07-04 20:11:07'),(2595,124,0,'2023-07-04 20:11:07'),(2596,26,1,'2023-07-04 20:36:18'),(2596,124,0,'2023-07-04 20:36:18'),(2597,26,1,'2023-07-04 22:50:09'),(2597,124,0,'2023-07-04 22:50:09'),(2598,26,1,'2023-07-05 00:36:21'),(2598,124,0,'2023-07-05 00:36:21'),(2599,26,1,'2023-07-05 03:31:38'),(2599,124,0,'2023-07-05 03:31:38'),(2600,26,1,'2023-07-05 05:09:00'),(2600,124,0,'2023-07-05 05:09:00'),(2601,26,1,'2023-07-05 05:22:04'),(2601,124,0,'2023-07-05 05:22:04'),(2602,26,1,'2023-07-05 12:40:14'),(2602,124,0,'2023-07-05 12:40:14'),(2603,26,1,'2023-07-05 12:43:58'),(2603,124,0,'2023-07-05 12:43:58'),(2604,26,1,'2023-07-05 18:16:40'),(2604,124,0,'2023-07-05 18:16:40'),(2605,26,1,'2023-07-05 18:51:02'),(2605,124,0,'2023-07-05 18:51:02'),(2606,26,1,'2023-07-05 18:58:38'),(2606,124,0,'2023-07-05 18:58:38'),(2607,26,1,'2023-07-05 21:08:51'),(2607,124,0,'2023-07-05 21:08:51'),(2608,26,1,'2023-07-05 22:18:11'),(2608,124,0,'2023-07-05 22:18:11'),(2609,26,1,'2023-07-05 22:44:02'),(2609,124,0,'2023-07-05 22:44:02'),(2610,26,1,'2023-07-05 22:59:45'),(2610,124,0,'2023-07-05 22:59:45'),(2611,26,1,'2023-07-05 22:59:51'),(2611,124,0,'2023-07-05 22:59:51'),(2612,26,1,'2023-07-05 23:26:32'),(2612,124,0,'2023-07-05 23:26:32'),(2613,26,1,'2023-07-05 23:40:59'),(2613,124,0,'2023-07-05 23:40:59'),(2614,26,1,'2023-07-06 01:50:16'),(2614,124,0,'2023-07-06 01:50:16'),(2615,26,1,'2023-07-06 14:51:58'),(2615,124,0,'2023-07-06 14:51:58'),(2616,26,1,'2023-07-06 18:00:26'),(2616,124,0,'2023-07-06 18:00:26'),(2617,26,1,'2023-07-06 20:39:45'),(2617,124,0,'2023-07-06 20:39:45'),(2618,26,1,'2023-07-06 20:42:49'),(2618,124,0,'2023-07-06 20:42:49'),(2619,26,1,'2023-07-06 20:56:30'),(2619,124,0,'2023-07-06 20:56:30'),(2620,26,1,'2023-07-06 21:03:55'),(2620,124,0,'2023-07-06 21:03:55'),(2621,26,1,'2023-07-06 21:56:14'),(2621,124,0,'2023-07-06 21:56:14'),(2622,26,1,'2023-07-06 23:41:45'),(2622,124,0,'2023-07-06 23:41:45'),(2623,26,1,'2023-07-07 02:12:21'),(2623,124,0,'2023-07-07 02:12:21'),(2624,26,1,'2023-07-07 20:15:31'),(2624,124,0,'2023-07-07 20:15:31'),(2625,26,1,'2023-07-07 20:52:20'),(2625,124,0,'2023-07-07 20:52:20'),(2626,26,1,'2023-07-07 21:45:28'),(2626,124,0,'2023-07-07 21:45:28'),(2627,26,1,'2023-07-07 22:15:23'),(2627,124,0,'2023-07-07 22:15:23'),(2628,26,1,'2023-07-07 22:42:31'),(2628,124,0,'2023-07-07 22:42:31'),(2629,26,1,'2023-07-07 22:56:44'),(2629,124,0,'2023-07-07 22:56:44'),(2630,26,1,'2023-07-08 02:27:22'),(2630,124,0,'2023-07-08 02:27:22'),(2631,26,1,'2023-07-08 06:57:21'),(2631,124,0,'2023-07-08 06:57:21'),(2632,26,1,'2023-07-08 09:05:06'),(2632,124,0,'2023-07-08 09:05:06'),(2633,26,1,'2023-07-08 11:24:45'),(2633,124,0,'2023-07-08 11:24:45'),(2634,26,1,'2023-07-08 12:17:56'),(2634,124,0,'2023-07-08 12:17:56'),(2635,26,1,'2023-07-08 13:30:30'),(2635,124,0,'2023-07-08 13:30:30'),(2636,26,1,'2023-07-08 13:55:50'),(2636,124,0,'2023-07-08 13:55:50'),(2637,26,1,'2023-07-08 16:06:28'),(2637,124,0,'2023-07-08 16:06:28'),(2638,26,1,'2023-07-08 16:53:01'),(2638,124,0,'2023-07-08 16:53:01'),(2639,26,1,'2023-07-08 19:37:31'),(2639,124,0,'2023-07-08 19:37:31'),(2640,26,1,'2023-07-08 21:45:35'),(2640,124,0,'2023-07-08 21:45:35'),(2641,26,1,'2023-07-09 06:44:08'),(2641,124,0,'2023-07-09 06:44:08'),(2642,26,1,'2023-07-09 12:45:36'),(2642,124,0,'2023-07-09 12:45:36'),(2643,26,1,'2023-07-09 13:47:26'),(2643,124,0,'2023-07-09 13:47:26'),(2644,26,1,'2023-07-09 15:42:34'),(2644,124,0,'2023-07-09 15:42:34'),(2645,26,1,'2023-07-09 19:58:27'),(2645,124,0,'2023-07-09 19:58:27'),(2646,26,1,'2023-07-09 21:16:10'),(2646,124,0,'2023-07-09 21:16:10'),(2647,26,1,'2023-07-10 00:11:42'),(2647,124,0,'2023-07-10 00:11:42'),(2648,26,1,'2023-07-10 09:21:45'),(2648,124,0,'2023-07-10 09:21:45'),(2649,26,1,'2023-07-10 10:48:28'),(2649,124,0,'2023-07-10 10:48:28'),(2650,26,1,'2023-07-10 11:00:16'),(2650,124,0,'2023-07-10 11:00:16'),(2651,26,1,'2023-07-10 11:33:53'),(2651,124,0,'2023-07-10 11:33:53'),(2652,26,1,'2023-07-10 11:57:48'),(2652,124,0,'2023-07-10 11:57:48'),(2653,26,1,'2023-07-10 12:17:19'),(2653,124,0,'2023-07-10 12:17:19'),(2654,26,1,'2023-07-10 13:43:09'),(2654,124,0,'2023-07-10 13:43:09'),(2655,26,1,'2023-07-10 15:20:52'),(2655,124,0,'2023-07-10 15:20:52'),(2656,26,1,'2023-07-10 15:39:27'),(2656,124,0,'2023-07-10 15:39:27'),(2657,26,1,'2023-07-10 15:53:16'),(2657,124,0,'2023-07-10 15:53:16'),(2658,26,1,'2023-07-10 17:12:40'),(2658,124,0,'2023-07-10 17:12:40'),(2659,26,1,'2023-07-10 17:21:57'),(2659,124,0,'2023-07-10 17:21:57'),(2660,26,1,'2023-07-10 17:33:44'),(2660,124,0,'2023-07-10 17:33:44'),(2661,26,1,'2023-07-10 17:46:03'),(2661,124,0,'2023-07-10 17:46:03'),(2662,26,1,'2023-07-10 19:07:21'),(2662,124,0,'2023-07-10 19:07:21'),(2663,26,1,'2023-07-10 20:07:56'),(2663,124,0,'2023-07-10 20:07:56'),(2664,26,1,'2023-07-10 20:29:44'),(2664,124,0,'2023-07-10 20:29:44'),(2665,26,1,'2023-07-10 20:48:27'),(2665,124,0,'2023-07-10 20:48:27'),(2666,26,1,'2023-07-10 21:17:17'),(2666,124,0,'2023-07-10 21:17:17'),(2667,26,1,'2023-07-10 21:33:08'),(2667,124,0,'2023-07-10 21:33:08'),(2668,26,1,'2023-07-10 22:02:36'),(2668,124,0,'2023-07-10 22:02:36'),(2669,26,1,'2023-07-10 22:06:13'),(2669,124,0,'2023-07-10 22:06:13'),(2670,26,1,'2023-07-10 22:32:49'),(2670,124,0,'2023-07-10 22:32:49'),(2671,26,1,'2023-07-11 01:20:13'),(2671,124,0,'2023-07-11 01:20:13'),(2672,26,1,'2023-07-11 01:29:14'),(2672,124,0,'2023-07-11 01:29:14'),(2673,26,1,'2023-07-11 06:46:30'),(2673,124,0,'2023-07-11 06:46:30'),(2674,26,1,'2023-07-11 08:29:06'),(2674,124,0,'2023-07-11 08:29:06'),(2675,26,1,'2023-07-11 09:14:26'),(2675,124,0,'2023-07-11 09:14:26'),(2676,26,1,'2023-07-11 13:10:32'),(2676,124,0,'2023-07-11 13:10:32'),(2677,26,1,'2023-07-11 13:13:04'),(2677,124,0,'2023-07-11 13:13:04'),(2678,26,1,'2023-07-11 13:48:40'),(2678,124,0,'2023-07-11 13:48:40'),(2679,26,1,'2023-07-11 15:00:03'),(2679,124,0,'2023-07-11 15:00:03'),(2680,26,1,'2023-07-11 15:00:41'),(2680,124,0,'2023-07-11 15:00:41'),(2681,26,1,'2023-07-11 15:10:59'),(2681,124,0,'2023-07-11 15:10:59'),(2682,26,1,'2023-07-11 15:51:57'),(2682,124,0,'2023-07-11 15:51:57'),(2683,26,1,'2023-07-11 17:49:08'),(2683,124,0,'2023-07-11 17:49:08'),(2684,26,1,'2023-07-11 20:01:53'),(2684,124,0,'2023-07-11 20:01:53'),(2685,26,1,'2023-07-11 20:40:34'),(2685,124,0,'2023-07-11 20:40:34'),(2686,26,1,'2023-07-11 20:50:05'),(2686,124,0,'2023-07-11 20:50:05'),(2687,26,1,'2023-07-11 22:35:16'),(2687,124,0,'2023-07-11 22:35:16'),(2688,26,1,'2023-07-11 22:45:48'),(2688,124,0,'2023-07-11 22:45:48'),(2689,26,1,'2023-07-12 01:28:35'),(2689,124,0,'2023-07-12 01:28:35'),(2690,26,1,'2023-07-12 12:54:35'),(2690,124,0,'2023-07-12 12:54:35'),(2691,26,1,'2023-07-12 16:39:09'),(2691,124,0,'2023-07-12 16:39:09'),(2692,26,1,'2023-07-12 17:02:35'),(2692,124,0,'2023-07-12 17:02:35'),(2693,26,1,'2023-07-12 18:42:18'),(2693,124,0,'2023-07-12 18:42:18'),(2694,26,1,'2023-07-12 21:15:35'),(2694,124,0,'2023-07-12 21:15:35'),(2695,26,1,'2023-07-13 01:21:24'),(2695,124,0,'2023-07-13 01:21:24'),(2696,26,1,'2023-07-13 11:28:50'),(2696,124,0,'2023-07-13 11:28:50'),(2697,26,1,'2023-07-13 17:36:17'),(2697,124,0,'2023-07-13 17:36:17'),(2698,26,1,'2023-07-13 18:32:22'),(2698,124,0,'2023-07-13 18:32:22'),(2699,26,1,'2023-07-13 18:44:35'),(2699,124,0,'2023-07-13 18:44:35'),(2700,26,1,'2023-07-13 19:04:29'),(2700,124,0,'2023-07-13 19:04:29'),(2701,26,1,'2023-07-13 19:06:10'),(2701,124,0,'2023-07-13 19:06:10'),(2702,26,1,'2023-07-13 21:47:10'),(2702,124,0,'2023-07-13 21:47:10'),(2703,26,1,'2023-07-13 23:10:28'),(2703,124,0,'2023-07-13 23:10:28'),(2704,26,1,'2023-07-13 23:19:16'),(2704,124,0,'2023-07-13 23:19:16'),(2705,26,1,'2023-07-13 23:22:38'),(2705,124,0,'2023-07-13 23:22:38'),(2706,26,1,'2023-07-14 02:02:05'),(2706,124,0,'2023-07-14 02:02:05'),(2707,26,1,'2023-07-14 03:31:04'),(2707,124,0,'2023-07-14 03:31:04'),(2708,26,1,'2023-07-14 04:19:26'),(2708,124,0,'2023-07-14 04:19:26'),(2709,26,1,'2023-07-14 05:57:37'),(2709,124,0,'2023-07-14 05:57:37'),(2710,26,1,'2023-07-14 08:41:33'),(2710,124,0,'2023-07-14 08:41:33'),(2711,26,1,'2023-07-14 09:28:02'),(2711,124,0,'2023-07-14 09:28:02'),(2712,26,1,'2023-07-14 14:16:19'),(2712,124,0,'2023-07-14 14:16:19'),(2713,26,1,'2023-07-14 14:48:53'),(2713,124,0,'2023-07-14 14:48:53'),(2714,26,1,'2023-07-14 14:56:56'),(2714,124,0,'2023-07-14 14:56:56'),(2715,26,1,'2023-07-14 16:18:42'),(2715,124,0,'2023-07-14 16:18:42'),(2716,26,1,'2023-07-14 16:18:43'),(2716,124,0,'2023-07-14 16:18:43'),(2717,26,1,'2023-07-14 16:34:59'),(2717,124,0,'2023-07-14 16:34:59'),(2718,26,1,'2023-07-14 17:19:05'),(2718,124,0,'2023-07-14 17:19:05'),(2719,26,1,'2023-07-14 17:37:12'),(2719,124,0,'2023-07-14 17:37:12'),(2720,26,1,'2023-07-14 17:57:15'),(2720,124,0,'2023-07-14 17:57:15'),(2721,26,1,'2023-07-14 18:41:44'),(2721,124,0,'2023-07-14 18:41:44'),(2722,26,1,'2023-07-14 20:23:35'),(2722,124,0,'2023-07-14 20:23:35'),(2723,26,1,'2023-07-14 21:31:32'),(2723,124,0,'2023-07-14 21:31:32'),(2724,26,1,'2023-07-14 21:32:27'),(2724,124,0,'2023-07-14 21:32:27'),(2725,26,1,'2023-07-15 00:14:39'),(2725,124,0,'2023-07-15 00:14:39'),(2726,26,1,'2023-07-15 02:10:57'),(2726,124,0,'2023-07-15 02:10:57'),(2727,26,1,'2023-07-15 02:28:23'),(2727,124,0,'2023-07-15 02:28:23'),(2728,26,1,'2023-07-15 02:47:06'),(2728,124,0,'2023-07-15 02:47:06'),(2729,26,1,'2023-07-15 03:12:30'),(2729,124,0,'2023-07-15 03:12:30'),(2730,26,1,'2023-07-15 08:12:19'),(2730,124,0,'2023-07-15 08:12:19'),(2731,26,1,'2023-07-15 09:18:36'),(2731,124,0,'2023-07-15 09:18:36'),(2732,26,1,'2023-07-15 18:42:49'),(2732,124,0,'2023-07-15 18:42:49'),(2733,26,1,'2023-07-15 21:14:47'),(2733,124,0,'2023-07-15 21:14:47'),(2734,26,1,'2023-07-15 21:41:42'),(2734,124,0,'2023-07-15 21:41:42'),(2735,26,1,'2023-07-16 04:17:28'),(2735,124,0,'2023-07-16 04:17:28'),(2736,26,1,'2023-07-16 05:57:03'),(2736,124,0,'2023-07-16 05:57:03'),(2737,26,1,'2023-07-16 08:36:54'),(2737,124,0,'2023-07-16 08:36:54'),(2738,26,1,'2023-07-16 11:33:33'),(2738,124,0,'2023-07-16 11:33:33'),(2739,26,1,'2023-07-16 13:47:54'),(2739,124,0,'2023-07-16 13:47:54'),(2740,26,1,'2023-07-16 14:36:24'),(2740,124,0,'2023-07-16 14:36:24'),(2741,26,1,'2023-07-16 14:41:21'),(2741,124,0,'2023-07-16 14:41:21'),(2742,26,1,'2023-07-16 19:29:51'),(2742,124,0,'2023-07-16 19:29:51'),(2743,26,1,'2023-07-16 20:52:38'),(2743,124,0,'2023-07-16 20:52:38'),(2744,26,1,'2023-07-17 01:28:39'),(2744,124,0,'2023-07-17 01:28:39'),(2745,26,1,'2023-07-17 06:11:20'),(2745,124,0,'2023-07-17 06:11:20'),(2746,26,1,'2023-07-17 09:08:19'),(2746,124,0,'2023-07-17 09:08:19'),(2747,26,1,'2023-07-17 10:51:32'),(2747,124,0,'2023-07-17 10:51:32'),(2748,26,1,'2023-07-17 12:06:35'),(2748,124,0,'2023-07-17 12:06:35'),(2749,26,1,'2023-07-17 12:17:25'),(2749,124,0,'2023-07-17 12:17:25'),(2750,26,1,'2023-07-17 17:48:33'),(2750,124,0,'2023-07-17 17:48:33'),(2751,26,1,'2023-07-17 18:57:57'),(2751,124,0,'2023-07-17 18:57:57'),(2752,26,1,'2023-07-17 20:07:00'),(2752,124,0,'2023-07-17 20:07:00'),(2753,26,1,'2023-07-17 20:07:29'),(2753,124,0,'2023-07-17 20:07:29'),(2754,26,1,'2023-07-17 20:31:10'),(2754,124,0,'2023-07-17 20:31:10'),(2755,26,1,'2023-07-17 20:34:55'),(2755,124,0,'2023-07-17 20:34:55'),(2756,26,1,'2023-07-17 21:44:13'),(2756,124,0,'2023-07-17 21:44:13'),(2757,26,1,'2023-07-17 21:57:25'),(2757,124,0,'2023-07-17 21:57:25'),(2758,26,1,'2023-07-17 22:06:36'),(2758,124,0,'2023-07-17 22:06:36'),(2759,26,1,'2023-07-17 22:09:05'),(2759,124,0,'2023-07-17 22:09:05'),(2760,26,1,'2023-07-17 23:38:00'),(2760,124,0,'2023-07-17 23:38:00'),(2761,26,1,'2023-07-17 23:38:56'),(2761,124,0,'2023-07-17 23:38:56'),(2762,26,1,'2023-07-18 00:38:51'),(2762,124,0,'2023-07-18 00:38:51'),(2763,26,1,'2023-07-18 03:40:14'),(2763,124,0,'2023-07-18 03:40:14'),(2764,26,1,'2023-07-18 07:13:19'),(2764,124,0,'2023-07-18 07:13:19'),(2765,26,1,'2023-07-18 07:21:17'),(2765,124,0,'2023-07-18 07:21:17'),(2766,26,1,'2023-07-18 10:17:11'),(2766,124,0,'2023-07-18 10:17:11'),(2767,26,1,'2023-07-18 11:20:32'),(2767,124,0,'2023-07-18 11:20:32'),(2768,26,1,'2023-07-18 14:46:26'),(2768,124,0,'2023-07-18 14:46:26'),(2769,26,1,'2023-07-18 17:15:03'),(2769,124,0,'2023-07-18 17:15:03'),(2770,26,1,'2023-07-18 17:19:17'),(2770,124,0,'2023-07-18 17:19:17'),(2771,26,1,'2023-07-18 19:56:28'),(2771,124,0,'2023-07-18 19:56:28'),(2772,26,1,'2023-07-18 20:19:11'),(2772,124,0,'2023-07-18 20:19:11'),(2773,26,1,'2023-07-18 20:27:24'),(2773,124,0,'2023-07-18 20:27:24'),(2774,26,1,'2023-07-18 21:38:05'),(2774,124,0,'2023-07-18 21:38:05'),(2775,26,1,'2023-07-18 22:45:49'),(2775,124,0,'2023-07-18 22:45:49'),(2776,26,1,'2023-07-18 23:27:33'),(2776,124,0,'2023-07-18 23:27:33'),(2777,26,1,'2023-07-18 23:31:25'),(2777,124,0,'2023-07-18 23:31:25'),(2778,26,1,'2023-07-19 00:21:18'),(2778,124,0,'2023-07-19 00:21:18'),(2779,26,1,'2023-07-19 00:52:32'),(2779,124,0,'2023-07-19 00:52:32'),(2780,26,1,'2023-07-19 00:58:45'),(2780,124,0,'2023-07-19 00:58:45'),(2781,26,1,'2023-07-19 01:02:27'),(2781,124,0,'2023-07-19 01:02:27'),(2782,26,1,'2023-07-19 01:22:57'),(2782,124,0,'2023-07-19 01:22:57'),(2783,26,1,'2023-07-19 01:31:45'),(2783,124,0,'2023-07-19 01:31:45'),(2784,26,1,'2023-07-19 02:58:25'),(2784,124,0,'2023-07-19 02:58:25'),(2785,26,1,'2023-07-19 03:01:54'),(2785,124,0,'2023-07-19 03:01:54'),(2786,26,1,'2023-07-19 03:16:59'),(2786,124,0,'2023-07-19 03:16:59'),(2787,26,1,'2023-07-19 03:19:22'),(2787,124,0,'2023-07-19 03:19:22'),(2788,26,1,'2023-07-19 04:20:16'),(2788,124,0,'2023-07-19 04:20:16'),(2789,26,1,'2023-07-19 04:22:18'),(2789,124,0,'2023-07-19 04:22:18'),(2790,26,1,'2023-07-19 05:03:26'),(2790,124,0,'2023-07-19 05:03:26'),(2791,26,1,'2023-07-19 06:53:41'),(2791,124,0,'2023-07-19 06:53:41'),(2792,26,1,'2023-07-19 07:01:53'),(2792,124,0,'2023-07-19 07:01:53'),(2793,26,1,'2023-07-19 07:10:27'),(2793,124,0,'2023-07-19 07:10:27'),(2794,26,1,'2023-07-19 09:23:45'),(2794,124,0,'2023-07-19 09:23:45'),(2795,26,1,'2023-07-19 09:34:48'),(2795,124,0,'2023-07-19 09:34:48'),(2796,26,1,'2023-07-19 10:33:51'),(2796,124,0,'2023-07-19 10:33:51'),(2797,26,1,'2023-07-19 10:35:14'),(2797,124,0,'2023-07-19 10:35:14'),(2798,26,1,'2023-07-19 10:37:33'),(2798,124,0,'2023-07-19 10:37:33'),(2799,26,1,'2023-07-19 10:46:57'),(2799,124,0,'2023-07-19 10:46:57'),(2800,26,1,'2023-07-19 12:26:26'),(2800,124,0,'2023-07-19 12:26:26'),(2801,26,1,'2023-07-19 12:38:38'),(2801,124,0,'2023-07-19 12:38:38'),(2802,26,1,'2023-07-19 12:57:08'),(2802,124,0,'2023-07-19 12:57:08'),(2803,26,1,'2023-07-19 13:03:10'),(2803,124,0,'2023-07-19 13:03:10'),(2804,26,1,'2023-07-19 13:24:39'),(2804,124,0,'2023-07-19 13:24:39'),(2805,26,1,'2023-07-19 15:01:34'),(2805,124,0,'2023-07-19 15:01:34'),(2806,26,1,'2023-07-19 15:13:12'),(2806,124,0,'2023-07-19 15:13:12'),(2807,26,1,'2023-07-19 16:07:13'),(2807,124,0,'2023-07-19 16:07:13'),(2808,26,1,'2023-07-19 22:45:07'),(2808,124,0,'2023-07-19 22:45:07'),(2809,26,1,'2023-07-19 23:16:02'),(2809,124,0,'2023-07-19 23:16:02'),(2810,26,1,'2023-07-19 23:33:56'),(2810,124,0,'2023-07-19 23:33:56'),(2811,26,1,'2023-07-19 23:55:26'),(2811,124,0,'2023-07-19 23:55:26'),(2812,26,1,'2023-07-20 00:40:31'),(2812,124,0,'2023-07-20 00:40:31'),(2813,26,1,'2023-07-20 01:18:18'),(2813,124,0,'2023-07-20 01:18:18'),(2814,26,1,'2023-07-20 02:00:40'),(2814,124,0,'2023-07-20 02:00:40'),(2815,26,1,'2023-07-20 02:39:12'),(2815,124,0,'2023-07-20 02:39:12'),(2816,26,1,'2023-07-20 04:55:07'),(2816,124,0,'2023-07-20 04:55:07'),(2817,26,1,'2023-07-20 05:53:09'),(2817,124,0,'2023-07-20 05:53:09'),(2818,26,1,'2023-07-20 13:30:21'),(2818,124,0,'2023-07-20 13:30:21'),(2819,26,1,'2023-07-20 18:23:53'),(2819,124,0,'2023-07-20 18:23:53'),(2820,26,1,'2023-07-20 19:29:12'),(2820,124,0,'2023-07-20 19:29:12'),(2821,26,1,'2023-07-20 21:28:11'),(2821,124,0,'2023-07-20 21:28:11'),(2822,26,1,'2023-07-20 23:13:38'),(2822,124,0,'2023-07-20 23:13:38'),(2823,26,1,'2023-07-20 23:18:25'),(2823,124,0,'2023-07-20 23:18:25'),(2824,26,1,'2023-07-21 03:05:05'),(2824,124,0,'2023-07-21 03:05:05'),(2825,26,1,'2023-07-21 03:08:21'),(2825,124,0,'2023-07-21 03:08:21'),(2826,26,1,'2023-07-21 10:35:36'),(2826,124,0,'2023-07-21 10:35:36'),(2827,26,1,'2023-07-21 11:17:59'),(2827,124,0,'2023-07-21 11:17:59'),(2828,26,1,'2023-07-21 11:19:38'),(2828,124,0,'2023-07-21 11:19:38'),(2829,26,1,'2023-07-21 11:41:32'),(2829,124,0,'2023-07-21 11:41:32'),(2830,26,1,'2023-07-21 12:49:19'),(2830,124,0,'2023-07-21 12:49:19'),(2831,26,1,'2023-07-21 12:50:44'),(2831,124,0,'2023-07-21 12:50:44'),(2832,26,1,'2023-07-21 13:54:25'),(2832,124,0,'2023-07-21 13:54:25'),(2833,26,1,'2023-07-21 18:18:41'),(2833,124,0,'2023-07-21 18:18:41'),(2834,26,1,'2023-07-21 23:57:59'),(2834,124,0,'2023-07-21 23:57:59'),(2835,26,1,'2023-07-22 00:51:26'),(2835,124,0,'2023-07-22 00:51:26'),(2836,26,1,'2023-07-22 01:12:35'),(2836,124,0,'2023-07-22 01:12:35'),(2837,26,1,'2023-07-22 02:53:58'),(2837,124,0,'2023-07-22 02:53:58'),(2838,26,1,'2023-07-22 08:43:50'),(2838,124,0,'2023-07-22 08:43:50'),(2839,26,1,'2023-07-22 09:33:52'),(2839,124,0,'2023-07-22 09:33:52'),(2840,26,1,'2023-07-22 16:02:00'),(2840,124,0,'2023-07-22 16:02:00'),(2841,26,1,'2023-07-23 04:09:51'),(2841,124,0,'2023-07-23 04:09:51'),(2842,26,1,'2023-07-23 14:47:47'),(2842,124,0,'2023-07-23 14:47:47'),(2843,26,1,'2023-07-23 16:59:09'),(2843,124,0,'2023-07-23 16:59:09'),(2844,26,1,'2023-07-24 00:43:17'),(2844,124,0,'2023-07-24 00:43:17'),(2845,26,1,'2023-07-24 11:58:10'),(2845,124,0,'2023-07-24 11:58:10'),(2846,26,1,'2023-07-24 12:01:05'),(2846,124,0,'2023-07-24 12:01:05'),(2847,26,1,'2023-07-24 13:15:49'),(2847,124,0,'2023-07-24 13:15:49'),(2848,26,1,'2023-07-24 13:34:15'),(2848,124,0,'2023-07-24 13:34:15'),(2849,26,1,'2023-07-24 13:46:51'),(2849,124,0,'2023-07-24 13:46:51'),(2850,26,1,'2023-07-24 15:27:26'),(2850,124,0,'2023-07-24 15:27:26'),(2851,26,1,'2023-07-24 20:45:31'),(2851,124,0,'2023-07-24 20:45:31'),(2852,26,1,'2023-07-24 21:45:31'),(2852,124,0,'2023-07-24 21:45:31'),(2853,26,1,'2023-07-25 01:30:33'),(2853,124,0,'2023-07-25 01:30:33'),(2854,26,1,'2023-07-25 02:42:44'),(2854,124,0,'2023-07-25 02:42:44'),(2855,26,1,'2023-07-25 02:56:32'),(2855,124,0,'2023-07-25 02:56:32'),(2856,26,1,'2023-07-25 04:28:29'),(2856,124,0,'2023-07-25 04:28:29'),(2857,26,1,'2023-07-25 16:36:44'),(2857,124,0,'2023-07-25 16:36:44'),(2858,26,1,'2023-07-25 17:42:34'),(2858,124,0,'2023-07-25 17:42:34'),(2859,26,1,'2023-07-25 19:21:26'),(2859,124,0,'2023-07-25 19:21:26'),(2860,26,1,'2023-07-25 20:52:05'),(2860,124,0,'2023-07-25 20:52:05'),(2861,26,1,'2023-07-25 21:49:26'),(2861,124,0,'2023-07-25 21:49:26'),(2862,26,1,'2023-07-25 23:09:03'),(2862,124,0,'2023-07-25 23:09:03'),(2863,26,1,'2023-07-25 23:57:59'),(2863,124,0,'2023-07-25 23:57:59'),(2864,26,1,'2023-07-26 00:47:34'),(2864,124,0,'2023-07-26 00:47:34'),(2865,26,1,'2023-07-26 01:04:45'),(2865,124,0,'2023-07-26 01:04:45'),(2866,26,1,'2023-07-26 02:07:50'),(2866,124,0,'2023-07-26 02:07:50'),(2867,26,1,'2023-07-26 05:16:42'),(2867,124,0,'2023-07-26 05:16:42'),(2868,26,1,'2023-07-26 09:59:51'),(2868,124,0,'2023-07-26 09:59:51'),(2869,26,1,'2023-07-26 11:03:24'),(2869,124,0,'2023-07-26 11:03:24'),(2870,26,1,'2023-07-26 16:53:08'),(2870,124,0,'2023-07-26 16:53:08'),(2871,26,1,'2023-07-26 18:36:42'),(2871,124,0,'2023-07-26 18:36:42'),(2872,26,1,'2023-07-26 18:37:13'),(2872,124,0,'2023-07-26 18:37:13'),(2873,26,1,'2023-07-26 19:24:00'),(2873,124,0,'2023-07-26 19:24:00'),(2874,26,1,'2023-07-26 19:32:50'),(2874,124,0,'2023-07-26 19:32:50'),(2875,26,1,'2023-07-26 21:20:28'),(2875,124,0,'2023-07-26 21:20:28'),(2876,26,1,'2023-07-26 22:29:26'),(2876,124,0,'2023-07-26 22:29:26'),(2877,26,1,'2023-07-26 23:14:25'),(2877,124,0,'2023-07-26 23:14:25'),(2878,26,1,'2023-07-27 13:10:12'),(2878,124,0,'2023-07-27 13:10:12'),(2879,26,1,'2023-07-27 13:38:54'),(2879,124,0,'2023-07-27 13:38:54'),(2880,26,1,'2023-07-27 15:02:18'),(2880,124,0,'2023-07-27 15:02:18'),(2881,26,1,'2023-07-27 16:06:21'),(2881,124,0,'2023-07-27 16:06:21'),(2882,26,1,'2023-07-27 16:17:38'),(2882,124,0,'2023-07-27 16:17:38'),(2883,26,1,'2023-07-28 00:12:28'),(2883,124,0,'2023-07-28 00:12:28'),(2884,26,1,'2023-07-28 02:12:58'),(2884,124,0,'2023-07-28 02:12:58'),(2885,26,1,'2023-07-28 04:08:02'),(2885,124,0,'2023-07-28 04:08:02'),(2886,26,1,'2023-07-28 10:20:57'),(2886,124,0,'2023-07-28 10:20:57'),(2887,26,1,'2023-07-28 10:22:36'),(2887,124,0,'2023-07-28 10:22:36'),(2888,26,1,'2023-07-28 14:02:25'),(2888,124,0,'2023-07-28 14:02:25'),(2889,26,1,'2023-07-28 16:35:51'),(2889,124,0,'2023-07-28 16:35:51'),(2890,26,1,'2023-07-28 18:33:37'),(2890,124,0,'2023-07-28 18:33:37'),(2891,26,1,'2023-07-28 18:43:37'),(2891,124,0,'2023-07-28 18:43:37'),(2892,26,1,'2023-07-28 21:16:32'),(2892,124,0,'2023-07-28 21:16:32'),(2893,26,1,'2023-07-29 01:26:15'),(2893,124,0,'2023-07-29 01:26:15'),(2894,26,1,'2023-07-29 04:44:06'),(2894,124,0,'2023-07-29 04:44:06'),(2895,26,1,'2023-07-29 18:37:59'),(2895,124,0,'2023-07-29 18:37:59'),(2896,26,1,'2023-07-29 20:42:43'),(2896,124,0,'2023-07-29 20:42:43'),(2897,26,1,'2023-07-29 22:05:22'),(2897,124,0,'2023-07-29 22:05:22'),(2898,26,1,'2023-07-30 05:45:57'),(2898,124,0,'2023-07-30 05:45:57'),(2899,26,1,'2023-07-30 07:49:47'),(2899,124,0,'2023-07-30 07:49:47'),(2900,26,1,'2023-07-30 12:40:31'),(2900,124,0,'2023-07-30 12:40:31'),(2901,26,1,'2023-07-30 15:26:13'),(2901,124,0,'2023-07-30 15:26:13'),(2902,26,1,'2023-07-30 16:51:34'),(2902,124,0,'2023-07-30 16:51:34'),(2903,26,1,'2023-07-30 18:10:18'),(2903,124,0,'2023-07-30 18:10:18'),(2904,26,1,'2023-07-30 19:01:36'),(2904,124,0,'2023-07-30 19:01:36'),(2905,26,1,'2023-07-30 19:16:58'),(2905,124,0,'2023-07-30 19:16:58'),(2906,26,1,'2023-07-30 20:34:46'),(2906,124,0,'2023-07-30 20:34:46'),(2907,26,1,'2023-07-30 21:02:10'),(2907,124,0,'2023-07-30 21:02:10'),(2908,26,1,'2023-07-30 22:24:01'),(2908,124,0,'2023-07-30 22:24:01'),(2909,26,1,'2023-07-30 23:41:34'),(2909,124,0,'2023-07-30 23:41:34'),(2910,26,1,'2023-07-31 00:51:10'),(2910,124,0,'2023-07-31 00:51:10'),(2911,26,1,'2023-07-31 01:41:30'),(2911,124,0,'2023-07-31 01:41:30'),(2912,26,1,'2023-07-31 04:18:36'),(2912,124,0,'2023-07-31 04:18:36'),(2913,26,1,'2023-07-31 05:22:57'),(2913,124,0,'2023-07-31 05:22:57'),(2914,26,1,'2023-07-31 12:01:26'),(2914,124,0,'2023-07-31 12:01:26'),(2915,26,1,'2023-07-31 13:08:19'),(2915,124,0,'2023-07-31 13:08:19'),(2916,26,1,'2023-07-31 14:50:27'),(2916,124,0,'2023-07-31 14:50:27'),(2917,26,1,'2023-07-31 16:16:49'),(2917,124,0,'2023-07-31 16:16:49'),(2918,26,1,'2023-07-31 17:55:42'),(2918,124,0,'2023-07-31 17:55:42'),(2919,26,1,'2023-07-31 18:08:04'),(2919,124,0,'2023-07-31 18:08:04'),(2920,26,1,'2023-07-31 19:21:27'),(2920,124,0,'2023-07-31 19:21:27'),(2921,26,1,'2023-07-31 19:46:32'),(2921,124,0,'2023-07-31 19:46:32'),(2922,26,1,'2023-07-31 20:16:45'),(2922,124,0,'2023-07-31 20:16:45'),(2923,26,1,'2023-07-31 20:30:03'),(2923,124,0,'2023-07-31 20:30:03'),(2924,26,1,'2023-07-31 21:34:58'),(2924,124,0,'2023-07-31 21:34:58'),(2925,26,1,'2023-08-01 00:05:14'),(2925,124,0,'2023-08-01 00:05:14'),(2926,26,1,'2023-08-01 00:30:33'),(2926,124,0,'2023-08-01 00:30:33'),(2927,26,1,'2023-08-01 03:10:37'),(2927,124,0,'2023-08-01 03:10:37'),(2928,26,1,'2023-08-01 10:48:19'),(2928,124,0,'2023-08-01 10:48:19'),(2929,26,1,'2023-08-01 11:38:49'),(2929,124,0,'2023-08-01 11:38:49'),(2930,26,1,'2023-08-01 12:48:04'),(2930,124,0,'2023-08-01 12:48:04'),(2931,26,1,'2023-08-01 15:26:29'),(2931,124,0,'2023-08-01 15:26:29'),(2932,26,1,'2023-08-01 16:14:34'),(2932,124,0,'2023-08-01 16:14:34'),(2933,26,1,'2023-08-01 16:44:57'),(2933,124,0,'2023-08-01 16:44:57'),(2934,26,1,'2023-08-01 17:00:58'),(2934,124,0,'2023-08-01 17:00:58'),(2935,26,1,'2023-08-01 17:10:47'),(2935,124,0,'2023-08-01 17:10:47'),(2936,26,1,'2023-08-01 18:51:45'),(2936,124,0,'2023-08-01 18:51:45'),(2937,26,1,'2023-08-01 20:27:00'),(2937,124,0,'2023-08-01 20:27:00'),(2938,26,1,'2023-08-01 21:06:24'),(2938,124,0,'2023-08-01 21:06:24'),(2939,26,1,'2023-08-01 21:17:04'),(2939,124,0,'2023-08-01 21:17:04'),(2940,26,1,'2023-08-01 23:43:46'),(2940,124,0,'2023-08-01 23:43:46'),(2941,26,1,'2023-08-02 00:55:11'),(2941,124,0,'2023-08-02 00:55:11'),(2942,26,1,'2023-08-02 01:51:10'),(2942,124,0,'2023-08-02 01:51:10'),(2943,26,1,'2023-08-02 08:14:20'),(2943,124,0,'2023-08-02 08:14:20'),(2944,26,1,'2023-08-02 08:44:48'),(2944,124,0,'2023-08-02 08:44:48'),(2945,26,1,'2023-08-02 10:56:23'),(2945,124,0,'2023-08-02 10:56:23'),(2946,26,1,'2023-08-02 13:54:06'),(2946,124,0,'2023-08-02 13:54:06'),(2947,26,1,'2023-08-02 15:21:12'),(2947,124,0,'2023-08-02 15:21:12'),(2948,26,1,'2023-08-02 15:21:49'),(2948,124,0,'2023-08-02 15:21:49'),(2949,26,1,'2023-08-02 16:56:51'),(2949,124,0,'2023-08-02 16:56:51'),(2950,26,1,'2023-08-02 17:12:04'),(2950,124,0,'2023-08-02 17:12:04'),(2951,26,1,'2023-08-02 17:50:45'),(2951,124,0,'2023-08-02 17:50:45'),(2952,26,1,'2023-08-02 18:35:51'),(2952,124,0,'2023-08-02 18:35:51'),(2953,26,1,'2023-08-02 18:49:25'),(2953,124,0,'2023-08-02 18:49:25'),(2954,26,1,'2023-08-02 18:51:29'),(2954,124,0,'2023-08-02 18:51:29'),(2955,26,1,'2023-08-02 19:50:55'),(2955,124,0,'2023-08-02 19:50:55'),(2956,26,1,'2023-08-02 20:21:53'),(2956,124,0,'2023-08-02 20:21:53'),(2957,26,1,'2023-08-02 20:24:38'),(2957,124,0,'2023-08-02 20:24:38'),(2958,26,1,'2023-08-02 21:01:13'),(2958,124,0,'2023-08-02 21:01:13'),(2959,26,1,'2023-08-02 23:07:34'),(2959,124,0,'2023-08-02 23:07:34'),(2960,26,1,'2023-08-03 00:46:42'),(2960,124,0,'2023-08-03 00:46:42'),(2961,26,1,'2023-08-03 01:15:13'),(2961,124,0,'2023-08-03 01:15:13'),(2962,26,1,'2023-08-03 01:49:24'),(2962,124,0,'2023-08-03 01:49:24'),(2963,26,1,'2023-08-03 02:09:13'),(2963,124,0,'2023-08-03 02:09:13'),(2964,26,1,'2023-08-03 02:31:54'),(2964,124,0,'2023-08-03 02:31:54'),(2965,26,1,'2023-08-03 08:47:44'),(2965,124,0,'2023-08-03 08:47:44'),(2966,26,1,'2023-08-03 09:42:15'),(2966,124,0,'2023-08-03 09:42:15'),(2967,26,1,'2023-08-03 12:28:24'),(2967,124,0,'2023-08-03 12:28:24'),(2968,26,1,'2023-08-03 12:30:08'),(2968,124,0,'2023-08-03 12:30:08'),(2969,26,1,'2023-08-03 12:58:09'),(2969,124,0,'2023-08-03 12:58:09'),(2970,26,1,'2023-08-03 16:01:36'),(2970,124,0,'2023-08-03 16:01:36'),(2971,26,1,'2023-08-03 16:18:02'),(2971,124,0,'2023-08-03 16:18:02'),(2972,26,1,'2023-08-03 17:10:10'),(2972,124,0,'2023-08-03 17:10:10'),(2973,26,1,'2023-08-03 18:19:07'),(2973,124,0,'2023-08-03 18:19:07'),(2974,26,1,'2023-08-03 18:22:52'),(2974,124,0,'2023-08-03 18:22:52'),(2975,26,1,'2023-08-03 18:47:32'),(2975,124,0,'2023-08-03 18:47:32'),(2976,26,1,'2023-08-03 18:47:52'),(2976,124,0,'2023-08-03 18:47:52'),(2977,26,1,'2023-08-03 19:22:03'),(2977,124,0,'2023-08-03 19:22:03'),(2978,26,1,'2023-08-03 19:27:52'),(2978,124,0,'2023-08-03 19:27:52'),(2979,26,1,'2023-08-03 20:35:28'),(2979,124,0,'2023-08-03 20:35:28'),(2980,26,1,'2023-08-03 22:10:16'),(2980,124,0,'2023-08-03 22:10:16'),(2981,26,1,'2023-08-03 22:21:41'),(2981,124,0,'2023-08-03 22:21:41'),(2982,26,1,'2023-08-03 22:26:34'),(2982,124,0,'2023-08-03 22:26:34'),(2983,26,1,'2023-08-03 22:43:25'),(2983,124,0,'2023-08-03 22:43:25'),(2984,26,1,'2023-08-03 23:18:30'),(2984,124,0,'2023-08-03 23:18:30'),(2985,26,1,'2023-08-03 23:58:27'),(2985,124,0,'2023-08-03 23:58:27'),(2986,26,1,'2023-08-03 23:59:15'),(2986,124,0,'2023-08-03 23:59:15'),(2987,26,1,'2023-08-04 00:05:22'),(2987,124,0,'2023-08-04 00:05:22'),(2988,26,1,'2023-08-04 00:24:31'),(2988,124,0,'2023-08-04 00:24:31'),(2989,26,1,'2023-08-04 01:02:54'),(2989,124,0,'2023-08-04 01:02:54'),(2990,26,1,'2023-08-04 01:03:07'),(2990,124,0,'2023-08-04 01:03:07'),(2991,26,1,'2023-08-04 01:14:03'),(2991,124,0,'2023-08-04 01:14:03'),(2992,26,1,'2023-08-04 01:34:56'),(2992,124,0,'2023-08-04 01:34:56'),(2993,26,1,'2023-08-04 01:43:54'),(2993,124,0,'2023-08-04 01:43:54'),(2994,26,1,'2023-08-04 01:49:06'),(2994,124,0,'2023-08-04 01:49:06'),(2995,26,1,'2023-08-04 02:31:39'),(2995,124,0,'2023-08-04 02:31:39'),(2996,26,1,'2023-08-04 03:13:28'),(2996,124,0,'2023-08-04 03:13:28'),(2997,26,1,'2023-08-04 04:45:11'),(2997,124,0,'2023-08-04 04:45:11'),(2998,26,1,'2023-08-04 06:21:56'),(2998,124,0,'2023-08-04 06:21:56'),(2999,26,1,'2023-08-04 09:26:08'),(2999,124,0,'2023-08-04 09:26:08'),(3000,26,1,'2023-08-04 10:55:48'),(3000,124,0,'2023-08-04 10:55:48'),(3001,26,1,'2023-08-04 12:38:53'),(3001,124,0,'2023-08-04 12:38:53'),(3002,26,1,'2023-08-04 12:49:17'),(3002,124,0,'2023-08-04 12:49:17'),(3003,26,1,'2023-08-04 13:33:03'),(3003,124,0,'2023-08-04 13:33:03'),(3004,26,1,'2023-08-04 15:29:15'),(3004,124,0,'2023-08-04 15:29:15'),(3005,26,1,'2023-08-04 15:53:27'),(3005,124,0,'2023-08-04 15:53:27'),(3006,26,1,'2023-08-04 16:30:46'),(3006,124,0,'2023-08-04 16:30:46'),(3007,26,1,'2023-08-04 17:57:11'),(3007,124,0,'2023-08-04 17:57:11'),(3008,26,1,'2023-08-04 18:29:13'),(3008,124,0,'2023-08-04 18:29:13'),(3009,26,1,'2023-08-04 18:36:40'),(3009,124,0,'2023-08-04 18:36:40'),(3010,26,1,'2023-08-04 19:26:56'),(3010,124,0,'2023-08-04 19:26:56'),(3011,26,1,'2023-08-04 19:46:02'),(3011,124,0,'2023-08-04 19:46:02'),(3012,26,1,'2023-08-04 21:41:59'),(3012,124,0,'2023-08-04 21:41:59'),(3013,26,1,'2023-08-04 22:04:22'),(3013,124,0,'2023-08-04 22:04:22'),(3014,26,1,'2023-08-04 22:44:00'),(3014,124,0,'2023-08-04 22:44:00'),(3015,26,1,'2023-08-05 00:06:50'),(3015,124,0,'2023-08-05 00:06:50'),(3016,26,1,'2023-08-05 02:22:13'),(3016,124,0,'2023-08-05 02:22:13'),(3017,26,1,'2023-08-05 02:42:24'),(3017,124,0,'2023-08-05 02:42:24'),(3018,26,1,'2023-08-05 03:13:50'),(3018,124,0,'2023-08-05 03:13:50'),(3019,26,1,'2023-08-05 03:59:57'),(3019,124,0,'2023-08-05 03:59:57'),(3020,26,1,'2023-08-05 05:47:26'),(3020,124,0,'2023-08-05 05:47:26'),(3021,26,1,'2023-08-05 06:20:12'),(3021,124,0,'2023-08-05 06:20:12'),(3022,26,1,'2023-08-05 08:08:44'),(3022,124,0,'2023-08-05 08:08:44'),(3023,26,1,'2023-08-05 08:18:26'),(3023,124,0,'2023-08-05 08:18:26'),(3024,26,1,'2023-08-05 08:48:31'),(3024,124,0,'2023-08-05 08:48:31'),(3025,26,1,'2023-08-05 10:37:41'),(3025,124,0,'2023-08-05 10:37:41'),(3026,26,1,'2023-08-05 12:07:31'),(3026,124,0,'2023-08-05 12:07:31'),(3027,26,1,'2023-08-05 13:53:13'),(3027,124,0,'2023-08-05 13:53:13'),(3028,26,1,'2023-08-05 17:12:32'),(3028,124,0,'2023-08-05 17:12:32'),(3029,26,1,'2023-08-05 17:17:44'),(3029,124,0,'2023-08-05 17:17:44'),(3030,26,1,'2023-08-05 18:16:05'),(3030,124,0,'2023-08-05 18:16:05'),(3031,26,1,'2023-08-05 18:43:33'),(3031,124,0,'2023-08-05 18:43:33'),(3032,26,1,'2023-08-05 19:32:50'),(3032,124,0,'2023-08-05 19:32:50'),(3033,26,1,'2023-08-05 20:04:51'),(3033,124,0,'2023-08-05 20:04:51'),(3034,26,1,'2023-08-05 20:12:20'),(3034,124,0,'2023-08-05 20:12:20'),(3035,26,1,'2023-08-05 22:28:30'),(3035,124,0,'2023-08-05 22:28:30'),(3036,26,1,'2023-08-05 23:26:45'),(3036,124,0,'2023-08-05 23:26:45'),(3037,26,1,'2023-08-06 00:22:28'),(3037,124,0,'2023-08-06 00:22:28'),(3038,26,1,'2023-08-06 01:12:50'),(3038,124,0,'2023-08-06 01:12:50'),(3039,26,1,'2023-08-06 03:20:43'),(3039,124,0,'2023-08-06 03:20:43'),(3040,26,1,'2023-08-06 07:39:11'),(3040,124,0,'2023-08-06 07:39:11'),(3041,26,1,'2023-08-06 10:21:07'),(3041,124,0,'2023-08-06 10:21:07'),(3042,26,1,'2023-08-06 13:52:45'),(3042,124,0,'2023-08-06 13:52:45'),(3043,26,1,'2023-08-06 19:16:01'),(3043,124,0,'2023-08-06 19:16:01'),(3044,26,1,'2023-08-06 19:39:02'),(3044,124,0,'2023-08-06 19:39:02'),(3045,26,1,'2023-08-06 20:26:12'),(3045,124,0,'2023-08-06 20:26:12'),(3046,26,1,'2023-08-06 23:16:24'),(3046,124,0,'2023-08-06 23:16:24'),(3047,26,1,'2023-08-07 00:44:30'),(3047,124,0,'2023-08-07 00:44:30'),(3048,26,1,'2023-08-07 02:25:49'),(3048,124,0,'2023-08-07 02:25:49'),(3049,26,1,'2023-08-07 02:49:56'),(3049,124,0,'2023-08-07 02:49:56'),(3050,26,1,'2023-08-07 05:11:43'),(3050,124,0,'2023-08-07 05:11:43'),(3051,26,1,'2023-08-07 09:50:24'),(3051,124,0,'2023-08-07 09:50:24'),(3052,26,1,'2023-08-07 15:16:28'),(3052,124,0,'2023-08-07 15:16:28'),(3053,26,1,'2023-08-07 17:51:07'),(3053,124,0,'2023-08-07 17:51:07'),(3054,26,1,'2023-08-07 18:41:09'),(3054,124,0,'2023-08-07 18:41:09'),(3055,26,1,'2023-08-07 21:26:03'),(3055,124,0,'2023-08-07 21:26:03'),(3056,26,1,'2023-08-08 02:54:57'),(3056,124,0,'2023-08-08 02:54:57'),(3057,26,1,'2023-08-08 04:21:29'),(3057,124,0,'2023-08-08 04:21:29'),(3058,26,1,'2023-08-08 09:08:47'),(3058,124,0,'2023-08-08 09:08:47'),(3059,26,1,'2023-08-08 09:44:45'),(3059,124,0,'2023-08-08 09:44:45'),(3060,26,1,'2023-08-08 14:27:40'),(3060,124,0,'2023-08-08 14:27:40'),(3061,26,1,'2023-08-08 14:52:20'),(3061,124,0,'2023-08-08 14:52:20'),(3062,26,1,'2023-08-08 15:35:18'),(3062,124,0,'2023-08-08 15:35:18'),(3063,26,1,'2023-08-08 17:31:56'),(3063,124,0,'2023-08-08 17:31:56'),(3064,26,1,'2023-08-08 18:28:38'),(3064,124,0,'2023-08-08 18:28:38'),(3065,26,1,'2023-08-08 23:14:32'),(3065,124,0,'2023-08-08 23:14:32'),(3066,26,1,'2023-08-09 02:02:56'),(3066,124,0,'2023-08-09 02:02:56'),(3067,26,1,'2023-08-09 02:26:06'),(3067,124,0,'2023-08-09 02:26:06'),(3068,26,1,'2023-08-09 03:40:12'),(3068,124,0,'2023-08-09 03:40:12'),(3069,26,1,'2023-08-09 05:09:40'),(3069,124,0,'2023-08-09 05:09:40'),(3070,26,1,'2023-08-09 12:07:25'),(3070,124,0,'2023-08-09 12:07:25'),(3071,26,1,'2023-08-09 12:18:46'),(3071,124,0,'2023-08-09 12:18:46'),(3072,26,1,'2023-08-09 12:41:06'),(3072,124,0,'2023-08-09 12:41:06'),(3073,26,1,'2023-08-09 13:30:35'),(3073,124,0,'2023-08-09 13:30:35'),(3074,26,1,'2023-08-09 14:43:02'),(3074,124,0,'2023-08-09 14:43:02'),(3075,26,1,'2023-08-09 15:08:16'),(3075,124,0,'2023-08-09 15:08:16'),(3076,26,1,'2023-08-09 20:40:19'),(3076,124,0,'2023-08-09 20:40:19'),(3077,26,1,'2023-08-09 21:19:53'),(3077,124,0,'2023-08-09 21:19:53'),(3078,26,1,'2023-08-09 22:04:37'),(3078,124,0,'2023-08-09 22:04:37'),(3079,26,1,'2023-08-09 22:37:28'),(3079,124,0,'2023-08-09 22:37:28'),(3080,26,1,'2023-08-09 23:18:50'),(3080,124,0,'2023-08-09 23:18:50'),(3081,26,1,'2023-08-09 23:42:08'),(3081,124,0,'2023-08-09 23:42:08'),(3082,26,1,'2023-08-10 00:21:27'),(3082,124,0,'2023-08-10 00:21:27'),(3083,26,1,'2023-08-10 01:45:57'),(3083,124,0,'2023-08-10 01:45:57'),(3084,26,1,'2023-08-10 02:06:31'),(3084,124,0,'2023-08-10 02:06:31'),(3085,26,1,'2023-08-10 03:42:13'),(3085,124,0,'2023-08-10 03:42:13'),(3086,26,1,'2023-08-10 16:06:20'),(3086,124,0,'2023-08-10 16:06:20'),(3087,26,1,'2023-08-10 17:16:31'),(3087,124,0,'2023-08-10 17:16:31'),(3088,26,1,'2023-08-10 22:28:50'),(3088,124,0,'2023-08-10 22:28:50'),(3089,26,1,'2023-08-10 23:44:15'),(3089,124,0,'2023-08-10 23:44:15'),(3090,26,1,'2023-08-11 03:52:50'),(3090,124,0,'2023-08-11 03:52:50'),(3091,26,1,'2023-08-11 05:42:48'),(3091,124,0,'2023-08-11 05:42:48'),(3092,26,1,'2023-08-11 06:13:29'),(3092,124,0,'2023-08-11 06:13:29'),(3093,26,1,'2023-08-11 08:54:01'),(3093,124,0,'2023-08-11 08:54:01'),(3094,26,1,'2023-08-11 14:48:09'),(3094,124,0,'2023-08-11 14:48:09'),(3095,26,1,'2023-08-11 17:41:24'),(3095,124,0,'2023-08-11 17:41:24'),(3096,26,1,'2023-08-11 18:42:21'),(3096,124,0,'2023-08-11 18:42:21'),(3097,26,1,'2023-08-11 20:34:33'),(3097,124,0,'2023-08-11 20:34:33'),(3098,26,1,'2023-08-11 20:59:17'),(3098,124,0,'2023-08-11 20:59:17'),(3099,26,1,'2023-08-11 21:00:21'),(3099,124,0,'2023-08-11 21:00:21'),(3100,26,1,'2023-08-11 21:28:21'),(3100,124,0,'2023-08-11 21:28:21'),(3101,26,1,'2023-08-11 21:40:09'),(3101,124,0,'2023-08-11 21:40:09'),(3102,26,1,'2023-08-11 21:40:48'),(3102,124,0,'2023-08-11 21:40:48'),(3103,26,1,'2023-08-11 23:29:32'),(3103,124,0,'2023-08-11 23:29:32'),(3104,26,1,'2023-08-12 00:45:59'),(3104,124,0,'2023-08-12 00:45:59'),(3105,26,1,'2023-08-12 00:57:13'),(3105,124,0,'2023-08-12 00:57:13'),(3106,26,1,'2023-08-12 01:23:18'),(3106,124,0,'2023-08-12 01:23:18'),(3107,26,1,'2023-08-12 02:39:18'),(3107,124,0,'2023-08-12 02:39:18'),(3108,26,1,'2023-08-12 10:57:39'),(3108,124,0,'2023-08-12 10:57:39'),(3109,26,1,'2023-08-12 11:17:23'),(3109,124,0,'2023-08-12 11:17:23'),(3110,26,1,'2023-08-12 12:36:16'),(3110,124,0,'2023-08-12 12:36:16'),(3111,26,1,'2023-08-12 12:41:40'),(3111,124,0,'2023-08-12 12:41:40'),(3112,26,1,'2023-08-12 13:21:30'),(3112,124,0,'2023-08-12 13:21:30'),(3113,26,1,'2023-08-12 13:49:33'),(3113,124,0,'2023-08-12 13:49:33'),(3114,26,1,'2023-08-12 17:51:05'),(3114,124,0,'2023-08-12 17:51:05'),(3115,26,1,'2023-08-12 18:45:56'),(3115,124,0,'2023-08-12 18:45:56'),(3116,26,1,'2023-08-12 21:37:44'),(3116,124,0,'2023-08-12 21:37:44'),(3117,26,1,'2023-08-12 22:17:28'),(3117,124,0,'2023-08-12 22:17:28'),(3118,26,1,'2023-08-13 01:11:46'),(3118,124,0,'2023-08-13 01:11:46'),(3119,26,1,'2023-08-13 03:18:11'),(3119,124,0,'2023-08-13 03:18:11'),(3120,26,1,'2023-08-13 11:04:53'),(3120,124,0,'2023-08-13 11:04:53'),(3121,26,1,'2023-08-13 14:46:54'),(3121,124,0,'2023-08-13 14:46:54'),(3122,26,1,'2023-08-13 16:50:13'),(3122,124,0,'2023-08-13 16:50:13'),(3123,26,1,'2023-08-13 18:28:49'),(3123,124,0,'2023-08-13 18:28:49'),(3124,26,1,'2023-08-13 20:55:41'),(3124,124,0,'2023-08-13 20:55:41'),(3125,26,1,'2023-08-13 22:46:06'),(3125,124,0,'2023-08-13 22:46:06'),(3126,26,1,'2023-08-14 00:52:15'),(3126,124,0,'2023-08-14 00:52:15'),(3127,26,1,'2023-08-14 01:25:52'),(3127,124,0,'2023-08-14 01:25:52'),(3128,26,1,'2023-08-14 07:33:12'),(3128,124,0,'2023-08-14 07:33:12'),(3129,26,1,'2023-08-14 08:20:23'),(3129,124,0,'2023-08-14 08:20:23'),(3130,26,1,'2023-08-14 11:58:03'),(3130,124,0,'2023-08-14 11:58:03'),(3131,26,1,'2023-08-14 12:34:15'),(3131,124,0,'2023-08-14 12:34:15'),(3132,26,1,'2023-08-14 13:35:46'),(3132,124,0,'2023-08-14 13:35:46'),(3133,26,1,'2023-08-14 16:52:33'),(3133,124,0,'2023-08-14 16:52:33'),(3134,26,1,'2023-08-14 17:17:19'),(3134,124,0,'2023-08-14 17:17:19'),(3135,26,1,'2023-08-14 19:52:45'),(3135,124,0,'2023-08-14 19:52:45'),(3136,26,1,'2023-08-14 21:04:14'),(3136,124,0,'2023-08-14 21:04:14'),(3137,26,1,'2023-08-14 21:24:26'),(3137,124,0,'2023-08-14 21:24:26'),(3138,26,1,'2023-08-14 22:14:05'),(3138,124,0,'2023-08-14 22:14:05'),(3139,26,1,'2023-08-14 22:30:01'),(3139,124,0,'2023-08-14 22:30:01'),(3140,26,1,'2023-08-15 00:49:22'),(3140,124,0,'2023-08-15 00:49:22'),(3141,26,1,'2023-08-15 07:55:42'),(3141,124,0,'2023-08-15 07:55:42'),(3142,26,1,'2023-08-15 09:13:02'),(3142,124,0,'2023-08-15 09:13:02'),(3143,26,1,'2023-08-15 09:17:42'),(3143,124,0,'2023-08-15 09:17:42'),(3144,26,1,'2023-08-15 09:24:04'),(3144,124,0,'2023-08-15 09:24:04'),(3145,26,1,'2023-08-15 09:46:39'),(3145,124,0,'2023-08-15 09:46:39'),(3146,26,1,'2023-08-15 12:32:43'),(3146,124,0,'2023-08-15 12:32:43'),(3147,26,1,'2023-08-15 12:42:59'),(3147,124,0,'2023-08-15 12:42:59'),(3148,26,1,'2023-08-15 16:18:24'),(3148,124,0,'2023-08-15 16:18:24'),(3149,26,1,'2023-08-15 16:31:47'),(3149,124,0,'2023-08-15 16:31:47'),(3150,26,1,'2023-08-15 17:05:49'),(3150,124,0,'2023-08-15 17:05:49'),(3151,26,1,'2023-08-15 19:59:27'),(3151,124,0,'2023-08-15 19:59:27'),(3152,26,1,'2023-08-15 20:14:09'),(3152,124,0,'2023-08-15 20:14:09'),(3153,26,1,'2023-08-15 20:31:49'),(3153,124,0,'2023-08-15 20:31:49'),(3154,26,1,'2023-08-15 20:39:56'),(3154,124,0,'2023-08-15 20:39:56'),(3155,26,1,'2023-08-15 23:55:27'),(3155,124,0,'2023-08-15 23:55:27'),(3156,26,1,'2023-08-16 00:59:59'),(3156,124,0,'2023-08-16 00:59:59'),(3157,26,1,'2023-08-16 04:57:20'),(3157,124,0,'2023-08-16 04:57:20'),(3158,26,1,'2023-08-16 05:39:39'),(3158,124,0,'2023-08-16 05:39:39'),(3159,26,1,'2023-08-16 05:39:51'),(3159,124,0,'2023-08-16 05:39:51'),(3160,26,1,'2023-08-16 05:52:39'),(3160,124,0,'2023-08-16 05:52:39'),(3161,26,1,'2023-08-16 06:09:42'),(3161,124,0,'2023-08-16 06:09:42'),(3162,26,1,'2023-08-16 06:19:04'),(3162,124,0,'2023-08-16 06:19:04');

--
