-- Table structure for table `ngn_articles_custom_values_multi`
--

CREATE TABLE `ngn_articles_custom_values_multi` (
  `news_id` int(11) NOT NULL,
  `category_id` int(11) NOT NULL,
  `gaid` int(11) NOT NULL,
  `language_id` int(11) NOT NULL,
  `valueInt` int(11) NOT NULL,
  `item_order` int(11) NOT NULL,
  PRIMARY KEY (`news_id`,`category_id`,`gaid`,`language_id`,`valueInt`),
  KEY `item_order` (`item_order`)
) ENGINE=InnoDB DEFAULT CHARSET=utf8;

--
-- Dumping data for table `ngn_articles_custom_values_multi`
--

INSERT INTO `ngn_articles_custom_values_multi` VALUES (1,1,21,1,0,0),(1,1,151,1,0,0),(1,1,1014,1,100,0),(1,1,1016,1,0,0),(2,1,21,1,0,0),(2,1,151,1,0,0),(2,1,1014,1,87,0),(2,1,1016,1,125,0),(3,1,21,1,0,0),(3,1,151,1,0,0),(3,1,1014,1,87,0),(3,1,1016,1,124,0),(4,1,21,1,0,0),(4,1,151,1,0,0),(4,1,1014,1,89,0),(4,1,1016,1,124,0),(5,1,21,1,0,0),(5,1,151,1,0,0),(5,1,1014,1,96,0),(5,1,1016,1,124,0),(6,1,21,1,0,0),(6,1,151,1,0,0),(6,1,1014,1,87,0),(6,1,1016,1,124,0),(7,1,21,1,0,0),(7,1,151,1,0,0),(7,1,1014,1,87,0),(7,1,1016,1,124,0),(8,1,21,1,0,0),(8,1,151,1,0,0),(9,1,21,1,0,0),(9,1,151,1,0,0),(9,1,1014,1,87,0),(9,1,1016,1,0,0),(10,1,21,1,0,0),(10,1,151,1,0,0),(11,1,21,1,0,0),(11,1,151,1,0,0),(11,1,1014,1,0,0),(11,1,1016,1,0,0),(12,1,21,1,0,0),(12,1,151,1,0,0),(12,1,1014,1,0,0),(12,1,1016,1,0,0),(13,1,21,1,0,0),(13,1,151,1,0,0),(13,1,1014,1,0,0),(13,1,1016,1,0,0),(14,1,21,1,0,0),(14,1,151,1,0,0),(14,1,1014,1,0,0),(14,1,1016,1,0,0),(15,1,21,1,0,0),(15,1,151,1,0,0),(15,1,1014,1,0,0),(15,1,1016,1,0,0),(16,1,21,1,0,0),(16,1,151,1,0,0),(16,1,1014,1,0,0),(16,1,1016,1,0,0),(17,1,21,1,0,0),(17,1,151,1,0,0),(17,1,1014,1,0,0),(17,1,1016,1,0,0),(18,1,21,1,0,0),(18,1,151,1,0,0),(18,1,1014,1,0,0),(18,1,1016,1,0,0),(19,1,21,1,0,0),(19,1,151,1,0,0),(19,1,1014,1,0,0),(19,1,1016,1,0,0),(20,1,21,1,0,0),(20,1,151,1,0,0),(20,1,1014,1,0,0),(20,1,1016,1,0,0),(21,1,21,1,0,0),(21,1,151,1,0,0),(21,1,1014,1,0,0),(21,1,1016,1,0,0),(22,1,21,1,0,0),(22,1,151,1,0,0),(22,1,1014,1,0,0),(22,1,1016,1,0,0),(23,1,21,1,0,0),(23,1,151,1,0,0),(23,1,1014,1,0,0),(23,1,1016,1,0,0),(24,1,21,1,0,0),(24,1,151,1,0,0),(24,1,1014,1,0,0),(24,1,1016,1,0,0),(25,1,21,1,0,0),(25,1,151,1,0,0),(25,1,1014,1,0,0),(25,1,1016,1,0,0),(26,1,21,1,0,0),(26,1,151,1,0,0),(26,1,1014,1,0,0),(26,1,1016,1,0,0),(27,1,21,1,0,0),(27,1,151,1,0,0),(27,1,1014,1,0,0),(27,1,1016,1,0,0),(28,1,21,1,0,0),(28,1,151,1,0,0),(28,1,1014,1,0,0),(28,1,1016,1,0,0),(29,1,21,1,0,0),(29,1,151,1,0,0),(29,1,1014,1,0,0),(29,1,1016,1,0,0),(30,1,21,1,0,0),(30,1,151,1,0,0),(30,1,1014,1,0,0),(30,1,1016,1,0,0),(31,1,21,1,0,0),(31,1,151,1,0,0),(31,1,1014,1,0,0),(31,1,1016,1,0,0),(32,1,21,1,0,0),(32,1,151,1,0,0),(32,1,1014,1,0,0),(32,1,1016,1,0,0),(33,1,21,1,0,0),(33,1,151,1,0,0),(33,1,1014,1,0,0),(33,1,1016,1,0,0),(34,1,21,1,0,0),(34,1,151,1,0,0),(34,1,1014,1,0,0),(34,1,1016,1,0,0),(35,1,21,1,0,0),(35,1,151,1,0,0),(35,1,1014,1,0,0),(35,1,1016,1,0,0),(36,1,21,1,0,0),(36,1,151,1,0,0),(36,1,1014,1,0,0),(36,1,1016,1,0,0),(37,1,21,1,0,0),(37,1,151,1,0,0),(37,1,1014,1,0,0),(37,1,1016,1,0,0),(38,1,21,1,0,0),(38,1,151,1,0,0),(38,1,1014,1,0,0),(38,1,1016,1,0,0),(39,1,21,1,0,0),(39,1,151,1,0,0),(39,1,1014,1,0,0),(39,1,1016,1,0,0),(40,1,21,1,0,0),(40,1,151,1,0,0),(40,1,1014,1,0,0),(40,1,1016,1,0,0),(41,1,21,1,0,0),(41,1,151,1,0,0),(41,1,1014,1,0,0),(41,1,1016,1,0,0),(42,1,21,1,0,0),(42,1,151,1,0,0),(42,1,1014,1,0,0),(42,1,1016,1,0,0),(43,1,21,1,0,0),(43,1,151,1,0,0),(43,1,1014,1,91,0),(43,1,1016,1,0,0),(44,1,21,1,0,0),(44,1,151,1,0,0),(44,1,1014,1,0,0),(44,1,1016,1,0,0),(45,1,21,1,0,0),(45,1,151,1,0,0),(45,1,1014,1,0,0),(45,1,1016,1,0,0),(46,1,21,1,0,0),(46,1,151,1,0,0),(46,1,1014,1,0,0),(46,1,1016,1,0,0),(47,1,21,1,0,0),(47,1,151,1,0,0),(47,1,1014,1,0,0),(47,1,1016,1,0,0),(48,1,21,1,0,0),(48,1,151,1,0,0),(48,1,1014,1,0,0),(48,1,1016,1,0,0),(49,1,21,1,0,0),(49,1,151,1,0,0),(49,1,1014,1,88,0),(49,1,1016,1,124,0),(49,1,1021,1,72,0),(50,1,21,1,0,0),(50,1,151,1,0,0),(50,1,1014,1,0,0),(50,1,1016,1,0,0),(51,1,21,1,0,0),(51,1,151,1,0,0),(51,1,1014,1,0,0),(51,1,1016,1,0,0),(52,1,21,1,0,0),(52,1,151,1,0,0),(52,1,1014,1,0,0),(52,1,1016,1,0,0),(53,1,21,1,0,0),(53,1,151,1,0,0),(53,1,1014,1,0,0),(53,1,1016,1,0,0),(54,1,21,1,0,0),(54,1,151,1,0,0),(54,1,1014,1,0,0),(54,1,1016,1,0,0),(55,1,21,1,0,0),(55,1,151,1,0,0),(55,1,1014,1,0,0),(55,1,1016,1,0,0),(56,1,21,1,0,0),(56,1,151,1,0,0),(56,1,1014,1,0,0),(56,1,1016,1,0,0),(57,1,21,1,0,0),(57,1,151,1,0,0),(57,1,1014,1,0,0),(57,1,1016,1,0,0),(58,1,21,1,9,0),(58,1,151,1,0,0),(58,1,1014,1,0,0),(58,1,1016,1,0,0),(59,1,21,1,0,0),(59,1,151,1,0,0),(59,1,1014,1,0,0),(59,1,1016,1,0,0),(60,1,21,1,0,0),(60,1,151,1,0,0),(60,1,1014,1,100,0),(60,1,1016,1,0,0),(61,1,21,1,0,0),(61,1,151,1,0,0),(61,1,1014,1,0,0),(61,1,1016,1,0,0),(62,1,21,1,0,0),(62,1,151,1,0,0),(62,1,1014,1,89,0),(62,1,1016,1,124,0),(63,1,21,1,0,0),(63,1,151,1,0,0),(63,1,1014,1,91,0),(63,1,1016,1,124,0),(64,1,21,1,0,0),(64,1,151,1,0,0),(64,1,1014,1,88,0),(64,1,1016,1,124,0),(65,1,21,1,0,0),(65,1,151,1,0,0),(65,1,1014,1,88,0),(65,1,1016,1,124,0),(66,1,21,1,0,0),(66,1,151,1,0,0),(66,1,1014,1,0,0),(66,1,1016,1,0,0),(67,1,21,1,0,0),(67,1,151,1,0,0),(67,1,1014,1,0,0),(67,1,1016,1,0,0),(68,1,21,1,0,0),(68,1,151,1,0,0),(68,1,1014,1,0,0),(68,1,1016,1,0,0),(69,1,21,1,0,0),(69,1,151,1,0,0),(69,1,1014,1,0,0),(69,1,1016,1,0,0),(70,1,21,1,0,0),(70,1,151,1,0,0),(70,1,1014,1,0,0),(70,1,1016,1,0,0),(71,1,21,1,0,0),(71,1,151,1,0,0),(71,1,1014,1,0,0),(71,1,1016,1,0,0),(72,1,21,1,0,0),(72,1,151,1,0,0),(72,1,1014,1,0,0),(72,1,1016,1,0,0),(72,1,1021,1,0,0),(73,1,21,1,0,0),(73,1,151,1,0,0),(73,1,1014,1,0,0),(73,1,1016,1,0,0),(74,1,21,1,0,0),(74,1,151,1,0,0),(74,1,1014,1,0,0),(74,1,1016,1,0,0),(74,1,1021,1,0,0),(75,1,21,1,0,0),(75,1,151,1,0,0),(75,1,1014,1,0,0),(75,1,1016,1,0,0),(76,1,21,1,0,0),(76,1,151,1,0,0),(76,1,1014,1,0,0),(76,1,1016,1,0,0),(77,1,21,1,0,0),(77,1,151,1,0,0),(77,1,1014,1,0,0),(77,1,1016,1,0,0),(78,1,21,1,0,0),(78,1,151,1,0,0),(78,1,1014,1,0,0),(78,1,1016,1,0,0),(79,1,21,1,0,0),(79,1,151,1,0,0),(79,1,1014,1,0,0),(79,1,1016,1,0,0),(80,1,21,1,0,0),(80,1,151,1,0,0),(80,1,1014,1,0,0),(80,1,1016,1,0,0),(81,1,21,1,0,0),(81,1,151,1,0,0),(81,1,1014,1,0,0),(81,1,1016,1,0,0),(82,1,21,1,0,0),(82,1,151,1,0,0),(82,1,1014,1,0,0),(82,1,1016,1,0,0),(83,1,21,1,0,0),(83,1,151,1,0,0),(83,1,1014,1,0,0),(83,1,1016,1,0,0),(84,1,21,1,0,0),(84,1,151,1,0,0),(84,1,1014,1,0,0),(84,1,1016,1,0,0),(85,1,21,1,0,0),(85,1,151,1,0,0),(85,1,1014,1,0,0),(85,1,1016,1,0,0),(85,1,1021,1,0,0),(86,1,21,1,0,0),(86,1,151,1,0,0),(86,1,1014,1,0,0),(86,1,1016,1,0,0),(87,1,21,1,0,0),(87,1,151,1,0,0),(87,1,1014,1,0,0),(87,1,1016,1,0,0),(88,1,21,1,0,0),(88,1,151,1,0,0),(88,1,1014,1,0,0),(88,1,1016,1,0,0),(89,1,21,1,0,0),(89,1,151,1,0,0),(89,1,1014,1,0,0),(89,1,1016,1,0,0),(90,1,21,1,0,0),(90,1,151,1,0,0),(90,1,1014,1,0,0),(90,1,1016,1,0,0),(91,1,21,1,0,0),(91,1,151,1,0,0),(91,1,1014,1,0,0),(91,1,1016,1,0,0),(92,1,21,1,0,0),(92,1,151,1,0,0),(92,1,1014,1,0,0),(92,1,1016,1,0,0),(93,1,21,1,0,0),(93,1,151,1,0,0),(93,1,1014,1,0,0),(93,1,1016,1,0,0),(94,1,21,1,0,0),(94,1,151,1,0,0),(94,1,1014,1,0,0),(94,1,1016,1,0,0),(95,1,21,1,0,0),(95,1,151,1,0,0),(96,1,21,1,0,0),(96,1,151,1,0,0),(96,1,1014,1,0,0),(96,1,1016,1,0,0),(97,1,21,1,0,0),(97,1,151,1,0,0),(97,1,1014,1,0,0),(97,1,1016,1,0,0),(98,1,21,1,0,0),(98,1,151,1,0,0),(98,1,1014,1,0,0),(98,1,1016,1,0,0),(99,1,21,1,0,0),(99,1,151,1,0,0),(99,1,1014,1,0,0),(99,1,1016,1,0,0),(102,1,21,1,0,0),(102,1,151,1,0,0),(102,1,1014,1,0,0),(102,1,1016,1,0,0),(103,1,21,1,0,0),(103,1,151,1,0,0),(103,1,1014,1,0,0),(103,1,1016,1,0,0),(104,1,21,1,0,0),(104,1,151,1,0,0),(104,1,1014,1,0,0),(104,1,1016,1,0,0),(105,1,21,1,0,0),(105,1,151,1,0,0),(105,1,1014,1,0,0),(105,1,1016,1,0,0),(106,1,21,1,0,0),(106,1,151,1,0,0),(106,1,1014,1,0,0),(106,1,1016,1,0,0),(107,1,21,1,0,0),(107,1,151,1,0,0),(107,1,1014,1,0,0),(107,1,1016,1,0,0),(108,1,21,1,0,0),(108,1,151,1,0,0),(108,1,1014,1,0,0),(108,1,1016,1,0,0),(109,1,21,1,0,0),(109,1,151,1,0,0),(109,1,1014,1,0,0),(109,1,1016,1,0,0),(1,1,1014,1,101,1),(2,1,1014,1,91,1),(2,1,1016,1,126,1),(3,1,1014,1,88,1),(3,1,1016,1,125,1),(4,1,1014,1,93,1),(4,1,1016,1,126,1),(5,1,1014,1,99,1),(5,1,1016,1,125,1),(6,1,1014,1,93,1),(6,1,1016,1,125,1),(7,1,1014,1,93,1),(7,1,1016,1,125,1),(9,1,1014,1,91,1),(43,1,1014,1,100,1),(49,1,1014,1,95,1),(49,1,1016,1,125,1),(60,1,1014,1,101,1),(62,1,1014,1,93,1),(62,1,1016,1,125,1),(63,1,1014,1,93,1),(63,1,1016,1,125,1),(64,1,1014,1,89,1),(64,1,1016,1,125,1),(65,1,1014,1,89,1),(65,1,1016,1,125,1),(2,1,1014,1,92,2),(3,1,1014,1,89,2),(3,1,1016,1,126,2),(4,1,1014,1,100,2),(5,1,1014,1,103,2),(5,1,1016,1,126,2),(6,1,1014,1,100,2),(6,1,1016,1,126,2),(7,1,1014,1,100,2),(7,1,1016,1,126,2),(9,1,1014,1,92,2),(43,1,1014,1,101,2),(49,1,1014,1,97,2),(49,1,1016,1,126,2),(62,1,1014,1,100,2),(62,1,1016,1,126,2),(63,1,1014,1,98,2),(63,1,1016,1,126,2),(64,1,1014,1,90,2),(64,1,1016,1,126,2),(65,1,1014,1,90,2),(65,1,1016,1,126,2),(2,1,1014,1,93,3),(3,1,1014,1,90,3),(4,1,1014,1,101,3),(5,1,1014,1,104,3),(6,1,1014,1,101,3),(7,1,1014,1,101,3),(9,1,1014,1,93,3),(43,1,1014,1,128,3),(49,1,1014,1,99,3),(62,1,1014,1,101,3),(63,1,1014,1,100,3),(64,1,1014,1,94,3),(65,1,1014,1,94,3),(3,1,1014,1,91,4),(4,1,1014,1,107,4),(5,1,1014,1,105,4),(6,1,1014,1,102,4),(7,1,1014,1,102,4),(49,1,1014,1,113,4),(62,1,1014,1,107,4),(63,1,1014,1,106,4),(3,1,1014,1,92,5),(7,1,1014,1,127,5);

--
-- Table structure for table `ngn_articles_file`
--

CREATE TABLE `ngn_articles_file` (
  `type_id` int(11) NOT NULL AUTO_INCREMENT,
  `type_name` varchar(200) NOT NULL DEFAULT '',
  `type_extension` varchar(200) NOT NULL DEFAULT '',
  `type_type` varchar(200) NOT NULL DEFAULT '',
  `type_enable` int(11) NOT NULL DEFAULT 0,
  `type_photo` varchar(200) NOT NULL DEFAULT '',
  PRIMARY KEY (`type_id`)
) ENGINE=InnoDB DEFAULT CHARSET=utf8;

--
-- Dumping data for table `ngn_articles_file`
--


--
-- Table structure for table `ngn_articles_files`
--

CREATE TABLE `ngn_articles_files` (
  `file_id` int(11) NOT NULL AUTO_INCREMENT,
  `news_id` int(11) NOT NULL DEFAULT 0,
  `file_type` int(11) NOT NULL DEFAULT 0,
  `file_group` int(11) NOT NULL,
  `file_size` int(11) NOT NULL DEFAULT 0,
  `file_list` int(11) NOT NULL DEFAULT 1,
  `file_file` varchar(100) NOT NULL DEFAULT '',
  `file_original_name` varchar(200) NOT NULL DEFAULT '0',
  `file_createdate` datetime NOT NULL,
  `file_showdate` datetime NOT NULL,
  `file_hidedate` datetime NOT NULL,
  `file_hide` smallint(1) NOT NULL,
  `file_owner` int(11) NOT NULL,
  `file_order` int(11) NOT NULL,
  PRIMARY KEY (`file_id`),
  KEY `news_id` (`news_id`),
  KEY `file_type` (`file_type`),
  KEY `file_createdate` (`file_createdate`),
  KEY `file_owner` (`file_owner`),
  KEY `file_group` (`file_group`),
  KEY `file_showdate` (`file_showdate`),
  KEY `file_hidedate` (`file_hidedate`),
  KEY `file_hide` (`file_hide`),
  KEY `file_order` (`file_order`)
) ENGINE=InnoDB DEFAULT CHARSET=utf8;

--
-- Dumping data for table `ngn_articles_files`
--


--
-- Table structure for table `ngn_articles_files_groups`
--

CREATE TABLE `ngn_articles_files_groups` (
  `group_id` int(11) NOT NULL AUTO_INCREMENT,
  `group_photo` varchar(50) NOT NULL,
  `group_enable` int(11) NOT NULL DEFAULT 0,
  `group_order` int(11) NOT NULL,
  PRIMARY KEY (`group_id`)
) ENGINE=InnoDB DEFAULT CHARSET=utf8;

--
-- Dumping data for table `ngn_articles_files_groups`
--


--
-- Table structure for table `ngn_articles_files_groups_language`
--

CREATE TABLE `ngn_articles_files_groups_language` (
  `group_id` int(11) NOT NULL,
  `language_id` int(11) NOT NULL DEFAULT 0,
  `editdate` datetime NOT NULL,
  `language_name` varchar(200) DEFAULT NULL,
  PRIMARY KEY (`group_id`,`language_id`),
  KEY `language_id` (`language_id`),
  KEY `editdate` (`editdate`)
) ENGINE=InnoDB DEFAULT CHARSET=utf8;

--
-- Dumping data for table `ngn_articles_files_groups_language`
--


--
-- Table structure for table `ngn_articles_files_language`
--

CREATE TABLE `ngn_articles_files_language` (
  `file_id` int(11) NOT NULL,
  `language_id` int(11) NOT NULL DEFAULT 0,
  `editdate` datetime NOT NULL,
  `enable` int(11) NOT NULL,
  `approved` int(1) NOT NULL DEFAULT 0,
  `language_name` varchar(200) DEFAULT NULL,
  `language_description` text DEFAULT NULL,
  `language_meta` text DEFAULT NULL,
  `language_keywords` varchar(100) DEFAULT NULL,
  `language_url` varchar(100) DEFAULT NULL,
  `language_photo` varchar(100) NOT NULL DEFAULT '',
  PRIMARY KEY (`file_id`,`language_id`),
  KEY `language_id` (`language_id`),
  KEY `editdate` (`editdate`),
  CONSTRAINT `ngn_articles_files_language_ibfk_1` FOREIGN KEY (`file_id`) REFERENCES `ngn_articles_files` (`file_id`) ON DELETE CASCADE ON UPDATE CASCADE
) ENGINE=InnoDB DEFAULT CHARSET=utf8;

--
-- Dumping data for table `ngn_articles_files_language`
--


--
-- Table structure for table `ngn_articles_gallery`
--

CREATE TABLE `ngn_articles_gallery` (
  `gallery_id` int(11) NOT NULL AUTO_INCREMENT,
  `news_id` int(11) NOT NULL,
  `gallery_template` int(11) NOT NULL,
  PRIMARY KEY (`gallery_id`)
) ENGINE=InnoDB DEFAULT CHARSET=utf8;

--
-- Dumping data for table `ngn_articles_gallery`
--


--
-- Table structure for table `ngn_articles_gallery_photo`
--

CREATE TABLE `ngn_articles_gallery_photo` (
  `gallery_id` int(11) NOT NULL,
  `photo_id` int(11) NOT NULL,
  `position` int(11) NOT NULL,
  PRIMARY KEY (`gallery_id`,`photo_id`,`position`)
) ENGINE=InnoDB DEFAULT CHARSET=utf8;

--
-- Dumping data for table `ngn_articles_gallery_photo`
--


--
-- Table structure for table `ngn_articles_groups`
--

CREATE TABLE `ngn_articles_groups` (
  `group_id` int(11) NOT NULL AUTO_INCREMENT,
  `group_var` varchar(50) NOT NULL,
  PRIMARY KEY (`group_id`)
) ENGINE=InnoDB AUTO_INCREMENT=55 DEFAULT CHARSET=utf8;

--
-- Dumping data for table `ngn_articles_groups`
--

INSERT INTO `ngn_articles_groups` VALUES (10,'status'),(11,'_14'),(12,'_13'),(13,'_12'),(14,'_11'),(15,'_10'),(16,'_9'),(17,'_8'),(18,'_7'),(19,'_6'),(20,'pricing'),(24,'_5'),(25,'_4'),(26,'_3'),(27,'_2'),(50,'additional_data'),(51,'menu'),(52,'custom_article_description'),(53,'oil_data'),(54,'');

--
-- Table structure for table `ngn_articles_groups_atribute`
--

CREATE TABLE `ngn_articles_groups_atribute` (
  `id` int(11) NOT NULL AUTO_INCREMENT,
  `group_id` int(11) NOT NULL,
  `atribute_id` int(11) NOT NULL,
  `position` int(11) NOT NULL,
  PRIMARY KEY (`id`),
  KEY `group_id` (`group_id`),
  KEY `atribute_id` (`atribute_id`),
  CONSTRAINT `ngn_articles_groups_atribute_ibfk_1` FOREIGN KEY (`group_id`) REFERENCES `ngn_articles_groups` (`group_id`) ON DELETE CASCADE ON UPDATE CASCADE
) ENGINE=InnoDB AUTO_INCREMENT=1024 DEFAULT CHARSET=utf8;

--
-- Dumping data for table `ngn_articles_groups_atribute`
--

INSERT INTO `ngn_articles_groups_atribute` VALUES (21,10,21,0),(33,10,26,7),(35,10,27,10),(36,10,25,6),(38,10,29,11),(39,10,30,13),(40,10,31,9),(41,10,32,1),(42,11,33,0),(43,11,34,1),(44,11,35,2),(45,17,36,0),(46,17,37,2),(47,17,38,1),(48,14,45,0),(49,14,47,2),(50,14,46,1),(51,14,48,3),(52,14,49,4),(53,14,50,5),(54,14,52,6),(55,14,51,7),(56,14,53,8),(57,14,54,14),(58,14,55,15),(59,14,56,16),(60,15,57,1),(61,15,58,3),(62,15,59,5),(63,15,60,8),(65,18,63,1),(66,18,62,2),(67,16,64,0),(68,16,65,1),(69,16,66,2),(70,16,67,3),(71,13,43,0),(72,13,44,1),(73,15,68,0),(100,20,71,4),(101,20,74,0),(102,20,76,9),(103,20,75,10),(104,20,61,1),(116,20,69,2),(117,20,70,3),(118,19,77,0),(119,19,78,1),(124,14,81,9),(125,14,82,10),(126,14,83,11),(127,14,84,12),(142,19,97,2),(143,20,98,5),(144,24,69,0),(145,24,70,1),(146,24,71,2),(147,24,98,3),(148,20,99,11),(151,10,39,16),(152,26,36,0),(153,26,37,2),(154,26,38,1),(155,27,100,0),(156,11,102,3),(157,15,103,9),(158,20,104,7),(159,18,105,0),(160,20,106,6),(161,15,107,6),(162,15,108,2),(163,11,109,4),(164,10,110,14),(165,10,111,15),(166,15,112,7),(167,15,113,4),(168,14,114,13),(169,19,115,3),(170,19,116,4),(171,20,117,8),(172,10,118,12),(173,10,119,5),(174,10,120,2),(175,10,121,4),(176,10,122,3),(177,20,123,5),(178,14,126,19),(179,14,125,18),(180,14,124,17),(1000,50,251,4),(1001,50,250,3),(1002,51,250,3),(1003,51,251,4),(1004,51,252,5),(1005,50,253,1),(1006,51,253,1),(1007,50,254,6),(1008,52,255,1),(1009,52,256,0),(1010,50,257,2),(1011,51,258,6),(1012,51,259,2),(1013,53,261,1),(1014,53,260,0),(1015,50,262,5),(1016,53,263,2),(1017,53,264,3),(1018,51,265,7),(1019,51,266,0),(1020,50,267,0),(1022,10,269,8),(1023,54,270,0);

--
-- Table structure for table `ngn_articles_groups_language`
--

CREATE TABLE `ngn_articles_groups_language` (
  `group_id` int(11) NOT NULL,
  `language_id` int(11) NOT NULL DEFAULT 0,
  `editdate` datetime NOT NULL,
  `enable` int(11) NOT NULL,
  `approved` int(1) NOT NULL DEFAULT 0,
  `language_name` varchar(200) DEFAULT NULL,
  `language_description` text DEFAULT NULL,
  `language_meta` text DEFAULT NULL,
  `language_keywords` varchar(100) DEFAULT NULL,
  `language_url` varchar(100) DEFAULT NULL,
  `language_photo` varchar(100) NOT NULL DEFAULT '',
  PRIMARY KEY (`group_id`,`language_id`),
  KEY `language_id` (`language_id`),
  KEY `atribute_id` (`group_id`),
  KEY `editdate` (`editdate`)
) ENGINE=InnoDB DEFAULT CHARSET=utf8;

--
-- Dumping data for table `ngn_articles_groups_language`
--

INSERT INTO `ngn_articles_groups_language` VALUES (9,1,'0000-00-00 00:00:00',0,0,'AB potrjen','',NULL,NULL,NULL,''),(9,2,'0000-00-00 00:00:00',0,0,'AB potrjen','',NULL,NULL,NULL,''),(10,1,'2020-07-01 08:56:34',0,1,'Status artikla','',NULL,NULL,NULL,''),(10,2,'2023-03-13 08:37:58',0,1,'Status artikla','',NULL,NULL,NULL,''),(11,1,'0000-00-00 00:00:00',0,1,'Najemna/serijska številka','',NULL,NULL,NULL,''),(11,2,'0000-00-00 00:00:00',0,1,'Najemna/serijska številka','',NULL,NULL,NULL,''),(12,1,'0000-00-00 00:00:00',0,1,'Klasifikacija','',NULL,NULL,NULL,''),(12,2,'0000-00-00 00:00:00',0,1,'Klasifikacija','',NULL,NULL,NULL,''),(13,1,'0000-00-00 00:00:00',0,1,'Datumi pregledov','',NULL,NULL,NULL,''),(13,2,'0000-00-00 00:00:00',0,1,'Datumi pregledov','',NULL,NULL,NULL,''),(14,1,'0000-00-00 00:00:00',0,1,'Vodenje zaloge / predlog naročila','',NULL,NULL,NULL,''),(14,2,'0000-00-00 00:00:00',0,1,'Vodenje zaloge / predlog naročila','',NULL,NULL,NULL,''),(15,1,'0000-00-00 00:00:00',0,1,'Besedilo in šifra za naročanje','',NULL,NULL,NULL,''),(15,2,'0000-00-00 00:00:00',0,1,'Besedilo in šifra za naročanje','',NULL,NULL,NULL,''),(16,1,'0000-00-00 00:00:00',0,1,'Optimizacija razreza','',NULL,NULL,NULL,''),(16,2,'0000-00-00 00:00:00',0,1,'Optimizacija razreza','',NULL,NULL,NULL,''),(17,1,'0000-00-00 00:00:00',0,1,'Finančno knjigovodstvo','',NULL,NULL,NULL,''),(17,2,'0000-00-00 00:00:00',0,1,'Finančno knjigovodstvo','',NULL,NULL,NULL,''),(18,1,'0000-00-00 00:00:00',0,1,'Posebno formatiranje v naročilih','',NULL,NULL,NULL,''),(18,2,'0000-00-00 00:00:00',0,1,'Posebno formatiranje v naročilih','',NULL,NULL,NULL,''),(19,1,'0000-00-00 00:00:00',0,1,'Skriti atributi','',NULL,NULL,NULL,''),(19,2,'0000-00-00 00:00:00',0,1,'Skriti atributi','',NULL,NULL,NULL,''),(20,1,'0000-00-00 00:00:00',0,1,'Cenik','',NULL,NULL,NULL,''),(20,2,'0000-00-00 00:00:00',0,1,'Cenik','',NULL,NULL,NULL,''),(21,1,'0000-00-00 00:00:00',0,0,'TestG','',NULL,NULL,NULL,''),(21,2,'0000-00-00 00:00:00',0,0,'TestG','',NULL,NULL,NULL,''),(22,1,'0000-00-00 00:00:00',0,0,'TT123','',NULL,NULL,NULL,''),(22,2,'0000-00-00 00:00:00',0,0,'TT123','',NULL,NULL,NULL,''),(23,1,'0000-00-00 00:00:00',0,0,'TEST','',NULL,NULL,NULL,''),(23,2,'0000-00-00 00:00:00',0,0,'TEST','',NULL,NULL,NULL,''),(24,1,'0000-00-00 00:00:00',0,1,'Cenik - Item','',NULL,NULL,NULL,''),(24,2,'0000-00-00 00:00:00',0,1,'Cenik - Item','',NULL,NULL,NULL,''),(25,1,'0000-00-00 00:00:00',0,1,'Tipi cenikov','',NULL,NULL,NULL,''),(25,2,'0000-00-00 00:00:00',0,1,'Tipi cenikov','',NULL,NULL,NULL,''),(26,1,'0000-00-00 00:00:00',0,1,'Finančno knjigovodstvo','',NULL,NULL,NULL,''),(26,2,'0000-00-00 00:00:00',0,1,'Finančno knjigovodstvo','',NULL,NULL,NULL,''),(27,1,'0000-00-00 00:00:00',0,1,'Tip cenika','',NULL,NULL,NULL,''),(27,2,'0000-00-00 00:00:00',0,1,'Tip cenika','',NULL,NULL,NULL,''),(50,1,'2023-01-16 08:56:43',0,1,'Dodatni podatki','',NULL,NULL,NULL,''),(50,2,'2022-08-18 13:19:20',0,1,'Dodatni podatki','',NULL,NULL,NULL,''),(51,1,'2022-10-27 14:39:08',0,1,'Nastavitve menija','',NULL,NULL,NULL,''),(51,2,'2022-08-18 13:19:41',0,1,'Nastavitve menija','',NULL,NULL,NULL,''),(52,1,'2022-08-24 08:51:52',0,1,'Opis artikla','',NULL,NULL,NULL,''),(52,2,'2022-08-24 08:51:54',0,1,'Opis artikla','',NULL,NULL,NULL,''),(53,1,'2022-09-22 09:15:36',0,1,'Podatki za olja','',NULL,NULL,NULL,''),(53,2,'2022-10-20 11:04:08',0,1,'Oil data','',NULL,NULL,NULL,''),(54,1,'2023-06-01 15:41:10',0,1,'Shop grid','',NULL,NULL,NULL,''),(54,2,'0000-00-00 00:00:00',0,0,'','','','','','');

--
-- Table structure for table `ngn_articles_item`
--

CREATE TABLE `ngn_articles_item` (
  `item_id` int(11) NOT NULL AUTO_INCREMENT,
  `item_category` int(11) NOT NULL,
  `news_id` int(11) NOT NULL DEFAULT 0,
  `item_order` int(11) NOT NULL,
  `item_createdate` datetime DEFAULT NULL,
  `item_showdate` datetime DEFAULT NULL,
  `item_editdate` datetime NOT NULL,
  `item_hidedate` datetime NOT NULL,
  `item_hide` tinyint(1) NOT NULL,
  `item_enable` int(11) NOT NULL DEFAULT 0,
  `item_photo1` varchar(100) NOT NULL,
  `item_photo2` varchar(100) NOT NULL,
  `item_viewed` int(11) NOT NULL DEFAULT 0,
  PRIMARY KEY (`item_id`),
  KEY `item_category` (`item_category`),
  KEY `item_category_2` (`item_category`),
  KEY `news_id` (`news_id`),
  KEY `item_enable` (`item_enable`)
) ENGINE=InnoDB AUTO_INCREMENT=103 DEFAULT CHARSET=utf8;

--
-- Dumping data for table `ngn_articles_item`
--

INSERT INTO `ngn_articles_item` VALUES (8,42,8,0,'2022-03-30 15:22:46','2022-03-30 15:22:46','2022-03-30 15:22:46','2022-03-30 15:22:46',0,1,'','',0),(10,42,12,0,'2022-08-11 11:30:11','2022-08-11 11:30:11','2022-08-11 11:30:11','2022-08-11 11:30:11',0,1,'','',0),(11,42,13,0,'2022-08-11 11:31:55','2022-08-11 11:31:55','2022-08-11 11:31:55','2022-08-11 11:31:55',0,1,'','',0),(12,42,14,0,'2022-08-11 11:35:14','2022-08-11 11:35:14','2022-08-11 11:35:14','2022-08-11 11:35:14',0,1,'','',0),(13,42,15,0,'2022-08-11 11:37:08','2022-08-11 11:37:08','2022-08-11 11:37:08','2022-08-11 11:37:08',0,1,'','',0),(14,42,16,0,'2022-08-11 11:51:52','2022-08-11 11:51:52','2022-08-11 11:51:52','2022-08-11 11:51:52',0,1,'','',0),(15,42,17,0,'2022-08-11 11:54:05','2022-08-11 11:54:05','2022-08-11 11:54:05','2022-08-11 11:54:05',0,1,'','',0),(16,42,18,0,'2022-08-11 11:55:01','2022-08-11 11:55:01','2022-08-11 11:55:01','2022-08-11 11:55:01',0,1,'','',0),(17,42,19,0,'2022-08-11 11:55:46','2022-08-11 11:55:46','2022-08-11 11:55:46','2022-08-11 11:55:46',0,1,'','',0),(18,42,20,0,'2022-08-11 11:56:27','2022-08-11 11:56:27','2022-08-11 11:56:27','2022-08-11 11:56:27',0,1,'','',0),(19,42,21,0,'2022-08-11 11:57:41','2022-08-11 11:57:41','2022-08-11 11:57:41','2022-08-11 11:57:41',0,1,'','',0),(20,42,22,0,'2022-08-11 11:58:48','2022-08-11 11:58:48','2022-08-11 11:58:48','2022-08-11 11:58:48',0,1,'','',0),(21,42,23,0,'2022-08-11 11:59:30','2022-08-11 11:59:30','2022-08-11 11:59:30','2022-08-11 11:59:30',0,1,'','',0),(22,42,11,0,'2022-08-11 12:00:26','2022-08-11 12:00:26','2022-08-11 12:00:26','2022-08-11 12:00:26',0,1,'','',0),(23,42,24,0,'2022-08-11 12:03:41','2022-08-11 12:03:41','2022-08-11 12:03:41','2022-08-11 12:03:41',0,1,'','',0),(24,42,25,0,'2022-08-11 13:49:53','2022-08-11 13:49:53','2022-08-11 13:49:53','2022-08-11 13:49:53',0,1,'','',0),(25,42,26,0,'2022-08-11 13:53:43','2022-08-11 13:53:43','2022-08-11 13:53:43','2022-08-11 13:53:43',0,1,'','',0),(26,42,27,0,'2022-08-11 13:54:34','2022-08-11 13:54:34','2022-08-11 13:54:34','2022-08-11 13:54:34',0,1,'','',0),(27,42,28,0,'2022-08-11 13:55:30','2022-08-11 13:55:30','2022-08-11 13:55:30','2022-08-11 13:55:30',0,1,'','',0),(28,42,29,0,'2022-08-11 13:56:18','2022-08-11 13:56:18','2022-08-11 13:56:18','2022-08-11 13:56:18',0,1,'','',0),(29,42,30,0,'2022-08-11 13:57:04','2022-08-11 13:57:04','2022-08-11 13:57:04','2022-08-11 13:57:04',0,1,'','',0),(30,42,31,0,'2022-08-11 13:57:58','2022-08-11 13:57:58','2022-08-11 13:57:58','2022-08-11 13:57:58',0,1,'','',0),(31,42,32,0,'2022-08-11 13:58:41','2022-08-11 13:58:41','2022-08-11 13:58:41','2022-08-11 13:58:41',0,1,'','',0),(32,42,33,0,'2022-08-11 13:59:29','2022-08-11 13:59:29','2022-08-11 13:59:29','2022-08-11 13:59:29',0,1,'','',0),(33,42,34,0,'2022-08-18 14:21:25','2022-08-18 14:21:25','2022-08-18 14:21:25','2022-08-18 14:21:25',0,1,'','',0),(34,42,35,0,'2022-08-18 14:22:35','2022-08-18 14:22:35','2022-08-18 14:22:35','2022-08-18 14:22:35',0,1,'','',0),(35,42,36,0,'2022-08-18 14:23:21','2022-08-18 14:23:21','2022-08-18 14:23:21','2022-08-18 14:23:21',0,1,'','',0),(36,42,37,0,'2022-08-24 11:08:53','2022-08-24 11:08:53','2022-08-24 11:08:53','2022-08-24 11:08:53',0,1,'','',0),(37,42,38,0,'2022-08-24 11:10:01','2022-08-24 11:10:01','2022-08-24 11:10:01','2022-08-24 11:10:01',0,1,'','',0),(38,42,39,0,'2022-08-24 11:11:00','2022-08-24 11:11:00','2022-08-24 11:11:00','2022-08-24 11:11:00',0,1,'','',0),(39,42,40,0,'2022-08-24 11:13:13','2022-08-24 11:13:13','2022-08-24 11:13:13','2022-08-24 11:13:13',0,1,'','',0),(40,42,41,0,'2022-08-24 11:14:14','2022-08-24 11:14:14','2022-08-24 11:14:14','2022-08-24 11:14:14',0,1,'','',0),(41,42,42,0,'2022-08-24 11:15:00','2022-08-24 11:15:00','2022-08-24 11:15:00','2022-08-24 11:15:00',0,1,'','',0),(42,42,44,0,'2022-08-24 11:17:30','2022-08-24 11:17:30','2022-08-24 11:17:30','2022-08-24 11:17:30',0,1,'','',0),(43,42,45,0,'2022-08-24 11:20:30','2022-08-24 11:20:30','2022-08-24 11:20:30','2022-08-24 11:20:30',0,1,'','',0),(44,42,46,0,'2022-08-24 11:21:34','2022-08-24 11:21:34','2022-08-24 11:21:34','2022-08-24 11:21:34',0,1,'','',0),(45,42,47,0,'2022-08-24 11:24:18','2022-08-24 11:24:18','2022-08-24 11:24:18','2022-08-24 11:24:18',0,1,'','',0),(46,42,48,0,'2022-08-24 11:25:01','2022-08-24 11:25:01','2022-08-24 11:25:01','2022-08-24 11:25:01',0,1,'','',0),(47,42,50,0,'2022-08-24 11:27:46','2022-08-24 11:27:46','2022-08-24 11:27:46','2022-08-24 11:27:46',0,1,'','',0),(48,42,51,0,'2022-08-24 11:28:43','2022-08-24 11:28:43','2022-08-24 11:28:43','2022-08-24 11:28:43',0,1,'','',0),(49,42,52,0,'2022-08-24 11:30:21','2022-08-24 11:30:21','2022-08-24 11:30:21','2022-08-24 11:30:21',0,1,'','',0),(50,42,53,0,'2022-08-24 11:31:06','2022-08-24 11:31:06','2022-08-24 11:31:06','2022-08-24 11:31:06',0,1,'','',0),(51,42,54,0,'2022-08-24 11:32:42','2022-08-24 11:32:42','2022-08-24 11:32:42','2022-08-24 11:32:42',0,1,'','',0),(52,42,55,0,'2022-08-24 11:33:28','2022-08-24 11:33:28','2022-08-24 11:33:28','2022-08-24 11:33:28',0,1,'','',0),(53,42,56,0,'2022-08-24 11:35:02','2022-08-24 11:35:02','2022-08-24 11:35:02','2022-08-24 11:35:02',0,1,'','',0),(54,42,57,0,'2022-08-24 11:35:45','2022-08-24 11:35:45','2022-08-24 11:35:45','2022-08-24 11:35:45',0,1,'','',0),(55,42,58,0,'2022-08-24 11:43:18','2022-08-24 11:43:18','2022-08-24 11:43:18','2022-08-24 11:43:18',0,1,'','',0),(56,42,59,0,'2022-08-24 11:44:04','2022-08-24 11:44:04','2022-08-24 11:44:04','2022-08-24 11:44:04',0,1,'','',0),(58,42,61,0,'2022-08-24 11:47:58','2022-08-24 11:47:58','2022-08-24 11:47:58','2022-08-24 11:47:58',0,1,'','',0),(59,42,65,0,'2022-08-24 14:16:03','2022-08-24 14:16:03','2022-08-24 14:16:03','2022-08-24 14:16:03',0,1,'','',0),(60,42,66,0,'2022-08-24 14:17:28','2022-08-24 14:17:28','2022-08-24 14:17:28','2022-08-24 14:17:28',0,1,'','',0),(61,42,67,0,'2022-08-24 14:18:25','2022-08-24 14:18:25','2022-08-24 14:18:25','2022-08-24 14:18:25',0,1,'','',0),(62,42,68,0,'2022-08-24 14:19:42','2022-08-24 14:19:42','2022-08-24 14:19:42','2022-08-24 14:19:42',0,1,'','',0),(63,42,69,0,'2022-08-24 14:20:44','2022-08-24 14:20:44','2022-08-24 14:20:44','2022-08-24 14:20:44',0,1,'','',0),(64,42,70,0,'2022-08-24 14:24:52','2022-08-24 14:24:52','2022-08-24 14:24:52','2022-08-24 14:24:52',0,1,'','',0),(65,42,71,0,'2022-08-24 14:25:54','2022-08-24 14:25:54','2022-08-24 14:25:54','2022-08-24 14:25:54',0,1,'','',0),(66,42,72,0,'2022-10-13 15:27:00','2022-10-13 15:27:00','2022-10-13 15:27:00','2022-10-13 15:27:00',0,1,'','',0),(67,42,73,0,'2022-10-17 09:22:08','2022-10-17 09:22:08','2022-10-17 09:22:08','2022-10-17 09:22:08',0,1,'','',0),(68,42,60,0,'2022-10-17 09:43:22','2022-10-17 09:43:22','2022-10-17 09:43:22','2022-10-17 09:43:22',0,1,'','',0),(69,42,74,0,'2022-10-17 11:24:24','2022-10-17 11:24:24','2022-10-17 11:24:24','2022-10-17 11:24:24',0,1,'','',0),(70,42,75,0,'2022-10-21 15:24:10','2022-10-21 15:24:10','2022-10-21 15:24:10','2022-10-21 15:24:10',0,1,'','',0),(71,42,76,0,'2022-10-21 15:26:22','2022-10-21 15:26:22','2022-10-21 15:26:22','2022-10-21 15:26:22',0,1,'','',0),(72,42,77,0,'2022-10-21 15:28:03','2022-10-21 15:28:03','2022-10-21 15:28:03','2022-10-21 15:28:03',0,1,'','',0),(73,42,78,0,'2022-10-21 15:29:00','2022-10-21 15:29:00','2022-10-21 15:29:00','2022-10-21 15:29:00',0,1,'','',0),(74,42,79,0,'2022-10-21 15:58:25','2022-10-21 15:58:25','2022-10-21 15:58:25','2022-10-21 15:58:25',0,1,'','',0),(75,42,80,0,'2022-10-21 15:59:37','2022-10-21 15:59:37','2022-10-21 15:59:37','2022-10-21 15:59:37',0,1,'','',0),(76,42,81,0,'2022-10-21 16:00:54','2022-10-21 16:00:54','2022-10-21 16:00:54','2022-10-21 16:00:54',0,1,'','',0),(77,42,82,0,'2022-10-25 15:21:08','2022-10-25 15:21:08','2022-10-25 15:21:08','2022-10-25 15:21:08',0,1,'','',0),(78,42,83,0,'2022-10-25 15:23:52','2022-10-25 15:23:52','2022-10-25 15:23:52','2022-10-25 15:23:52',0,1,'','',0),(79,42,85,0,'2022-11-09 11:08:27','2022-11-09 11:08:27','2022-11-09 11:08:27','2022-11-09 11:08:27',0,1,'','',0),(80,42,86,0,'2022-11-09 11:09:18','2022-11-09 11:09:18','2022-11-09 11:09:18','2022-11-09 11:09:18',0,1,'','',0),(81,42,87,0,'2023-01-06 10:06:25','2023-01-06 10:06:25','2023-01-06 10:06:25','2023-01-06 10:06:25',0,1,'','',0),(82,42,88,0,'2023-01-06 10:14:44','2023-01-06 10:14:44','2023-01-06 10:14:44','2023-01-06 10:14:44',0,1,'','',0),(83,42,89,0,'2023-01-06 10:21:22','2023-01-06 10:21:22','2023-01-06 10:21:22','2023-01-06 10:21:22',0,1,'','',0),(84,42,90,0,'2023-01-06 10:46:04','2023-01-06 10:46:04','2023-01-06 10:46:04','2023-01-06 10:46:04',0,1,'','',0),(85,42,91,0,'2023-01-06 10:52:55','2023-01-06 10:52:55','2023-01-06 10:52:55','2023-01-06 10:52:55',0,1,'','',0),(86,42,92,0,'2023-01-06 11:22:43','2023-01-06 11:22:43','2023-01-06 11:22:43','2023-01-06 11:22:43',0,1,'','',0),(87,42,93,0,'2023-01-06 12:11:06','2023-01-06 12:11:06','2023-01-06 12:11:06','2023-01-06 12:11:06',0,1,'','',0),(88,42,94,0,'2023-01-06 12:53:14','2023-01-06 12:53:14','2023-01-06 12:53:14','2023-01-06 12:53:14',0,1,'','',0),(90,42,96,0,'2023-01-06 13:51:38','2023-01-06 13:51:38','2023-01-06 13:51:38','2023-01-06 13:51:38',0,1,'','',0),(91,42,97,0,'2023-01-06 13:57:00','2023-01-06 13:57:00','2023-01-06 13:57:00','2023-01-06 13:57:00',0,1,'','',0),(92,42,98,0,'2023-01-06 14:32:36','2023-01-06 14:32:36','2023-01-06 14:32:36','2023-01-06 14:32:36',0,1,'','',0),(93,42,99,0,'2023-01-06 15:42:30','2023-01-06 15:42:30','2023-01-06 15:42:30','2023-01-06 15:42:30',0,1,'','',0),(94,42,100,0,'2023-01-09 12:02:26','2023-01-09 12:02:26','2023-01-09 12:02:26','2023-01-09 12:02:26',0,1,'','',0),(95,42,102,0,'2023-01-23 15:04:41','2023-01-23 15:04:41','2023-01-23 15:04:41','2023-01-23 15:04:41',0,1,'','',0),(96,42,103,0,'2023-02-07 10:47:55','2023-02-07 10:47:55','2023-02-07 10:47:55','2023-02-07 10:47:55',0,1,'','',0),(97,42,104,0,'2023-02-14 09:56:16','2023-02-14 09:56:16','2023-02-14 09:56:16','2023-02-14 09:56:16',0,1,'','',0),(98,42,105,0,'2023-04-07 14:09:56','2023-04-07 14:09:56','2023-04-07 14:09:56','2023-04-07 14:09:56',0,1,'','',0),(99,42,106,0,'2023-04-24 10:28:25','2023-04-24 10:28:25','2023-04-24 10:28:25','2023-04-24 10:28:25',0,1,'','',0),(100,42,107,0,'2023-05-31 08:20:19','2023-05-31 08:20:19','2023-05-31 08:20:19','2023-05-31 08:20:19',0,1,'','',0),(101,42,108,0,'2023-05-31 08:25:52','2023-05-31 08:25:52','2023-05-31 08:25:52','2023-05-31 08:25:52',0,1,'','',0),(102,42,109,0,'2023-05-31 08:28:32','2023-05-31 08:28:32','2023-05-31 08:28:32','2023-05-31 08:28:32',0,1,'','',0);

--
-- Table structure for table `ngn_articles_item_category`
--

CREATE TABLE `ngn_articles_item_category` (
  `category_id` int(11) NOT NULL AUTO_INCREMENT,
  `category_enable` int(11) DEFAULT NULL,
  `category_createdate` datetime DEFAULT NULL,
  `category_showdate` datetime DEFAULT NULL,
  `category_hidedate` datetime DEFAULT NULL,
  `category_hide` tinyint(1) NOT NULL,
  `category_editdate` datetime DEFAULT NULL,
  `category_position` int(11) DEFAULT NULL,
  `category_parent` int(11) DEFAULT NULL,
  `category_photo` varchar(100) DEFAULT NULL,
  `category_template` int(11) NOT NULL,
  `category_template_news` int(11) NOT NULL,
  PRIMARY KEY (`category_id`),
  KEY `category_enable` (`category_enable`),
  KEY `category_createdate` (`category_createdate`),
  KEY `category_editdate` (`category_editdate`),
  KEY `category_hidedate` (`category_hidedate`),
  KEY `category_showdate` (`category_showdate`),
  KEY `category_createdate_2` (`category_createdate`),
  KEY `category_editdate_2` (`category_editdate`),
  KEY `category_hidedate_2` (`category_hidedate`),
  KEY `category_showdate_2` (`category_showdate`),
  KEY `category_createdate_3` (`category_createdate`),
  KEY `category_editdate_3` (`category_editdate`),
  KEY `category_hidedate_3` (`category_hidedate`),
  KEY `category_showdate_3` (`category_showdate`),
  KEY `category_createdate_4` (`category_createdate`),
  KEY `category_editdate_4` (`category_editdate`),
  KEY `category_hidedate_4` (`category_hidedate`),
  KEY `category_showdate_4` (`category_showdate`),
  KEY `category_createdate_5` (`category_createdate`),
  KEY `category_editdate_5` (`category_editdate`),
  KEY `category_hidedate_5` (`category_hidedate`),
  KEY `category_showdate_5` (`category_showdate`),
  KEY `category_createdate_6` (`category_createdate`),
  KEY `category_editdate_6` (`category_editdate`),
  KEY `category_hidedate_6` (`category_hidedate`),
  KEY `category_showdate_6` (`category_showdate`),
  KEY `category_createdate_7` (`category_createdate`),
  KEY `category_editdate_7` (`category_editdate`),
  KEY `category_hidedate_7` (`category_hidedate`),
  KEY `category_showdate_7` (`category_showdate`),
  KEY `category_createdate_8` (`category_createdate`),
  KEY `category_editdate_8` (`category_editdate`),
  KEY `category_hidedate_8` (`category_hidedate`),
  KEY `category_showdate_8` (`category_showdate`),
  KEY `category_createdate_9` (`category_createdate`),
  KEY `category_editdate_9` (`category_editdate`),
  KEY `category_hidedate_9` (`category_hidedate`),
  KEY `category_showdate_9` (`category_showdate`),
  KEY `category_template` (`category_template`),
  KEY `category_template_news` (`category_template_news`)
) ENGINE=InnoDB AUTO_INCREMENT=44 DEFAULT CHARSET=utf8;

--
-- Dumping data for table `ngn_articles_item_category`
--

INSERT INTO `ngn_articles_item_category` VALUES (13,1,'2015-01-25 21:44:10','0000-00-00 00:00:00','0000-00-00 00:00:00',0,'2015-03-02 17:15:06',0,0,'',0,0),(14,1,'2014-12-18 10:50:44','0000-00-00 00:00:00','0000-00-00 00:00:00',0,'2014-12-18 10:50:45',0,13,'',0,0),(28,1,'2015-03-05 11:30:24',NULL,NULL,0,'2015-03-05 11:30:24',0,1,'',0,0),(42,1,'2015-05-11 10:05:54',NULL,NULL,0,'2019-05-15 14:08:36',0,14,'',0,0),(43,1,'2019-05-15 13:52:31',NULL,NULL,0,'2019-05-15 14:08:40',0,14,'',0,0);

--
-- Table structure for table `ngn_articles_item_category_language`
--

CREATE TABLE `ngn_articles_item_category_language` (
  `category_id` int(11) NOT NULL,
  `language_id` int(11) NOT NULL DEFAULT 0,
  `editdate` datetime NOT NULL,
  `enable` int(11) NOT NULL,
  `approved` int(1) NOT NULL DEFAULT 0,
  `language_name` varchar(200) DEFAULT NULL,
  `language_description` text DEFAULT NULL,
  `language_meta` text DEFAULT NULL,
  `language_keywords` varchar(100) DEFAULT NULL,
  `language_url` varchar(100) DEFAULT NULL,
  `language_photo` varchar(100) NOT NULL DEFAULT '',
  PRIMARY KEY (`category_id`,`language_id`),
  KEY `language_id` (`language_id`),
  KEY `editdate` (`editdate`),
  CONSTRAINT `ngn_articles_item_category_language_ibfk_1` FOREIGN KEY (`category_id`) REFERENCES `ngn_articles_item_category` (`category_id`) ON DELETE CASCADE ON UPDATE CASCADE
) ENGINE=InnoDB DEFAULT CHARSET=utf8;

--
-- Dumping data for table `ngn_articles_item_category_language`
--

INSERT INTO `ngn_articles_item_category_language` VALUES (13,1,'0000-00-00 00:00:00',0,0,'Ceniki','','','','ceniki',''),(13,2,'0000-00-00 00:00:00',0,0,'Ceniki','','','','ceniki',''),(14,1,'0000-00-00 00:00:00',0,0,'Cenik Slovenija','','','','cenik-slovenija',''),(14,2,'0000-00-00 00:00:00',0,0,'Cenik Slovenija','','','','cenik-slovenija',''),(28,1,'0000-00-00 00:00:00',0,0,'Doplačila','','','','doplacila',''),(28,2,'0000-00-00 00:00:00',0,0,'Doplačila','','','','doplacila',''),(42,1,'0000-00-00 00:00:00',1,0,'Prodajna cena','','','','cenik-1',''),(42,2,'0000-00-00 00:00:00',1,0,'Prodajna cena','','','','cenik-1',''),(43,1,'0000-00-00 00:00:00',1,0,'Nabavna cena','','','','cenik-2',''),(43,2,'0000-00-00 00:00:00',1,0,'Nabavna cena','','','','cenik-2','');

--
-- Table structure for table `ngn_articles_item_custom_values`
--

CREATE TABLE `ngn_articles_item_custom_values` (
  `item_id` int(11) NOT NULL,
  `item_category_id` int(11) NOT NULL,
  `gaid` int(11) NOT NULL,
  `language_id` int(11) NOT NULL,
  `valueAutomatic` int(11) NOT NULL DEFAULT 0,
  `valueInt` int(11) NOT NULL,
  `valueFloat` double NOT NULL,
  `valueText` text NOT NULL,
  PRIMARY KEY (`item_id`,`item_category_id`,`gaid`,`language_id`),
  KEY `category_id` (`item_category_id`),
  KEY `gaid` (`gaid`),
  KEY `language_id` (`language_id`),
  KEY `valueInt` (`valueInt`),
  KEY `valueInt_2` (`valueInt`),
  KEY `valueInt_3` (`valueInt`),
  KEY `valueInt_4` (`valueInt`),
  KEY `valueInt_5` (`valueInt`),
  KEY `valueInt_6` (`valueInt`),
  KEY `valueInt_7` (`valueInt`),
  KEY `valueFloat` (`valueFloat`),
  CONSTRAINT `ngn_articles_item_custom_values_ibfk_1` FOREIGN KEY (`item_id`) REFERENCES `ngn_articles_item_variations` (`variations_id`) ON DELETE CASCADE ON UPDATE CASCADE
) ENGINE=InnoDB DEFAULT CHARSET=utf8;

--
-- Dumping data for table `ngn_articles_item_custom_values`
--

INSERT INTO `ngn_articles_item_custom_values` VALUES (8,42,146,1,0,0,12.29508196721311,''),(10,42,146,1,0,0,5.737704,''),(11,42,146,1,0,0,12.295081,''),(12,42,146,1,0,0,12.295081,''),(13,42,146,1,0,0,12.295081,''),(14,42,146,1,0,0,20.491803,''),(15,42,146,1,0,0,12.295081,''),(16,42,146,1,0,0,12.295081,''),(17,42,146,1,0,0,12.295081,''),(18,42,146,1,0,0,12.295081,''),(19,42,146,1,0,0,8.196721,''),(20,42,146,1,0,0,8.196721,''),(21,42,146,1,0,0,8.196721,''),(22,42,146,1,0,0,12.295081,''),(23,42,146,1,0,0,12.295081,''),(24,42,146,1,0,0,12.295081,''),(25,42,146,1,0,0,12.295081,''),(26,42,146,1,0,0,12.295081,''),(27,42,146,1,0,0,12.295081,''),(28,42,146,1,0,0,12.295081,''),(29,42,146,1,0,0,12.295081,''),(30,42,146,1,0,0,12.295081,''),(31,42,146,1,0,0,12.295081,''),(32,42,146,1,0,0,12.295081,''),(33,42,146,1,0,0,9.13242009,''),(34,42,146,1,0,0,11.8721461,''),(35,42,146,1,0,0,18.2648402,''),(36,42,146,1,0,0,9.13242009,''),(37,42,146,1,0,0,11.8721461,''),(38,42,146,1,0,0,18.2648402,''),(39,42,146,1,0,0,7.30593607,''),(40,42,146,1,0,0,9.13242009,''),(41,42,146,1,0,0,13.6986301,''),(42,42,146,1,0,0,9.13242009,''),(43,42,146,1,0,0,11.8721461,''),(44,42,146,1,0,0,18.2648402,''),(45,42,146,1,0,0,11.8721461,''),(46,42,146,1,0,0,18.2648402,''),(47,42,146,1,0,0,11.8721461,''),(48,42,146,1,0,0,18.2648402,''),(49,42,146,1,0,0,9.13242009,''),(50,42,146,1,0,0,13.6986301,''),(51,42,146,1,0,0,13.6986301,''),(52,42,146,1,0,0,18.2648402,''),(53,42,146,1,0,0,11.8721461,''),(54,42,146,1,0,0,18.2648402,''),(55,42,146,1,0,0,36.885245,''),(56,42,146,1,0,0,68.4931507,''),(58,42,146,1,0,0,24.590163,''),(59,42,146,1,0,0,9.13242009,''),(60,42,146,1,0,0,11.8721461,''),(61,42,146,1,0,0,18.2648402,''),(62,42,146,1,0,0,11.8721461,''),(63,42,146,1,0,0,18.2648402,''),(64,42,146,1,0,0,11.8721461,''),(65,42,146,1,0,0,18.2648402,''),(66,42,146,1,0,0,3.652968036529,''),(67,42,146,1,0,0,22.8310502,''),(68,42,146,1,0,0,4.5662100456,''),(69,42,146,1,0,0,73.7704918,''),(70,42,146,1,0,0,40.9836066,''),(71,42,146,1,0,0,8.19672131,''),(72,42,146,1,0,0,40.9836066,''),(73,42,146,1,0,0,28.6885246,''),(74,42,146,1,0,0,8.19672131,''),(75,42,146,1,0,0,12.295082,''),(76,42,146,1,0,0,9.13242009,''),(77,42,146,1,0,0,20.4918033,''),(78,42,146,1,0,0,20.4918033,''),(79,42,146,1,0,0,4.09836066,''),(80,42,146,1,0,0,16.3934426,''),(81,42,146,1,0,0,12.295082,''),(82,42,146,1,0,0,28.6885246,''),(83,42,146,1,0,0,28.6885246,''),(84,42,146,1,0,0,32.7868852,''),(85,42,146,1,0,0,40.9836066,''),(86,42,146,1,0,0,0.1111,''),(87,42,146,1,0,0,409.836066,''),(89,42,146,1,0,0,12.295082,''),(90,42,146,1,0,0,12.295082,''),(91,42,146,1,0,0,82.19178,''),(92,42,146,1,0,0,24.5901639,''),(93,42,146,1,0,0,122.95082,''),(94,42,146,1,0,0,8.19672131,''),(95,42,146,1,0,0,245.901639,''),(96,42,146,1,0,0,36.8852459,''),(97,42,146,1,0,0,819.67213114,''),(98,42,146,1,0,0,20.4918033,''),(99,42,146,1,0,0,49.1803279,''),(100,42,146,1,0,0,24.5901639,''),(101,42,146,1,0,0,32.7868852,'');

--
-- Table structure for table `ngn_articles_item_custom_values_multi`
--

CREATE TABLE `ngn_articles_item_custom_values_multi` (
  `item_id` int(11) NOT NULL,
  `item_category_id` int(11) NOT NULL,
  `gaid` int(11) NOT NULL,
  `language_id` int(11) NOT NULL,
  `valueInt` int(11) NOT NULL,
  `item_order` int(11) NOT NULL,
  PRIMARY KEY (`item_id`,`item_category_id`,`gaid`,`language_id`,`valueInt`),
  KEY `item_order` (`item_order`)
) ENGINE=InnoDB DEFAULT CHARSET=utf8;

--
-- Dumping data for table `ngn_articles_item_custom_values_multi`
--


--
-- Table structure for table `ngn_articles_item_file`
--

CREATE TABLE `ngn_articles_item_file` (
  `type_id` int(11) NOT NULL AUTO_INCREMENT,
  `type_name` varchar(200) NOT NULL DEFAULT '',
  `type_extension` varchar(200) NOT NULL DEFAULT '',
  `type_type` varchar(200) NOT NULL DEFAULT '',
  `type_enable` int(11) NOT NULL DEFAULT 0,
  `type_photo` varchar(200) NOT NULL DEFAULT '',
  PRIMARY KEY (`type_id`)
) ENGINE=InnoDB DEFAULT CHARSET=utf8;

--
-- Dumping data for table `ngn_articles_item_file`
--


--
-- Table structure for table `ngn_articles_item_files`
--

CREATE TABLE `ngn_articles_item_files` (
  `file_id` int(11) NOT NULL AUTO_INCREMENT,
  `item_id` int(11) NOT NULL DEFAULT 0,
  `file_type` int(11) NOT NULL DEFAULT 0,
  `file_group` int(11) NOT NULL,
  `file_size` int(11) NOT NULL DEFAULT 0,
  `file_list` int(11) NOT NULL DEFAULT 1,
  `file_file` varchar(100) NOT NULL DEFAULT '',
  `file_original_name` varchar(200) NOT NULL DEFAULT '0',
  `file_createdate` datetime NOT NULL,
  `file_showdate` datetime NOT NULL,
  `file_hidedate` datetime NOT NULL,
  `file_hide` smallint(1) NOT NULL,
  `file_owner` int(11) NOT NULL,
  `file_order` int(11) NOT NULL,
  PRIMARY KEY (`file_id`),
  KEY `news_id` (`item_id`),
  KEY `file_type` (`file_type`),
  KEY `file_createdate` (`file_createdate`),
  KEY `file_owner` (`file_owner`),
  KEY `file_group` (`file_group`),
  KEY `file_showdate` (`file_showdate`),
  KEY `file_hidedate` (`file_hidedate`),
  KEY `file_hide` (`file_hide`),
  KEY `file_order` (`file_order`)
) ENGINE=InnoDB DEFAULT CHARSET=utf8;

--
-- Dumping data for table `ngn_articles_item_files`
--


--
-- Table structure for table `ngn_articles_item_files_language`
--

CREATE TABLE `ngn_articles_item_files_language` (
  `file_id` int(11) NOT NULL,
  `language_id` int(11) NOT NULL DEFAULT 0,
  `editdate` datetime NOT NULL,
  `enable` int(11) NOT NULL,
  `approved` int(1) NOT NULL DEFAULT 0,
  `language_name` varchar(200) DEFAULT NULL,
  `language_description` text DEFAULT NULL,
  `language_meta` text DEFAULT NULL,
  `language_keywords` varchar(100) DEFAULT NULL,
  `language_url` varchar(100) DEFAULT NULL,
  `language_photo` varchar(100) NOT NULL DEFAULT '',
  PRIMARY KEY (`file_id`,`language_id`),
  KEY `language_id` (`language_id`),
  KEY `editdate` (`editdate`)
) ENGINE=InnoDB DEFAULT CHARSET=utf8;

--
-- Dumping data for table `ngn_articles_item_files_language`
--


--
-- Table structure for table `ngn_articles_item_groups`
--

CREATE TABLE `ngn_articles_item_groups` (
  `id` int(11) NOT NULL AUTO_INCREMENT,
  `item_category_id` int(11) NOT NULL,
  `group_id` int(11) NOT NULL,
  `position` int(11) NOT NULL,
  `transfer` int(11) NOT NULL DEFAULT 1,
  `category` int(11) NOT NULL DEFAULT 0,
  PRIMARY KEY (`id`),
  KEY `group_id` (`group_id`),
  KEY `category_id` (`item_category_id`),
  KEY `position` (`position`)
) ENGINE=InnoDB AUTO_INCREMENT=36 DEFAULT CHARSET=utf8;

--
-- Dumping data for table `ngn_articles_item_groups`
--

INSERT INTO `ngn_articles_item_groups` VALUES (1,46,24,0,1,0),(7,1,20,0,1,0),(10,4,23,0,1,0),(11,21,24,1,1,0),(12,19,24,1,1,0),(13,24,24,0,1,0),(14,14,24,0,1,0),(15,17,24,0,1,0),(16,26,27,0,0,0),(18,35,27,0,1,0),(19,36,27,0,1,0),(20,37,27,0,1,0),(21,38,27,0,1,0),(22,39,27,0,1,0),(23,40,27,0,1,0),(24,41,27,0,1,0),(25,42,27,0,1,0),(26,43,27,0,1,0),(27,44,27,0,1,0),(28,45,27,0,1,0),(29,47,24,0,1,0),(30,48,27,0,1,0),(31,0,24,0,1,0),(32,49,24,0,1,0),(33,50,27,0,1,0),(34,51,27,0,1,0),(35,52,27,0,1,0);

--
-- Table structure for table `ngn_articles_item_groups_atribute`
--

CREATE TABLE `ngn_articles_item_groups_atribute` (
  `cgid` int(11) NOT NULL,
  `gaid` int(11) NOT NULL,
  `language_id` int(11) NOT NULL,
  `valueInt` int(11) NOT NULL DEFAULT 0,
  `valueFloat` double NOT NULL DEFAULT 0,
  `valueText` text NOT NULL,
  PRIMARY KEY (`cgid`,`gaid`,`language_id`),
  KEY `language_id` (`language_id`),
  KEY `gaid` (`gaid`),
  KEY `cgid` (`cgid`),
  KEY `valueInt` (`valueInt`)
) ENGINE=InnoDB DEFAULT CHARSET=utf8;

--
-- Dumping data for table `ngn_articles_item_groups_atribute`
--

INSERT INTO `ngn_articles_item_groups_atribute` VALUES (0,0,1,35,0,''),(7,101,1,11,0,''),(10,130,1,100000,0,''),(10,132,1,0,1.111221,''),(10,133,1,0,0,'169200'),(10,136,1,33,0,''),(10,137,1,0,0,'&lt;p&gt;dsadssaddsaads&lt;/p&gt;'),(10,139,1,1442,0,''),(10,140,1,0,0,'articles:1'),(10,141,1,0,0,'users:35'),(19,155,1,35,0,''),(20,155,1,35,0,''),(21,155,1,34,0,''),(22,155,1,35,0,''),(23,155,1,34,0,''),(24,155,1,35,0,''),(25,155,1,34,0,''),(26,155,1,35,0,''),(27,155,1,34,0,''),(28,155,1,35,0,''),(30,155,1,34,0,''),(33,155,1,34,0,''),(34,155,1,35,0,''),(35,155,1,35,0,'');

--
-- Table structure for table `ngn_articles_item_language`
--

CREATE TABLE `ngn_articles_item_language` (
  `item_id` int(11) NOT NULL,
  `language_id` int(11) NOT NULL DEFAULT 0,
  `editdate` datetime NOT NULL,
  `enable` int(11) NOT NULL,
  `approved` int(1) NOT NULL DEFAULT 0,
  `language_name` varchar(200) DEFAULT NULL,
  `language_description` text DEFAULT NULL,
  `language_meta` text DEFAULT NULL,
  `language_keywords` varchar(100) DEFAULT NULL,
  `language_url` varchar(100) DEFAULT NULL,
  `language_photo1` varchar(100) NOT NULL,
  `language_photo2` varchar(100) NOT NULL,
  `language_html` text NOT NULL,
  PRIMARY KEY (`item_id`,`language_id`),
  KEY `language_id` (`language_id`),
  KEY `editdate` (`editdate`),
  FULLTEXT KEY `language_html` (`language_html`)
) ENGINE=InnoDB DEFAULT CHARSET=utf8;

--
-- Dumping data for table `ngn_articles_item_language`
--

INSERT INTO `ngn_articles_item_language` VALUES (8,1,'0000-00-00 00:00:00',0,0,'Za otroke','','','','za-otroke','','',''),(8,2,'0000-00-00 00:00:00',0,0,'Za otroke','','','','za-otroke','','',''),(10,1,'0000-00-00 00:00:00',0,0,'Gift box','','','','gift-box','','',''),(10,2,'0000-00-00 00:00:00',0,0,'Gift box','','','','gift-box','','',''),(11,1,'0000-00-00 00:00:00',0,0,'Masage oil neutrum','','','','masage-oil-neutrum','','',''),(11,2,'0000-00-00 00:00:00',0,0,'Masage oil neutrum','','','','masage-oil-neutrum','','',''),(12,1,'0000-00-00 00:00:00',0,0,'Massage oil orchid','','','','massage-oil-orchid','','',''),(12,2,'0000-00-00 00:00:00',0,0,'Massage oil orchid','','','','massage-oil-orchid','','',''),(13,1,'0000-00-00 00:00:00',0,0,'Massage oil roses','','','','massage-oil-roses','','',''),(13,2,'0000-00-00 00:00:00',0,0,'Massage oil roses','','','','massage-oil-roses','','',''),(14,1,'0000-00-00 00:00:00',0,0,'Body scrub','','','','body-scrub','','',''),(14,2,'0000-00-00 00:00:00',0,0,'Body scrub','','','','body-scrub','','',''),(15,1,'0000-00-00 00:00:00',0,0,'Face cream neutrum','','','','face-cream-neutrum','','',''),(15,2,'0000-00-00 00:00:00',0,0,'Face cream neutrum','','','','face-cream-neutrum','','',''),(16,1,'0000-00-00 00:00:00',0,0,'Face cream citreum','','','','face-cream-citreum','','',''),(16,2,'0000-00-00 00:00:00',0,0,'Face cream citreum','','','','face-cream-citreum','','',''),(17,1,'0000-00-00 00:00:00',0,0,'Face cream arantium','','','','face-cream-arantium','','',''),(17,2,'0000-00-00 00:00:00',0,0,'Face cream arantium','','','','face-cream-arantium','','',''),(18,1,'0000-00-00 00:00:00',0,0,'Face scrub','','','','face-scrub','','',''),(18,2,'0000-00-00 00:00:00',0,0,'Face scrub','','','','face-scrub','','',''),(19,1,'0000-00-00 00:00:00',0,0,'Hand cream neutrum','','','','hand-cream-neutrum','','',''),(19,2,'0000-00-00 00:00:00',0,0,'Hand cream neutrum','','','','hand-cream-neutrum','','',''),(20,1,'0000-00-00 00:00:00',0,0,'Hands cream citreum','','','','hands-cream-citreum','','',''),(20,2,'0000-00-00 00:00:00',0,0,'Hands cream citreum','','','','hands-cream-citreum','','',''),(21,1,'0000-00-00 00:00:00',0,0,'Hand cream arantium','','','','hand-cream-arantium','','',''),(21,2,'0000-00-00 00:00:00',0,0,'Hand cream arantium','','','','hand-cream-arantium','','',''),(22,1,'0000-00-00 00:00:00',0,0,'Body cream neutrum','','','','body-cream-neutrum','','',''),(22,2,'0000-00-00 00:00:00',0,0,'Body cream neutrum','','','','body-cream-neutrum','','',''),(23,1,'0000-00-00 00:00:00',0,0,'Body cream citreum','','','','body-cream-citreum','','',''),(23,2,'0000-00-00 00:00:00',0,0,'Body cream citreum','','','','body-cream-citreum','','',''),(24,1,'0000-00-00 00:00:00',0,0,'Body cream arantium','','','','body-cream-arantium','','',''),(24,2,'0000-00-00 00:00:00',0,0,'Body cream arantium','','','','body-cream-arantium','','',''),(25,1,'0000-00-00 00:00:00',0,0,'Hair shampoo neutrum','','','','hair-shampoo-neutrum','','',''),(25,2,'0000-00-00 00:00:00',0,0,'Hair shampoo neutrum','','','','hair-shampoo-neutrum','','',''),(26,1,'0000-00-00 00:00:00',0,0,'Hair shampoo citreum','','','','hair-shampoo-citreum','','',''),(26,2,'0000-00-00 00:00:00',0,0,'Hair shampoo citreum','','','','hair-shampoo-citreum','','',''),(27,1,'0000-00-00 00:00:00',0,0,'Hair shampoo arantium','','','','hair-shampoo-arantium','','',''),(27,2,'0000-00-00 00:00:00',0,0,'Hair shampoo arantium','','','','hair-shampoo-arantium','','',''),(28,1,'0000-00-00 00:00:00',0,0,'Hair shampoo chilli','','','','hair-shampoo-chilli','','',''),(28,2,'0000-00-00 00:00:00',0,0,'Hair shampoo chilli','','','','hair-shampoo-chilli','','',''),(29,1,'0000-00-00 00:00:00',0,0,'Hair conditioner neutrum','','','','hair-conditioner-neutrum','','',''),(29,2,'0000-00-00 00:00:00',0,0,'Hair conditioner neutrum','','','','hair-conditioner-neutrum','','',''),(30,1,'0000-00-00 00:00:00',0,0,'Hair conditioner citreum','','','','hair-conditioner-citreum','','',''),(30,2,'0000-00-00 00:00:00',0,0,'Hair conditioner citreum','','','','hair-conditioner-citreum','','',''),(31,1,'0000-00-00 00:00:00',0,0,'Hair conditioner arantium','','','','hair-conditioner-arantium','','',''),(31,2,'0000-00-00 00:00:00',0,0,'Hair conditioner arantium','','','','hair-conditioner-arantium','','',''),(32,1,'0000-00-00 00:00:00',0,0,'Hair conditioner chilli','','','','hair-conditioner-chilli','','',''),(32,2,'0000-00-00 00:00:00',0,0,'Hair conditioner chilli','','','','hair-conditioner-chilli','','',''),(33,1,'0000-00-00 00:00:00',0,0,'Gold 0,1L','','','','gold-01l','','',''),(33,2,'0000-00-00 00:00:00',0,0,'Gold 0,1L','','','','gold-01l','','',''),(34,1,'0000-00-00 00:00:00',0,0,'Gold 0,25L','','','','gold-025l','','',''),(34,2,'0000-00-00 00:00:00',0,0,'Gold 0,25L','','','','gold-025l','','',''),(35,1,'0000-00-00 00:00:00',0,0,'Gold 0,5L','','','','gold-05l','','',''),(35,2,'0000-00-00 00:00:00',0,0,'Gold 0,5L','','','','gold-05l','','',''),(36,2,'0000-00-00 00:00:00',0,0,'Istrska belica 0,1L','','','','istrska-belica-01l','','',''),(37,1,'0000-00-00 00:00:00',0,0,'Istrska belica 0,25L','','','','istrska-belica-025l','','',''),(37,2,'0000-00-00 00:00:00',0,0,'Istrska belica 0,25L','','','','istrska-belica-025l','','',''),(38,2,'0000-00-00 00:00:00',0,0,'Istrska belica 0,5L','','','','istrska-belica-05l','','',''),(39,2,'0000-00-00 00:00:00',0,0,'Cuv&amp;eacute;e 0,1L','','','','cuveacutee-01l','','',''),(40,2,'0000-00-00 00:00:00',0,0,'Cuv&amp;eacute;e 0,25L','','','','cuveacutee-025l','','',''),(41,2,'0000-00-00 00:00:00',0,0,'Cuv&amp;eacute;e 0,5L','','','','cuveacutee-05l','','',''),(42,2,'0000-00-00 00:00:00',0,0,'One love 0,1L','','','','one-love-01l','','',''),(43,2,'0000-00-00 00:00:00',0,0,'One love 0,25L','','','','one-love-025l','','',''),(44,2,'0000-00-00 00:00:00',0,0,'One love 0,5L','','','','one-love-05l','','',''),(45,2,'0000-00-00 00:00:00',0,0,'Lemon 0,1L','','','','lemon-01l','','',''),(46,2,'0000-00-00 00:00:00',0,0,'Lemon 0,25L','','','','lemon-025l','','',''),(47,2,'0000-00-00 00:00:00',0,0,'Orange 0,1L','','','','orange-01l','','',''),(48,2,'0000-00-00 00:00:00',0,0,'Orange 0,25L','','','','orange-025l','','',''),(49,2,'0000-00-00 00:00:00',0,0,'Chilli 0,1L','','','','chilli-01l','','',''),(50,2,'0000-00-00 00:00:00',0,0,'Chilli 0,25L','','','','chilli-025l','','',''),(51,2,'0000-00-00 00:00:00',0,0,'Truffle 0,1L','','','','truffle-01l','','',''),(52,2,'0000-00-00 00:00:00',0,0,'Truffle 0,25L','','','','truffle-025l','','',''),(53,2,'0000-00-00 00:00:00',0,0,'Garlic 0,1L','','','','garlic-01l','','',''),(54,2,'0000-00-00 00:00:00',0,0,'Garlic 0,25L','','','','garlic-025l','','',''),(55,2,'0000-00-00 00:00:00',0,0,'Evoo 2021 3L','','','','evoo-2021-3l','','',''),(56,2,'0000-00-00 00:00:00',0,0,'Evoo 2021 5L','','','','evoo-2021-5l','','',''),(58,2,'0000-00-00 00:00:00',0,0,'Posion with gift box','','','','posion-with-gift-box','','',''),(59,2,'0000-00-00 00:00:00',0,0,'Am&amp;eacute;lie 0,1L','','','','ameacutelie-01l','','',''),(60,2,'0000-00-00 00:00:00',0,0,'Am&amp;eacute;lie 0,25L','','','','ameacutelie-025l','','',''),(61,2,'0000-00-00 00:00:00',0,0,'Am&amp;eacute;lie 0,5L','','','','ameacutelie-05l','','',''),(62,2,'0000-00-00 00:00:00',0,0,'Herbs 0,1L','','','','herbs-01l','','',''),(63,2,'0000-00-00 00:00:00',0,0,'Herbs 0,25L','','','','herbs-025l','','',''),(64,2,'0000-00-00 00:00:00',0,0,'Onion 0,1L','','','','onion-01l','','',''),(65,2,'0000-00-00 00:00:00',0,0,'Onion 0,25L','','','','onion-025l','','',''),(66,1,'0000-00-00 00:00:00',0,0,'Darilna embalaža','','','','darilna-embalaza','','',''),(66,2,'0000-00-00 00:00:00',0,0,'Giftbox','','','','giftbox','','',''),(67,1,'0000-00-00 00:00:00',0,0,'Poison 0,5L','','','','poison-05l','','',''),(67,2,'0000-00-00 00:00:00',0,0,'Poison 0,5L','','','','poison-05l','','',''),(68,1,'0000-00-00 00:00:00',0,0,'Poison','','','','poison','','',''),(69,1,'0000-00-00 00:00:00',0,0,'Darilna embalaža','','','','69-darilna-embalaza','','',''),(69,2,'0000-00-00 00:00:00',0,0,'Giftbox','','','','69-giftbox','','',''),(70,2,'0000-00-00 00:00:00',0,0,'Wooden bowl','','','','wooden-bowl','','',''),(71,2,'0000-00-00 00:00:00',0,0,'Bended board','','','','bended-board','','',''),(72,2,'0000-00-00 00:00:00',0,0,'Dosa pasta','','','','dosa-pasta','','',''),(73,2,'0000-00-00 00:00:00',0,0,'Podolgovata skleda','','','','podolgovata-skleda','','',''),(74,2,'0000-00-00 00:00:00',0,0,'Posodica za solni cvet','','','','posodica-za-solni-cvet','','',''),(75,2,'0000-00-00 00:00:00',0,0,'Srček','','','','srcek','','',''),(76,2,'0000-00-00 00:00:00',0,0,'Velike vilice','','','','velike-vilice','','',''),(77,2,'0000-00-00 00:00:00',0,0,'Olives in brine','','','','olives-in-brine','','',''),(78,2,'0000-00-00 00:00:00',0,0,'Sparkling brut zero - MEZALANNA','','','','sparkling-brut-zero-mezalanna','','',''),(79,2,'0000-00-00 00:00:00',0,0,'Board with handle','','','','board-with-handle','','',''),(80,2,'0000-00-00 00:00:00',0,0,'Wooden spoon','','','','wooden-spoon','','',''),(81,2,'0000-00-00 00:00:00',0,0,'Fruit bowl - medium','','','','fruit-bowl-medium','','',''),(82,2,'0000-00-00 00:00:00',0,0,'Small oval platter','','','','small-oval-platter','','',''),(83,2,'0000-00-00 00:00:00',0,0,'Bowl medium rough edge','','','','bowl-medium-rough-edge','','',''),(84,2,'0000-00-00 00:00:00',0,0,'Spices grinding bowl','','','','spices-grinding-bowl','','',''),(85,2,'0000-00-00 00:00:00',0,0,'Bread bowl large','','','','bread-bowl-large','','',''),(86,2,'0000-00-00 00:00:00',0,0,'Prosciutto','','','','prosciutto','','',''),(87,2,'0000-00-00 00:00:00',0,0,'Personalised olive wood table *by request','','','','personalised-olive-wood-table-by-request','','',''),(88,2,'0000-00-00 00:00:00',0,0,'Olive wood simple coffee table','','','','olive-wood-simple-coffee-table','','',''),(90,2,'0000-00-00 00:00:00',0,0,'Apetizers board 3x','','','','apetizers-board-3x','','',''),(91,2,'0000-00-00 00:00:00',0,0,'Apetizers board 2x','','','','apetizers-board-2x','','',''),(92,2,'0000-00-00 00:00:00',0,0,'EVOO 5L','','','','evoo-5l','','',''),(93,2,'0000-00-00 00:00:00',0,0,'Gin','','','','gin','','',''),(94,2,'0000-00-00 00:00:00',0,0,'Olive basket','','','','olive-basket','','',''),(95,2,'0000-00-00 00:00:00',0,0,'OLIVE SOAP','','','','olive-soap','','',''),(96,2,'0000-00-00 00:00:00',0,0,'TOUR_OLIVE','','','','tour_olive','','',''),(97,2,'0000-00-00 00:00:00',0,0,'try out set','','','','try-out-set','','',''),(98,2,'0000-00-00 00:00:00',0,0,'Olive wood coffee table ROOT','','','','olive-wood-coffee-table-root','','',''),(99,1,'0000-00-00 00:00:00',0,0,'Gel za tu&amp;scaron;iranje','','','','gel-za-tuscaroniranje','','',''),(100,1,'0000-00-00 00:00:00',0,0,'Pladenj s plo&amp;scaron;čicami','','','','pladenj-s-ploscaroncicami','','',''),(101,2,'0000-00-00 00:00:00',0,0,'Sveča v oljčnem lesu (vonj beli mo&amp;scaron;us)','','','','sveca-v-oljcnem-lesu-vonj-beli-moscaronus','','',''),(102,2,'0000-00-00 00:00:00',0,0,'Tray with ceramic tiles and rope handles','','','','tray-with-ceramic-tiles-and-rope-handles','','','');

--
-- Table structure for table `ngn_articles_item_photo`
--

CREATE TABLE `ngn_articles_item_photo` (
  `photo_id` int(11) NOT NULL AUTO_INCREMENT,
  `item_id` int(11) DEFAULT NULL,
  `photo_order` int(11) NOT NULL,
  `photo_gallery` int(11) NOT NULL DEFAULT 1,
  `photo_photo` varchar(100) DEFAULT NULL,
  `photo_path` varchar(200) NOT NULL,
  `photo_owner` int(11) NOT NULL,
  `photo_date` datetime NOT NULL,
  `photo_source` varchar(255) NOT NULL,
  PRIMARY KEY (`photo_id`),
  KEY `item_id` (`item_id`),
  KEY `photo_date` (`photo_date`),
  KEY `photo_owner` (`photo_owner`),
  KEY `photo_source` (`photo_source`)
) ENGINE=InnoDB DEFAULT CHARSET=utf8;

--
-- Dumping data for table `ngn_articles_item_photo`
--


--
-- Table structure for table `ngn_articles_item_photo_gallery`
--

CREATE TABLE `ngn_articles_item_photo_gallery` (
  `photo_id` int(11) NOT NULL,
  `item_id` int(11) NOT NULL,
  `photo_gallery` int(11) NOT NULL,
  `photo_order` int(11) NOT NULL,
  PRIMARY KEY (`item_id`,`photo_id`)
) ENGINE=InnoDB DEFAULT CHARSET=utf8;

--
-- Dumping data for table `ngn_articles_item_photo_gallery`
--


--
-- Table structure for table `ngn_articles_item_photo_gallery_language`
--

CREATE TABLE `ngn_articles_item_photo_gallery_language` (
  `photo_id` int(11) NOT NULL,
  `item_id` int(11) NOT NULL,
  `language_id` int(11) NOT NULL,
  `editdate` datetime NOT NULL,
  `enable` int(11) NOT NULL,
  PRIMARY KEY (`photo_id`,`item_id`,`language_id`),
  KEY `editdate` (`editdate`)
) ENGINE=InnoDB DEFAULT CHARSET=utf8;

--
-- Dumping data for table `ngn_articles_item_photo_gallery_language`
--


--
-- Table structure for table `ngn_articles_item_photo_language`
--

CREATE TABLE `ngn_articles_item_photo_language` (
  `photo_id` int(11) NOT NULL,
  `language_id` int(11) NOT NULL DEFAULT 0,
  `editdate` datetime NOT NULL,
  `enable` int(11) NOT NULL,
  `approved` int(1) NOT NULL DEFAULT 0,
  `language_name` varchar(200) DEFAULT NULL,
  `language_description` text DEFAULT NULL,
  `language_meta` text DEFAULT NULL,
  `language_keywords` varchar(100) DEFAULT NULL,
  `language_url` varchar(100) DEFAULT NULL,
  `language_photo` varchar(100) NOT NULL DEFAULT '',
  PRIMARY KEY (`photo_id`,`language_id`),
  KEY `language_id` (`language_id`),
  KEY `editdate` (`editdate`)
) ENGINE=InnoDB DEFAULT CHARSET=utf8;

--
-- Dumping data for table `ngn_articles_item_photo_language`
--


--
-- Table structure for table `ngn_articles_item_variations`
--

CREATE TABLE `ngn_articles_item_variations` (
  `variations_id` int(11) NOT NULL AUTO_INCREMENT,
  `item_id` int(11) NOT NULL,
  `variation_order` int(11) NOT NULL,
  `enable` tinyint(1) NOT NULL,
  PRIMARY KEY (`variations_id`),
  KEY `item_id` (`item_id`),
  KEY `enable` (`enable`),
  CONSTRAINT `ngn_articles_item_variations_ibfk_1` FOREIGN KEY (`item_id`) REFERENCES `ngn_articles_item` (`item_id`) ON DELETE CASCADE ON UPDATE CASCADE
) ENGINE=InnoDB AUTO_INCREMENT=102 DEFAULT CHARSET=utf8;

--
-- Dumping data for table `ngn_articles_item_variations`
--

INSERT INTO `ngn_articles_item_variations` VALUES (8,8,1,0),(10,10,1,0),(11,11,1,0),(12,12,1,0),(13,13,1,0),(14,14,1,0),(15,15,1,0),(16,16,1,0),(17,17,1,0),(18,18,1,0),(19,19,1,0),(20,20,1,0),(21,21,1,0),(22,22,1,0),(23,23,1,0),(24,24,1,0),(25,25,1,0),(26,26,1,0),(27,27,1,0),(28,28,1,0),(29,29,1,0),(30,30,1,0),(31,31,1,0),(32,32,1,0),(33,33,1,0),(34,34,1,0),(35,35,1,0),(36,36,1,0),(37,37,1,0),(38,38,1,0),(39,39,1,0),(40,40,1,0),(41,41,1,0),(42,42,1,0),(43,43,1,0),(44,44,1,0),(45,45,1,0),(46,46,1,0),(47,47,1,0),(48,48,1,0),(49,49,1,0),(50,50,1,0),(51,51,1,0),(52,52,1,0),(53,53,1,0),(54,54,1,0),(55,55,1,0),(56,56,1,0),(58,58,1,0),(59,59,1,0),(60,60,1,0),(61,61,1,0),(62,62,1,0),(63,63,1,0),(64,64,1,0),(65,65,1,0),(66,66,1,0),(67,67,1,0),(68,69,1,0),(69,70,1,0),(70,71,1,0),(71,72,1,0),(72,73,1,0),(73,74,1,0),(74,75,1,0),(75,76,1,0),(76,77,1,0),(77,78,1,0),(78,79,1,0),(79,80,1,0),(80,81,1,0),(81,82,1,0),(82,83,1,0),(83,84,1,0),(84,85,1,0),(85,86,1,0),(86,87,1,0),(87,88,1,0),(89,90,1,0),(90,91,1,0),(91,92,1,0),(92,93,1,0),(93,94,1,0),(94,95,1,0),(95,96,1,0),(96,97,1,0),(97,98,1,0),(98,99,1,0),(99,100,1,0),(100,101,1,0),(101,102,1,0);

--
-- Table structure for table `ngn_articles_item_variations_language`
--

CREATE TABLE `ngn_articles_item_variations_language` (
  `variation_id` int(11) NOT NULL,
  `language_id` int(11) NOT NULL DEFAULT 0,
  `editdate` datetime NOT NULL,
  `enable` int(11) NOT NULL,
  `approved` int(1) NOT NULL DEFAULT 0,
  `language_name` varchar(200) DEFAULT NULL,
  `language_description` text DEFAULT NULL,
  `language_meta` text DEFAULT NULL,
  `language_keywords` varchar(100) DEFAULT NULL,
  `language_url` varchar(100) DEFAULT NULL,
  `language_photo` varchar(100) NOT NULL DEFAULT '',
  PRIMARY KEY (`variation_id`,`language_id`),
  KEY `language_id` (`language_id`),
  KEY `editdate` (`editdate`)
) ENGINE=InnoDB DEFAULT CHARSET=utf8;

--
-- Dumping data for table `ngn_articles_item_variations_language`
--

INSERT INTO `ngn_articles_item_variations_language` VALUES (1,1,'2022-03-28 10:43:14',0,0,NULL,NULL,NULL,NULL,NULL,''),(1,2,'2022-03-28 10:43:14',0,0,NULL,NULL,NULL,NULL,NULL,''),(2,1,'2022-03-28 15:39:42',0,0,NULL,NULL,NULL,NULL,NULL,''),(2,2,'2022-03-28 15:39:42',0,0,NULL,NULL,NULL,NULL,NULL,''),(3,1,'2022-03-30 15:15:14',0,0,NULL,NULL,NULL,NULL,NULL,''),(3,2,'2022-03-30 15:15:14',0,0,NULL,NULL,NULL,NULL,NULL,''),(4,1,'2022-03-30 15:17:37',0,0,NULL,NULL,NULL,NULL,NULL,''),(4,2,'2022-03-30 15:17:37',0,0,NULL,NULL,NULL,NULL,NULL,''),(5,1,'2022-03-30 15:18:43',0,0,NULL,NULL,NULL,NULL,NULL,''),(5,2,'2022-03-30 15:18:43',0,0,NULL,NULL,NULL,NULL,NULL,''),(6,1,'2022-03-30 15:20:38',0,0,NULL,NULL,NULL,NULL,NULL,''),(6,2,'2022-03-30 15:20:38',0,0,NULL,NULL,NULL,NULL,NULL,''),(7,1,'2022-03-30 15:21:44',0,0,NULL,NULL,NULL,NULL,NULL,''),(7,2,'2022-03-30 15:21:44',0,0,NULL,NULL,NULL,NULL,NULL,''),(8,1,'2022-03-30 15:22:46',0,0,NULL,NULL,NULL,NULL,NULL,''),(8,2,'2022-03-30 15:22:46',0,0,NULL,NULL,NULL,NULL,NULL,''),(9,1,'2022-03-30 15:27:05',0,0,NULL,NULL,NULL,NULL,NULL,''),(9,2,'2022-03-30 15:27:05',0,0,NULL,NULL,NULL,NULL,NULL,''),(10,1,'2022-08-11 11:30:11',0,0,NULL,NULL,NULL,NULL,NULL,''),(10,2,'2022-08-11 11:30:11',0,0,NULL,NULL,NULL,NULL,NULL,''),(11,1,'2022-08-11 11:31:55',0,0,NULL,NULL,NULL,NULL,NULL,''),(11,2,'2022-08-11 11:31:55',0,0,NULL,NULL,NULL,NULL,NULL,''),(12,1,'2022-08-11 11:35:14',0,0,NULL,NULL,NULL,NULL,NULL,''),(12,2,'2022-08-11 11:35:14',0,0,NULL,NULL,NULL,NULL,NULL,''),(13,1,'2022-08-11 11:37:08',0,0,NULL,NULL,NULL,NULL,NULL,''),(13,2,'2022-08-11 11:37:08',0,0,NULL,NULL,NULL,NULL,NULL,''),(14,1,'2022-08-11 11:51:52',0,0,NULL,NULL,NULL,NULL,NULL,''),(14,2,'2022-08-11 11:51:52',0,0,NULL,NULL,NULL,NULL,NULL,''),(15,1,'2022-08-11 11:54:05',0,0,NULL,NULL,NULL,NULL,NULL,''),(15,2,'2022-08-11 11:54:05',0,0,NULL,NULL,NULL,NULL,NULL,''),(16,1,'2022-08-11 11:55:01',0,0,NULL,NULL,NULL,NULL,NULL,''),(16,2,'2022-08-11 11:55:01',0,0,NULL,NULL,NULL,NULL,NULL,''),(17,1,'2022-08-11 11:55:46',0,0,NULL,NULL,NULL,NULL,NULL,''),(17,2,'2022-08-11 11:55:46',0,0,NULL,NULL,NULL,NULL,NULL,''),(18,1,'2022-08-11 11:56:27',0,0,NULL,NULL,NULL,NULL,NULL,''),(18,2,'2022-08-11 11:56:27',0,0,NULL,NULL,NULL,NULL,NULL,''),(19,1,'2022-08-11 11:57:41',0,0,NULL,NULL,NULL,NULL,NULL,''),(19,2,'2022-08-11 11:57:41',0,0,NULL,NULL,NULL,NULL,NULL,''),(20,1,'2022-08-11 11:58:48',0,0,NULL,NULL,NULL,NULL,NULL,''),(20,2,'2022-08-11 11:58:48',0,0,NULL,NULL,NULL,NULL,NULL,''),(21,1,'2022-08-11 11:59:30',0,0,NULL,NULL,NULL,NULL,NULL,''),(21,2,'2022-08-11 11:59:30',0,0,NULL,NULL,NULL,NULL,NULL,''),(22,1,'2022-08-11 12:00:26',0,0,NULL,NULL,NULL,NULL,NULL,''),(22,2,'2022-08-11 12:00:26',0,0,NULL,NULL,NULL,NULL,NULL,''),(23,1,'2022-08-11 12:03:41',0,0,NULL,NULL,NULL,NULL,NULL,''),(23,2,'2022-08-11 12:03:41',0,0,NULL,NULL,NULL,NULL,NULL,''),(24,1,'2022-08-11 13:49:53',0,0,NULL,NULL,NULL,NULL,NULL,''),(24,2,'2022-08-11 13:49:53',0,0,NULL,NULL,NULL,NULL,NULL,''),(25,1,'2022-08-11 13:53:43',0,0,NULL,NULL,NULL,NULL,NULL,''),(25,2,'2022-08-11 13:53:43',0,0,NULL,NULL,NULL,NULL,NULL,''),(26,1,'2022-08-11 13:54:34',0,0,NULL,NULL,NULL,NULL,NULL,''),(26,2,'2022-08-11 13:54:34',0,0,NULL,NULL,NULL,NULL,NULL,''),(27,1,'2022-08-11 13:55:30',0,0,NULL,NULL,NULL,NULL,NULL,''),(27,2,'2022-08-11 13:55:30',0,0,NULL,NULL,NULL,NULL,NULL,''),(28,1,'2022-08-11 13:56:18',0,0,NULL,NULL,NULL,NULL,NULL,''),(28,2,'2022-08-11 13:56:18',0,0,NULL,NULL,NULL,NULL,NULL,''),(29,1,'2022-08-11 13:57:04',0,0,NULL,NULL,NULL,NULL,NULL,''),(29,2,'2022-08-11 13:57:04',0,0,NULL,NULL,NULL,NULL,NULL,''),(30,1,'2022-08-11 13:57:58',0,0,NULL,NULL,NULL,NULL,NULL,''),(30,2,'2022-08-11 13:57:58',0,0,NULL,NULL,NULL,NULL,NULL,''),(31,1,'2022-08-11 13:58:41',0,0,NULL,NULL,NULL,NULL,NULL,''),(31,2,'2022-08-11 13:58:41',0,0,NULL,NULL,NULL,NULL,NULL,''),(32,1,'2022-08-11 13:59:29',0,0,NULL,NULL,NULL,NULL,NULL,''),(32,2,'2022-08-11 13:59:29',0,0,NULL,NULL,NULL,NULL,NULL,''),(33,1,'2022-08-18 14:21:25',0,0,NULL,NULL,NULL,NULL,NULL,''),(33,2,'2022-08-18 14:21:25',0,0,NULL,NULL,NULL,NULL,NULL,''),(34,1,'2022-08-18 14:22:35',0,0,NULL,NULL,NULL,NULL,NULL,''),(34,2,'2022-08-18 14:22:35',0,0,NULL,NULL,NULL,NULL,NULL,''),(35,1,'2022-08-18 14:23:21',0,0,NULL,NULL,NULL,NULL,NULL,''),(35,2,'2022-08-18 14:23:21',0,0,NULL,NULL,NULL,NULL,NULL,''),(36,2,'2022-08-24 11:08:53',0,0,NULL,NULL,NULL,NULL,NULL,''),(37,2,'2022-08-24 11:10:01',0,0,NULL,NULL,NULL,NULL,NULL,''),(38,2,'2022-08-24 11:11:00',0,0,NULL,NULL,NULL,NULL,NULL,''),(39,2,'2022-08-24 11:13:13',0,0,NULL,NULL,NULL,NULL,NULL,''),(40,2,'2022-08-24 11:14:14',0,0,NULL,NULL,NULL,NULL,NULL,''),(41,2,'2022-08-24 11:15:00',0,0,NULL,NULL,NULL,NULL,NULL,''),(42,2,'2022-08-24 11:17:30',0,0,NULL,NULL,NULL,NULL,NULL,''),(43,2,'2022-08-24 11:20:30',0,0,NULL,NULL,NULL,NULL,NULL,''),(44,2,'2022-08-24 11:21:34',0,0,NULL,NULL,NULL,NULL,NULL,''),(45,2,'2022-08-24 11:24:18',0,0,NULL,NULL,NULL,NULL,NULL,''),(46,2,'2022-08-24 11:25:01',0,0,NULL,NULL,NULL,NULL,NULL,''),(47,2,'2022-08-24 11:27:46',0,0,NULL,NULL,NULL,NULL,NULL,''),(48,2,'2022-08-24 11:28:43',0,0,NULL,NULL,NULL,NULL,NULL,''),(49,2,'2022-08-24 11:30:21',0,0,NULL,NULL,NULL,NULL,NULL,''),(50,2,'2022-08-24 11:31:06',0,0,NULL,NULL,NULL,NULL,NULL,''),(51,2,'2022-08-24 11:32:42',0,0,NULL,NULL,NULL,NULL,NULL,''),(52,2,'2022-08-24 11:33:28',0,0,NULL,NULL,NULL,NULL,NULL,''),(53,2,'2022-08-24 11:35:02',0,0,NULL,NULL,NULL,NULL,NULL,''),(54,2,'2022-08-24 11:35:45',0,0,NULL,NULL,NULL,NULL,NULL,''),(55,2,'2022-08-24 11:43:18',0,0,NULL,NULL,NULL,NULL,NULL,''),(56,2,'2022-08-24 11:44:04',0,0,NULL,NULL,NULL,NULL,NULL,''),(57,2,'2022-08-24 11:46:35',0,0,NULL,NULL,NULL,NULL,NULL,''),(58,2,'2022-08-24 11:47:58',0,0,NULL,NULL,NULL,NULL,NULL,''),(59,2,'2022-08-24 14:16:03',0,0,NULL,NULL,NULL,NULL,NULL,''),(60,2,'2022-08-24 14:17:28',0,0,NULL,NULL,NULL,NULL,NULL,''),(61,2,'2022-08-24 14:18:25',0,0,NULL,NULL,NULL,NULL,NULL,''),(62,2,'2022-08-24 14:19:42',0,0,NULL,NULL,NULL,NULL,NULL,''),(63,2,'2022-08-24 14:20:44',0,0,NULL,NULL,NULL,NULL,NULL,''),(64,2,'2022-08-24 14:24:52',0,0,NULL,NULL,NULL,NULL,NULL,''),(65,2,'2022-08-24 14:25:54',0,0,NULL,NULL,NULL,NULL,NULL,''),(66,1,'2022-10-13 15:27:00',0,0,NULL,NULL,NULL,NULL,NULL,''),(67,1,'2022-10-17 09:22:08',0,0,NULL,NULL,NULL,NULL,NULL,''),(68,1,'2022-10-17 11:24:24',0,0,NULL,NULL,NULL,NULL,NULL,''),(69,2,'2022-10-21 15:24:10',0,0,NULL,NULL,NULL,NULL,NULL,''),(70,2,'2022-10-21 15:26:22',0,0,NULL,NULL,NULL,NULL,NULL,''),(71,2,'2022-10-21 15:28:03',0,0,NULL,NULL,NULL,NULL,NULL,''),(72,2,'2022-10-21 15:29:00',0,0,NULL,NULL,NULL,NULL,NULL,''),(73,2,'2022-10-21 15:58:25',0,0,NULL,NULL,NULL,NULL,NULL,''),(74,2,'2022-10-21 15:59:37',0,0,NULL,NULL,NULL,NULL,NULL,''),(75,2,'2022-10-21 16:00:54',0,0,NULL,NULL,NULL,NULL,NULL,''),(76,2,'2022-10-25 15:21:08',0,0,NULL,NULL,NULL,NULL,NULL,''),(77,2,'2022-10-25 15:23:52',0,0,NULL,NULL,NULL,NULL,NULL,''),(78,2,'2022-11-09 11:08:27',0,0,NULL,NULL,NULL,NULL,NULL,''),(79,2,'2022-11-09 11:09:18',0,0,NULL,NULL,NULL,NULL,NULL,''),(80,2,'2023-01-06 10:06:25',0,0,NULL,NULL,NULL,NULL,NULL,''),(81,2,'2023-01-06 10:14:44',0,0,NULL,NULL,NULL,NULL,NULL,''),(82,2,'2023-01-06 10:21:22',0,0,NULL,NULL,NULL,NULL,NULL,''),(83,2,'2023-01-06 10:46:04',0,0,NULL,NULL,NULL,NULL,NULL,''),(84,2,'2023-01-06 10:52:55',0,0,NULL,NULL,NULL,NULL,NULL,''),(85,2,'2023-01-06 11:22:43',0,0,NULL,NULL,NULL,NULL,NULL,''),(86,2,'2023-01-06 12:11:06',0,0,NULL,NULL,NULL,NULL,NULL,''),(87,2,'2023-01-06 12:53:14',0,0,NULL,NULL,NULL,NULL,NULL,''),(88,2,'2023-01-06 13:09:36',0,0,NULL,NULL,NULL,NULL,NULL,''),(89,2,'2023-01-06 13:51:38',0,0,NULL,NULL,NULL,NULL,NULL,''),(90,2,'2023-01-06 13:57:00',0,0,NULL,NULL,NULL,NULL,NULL,''),(91,2,'2023-01-06 14:32:36',0,0,NULL,NULL,NULL,NULL,NULL,''),(92,2,'2023-01-06 15:42:30',0,0,NULL,NULL,NULL,NULL,NULL,''),(93,2,'2023-01-09 12:02:26',0,0,NULL,NULL,NULL,NULL,NULL,''),(94,2,'2023-01-23 15:04:41',0,0,NULL,NULL,NULL,NULL,NULL,''),(95,2,'2023-02-07 10:47:55',0,0,NULL,NULL,NULL,NULL,NULL,''),(96,2,'2023-02-14 09:56:16',0,0,NULL,NULL,NULL,NULL,NULL,''),(97,2,'2023-04-07 14:09:56',0,0,NULL,NULL,NULL,NULL,NULL,''),(98,1,'2023-04-24 10:28:25',0,0,NULL,NULL,NULL,NULL,NULL,''),(99,1,'2023-05-31 08:20:19',0,0,NULL,NULL,NULL,NULL,NULL,''),(100,2,'2023-05-31 08:25:52',0,0,NULL,NULL,NULL,NULL,NULL,''),(101,2,'2023-05-31 08:28:32',0,0,NULL,NULL,NULL,NULL,NULL,'');

--
-- Table structure for table `ngn_articles_item_videos`
--

CREATE TABLE `ngn_articles_item_videos` (
  `file_id` int(11) NOT NULL AUTO_INCREMENT,
  `item_id` int(11) NOT NULL DEFAULT 0,
  `file_photo` varchar(200) NOT NULL,
  `file_size` int(11) NOT NULL DEFAULT 0,
  `file_file` varchar(100) NOT NULL DEFAULT '',
  `file_original_name` varchar(200) NOT NULL DEFAULT '0',
  PRIMARY KEY (`file_id`),
  KEY `item_id` (`item_id`)
) ENGINE=InnoDB DEFAULT CHARSET=utf8;

--
-- Dumping data for table `ngn_articles_item_videos`
--


--
-- Table structure for table `ngn_articles_item_videos_language`
--

CREATE TABLE `ngn_articles_item_videos_language` (
  `file_id` int(11) NOT NULL,
  `language_id` int(11) NOT NULL DEFAULT 0,
  `enable` int(11) NOT NULL,
  `language_name` varchar(200) DEFAULT NULL,
  `language_description` text DEFAULT NULL,
  `language_meta` text DEFAULT NULL,
  `language_keywords` varchar(100) DEFAULT NULL,
  `language_url` varchar(100) DEFAULT NULL,
  `language_photo` varchar(100) NOT NULL DEFAULT '',
  PRIMARY KEY (`file_id`,`language_id`),
  KEY `language_id` (`language_id`)
) ENGINE=InnoDB DEFAULT CHARSET=utf8;

--
-- Dumping data for table `ngn_articles_item_videos_language`
--


--
-- Table structure for table `ngn_articles_language`
--

CREATE TABLE `ngn_articles_language` (
  `news_id` int(11) NOT NULL,
  `language_id` int(11) NOT NULL DEFAULT 0,
  `editdate` datetime NOT NULL,
  `enable` int(11) NOT NULL,
  `approved` int(1) NOT NULL DEFAULT 0,
  `language_name` varchar(200) DEFAULT NULL,
  `language_description` text DEFAULT NULL,
  `language_meta` text DEFAULT NULL,
  `language_keywords` varchar(100) DEFAULT NULL,
  `language_url` varchar(100) DEFAULT NULL,
  `photo1` int(11) NOT NULL,
  `photo2` int(11) NOT NULL,
  `language_photo1` varchar(200) NOT NULL,
  `language_photo2` varchar(200) NOT NULL,
  `language_html` text NOT NULL,
  PRIMARY KEY (`news_id`,`language_id`),
  KEY `language_id` (`language_id`),
  KEY `editdate` (`editdate`),
  KEY `photo1` (`photo1`),
  KEY `photo2` (`photo2`),
  FULLTEXT KEY `language_html` (`language_html`)
) ENGINE=InnoDB DEFAULT CHARSET=utf8;

--
-- Dumping data for table `ngn_articles_language`
--

INSERT INTO `ngn_articles_language` VALUES (1,1,'2022-08-11 11:14:09',1,1,'Istrska belica','&lt;p style=&quot;text-align: justify;&quot;&gt;Istrska belica je ena najpogostej&amp;scaron;ih sort oljk na področju slovenske Istre. Gre za olje z za&amp;scaron;čiteno označbo porekla, z oznako z.o.p. Med vsemi je prav Istrska belica tista, ki je bogata z naravnimi antioksidanti.&lt;/p&gt;\r\n&lt;p style=&quot;text-align: justify;&quot;&gt;Olje je sadežno, s pridihom zelene trave, paradižnika in mandlja. V ustih zaznamo prijeten sladek okus, ki ga kmalu nadomestita grenkoba in pikantnost. Barva Istrske belice je živo zelena.&lt;/p&gt;','','','istrska-belica',0,0,'','',''),(1,2,'2022-08-11 11:14:09',1,1,'Istrska belica','&lt;p style=&quot;text-align: justify;&quot;&gt;The Istrian white (&quot;Istrska belica&quot;) is one of the most common sorts of olive trees in the Slovenian Istria. This oil carries a protected designation of origin - the PDO mark. Among all oils The Istrian white is the richest with natual antioxidants.&amp;nbsp;&lt;/p&gt;\r\n&lt;p style=&quot;text-align: justify;&quot;&gt;The oils is fruity, with a scent of green grass, tomatoes nad almonds. It leaves us with a sweet taste which later becomes bitter and piquant. The Istrian white is of vivid green colour.&lt;/p&gt;','','lisjak olive oil istrian white, istria, extra virgin oil, best extra virgin olive oil, istrian white','istrska-belica',0,0,'','',''),(2,1,'0000-00-00 00:00:00',1,1,'Cuv&eacute;e','&lt;p style=&quot;text-align: justify;&quot;&gt;Linija Cuv&amp;eacute;e je pridobljena s skrbnim sortnim izborom 5-ih vrst oljk. Je primeren za vsakdanjo uporabo v kuhinji, kuhanje.&lt;/p&gt;','','','cuvee',0,0,'','',''),(2,2,'0000-00-00 00:00:00',1,1,'olive oil Cuv&eacute;e','&lt;p&gt;Cuv&amp;eacute;e is obtained from a carefuly selected 5 different sorts of olives.&lt;/p&gt;\r\n&lt;p&gt;It is suitable for everyday use in cooking, making salads and in general everyday use.&lt;/p&gt;','','lisjak olive oil cuvee, cuvee, cuvee olive oil, cuvee oil','olive-oil-cuvee',0,0,'','',''),(3,1,'0000-00-00 00:00:00',1,1,'Gold','&lt;p style=&quot;text-align: justify;&quot;&gt;Linija Gold je sestavljena iz različnih tipičnih istrskih sort oljk. Na na&amp;scaron;em območju rastejo avtohtone vrste, kot so Buga, Piranska črnica, Istrska belica in &amp;Scaron;torta. Že po sami tradiciji te oljke obiramo ročno in jih takoj stisnemo v oljarni. Prav ta stara drevesa so tista, ki nam dajejo najbolj&amp;scaron;e olje.&lt;/p&gt;\r\n&lt;p style=&quot;text-align: justify;&quot;&gt;Olje je zelo sadežno, s tonom trave in značilnim pridihom zelenih mandeljev, hkrati pa tudi z rahlo aromo artičok. Okus je zelo prijeten in harmoničen, začne se s sladkobo v ustih, sledita pa mu uravnotežena grenkoba in pikantnost. Zelena barva se prelevi v zlato.&lt;/p&gt;','','','gold',0,0,'','',''),(3,2,'0000-00-00 00:00:00',1,1,'olive oil Gold','&lt;p&gt;&lt;span&gt;Gold is a blend of our most prized olive varieties. &lt;/span&gt;&lt;/p&gt;\r\n&lt;p&gt;&lt;span&gt;Hand-harvested olives are cold-pressed and filtered immediately. It is suitable for enjoyment and everyday pampering of our taste buds.&lt;/span&gt;&lt;/p&gt;','','lisjak olive oil gold, best olive oil, extra virgin, best olive oil for cooking, olive oil for cooki','olive-oil-gold',0,0,'','',''),(4,1,'0000-00-00 00:00:00',1,1,'Truffle','&lt;p&gt;&lt;span class=&quot;message-body-wrapper&quot;&gt;&lt;span class=&quot;message-flex-body&quot;&gt;&lt;span class=&quot;message-body devtools-monospace&quot;&gt;&lt;span class=&quot;objectBox objectBox-string&quot;&gt;Ekstra devi&amp;scaron;ko oljčno olje s tartufom nastane iz oljk in arome dehidriranih tartufov. Poseben izdelek, ki ima okus po pravem oljčnem olju in odličnih tartufih. Vsekakor nekaj posebnega in drugačnega.&lt;/span&gt;&lt;/span&gt;&lt;/span&gt;&lt;/span&gt;&lt;/p&gt;','','','truffle',0,0,'','',''),(4,2,'0000-00-00 00:00:00',1,1,'olive oil Truffle','&lt;p&gt;Extra virgin olive oil white-truffles is perfect for truffle lovers.&lt;/p&gt;\r\n&lt;p&gt;We recommend it with pasta, pizza or hot bread with tomatoes, mozzarella.&lt;/p&gt;\r\n&lt;p&gt;It has a very rich taste and smell just like real white truffles&lt;/p&gt;','','lisjak olive oil truffle, truffle olive oil, truffle infused oil, truffle flavoured olive oil','olive-oil-truffle',0,0,'','',''),(5,1,'0000-00-00 00:00:00',1,1,'Lemon','&lt;p style=&quot;text-align: justify;&quot;&gt;Ekstra devi&amp;scaron;ko oljčno olje Lemon nastane iz oljk in skrbno izbranih, biolo&amp;scaron;kih limon s Sicilije. Postopek poteka s hkratnim hladnim stiskanjem.&lt;/p&gt;\r\n&lt;p style=&quot;text-align: justify;&quot;&gt;Olje je eliksir sredozemskih okusov, primeren za sredozemsko obarvane jedi.&lt;/p&gt;','','','lemon',0,0,'','',''),(5,2,'0000-00-00 00:00:00',1,1,'olive oil Lemon','&lt;p style=&quot;text-align: justify;&quot;&gt;&lt;span&gt;Olive oil and lemon is a perfect combination; olive oil with lemon is made from olives and organic, unwaxed lemons. &lt;/span&gt;&lt;/p&gt;\r\n&lt;p style=&quot;text-align: justify;&quot;&gt;&lt;span&gt;Olives and lemons are squeezed together and this is how we get an elixir of Mediterranean flavors, suitable for summer-colored, fresh dishes.&lt;/span&gt;&lt;/p&gt;','','lisjak olive oil lemon, olive oil and lemon, lemon olive oil, lemon infused olive oil, lemon and oli','olive-oil-lemon',0,0,'','',''),(6,1,'0000-00-00 00:00:00',1,1,'Chilli','&lt;p style=&quot;text-align: justify;&quot;&gt;Chili je pikantno olje, ki je s časom postal klasika med aromatiziranimi olji. Izdelan je le iz najbolj&amp;scaron;ih sestavin. Olju, pridobljenem iz izbranih oljk, dodamo le naravne feferone.&lt;/p&gt;\r\n&lt;p style=&quot;text-align: justify;&quot;&gt;Gre za olje, ki je namenjeno predvsem ljubiteljem pikantnih jedi. Okus je tako začinjeno pikanten, poseben pa je v tem, da kljub temu prevlada okus samega olja.&lt;/p&gt;','','','chilli',0,0,'','',''),(6,2,'0000-00-00 00:00:00',1,1,'olive oil Chili','&lt;p style=&quot;text-align: justify;&quot;&gt;Chili olive oil is perfect for pasta, or exotic asian dishes.&lt;/p&gt;\r\n&lt;p style=&quot;text-align: justify;&quot;&gt;There are no chili parts left in the oil. Oil is clean and has no chili parts left inside.&lt;/p&gt;\r\n&lt;p style=&quot;text-align: justify;&quot;&gt;We rocommend it for all spicy food lovers.&lt;/p&gt;','','lisjak olive oil chili, olive oil chili, spicy olive oil, chili infused olive oil, olive and chilli','olive-oil-chili',0,0,'','',''),(7,1,'0000-00-00 00:00:00',1,1,'Garlic','&lt;p&gt;&lt;span class=&quot;message-body-wrapper&quot;&gt;&lt;span class=&quot;message-flex-body&quot;&gt;&lt;span class=&quot;message-body devtools-monospace&quot;&gt;&lt;span class=&quot;objectBox objectBox-string&quot;&gt;Ekstra devi&amp;scaron;ko oljčno olje Garlic nastane iz oljk in ekolo&amp;scaron;kega česna. Primeren je za prav vsako jed, kjer se uporablja česen, le da ne rabite sekljati česna, ampak jed samo polijete s tem odličnim oljem.&lt;/span&gt;&lt;/span&gt;&lt;/span&gt;&lt;/span&gt;&lt;/p&gt;','','','garlic',0,0,'','',''),(7,2,'0000-00-00 00:00:00',1,1,'olive oil Garlic','&lt;p style=&quot;text-align: justify;&quot;&gt;Garlic infused olive oil is made from olives and organic garlic. It is suitable for just about any dish where garlic is used, except that you do not need to chop the garlic, but just pour this oil over the dish and thus conjure up a true Mediterranean poetry of flavors.&lt;/p&gt;','','lisjak olive oil garlic, garlic infused olive oil, garlic olive oil, garlic infused oil','olive-oil-garlic',0,0,'','',''),(8,1,'0000-00-00 00:00:00',1,1,'Za otroke','&lt;p&gt;&lt;span class=&quot;message-body-wrapper&quot;&gt;&lt;span class=&quot;message-flex-body&quot;&gt;&lt;span class=&quot;message-body devtools-monospace&quot;&gt;&lt;span class=&quot;objectBox objectBox-string&quot;&gt;Na&amp;scaron;a linija oljčnega olja za otroke je iz&amp;scaron;la leta 2016. Namenjeno dojenčkom ter mlaj&amp;scaron;im in starej&amp;scaron;im otrokom.&amp;nbsp;Z lahkim, aromatičnim okusom lahko otroku ponudite najbolj&amp;scaron;e zdrave ma&amp;scaron;čobe, kar jih lahko dobi.&amp;nbsp;Ekstra devi&amp;scaron;ko oljčno olje je pomembno skozi celotno življensko obdobje, otroka nanj navadite že od malega.&lt;/span&gt;&lt;/span&gt;&lt;/span&gt;&lt;/span&gt;&lt;/p&gt;','','','za-otroke',0,0,'','',''),(8,2,'0000-00-00 00:00:00',1,1,'Za otroke','&lt;p&gt;&lt;span class=&quot;message-body-wrapper&quot;&gt;&lt;span class=&quot;message-flex-body&quot;&gt;&lt;span class=&quot;message-body devtools-monospace&quot;&gt;&lt;span class=&quot;objectBox objectBox-string&quot;&gt;Na&amp;scaron;a linija oljčnega olja za otroke je iz&amp;scaron;la leta 2016. Namenjeno dojenčkom ter mlaj&amp;scaron;im in starej&amp;scaron;im otrokom.&amp;nbsp;Z lahkim, aromatičnim okusom lahko otroku ponudite najbolj&amp;scaron;e zdrave ma&amp;scaron;čobe, kar jih lahko dobi.&amp;nbsp;Ekstra devi&amp;scaron;ko oljčno olje je pomembno skozi celotno življensko obdobje, otroka nanj navadite že od malega.&lt;/span&gt;&lt;/span&gt;&lt;/span&gt;&lt;/span&gt;&lt;/p&gt;','','','za-otroke',0,0,'','',''),(9,1,'0000-00-00 00:00:00',1,1,'Evoo 2021','&lt;p&gt;&lt;span class=&quot;message-body-wrapper&quot;&gt;&lt;span class=&quot;message-flex-body&quot;&gt;&lt;span class=&quot;message-body devtools-monospace&quot;&gt;&lt;span class=&quot;objectBox objectBox-string&quot;&gt;Me&amp;scaron;anica Lisjak ekstra devi&amp;scaron;kega oljčnega olja v 3-litrski ali 5-litrski pločevinasti kantici. Hladno stiskano, srednja sadežnost. Letnik: 2021&lt;/span&gt;&lt;/span&gt;&lt;/span&gt;&lt;/span&gt;&lt;/p&gt;','','','evoo-2021',0,0,'','',''),(9,2,'0000-00-00 00:00:00',1,1,'Evoo 2021','','','','evoo-2021',0,0,'','',''),(11,1,'0000-00-00 00:00:00',1,1,'Krema za telo neutrum','&lt;p style=&quot;text-align: justify;&quot;&gt;Zasnovana je kot regeneracijska in za&amp;scaron;čitna krema. Dodatek ekstra devi&amp;scaron;kega oljčnega olja naredi kožo &amp;scaron;e bolj svežo in gladko. Krema ni pretirano mastna. Oljčno olje v kremi preprečuje staranje kože in ji daje lep ten ter jo nahrani. Bogata je z vitamini A, D, E, K in visoko vsebnostjo biofenolov. Krema je veganska.&lt;/p&gt;','','','krema-za-telo-neutrum',0,0,'','',''),(11,2,'0000-00-00 00:00:00',1,1,'Body cream neutrum','&lt;p style=&quot;text-align: justify;&quot;&gt;This is a regenerating and protective cream. The addition of extra virgin olive oil makes the skin even fresher and smoother. The cream is not overly greasy. The olive oil in the cream prevents the skin from aging and gives it a beautiful complexion and nourishes it. It is rich in vitamins A, D, E, K and has a high content of biophenols. The product is vegan.&lt;/p&gt;','','body cream, olive oil lotion, olive oil body lotion, olive lotion, olive body lotion','body-cream-neutrum',0,0,'','',''),(12,1,'0000-00-00 00:00:00',1,1,'Gift box','','','','gift-box',0,0,'','',''),(12,2,'0000-00-00 00:00:00',1,1,'Gift box','','','gift, gift box, olive cosmetics, olive oil cosmetics','gift-box',0,0,'','',''),(13,1,'0000-00-00 00:00:00',1,1,'Masažno olje neutrum','&lt;p style=&quot;text-align: justify;&quot;&gt;Olje ima vlažilno in hranilno funkcijo, ki nudi prijeten in trajen občutek na koži. Uporabljamo ga po tretmaju tu&amp;scaron;iranja z vročo vodo, ki kožo omehča. Nanesemo na &amp;scaron;e vlažno kožo, utremo, tre hitro in rahlo speremo. Zahvaljujoč strukturi izdelka je odličen tudi za profesionalne masaže. Popolno ujemanje z na&amp;scaron;im pilingom. Di&amp;scaron;ava oljčnega olja. Olje je vegansko.&lt;/p&gt;','','','masazno-olje-neutrum',0,0,'','',''),(13,2,'0000-00-00 00:00:00',1,1,'Olive oil for skin -  neutrum','&lt;p style=&quot;text-align: justify;&quot;&gt;The oil has a moisturizing and nourishing function, which provides a pleasant and lasting feeling on the skin. We use it after showering with hot water, which softens the skin. Apply to damp skin, rub it in and then rinse off lightly. Thanks to its structure, the oil is also excellent for professional massages. A perfect match with our scrub. Olive oil fragrance. This product is vegan.&lt;/p&gt;','','olive oil for body massage, olive oil massage, olive massage oil, olive massage, olive oil massage o','olive-oil-for-skin-neutrum',0,0,'','',''),(14,1,'0000-00-00 00:00:00',1,1,'Masažno olje orchid','&lt;p style=&quot;text-align: justify;&quot;&gt;Olje ima vlažilno in hranilno funkcijo, ki nudi prijeten in trajen občutek na koži. Uporabljamo ga po tretmaju tu&amp;scaron;iranja z vročo vodo, ki kožo omehča. Nanesemo na &amp;scaron;e vlažno kožo, utremo in hitro ter rahlo speremo. Zahvaljujoč strukturi izdelka je odličen tudi za profesionalne masaže. Popolno ujemanje z na&amp;scaron;im pilingom. Di&amp;scaron;ava orhideje. Olje je vegansko.&lt;/p&gt;','','','masazno-olje-orchid',0,0,'','',''),(14,2,'0000-00-00 00:00:00',1,1,'Olive oil for skin - orchid','&lt;p style=&quot;text-align: justify;&quot;&gt;The oil has a moisturizing and nourishing function, which provides a pleasant and lasting feeling on the skin. We use it after showering with hot water, which softens the skin. Apply to damp skin, rub it in and then rinse off lightly. Thanks to its structure, the oil is also excellent for professional massages. A perfect match with our scrub. Orchid fragrance. This product is vegan.&lt;/p&gt;','','olive oil for body massage, olive oil massage, olive massage oil, olive massage, olive oil massage o','olive-oil-for-skin',0,0,'','',''),(15,1,'0000-00-00 00:00:00',1,1,'Masažno olje roses','&lt;p style=&quot;text-align: justify;&quot;&gt;Olje ima vlažilno in hranilno funkcijo, ki nudi prijeten in trajen občutek na koži. Uporabljamo ga po tretmaju tu&amp;scaron;iranja z vročo vodo, ki kožo omehča. Nanesemo na &amp;scaron;e vlažno kožo, utremo, tre hitro in rahlo speremo. Zahvaljujoč strukturi izdelka je odličen tudi za profesionalne masaže. Popolno ujemanje z na&amp;scaron;im pilingom. Di&amp;scaron;ava vrtnice. Olje je vegansko.&lt;/p&gt;','','','masazno-olje-roses',0,0,'','',''),(15,2,'0000-00-00 00:00:00',1,1,'Olive oil for skin -  roses','&lt;p style=&quot;text-align: justify;&quot;&gt;The oil has a moisturizing and nourishing function, which provides a pleasant and lasting feeling on the skin. We use it after showering with hot water, which softens the skin. Apply to damp skin, rub it in and then rinse off lightly. Thanks to its structure, the oil is also excellent for professional massages. A perfect match with our scrub. Rose fragrance. This product is vegan.&lt;/p&gt;','','olive oil for body massage, olive oil massage, olive massage oil, olive massage, olive oil massage o','olive-oil-for-skin-roses',0,0,'','',''),(16,1,'0000-00-00 00:00:00',1,1,'Piling za telo','&lt;p style=&quot;text-align: justify;&quot;&gt;Piling sestavljajo ko&amp;scaron;čice oljk, ki jih pridobimo med samim stiskanjem olja. Vsaka ko&amp;scaron;čica vsebuje &amp;scaron;e okoli 6 % oljčnega olja, zato kože med samim postopkom ne po&amp;scaron;koduje, temveč jo &amp;scaron;e dodatno neguje. Piling odstranjuje odmrlo kožo in hkrati hidrira kožo, zahvaljujoč prisotnosti ekstra devi&amp;scaron;kega oljčnega olja v formulaciji. Priporočamo po uporabi vročega tu&amp;scaron;a, tako se koža zmehča in je pripravljena na &amp;lsquo;scrubanje&amp;lsquo;. Po postopku speremo z vodo. Srednja abrazivna gradacija ko&amp;scaron;čic (2-3). Piling je veganski.&lt;/p&gt;','','','piling-za-telo',0,0,'','',''),(16,2,'0000-00-00 00:00:00',1,1,'Body scrub','&lt;p style=&quot;text-align: justify;&quot;&gt;This scrub consists of olive pits, which are obtained during the oil pressing. Each pit contains about 6% of olive oil, so it does not damage the skin during the process, but rather nourishes it. The scrub removes dead skin while hydrating the skin thanks to the presence of extra virgin olive oil in the formulation. We recommend using it after a hot shower, so the skin softens and is ready for scrubbing. Rinse with water. Medium abrasive gradation of pits (2-3). This product is vegan.&lt;/p&gt;','','body scrub, best body scrub, olive scrub, olive oil body scrub, olive oil scrub','body-scrub',0,0,'','',''),(17,1,'0000-00-00 00:00:00',1,1,'Krema za obraz neutrum','&lt;p style=&quot;text-align: justify;&quot;&gt;Krema je hranilna. Njena gosta in bogata struktura nahrani kožo. Gre za dnevno kremo, saj ne pu&amp;scaron;ča sledi ali mastne kože. Vsebuje kar 10% ekstra devi&amp;scaron;kega oljčnega olja, ki pa poleg tega, da nahrani kožo, tudi dobro hidrira njeno povrhnjico. Primerna je za občutljivo kožo, saj ne povzroča srbečice in alergij. Antioksidanti v oljčnem olju delujejo proti gubam in proti izgubi zdravega tena. Namenjena je torej tudi malo starej&amp;scaron;i koži, ki potrebuje bolj intenzivno nego, saj ji to omogoča njena bogata struktura. Krema je veganska.&lt;/p&gt;','&lt;p&gt;Test&lt;/p&gt;','','krema-za-obraz-neutrum',0,0,'','',''),(17,2,'0000-00-00 00:00:00',1,1,'Face cream neutrum','&lt;p style=&quot;text-align: justify;&quot;&gt;This nourishing cream has a dense and rich structure. It is a day cream, so it does not leave traces or oily skin. It contains as much as 10% extra virgin olive oil, which, in addition to nourishing the skin, also hydrates the epidermis. It is suitable for sensitive skin, as it does not cause itching and allergies. Antioxidants in olive oil work against wrinkles and the loss of a healthy complexion.&lt;/p&gt;\r\n&lt;p style=&quot;text-align: justify;&quot;&gt;It is thus also intended for a slightly more mature skin that needs more intensive care that is provided by the rich structure of this cream. The product is vegan.&lt;/p&gt;','','olive oil for face, olive oil face, face cream, olive face cream, olive oil face cream','face-cream-neutrum',0,0,'','',''),(18,1,'0000-00-00 00:00:00',1,1,'Krema za obraz citreum','&lt;p style=&quot;text-align: justify;&quot;&gt;Krema je hranilna. Njena gosta in bogata struktura nahrani kožo. Gre za dnevno kremo, saj ne pu&amp;scaron;ča sledi ali mastne kože. Vsebuje ker 10% ekstra devi&amp;scaron;kega oljčnega olja, ki pa poleg tega da nahrani kožo tudi dobro hidrira njeno povrhnjico. Primerna je za občutlji- vo kožo, saj ne povzroča srbečic in alergij. Antioksidanti v oljčnem olju delujejo proti gubam in proti izgubi zdravega tena.&lt;/p&gt;\r\n&lt;p style=&quot;text-align: justify;&quot;&gt;Torej namenjena je tudi malo strej&amp;scaron;i koži, ki potrebuje malo bolj intenzivno nego, saj ji to omogoča njena bogata struktura. &lt;strong&gt;Dodatek ekolo&amp;scaron;kih limon Sicilije med fazo maksiranja pred stiskanjem, bo izdelku dal lahkoten vonj-parfum.&lt;/strong&gt; Krema je veganska.&lt;/p&gt;','','','krema-za-obraz-citreum',0,0,'','',''),(18,2,'0000-00-00 00:00:00',1,1,'Face cream citreum','&lt;p style=&quot;text-align: justify;&quot;&gt;This nourishing cream has a dense and rich structure. It is a day cream, so it does not leave traces or oily skin. It contains as much as 10% extra virgin olive oil, which, in addition to nourishing the skin, also hydrates the epidermis. It is suitable for sensitive skin, as it does not cause itching and allergies. Antioxidants in olive oil work against wrinkles and the loss of a healthy complexion. It is thus also intended for a slightly more mature skin that needs more intensive care that is provided by the rich structure of this cream.&lt;/p&gt;\r\n&lt;p style=&quot;text-align: justify;&quot;&gt;&lt;strong&gt;The addition of organic Sicilian lemons during the pre-compression maxing phase will give the product a light scent-perfume&lt;/strong&gt;. The product is vegan.&lt;/p&gt;','','olive oil for face, olive oil face, face cream, olive face cream, olive oil face cream','face-cream-citreum',0,0,'','',''),(19,1,'0000-00-00 00:00:00',1,1,'Krema za obraz arantium','&lt;p style=&quot;text-align: justify;&quot;&gt;Krema je hranilna. Njena gosta in bogata struktura nahrani kožo. Gre za dnevno kremo, saj ne pu&amp;scaron;ča sledi ali mastne kože. Vsebuje kar 10% ekstra devi&amp;scaron;kega oljčnega olja, ki pa poleg tega da nahrani kožo tudi dobro hidrira njeno povrhnjico. Primerna je za občutljivo kožo, saj ne povzroča srbečic in alergij. Antioksidanti v oljčnem olju delujejo proti gubam in proti izgubi zdravega tena.&lt;/p&gt;\r\n&lt;p style=&quot;text-align: justify;&quot;&gt;Namenjena je torej tudi malo starej&amp;scaron;i koži, ki potrebuje bolj intenzivno nego, saj ji to omogoča njena bogata struktura.&lt;strong&gt; Dodatek ekolo&amp;scaron;kih pomaranč Sicilije med fazo maksiranja pred stiskanjem bo izdelku dal lahkoten vonj-parfum. &lt;/strong&gt;Krema je veganska.&lt;/p&gt;','','','krema-za-obraz-arantium',0,0,'','',''),(19,2,'0000-00-00 00:00:00',1,1,'Face cream arantium','&lt;p style=&quot;text-align: justify;&quot;&gt;This nourishing cream has a dense and rich structure. It is a day cream, so it does not leave traces or oily skin. It contains as much as 10% extra virgin olive oil, which, in addition to nourishing the skin, also hydrates the epidermis. It is suitable for sensitive skin, as it does not cause itching and allergies. Antioxidants in olive oil work against wrinkles and the loss of a healthy complexion. It is thus also intended for a slightly more mature skin that needs more intensive care that is provided by the rich structure of this cream.&lt;/p&gt;\r\n&lt;p style=&quot;text-align: justify;&quot;&gt;&lt;strong&gt;The addition of organic Sicilian oranges during the pre-compression maxing phase will give the product a light scent-perfume&lt;/strong&gt;. The product is vegan.&lt;/p&gt;','','olive oil for face, olive oil face, face cream, olive face cream, olive oil face cream','face-cream-arantium',0,0,'','',''),(20,1,'0000-00-00 00:00:00',1,1,'Piling za obraz','&lt;p style=&quot;text-align: justify;&quot;&gt;Piling sestavljajo ko&amp;scaron;čice oljk, ki jih pridobimo med samim stiskanjem olja. Vsaka ko&amp;scaron;čica vsebuje &amp;scaron;e okoli 6% oljčnega olja, zato kože med samim postopkom ne po&amp;scaron;koduje, temveč jo &amp;scaron;e dodatno neguje. Piling odstranjuje odmrlo kožo in hkrati hidrira kožo, zahvaljujoč prisotnosti ekstra devi&amp;scaron;kega oljčnega olja v formulaciji.&lt;/p&gt;\r\n&lt;p style=&quot;text-align: justify;&quot;&gt;Lahka abrazivna gradacija ko&amp;scaron;čic. (1-3) Piling je veganski.&lt;/p&gt;','','','piling-za-obraz',0,0,'','',''),(20,2,'0000-00-00 00:00:00',1,1,'Face scrub','&lt;p style=&quot;text-align: justify;&quot;&gt;This scrub consists of olive pits, which are obtained during the oil pressing. Each pit contains about 6% of olive oil, so it does not damage the skin during the process, but rather nourishes it. The scrub removes dead skin while hydrating the skin thanks to the presence of extra virgin olive oil in the formulation. Light abrasive gradation of pits. (1-3) This product is vegan.&lt;/p&gt;','','olive oil scrub, olive scrub, face scrub, olive scrubs','face-scrub',0,0,'','',''),(21,1,'0000-00-00 00:00:00',1,1,'Krema za roke neutrum','&lt;p style=&quot;text-align: justify;&quot;&gt;Krema ima funkcijo negovanja po&amp;scaron;kodovane kože. Ima zelo lahkotno strukturo in kože po uporabi NE pu&amp;scaron;ča mastne. Takoj ko jo uporabimo, že lahko uporabljamo roke. Krema je veganska.&lt;/p&gt;','','','krema-za-roke-neutrum',0,0,'','',''),(21,2,'0000-00-00 00:00:00',1,1,'Hand cream neutrum','&lt;p style=&quot;text-align: justify;&quot;&gt;This cream nourishes damaged skin. It has a very light structure and does NOT leave the skin greasy after use. We can use our hands immediately after applying it. This product is vegan.&lt;/p&gt;','','olive oil hand cream, hand cream, olive hand cream, olive oil hand cream, hand cream olive','hand-cream-neutrum',0,0,'','',''),(22,1,'0000-00-00 00:00:00',1,1,'Krema za roke citreum','&lt;p style=&quot;text-align: justify;&quot;&gt;Krema ima funkcijo negovanja po&amp;scaron;kodovane kože. Ima zelo lahkotno strukturo in kože po uporabi NE pu&amp;scaron;ča mastne. Takoj ko jo uporabimo, že lahko uporabljamo roke. &lt;strong&gt;Dodatek ekolo&amp;scaron;kih limon Sicilije med fazo maksiranja pred stiskanjem, bo izdelku dal lahkoten vonj-parfum&lt;/strong&gt;. Krema je veganska.&lt;/p&gt;','','','hands-cream-citreum',0,0,'','',''),(22,2,'0000-00-00 00:00:00',1,1,'Hand cream citreum','&lt;p style=&quot;text-align: justify;&quot;&gt;This cream nourishes damaged skin. It has a very light structure and does NOT leave the skin greasy after use. We can use our hands immediately after applying it. &lt;strong&gt;The addition of organic Sicilian lemons during the pre-compression maxing phase will give the product a light scent-perfume.&lt;/strong&gt; This product is vegan.&lt;/p&gt;','','olive oil hand cream, hand cream, olive hand cream, olive oil hand cream, hand cream olive','hand-cream-citreum',0,0,'','',''),(23,1,'0000-00-00 00:00:00',1,1,'Krema za roke arantium','&lt;p style=&quot;text-align: justify;&quot;&gt;Krema ima funkcijo negovanja po&amp;scaron;kodovane kože. Ima zelo lahkotno strukturo in kože po uporabi NE pu&amp;scaron;ča mastne. Takoj ko jo uporabimo, že lahko uporabljamo roke.&lt;strong&gt; Dodatek ekolo&amp;scaron;kih pomaranč Sicilije med fazo maksiranja pred stiskanjem, bo izdelku dal lahkoten vonj-parfum.&amp;nbsp;&lt;/strong&gt;Krema je veganska.&lt;/p&gt;','','','krema-za-roke-arantium',0,0,'','',''),(23,2,'0000-00-00 00:00:00',1,1,'Hand cream arantium','&lt;p style=&quot;text-align: justify;&quot;&gt;This cream nourishes damaged skin. It has a very light structure and does NOT leave the skin greasy after use. We can use our hands immediately after applying it. The addition of organic Sicilian oranges during the pre-compression maxing phase will give the product a light scent-perfume. This product is vegan.&lt;/p&gt;','','olive oil hand cream, hand cream, olive hand cream, olive oil hand cream, hand cream olive','hand-cream-arantium',0,0,'','',''),(24,1,'0000-00-00 00:00:00',1,1,'Krema za telo citreum','&lt;p style=&quot;text-align: justify;&quot;&gt;Zasnovana je kot regeneracijska in za&amp;scaron;čitna krema. Dodatek ekstra devi&amp;scaron;kega oljčnega olja naredi kožo &amp;scaron;e bolj svežo in gladko. Krema ni pretirano mastna. Oljčno olje v kremi preprečuje staranje kože ter ji daje lep ten in jo nahrani. Bogata je z vitamini A, D, E, K ter visoko vsebnostjo biofenolov. &lt;strong&gt;Dodatek ekolo&amp;scaron;kih limon Sicilije med fazo maksiranja pred stiskanjem, bo izdelku dal lahkoten vonj-parfum&lt;/strong&gt;. Krema je veganska.&lt;/p&gt;','','','krema-za-telo-citreum',0,0,'','',''),(24,2,'0000-00-00 00:00:00',1,1,'Body cream citreum','&lt;p style=&quot;text-align: justify;&quot;&gt;This is a regenerating and protective cream. The addition of extra virgin olive oil makes the skin even fresher and smoother. The cream is not overly greasy. The olive oil in the cream prevents the skin from aging and gives it a beautiful complexion and nourishes it. It is rich in vitamins A, D, E, K and has a high content of biophenols. &lt;strong&gt;The addition of organic Sicilian lemons during the pre-compression maxing phase will give the product a light scent-perfume.&lt;/strong&gt; The product is vegan.&lt;/p&gt;','','body cream, olive oil lotion, olive oil body lotion, olive lotion, olive body lotion','body-cream-citreum',0,0,'','',''),(25,1,'0000-00-00 00:00:00',1,1,'Krema za telo arantium','&lt;p style=&quot;text-align: justify;&quot;&gt;Zasnovana je kot regeneracijska in za&amp;scaron;čitna krema. Dodatek ekstra devi&amp;scaron;kega oljčnega olja naredi kožo &amp;scaron;e bolj svežo in gladko. Krema ni pretirano mastna. Oljčno olje v kremi preprečuje staranje kože ter ji daje lep ten in jo nahrani. Bogata je z vitamini A,D,E,K ter visoko vsebnostjo biofenolov. &lt;strong&gt;Dodatek ekolo&amp;scaron;kih pomaranč Sicilije med fazo maksiranja pred stiskanjem, bo izdelku dal lahkoten vonj-parfum.&lt;/strong&gt; Krema je veganska.&lt;/p&gt;','','','krema-za-telo-arantium',0,0,'','',''),(25,2,'0000-00-00 00:00:00',1,1,'Body cream arantium','&lt;p style=&quot;text-align: justify;&quot;&gt;This is a regenerating and protective cream. The addition of extra virgin olive oil makes the skin even fresher and smoother. The cream is not overly greasy. The olive oil in the cream prevents the skin from aging and gives it a beautiful complexion and nourishes it. It is rich in vitamins A, D, E, K and has a high content of biophenols. &lt;strong&gt;The addition of organic Sicilian oranges during the pre-compression maxing phase will give the product a light scent-perfume.&lt;/strong&gt; The product is vegan.&lt;/p&gt;','','body cream, olive oil lotion, olive oil body lotion, olive lotion, olive body lotion','body-cream-arantium',0,0,'','',''),(26,1,'0000-00-00 00:00:00',1,1,'&Scaron;ampon za lase neutrum','&lt;p style=&quot;text-align: justify;&quot;&gt;Sveže obrane oljke in njihova svežina bo zajela va&amp;scaron;e lase. Ekstra devi&amp;scaron;ko oljčno olje, ki ga vsebujejo na&amp;scaron;i proizvodi je stisnjeno iz oljk, ki so stisnjene le 4 ure po tem ko so obrane. Tako olje ohrani vse polifenole, ki pozitivno deljujejo na na&amp;scaron;e lase.&lt;/p&gt;\r\n&lt;p style=&quot;text-align: justify;&quot;&gt;Lasi&amp;scaron;če bo nahranjeno in za&amp;scaron;čiteno pred srbenjem in suhostjo, z 10% ekstra devi&amp;scaron;kega oljčnega olja bo lase za&amp;scaron;čitilo pred zunanjimi dejavniki. Lasje bodo neverjetno lahkotni in prožni ter močni in nahranjeni. &amp;Scaron;ampon je veganski.&lt;/p&gt;','','','sampon-za-lase-neutrum',0,0,'','',''),(26,2,'0000-00-00 00:00:00',1,1,'Olive hair shampoo neutrum','&lt;p style=&quot;text-align: justify;&quot;&gt;Freshly picked olives and their freshness will enrich your hair. The extra virgin olive oil contained in our products is obtained from olives that are pressed only 4 hours after they are picked. Thus, the oil preserves all the polyphenols, which has a positive effect on our hair. The scalp will be nourished and protected from itching and dryness and the 10% of extra virgin olive oil will protect the hair from external factors. The hair will be incredibly light and flexible, as well as strong and nourished. The product is vegan.&lt;/p&gt;','','hair shampoo, olive oil shampoo, olive shampoo, olive tree shampoo, olive care shampoo, olive hair s','olive-hair-shampoo-neutrum',0,0,'','',''),(27,1,'0000-00-00 00:00:00',1,1,'&Scaron;ampon za lase citreum','&lt;p style=&quot;text-align: justify;&quot;&gt;Sveže obrane oljke in njihova svežina bo zajela va&amp;scaron;e lase. Ekstra devi&amp;scaron;ko oljčno olje, ki ga vsebujejo na&amp;scaron;i proizvodi je stisnjeno iz oljk, ki so stisnjene le 4 ure po tem ko so obrane. Tako olje ohrani vse polifenole, ki pozitivno deljujejo na na&amp;scaron;e lase.&lt;/p&gt;\r\n&lt;p style=&quot;text-align: justify;&quot;&gt;Lasi&amp;scaron;če bo nahranjeno in za&amp;scaron;čiteno pred srbenjem in suhostjo, z 10% ekstra devi&amp;scaron;kega oljčnega olja bo lase za&amp;scaron;čitilo pred zunanjimi dejavniki. Lasje bodo neverjetno lahkotni in prožni ter močni in nahranjeni. Dodatek ekolo&amp;scaron;kih limon Sicilije med fazo maksiranja pred stiskanjem, bo izdelku dal lahkoten vonj-parfum. &amp;Scaron;ampon je veganski.&lt;/p&gt;','','','sampon-za-lase-citreum',0,0,'','',''),(27,2,'0000-00-00 00:00:00',1,1,'Olive hair shampoo citreum','&lt;p style=&quot;text-align: justify;&quot;&gt;Freshly picked olives and their freshness will enrich your hair. The extra virgin olive oil contained in our products is obtained from olives that are pressed only 4 hours after they are picked. Thus, the oil preserves all the polyphenols, which has a positive effect on our hair. The scalp will be nourished and protected from itching and dryness and the 10% of extra virgin olive oil will protect the hair from external factors. The hair will be incredibly light and flexible, as well as strong and nourished. &lt;strong&gt;The addition of organic Sicilian lemons during the pre-compression maxing phase will give the product a light scent-perfume.&lt;/strong&gt; The product is vegan.&lt;/p&gt;','','hair shampoo, olive oil shampoo, olive shampoo, olive tree shampoo, olive care shampoo','olive-hair-shampoo-citreum',0,0,'','',''),(28,1,'0000-00-00 00:00:00',1,1,'&Scaron;ampon za lase arantium','&lt;p style=&quot;text-align: justify;&quot;&gt;Sveže obrane oljke in njihova svežina bo zajela va&amp;scaron;e lase. Ekstra devi&amp;scaron;ko oljčno olje, ki ga vsebujejo na&amp;scaron;i proizvodi je stisnjeno iz oljk, ki so stisnjene le 4 ure po tem ko so obrane. Tako olje ohrani vse polifenole, ki pozitivno deljujejo na na&amp;scaron;e lase.&lt;/p&gt;\r\n&lt;p style=&quot;text-align: justify;&quot;&gt;Lasi&amp;scaron;če bo nahranjeno in za&amp;scaron;čiteno pred srbenjem in suhostjo, z 10% ekstra devi&amp;scaron;kega oljčnega olja bo lase za&amp;scaron;čitilo pred zunanjimi dejavniki. Lasje bodo neverjetno lahkotni in prožni ter močni in nahranjeni.&lt;strong&gt; Dodatek ekolo&amp;scaron;kih pomaranč Sicilije med fazo maksiranja pred stiskanjem, bo izdelku dal lahkoten vonj-parfum.&lt;/strong&gt; &amp;Scaron;ampon je veganski.&lt;/p&gt;','','','sampon-za-lase-arantium',0,0,'','',''),(28,2,'0000-00-00 00:00:00',1,1,'Olive hair shampoo arantium','&lt;p style=&quot;text-align: justify;&quot;&gt;Freshly picked olives and their freshness will enrich your hair. The extra virgin olive oil contained in our products is obtained from olives that are pressed only 4 hours after they are picked. Thus, the oil preserves all the polyphenols, which has a positive effect on our hair. The scalp will be nourished and protected from itching and dryness and the 10% of extra virgin olive oil will protect the hair from external factors. The hair will be incredibly light and flexible, as well as strong and nourished. &lt;strong&gt;The addition of organic Sicilian oranges during the pre-compression maxing phase will give the product a light scent-perfume.&lt;/strong&gt; The product is vegan.&lt;/p&gt;','','hair shampoo, olive oil shampoo, olive shampoo, olive tree shampoo, olive care shampoo','olive-hair-shampoo-arantium',0,0,'','',''),(29,1,'0000-00-00 00:00:00',1,1,'&Scaron;ampon za lase chilli','&lt;p style=&quot;text-align: justify;&quot;&gt;Vsebuje ekstra devi&amp;scaron;ko oljčno olje s čilijem z Balija. Čili namakamo v olju inpostopek zaključimo s filtracijo. &amp;Scaron;ampon je rahlo pekoč, Bio čili, ki ga vsebuje proizvod, potegne ma&amp;scaron;čoben občutek iz na&amp;scaron;ega lasi&amp;scaron;ča ter las. Nudi nam lahkotnost las in lasi&amp;scaron;ča, ki pa ga hkrati nežno prekrvavi zaradi vsebnosti čilija, ki vzpodbudi pretok na povrhnjici na&amp;scaron;ega lasi&amp;scaron;ča.&lt;/p&gt;','','','sampon-za-lase-chilli',0,0,'','',''),(29,2,'0000-00-00 00:00:00',1,1,'Olive hair shampoo chilli','&lt;p style=&quot;text-align: justify;&quot;&gt;Contains extra virgin olive oil with chili from Bali. Chillies are soaked in oil and the process is completed with filtration. The shampoo is slightly burning, the Bio chili contained in the product removes the greasy feeling from our scalp and hair. It offers lightness to our hair and scalp, but at the same time gently bloods it due to the content of chili, which stimulates circulation on the surface of our scalp.&lt;/p&gt;','','','olive-hair-shampoo-chilli',0,0,'','',''),(30,1,'0000-00-00 00:00:00',1,1,'Balzam za lase neutrum','&lt;p style=&quot;text-align: justify;&quot;&gt;Vlaži, &amp;scaron;čiti, obnavlja in krepi lase ter jim daje občutek mehkobe.&lt;/p&gt;\r\n&lt;p style=&quot;text-align: justify;&quot;&gt;Preprečuje cepljenje las. Priporočamo, da ga po &amp;scaron;amponiranju nanesete na z brisačo osu&amp;scaron;ene lase inpočakate nekaj minut, nato izperete. Balzam je veganski.&lt;/p&gt;','','','balzam-za-lase-neutrum',0,0,'','',''),(30,2,'0000-00-00 00:00:00',1,1,'Olive hair conditioner neutrum','&lt;p style=&quot;text-align: justify;&quot;&gt;It moisturizes, protects, restores and strengthens the hair and makes it feel soft. It prevents hair splitting. We recommend that you apply it onto towel-dried hair after shampooing, wait for a few minutes, then rinse. This product is vegan.&lt;/p&gt;','','olive hair conditioner, olive oil conditioner, olive oil deep conditioner, olive conditioner','olive-hair-conditioner-neutrum',0,0,'','',''),(31,1,'0000-00-00 00:00:00',1,1,'Balzam za lase citreum','&lt;p style=&quot;text-align: justify;&quot;&gt;Vlaži, &amp;scaron;čiti, obnavlja in krepi lase ter jim daje občutek mehkobe.&lt;/p&gt;\r\n&lt;p style=&quot;text-align: justify;&quot;&gt;Preprečuje cepljenje las. Priporočamo, da ga po &amp;scaron;amponiranju nanesete na z brisačo osu&amp;scaron;ene lase, ter počakate par minut, nato izperete. Balsam je veganski.&lt;/p&gt;\r\n&lt;p style=&quot;text-align: justify;&quot;&gt;&lt;strong&gt;Dodatek ekolo&amp;scaron;kih limon Sicilije med fazo maksiranja pred stiskanjem, bo izdelku dal lahkoten vonj-parfum.&lt;/strong&gt;&lt;/p&gt;','','','balzam-za-lase-citreum',0,0,'','',''),(31,2,'0000-00-00 00:00:00',1,1,'Olive hair conditioner citreum','&lt;p style=&quot;text-align: justify;&quot;&gt;It moisturizes, protects, restores and strengthens the hair and makes it feel soft. It prevents hair splitting. We recommend that you apply it onto towel-dried hair after shampooing, wait for a few minutes, then rinse. This product is vegan.&lt;/p&gt;\r\n&lt;p style=&quot;text-align: justify;&quot;&gt;&lt;strong&gt;The addition of organic Sicilian lemons during the pre-compression maxing phase will give the product a light scent-perfume.&lt;/strong&gt;&lt;/p&gt;','','olive hair conditioner, olive oil conditioner, olive oil deep conditioner, olive conditioner','olive-hair-conditioner-citreum',0,0,'','',''),(32,1,'0000-00-00 00:00:00',1,1,'Balzam za lase arantium','&lt;p style=&quot;text-align: justify;&quot;&gt;Vlaži, &amp;scaron;čiti, obnavlja in krepi lase ter jim daje občutek mehkobe.&lt;/p&gt;\r\n&lt;p style=&quot;text-align: justify;&quot;&gt;Preprečuje cepljenje las. Priporočamo, da ga po &amp;scaron;amponiranju nanesete na z brisačo osu&amp;scaron;ene lase, ter počakate par minut, nato izperete. Balsam je veganski.&lt;/p&gt;\r\n&lt;p style=&quot;text-align: justify;&quot;&gt;&lt;strong&gt;Dodatek ekolo&amp;scaron;kih pomaranč Sicilije med fazo maksiranja pred stiskanjem, bo izdelku dal lahkoten vonj-parfum.&lt;/strong&gt;&lt;/p&gt;','','','balzam-za-lase-arantium',0,0,'','',''),(32,2,'0000-00-00 00:00:00',1,1,'Olive hair conditioner arantium','&lt;p style=&quot;text-align: justify;&quot;&gt;It moisturizes, protects, restores and strengthens the hair and makes it feel soft. It prevents hair splitting. We recommend that you apply it onto towel-dried hair after shampooing, wait for a few minutes, then rinse. This product is vegan.&lt;/p&gt;\r\n&lt;p style=&quot;text-align: justify;&quot;&gt;&lt;strong&gt;The addition of organic Sicilian oranges during the pre-compression maxing phase will give the product a light scent-perfume.&lt;/strong&gt;&lt;/p&gt;','','olive hair conditioner, olive oil conditioner, olive oil deep conditioner, olive conditioner','olive-hair-conditioner-arantium',0,0,'','',''),(33,1,'0000-00-00 00:00:00',1,1,'Balzam za lase chilli','&lt;p style=&quot;text-align: justify;&quot;&gt;Vlaži, &amp;scaron;čiti, obnavlja in krepi lase ter jim daje občutek mehkobe.&lt;/p&gt;\r\n&lt;p style=&quot;text-align: justify;&quot;&gt;Preprečuje cepljenje las. Priporočamo, da ga po &amp;scaron;amponiranju nanesete na z brisačo osu&amp;scaron;ene lase, ter počakate par minut, nato izperete. Balsam je veganski. Dodatek čilija in mete naredi lahkoten las.&lt;/p&gt;','','','balzam-za-lase-chilli',0,0,'','',''),(33,2,'0000-00-00 00:00:00',1,1,'Olive hair conditioner chilli','&lt;p style=&quot;text-align: justify;&quot;&gt;It moisturizes, protects, restores and strengthens the hair and makes it feel soft. It prevents hair splitting. We recommend that you apply it onto towel-dried hair after shampooing, wait for a few minutes, then rinse. This product is vegan. The addition of chili and mint makes the hair light.&lt;/p&gt;','','olive hair conditioner, olive oil conditioner, olive oil deep conditioner, olive conditioner','hair-conditioner-chilli',0,0,'','',''),(34,1,'0000-00-00 00:00:00',1,1,'Gold 0,1L','','','','gold-01l',0,0,'','',''),(34,2,'0000-00-00 00:00:00',1,1,'Gold 0,1L','','','','gold-01l',0,0,'','',''),(35,1,'0000-00-00 00:00:00',1,1,'Gold 0,25L','','','','gold-025l',0,0,'','',''),(35,2,'0000-00-00 00:00:00',1,1,'Gold 0,25L','','','','gold-025l',0,0,'','',''),(36,1,'0000-00-00 00:00:00',1,1,'Gold 0,5L','','','','gold-05l',0,0,'','',''),(36,2,'0000-00-00 00:00:00',1,1,'Gold 0,5L','','','','gold-05l',0,0,'','',''),(37,1,'0000-00-00 00:00:00',1,1,'Istrska belica 0,1L','','','','istrska-belica-01l',0,0,'','',''),(37,2,'0000-00-00 00:00:00',1,1,'Istrska belica 0,1L','','','','istrska-belica-01l',0,0,'','',''),(38,1,'0000-00-00 00:00:00',1,1,'Istrska belica 0,25L','','','','istrska-belica-025l',0,0,'','',''),(38,2,'0000-00-00 00:00:00',1,1,'Istrska belica 0,25L','','','','istrska-belica-025l',0,0,'','',''),(39,1,'0000-00-00 00:00:00',1,1,'Istrska belica 0,5L','','','','istrska-belica-05l',0,0,'','',''),(39,2,'0000-00-00 00:00:00',1,1,'Istrska belica 0,5L','','','','istrska-belica-05l',0,0,'','',''),(40,1,'0000-00-00 00:00:00',1,1,'Cuv&eacute;e 0,1L','','','','cuvee-01l',0,0,'','',''),(40,2,'0000-00-00 00:00:00',1,1,'Cuv&eacute;e 0,1L','','','','cuvee-01l',0,0,'','',''),(41,1,'0000-00-00 00:00:00',1,1,'Cuv&eacute;e 0,25L','','','','cuvee-025l',0,0,'','',''),(41,2,'0000-00-00 00:00:00',1,1,'Cuv&eacute;e 0,25L','','','','cuvee-025l',0,0,'','',''),(42,1,'0000-00-00 00:00:00',1,1,'Cuv&eacute;e 0,5L','','','','cuvee-05l',0,0,'','',''),(42,2,'0000-00-00 00:00:00',1,1,'Cuv&eacute;e 0,5L','','','','cuvee-05l',0,0,'','',''),(43,1,'0000-00-00 00:00:00',1,1,'One love','&lt;p style=&quot;text-align: justify;&quot;&gt;Me&amp;scaron;anica dveh tipičnih slovenskih olj; eno iz severnega dela Slovenije - bučno olje, drugo iz južnega dela Slovenije - ekstra devi&amp;scaron;ko oljčno olje. Edinstven slovenski izdelek.&lt;/p&gt;','','','one-love',0,0,'','',''),(43,2,'0000-00-00 00:00:00',1,1,'One love','&lt;p style=&quot;text-align: justify;&quot;&gt;Mixture of two tipical Slovenian oils, one from northern part of Slovenia - pumpking seed oil, and another from southern parts of Slovenia - olive oil.&lt;/p&gt;\r\n&lt;p style=&quot;text-align: justify;&quot;&gt;We are the only country that has both - pumpink seed oil and olive oil. We are first in the world to produce mixture of pumpkin seed oil and olive oil.&lt;/p&gt;','','lisjak olive oil one love, olive oil, pumpkin seed oil, pumpkin oil','one-love',0,0,'','',''),(44,1,'0000-00-00 00:00:00',1,1,'One love 0,1L','','','','one-love-01l',0,0,'','',''),(44,2,'0000-00-00 00:00:00',1,1,'One love 0,1L','','','','one-love-01l',0,0,'','',''),(45,1,'0000-00-00 00:00:00',1,1,'One love 0,25L','&lt;p&gt;One love je me&amp;scaron;anica bučnega ter oljčnega olja.&lt;/p&gt;\r\n&lt;p&gt;V eni steklenički smo želeli združiti 2 najbolj tipični olji Slovenije;&lt;/p&gt;\r\n&lt;p&gt;eno iz severa ter eno iz južnega dela Slovenije.&lt;/p&gt;','','','one-love-025l',0,0,'','',''),(45,2,'0000-00-00 00:00:00',1,1,'One love 0,25L','&lt;pre class=&quot;tw-data-text tw-text-large tw-ta&quot; data-placeholder=&quot;Translation&quot; id=&quot;tw-target-text&quot; dir=&quot;ltr&quot;&gt;&lt;span class=&quot;Y2IQFc&quot; lang=&quot;en&quot;&gt;One love is a mixture of pumpkin and olive oil.\r\n\r\nWe wanted to combine the 2 most typical oils of Slovenia in one bottle;\r\n\r\none from the north and one from the southern part of Slovenia.&lt;/span&gt;&lt;/pre&gt;','','','one-love-025l',0,0,'','',''),(46,1,'0000-00-00 00:00:00',1,1,'One love 0,5L','','','','one-love-05l',0,0,'','',''),(46,2,'0000-00-00 00:00:00',1,1,'One love 0,5L','','','','one-love-05l',0,0,'','',''),(47,1,'0000-00-00 00:00:00',1,1,'Lemon 0,1L','','','','lemon-01l',0,0,'','',''),(47,2,'0000-00-00 00:00:00',1,1,'Lemon 0,1L','','','','lemon-01l',0,0,'','',''),(48,1,'0000-00-00 00:00:00',1,1,'Lemon 0,25L','','','','lemon-025l',0,0,'','',''),(48,2,'0000-00-00 00:00:00',1,1,'Lemon 0,25L','','','','lemon-025l',0,0,'','',''),(49,1,'0000-00-00 00:00:00',1,1,'Orange','&lt;p style=&quot;text-align: justify;&quot;&gt;Orange je ekstra devi&amp;scaron;ko oljčno olje z aromo pomaranče. Narejeno je s hkratnim hladnim stiskanjem izbranih oljk in biolo&amp;scaron;kih pomaranč s Sicilije. Pravzaprav ne gre le za aromatizirano olje, ampak za eliksir z edinstveno aromo ter prefinjenostjo.&lt;/p&gt;\r\n&lt;p style=&quot;text-align: justify;&quot;&gt;Okus je sladkasto pomarančast, vonj pa ima povsem po aromah agrumov. Barva je svetlo zelena.&lt;/p&gt;','','','orange',0,0,'','',''),(49,2,'0000-00-00 00:00:00',1,1,'Orange','&lt;p style=&quot;text-align: justify;&quot;&gt;Extra virgin olive oil orange is made of olives and carefully picked organic oranges from Sicilly.&lt;/p&gt;\r\n&lt;p style=&quot;text-align: justify;&quot;&gt;Olives and oranges are pressed together imediately after picking.&lt;/p&gt;\r\n&lt;p style=&quot;text-align: justify;&quot;&gt;There are no extracts, no artificial aromas added. Pairs very good with chocolatte ice-cream and also salty dishes.&lt;/p&gt;','','lisjak olive oil orange, olives orange, orange olive oil, orange infused olive oil, orange flavoured','orange',0,0,'','',''),(50,1,'0000-00-00 00:00:00',1,1,'Orange 0,1L','','','','orange-01l',0,0,'','',''),(50,2,'0000-00-00 00:00:00',1,1,'Orange 0,1L','','','','orange-01l',0,0,'','',''),(51,1,'0000-00-00 00:00:00',1,1,'Orange 0,25L','','','','orange-025l',0,0,'','',''),(51,2,'0000-00-00 00:00:00',1,1,'Orange 0,25L','','','','orange-025l',0,0,'','',''),(52,1,'0000-00-00 00:00:00',1,1,'Chili 0,1L','','','','chili-01l',0,0,'','',''),(52,2,'0000-00-00 00:00:00',1,1,'Chilli 0,1L','','','','chilli-01l',0,0,'','',''),(53,1,'0000-00-00 00:00:00',1,1,'Chili 0,25L','','','','chili-025l',0,0,'','',''),(53,2,'0000-00-00 00:00:00',1,1,'Chilli 0,25L','','','','chilli-025l',0,0,'','',''),(54,1,'0000-00-00 00:00:00',1,1,'Truffle 0,1L','','','','truffle-01l',0,0,'','',''),(54,2,'0000-00-00 00:00:00',1,1,'Truffle 0,1L','','','','truffle-01l',0,0,'','',''),(55,1,'0000-00-00 00:00:00',1,1,'Truffle 0,25L','','','','truffle-025l',0,0,'','',''),(55,2,'0000-00-00 00:00:00',1,1,'Truffle 0,25L','','','','truffle-025l',0,0,'','',''),(56,1,'0000-00-00 00:00:00',1,1,'Garlic 0,1L','','','','garlic-01l',0,0,'','',''),(56,2,'0000-00-00 00:00:00',1,1,'Garlic 0,1L','','','','garlic-01l',0,0,'','',''),(57,1,'0000-00-00 00:00:00',1,1,'Garlic 0,25L','','','','garlic-025l',0,0,'','',''),(57,2,'0000-00-00 00:00:00',1,1,'Garlic 0,25L','','','','garlic-025l',0,0,'','',''),(58,1,'0000-00-00 00:00:00',1,1,'Evoo 2021 3L','','','','evoo-2021-3l',0,0,'','',''),(58,2,'0000-00-00 00:00:00',1,1,'Evoo 2021 3L','','','','evoo-2021-3l',0,0,'','',''),(59,1,'0000-00-00 00:00:00',1,1,'Evoo 2023 5L','&lt;p&gt;Sveže oljčno olje cuvee skrbno pakirano v embalažo 5l za vsakdanjo uporabo ter kuhanje. Hladno stisnjeno, filtrirano.&lt;/p&gt;','','','evoo-2021-5l',0,0,'','',''),(59,2,'0000-00-00 00:00:00',1,1,'Evoo oil','&lt;p&gt;&lt;span&gt;Fresh blend of our best sorts of olives carefully packed in 5l packaging for everyday use and cooking. &lt;/span&gt;&lt;/p&gt;\r\n&lt;p&gt;&lt;span&gt;Cold pressed, filtered.&lt;/span&gt;&lt;/p&gt;\r\n&lt;p&gt;&lt;span&gt;Year 2023&lt;/span&gt;&lt;/p&gt;','','evoo, evoo oil, olive oil 5 litre, evoo olive oil, olive oil can','evoo-2021-5l',0,0,'','',''),(60,1,'0000-00-00 00:00:00',1,1,'Poison','&lt;p&gt;To posebno me&amp;scaron;anico 5-ih vrst na&amp;scaron;ih po pikantnosti najmočnej&amp;scaron;ih sort oljk smo združili v eni fla&amp;scaron;ki.&lt;/p&gt;\r\n&lt;p&gt;S sodelovanjem s THOMASOM Andreas Guglerjem , predsednikom SVETOVNE ZVEZE CHEFOV,&lt;/p&gt;\r\n&lt;p&gt;smo ustvarili nepozaben blend.&lt;/p&gt;\r\n&lt;p&gt;&lt;/p&gt;','','','poison',0,0,'','',''),(60,2,'0000-00-00 00:00:00',1,1,'Poison','&lt;p&gt;This is a special blend in cooperation with Thomas Andreas Gugler.&lt;/p&gt;\r\n&lt;p&gt;He is a president of WACS (World Chefs). The oil is very intense and apropriate for beef-stakes, raw meat,...&lt;/p&gt;','','lisjak olive oil poison, world chef, thomas gugler, worldchefs','poison',0,0,'','',''),(61,1,'0000-00-00 00:00:00',1,1,'Posion with gift box','','','','posion-with-gift-box',0,0,'','',''),(61,2,'0000-00-00 00:00:00',0,1,'Poison with gift box','','','','posion-with-gift-box',0,0,'','',''),(62,1,'0000-00-00 00:00:00',1,1,'Herbs','','','','herbs',0,0,'','',''),(62,2,'0000-00-00 00:00:00',1,1,'Herbs','&lt;p style=&quot;text-align: justify;&quot;&gt;Herbs olive oil is an excellent combination of 5 fresh herbs, which are ground together with freshly picked olives, and a pinch of salt flower from Slovenian salt flats is also added. Suitable for grilled meat or summer salads.&lt;/p&gt;','','lisjak olive oil herbs, herbs and olive, herbs infused oil, herb olive, herbs infused olive oil','herbs',0,0,'','',''),(63,1,'0000-00-00 00:00:00',1,1,'Onion','','','','onion',0,0,'','',''),(63,2,'2022-09-28 15:42:42',1,1,'Onion','&lt;p style=&quot;text-align: justify;&quot;&gt;onion olive oil is an excellent product to aid in cooking. It is made from fresh onions, pressed together, with olives peeled in just 4 hours.&lt;/p&gt;','','lisjak olive oil onion, onion infused olive oil, onion olive oil, olive oil and onion','onion',0,0,'','',''),(64,1,'0000-00-00 00:00:00',1,1,'Am&eacute;lie','','','','amelie',0,0,'','',''),(64,2,'0000-00-00 00:00:00',1,1,'Am&eacute;lie','&lt;p style=&quot;text-align: justify;&quot;&gt;Am&amp;eacute;lie&lt;/p&gt;\r\n&lt;pre class=&quot;tw-data-text tw-text-large tw-ta&quot; data-placeholder=&quot;Translation&quot; id=&quot;tw-target-text&quot; dir=&quot;ltr&quot;&gt;&lt;span class=&quot;Y2IQFc&quot; lang=&quot;en&quot;&gt;is our most gentle oil. It is pressed from olives of our best plantations. The oil is delicate, suitable for combining with dishes of delicate flavors.&lt;/span&gt;&lt;/pre&gt;','','lisjak olive oil amelie, extra light olive oil, light olive oil, extra virgin olive oil, extra virgi','amelie',0,0,'','',''),(65,1,'0000-00-00 00:00:00',1,1,'Am&eacute;lie 0,1L','','','','amelie-01l',0,0,'','',''),(65,2,'0000-00-00 00:00:00',1,1,'Am&eacute;lie 0,1L','','','','amelie-01l',0,0,'','',''),(66,1,'0000-00-00 00:00:00',0,1,'Am&eacute;lie 0,25L','','','','amelie-025l',0,0,'','',''),(66,2,'0000-00-00 00:00:00',0,1,'Am&eacute;lie 0,25L','','','','amelie-025l',0,0,'','',''),(67,1,'0000-00-00 00:00:00',1,1,'Am&eacute;lie 0,5L','','','','amelie-05l',0,0,'','',''),(67,2,'0000-00-00 00:00:00',1,1,'Am&eacute;lie 0,5L','','','','amelie-05l',0,0,'','',''),(68,1,'0000-00-00 00:00:00',1,1,'Herbs 0,1L','','','','herbs-01l',0,0,'','',''),(68,2,'0000-00-00 00:00:00',1,1,'Herbs 0,1L','','','','herbs-01l',0,0,'','',''),(69,1,'0000-00-00 00:00:00',1,1,'Herbs 0,25L','','','','herbs-025l',0,0,'','',''),(69,2,'0000-00-00 00:00:00',1,1,'Herbs 0,25L','','','','herbs-025l',0,0,'','',''),(70,1,'0000-00-00 00:00:00',1,1,'Onion 0,1L','','','','onion-01l',0,0,'','',''),(70,2,'0000-00-00 00:00:00',1,1,'Onion 0,1L','','','','onion-01l',0,0,'','',''),(71,1,'0000-00-00 00:00:00',1,1,'Onion 0,25L','&lt;p&gt;Oljčno olje s čebulo je olje, ki ga pridobimo s hkratnim stiskom čebule ter oljk.&lt;/p&gt;\r\n&lt;p&gt;Je prepogre&amp;scaron;ljiv v kuhinji, va&amp;scaron;im jedem na naraven način doda okus ter aromo čebule,&lt;/p&gt;\r\n&lt;p&gt;popestri vsako jed.&lt;/p&gt;','','','onino-025l',0,0,'','',''),(71,2,'0000-00-00 00:00:00',1,1,'Onion 0,25L','&lt;pre class=&quot;tw-data-text tw-text-large tw-ta&quot; data-placeholder=&quot;Translation&quot; id=&quot;tw-target-text&quot; dir=&quot;ltr&quot;&gt;&lt;span class=&quot;Y2IQFc&quot; lang=&quot;en&quot;&gt;Olive oil with onions is oil obtained by pressing onions and olives at the same time.\r\n\r\nIt is indispensable in the kitchen, it adds the taste and aroma of onions to your dishes in a natural way,\r\n\r\nbrightens up any dish.&lt;/span&gt;&lt;/pre&gt;','','','onion-025l',0,0,'','',''),(72,1,'0000-00-00 00:00:00',1,1,'Darilna embalaža','','','','darilna-embalaza',0,0,'','',''),(72,2,'0000-00-00 00:00:00',0,1,'Giftbox','','','','giftbox',0,0,'','',''),(73,1,'0000-00-00 00:00:00',1,1,'Poison 0,5L','','','','poison-05l',0,0,'','',''),(73,2,'0000-00-00 00:00:00',1,1,'Poison 0,5L','','','','poison-05l',0,0,'','',''),(74,1,'0000-00-00 00:00:00',1,1,'Darilna embalaža','','','','74-darilna-embalaza',0,0,'','',''),(74,2,'0000-00-00 00:00:00',0,1,'Giftbox','','','','74-giftbox',0,0,'','',''),(75,1,'0000-00-00 00:00:00',1,1,'Velika skleda iz oljčnega lesa','&lt;p&gt;&lt;span&gt;Velika skleda iz oljčnega lesa, za kruh, sadje, dekoracijo,...&lt;/span&gt;&lt;/p&gt;','','','velika-skleda-iz-oljcnega-lesa',0,0,'','',''),(75,2,'0000-00-00 00:00:00',1,1,'Wood bowl','&lt;p&gt;Big olive wood bowl, for bread, fruit, decoration,...&lt;/p&gt;','','wooden bowl, wooden salad bowl, wooden fruit bowl, olive wood, bowls, olive wood salad bowls','wooden-bowl',0,0,'','',''),(76,1,'0000-00-00 00:00:00',1,1,'OPOGNJENA DESKA IZ OLJČNEGA LESA','&lt;p&gt;Opognjena deska iz oljčnega lesa, primerna za vse vrste narezkov.&lt;/p&gt;','','','opognjena-deska-iz-oljcnega-lesa',0,0,'','',''),(76,2,'0000-00-00 00:00:00',1,1,'Olive boards - bended','&lt;p&gt;Curved olive wood board for cold cuts, special form, bended.&lt;/p&gt;','','olive wood serving boards, olive boards, olive wood chopping boards, olive wood boards','olive-boards-bended',0,0,'','',''),(77,1,'0000-00-00 00:00:00',1,1,'Merilec pa&scaron;te iz oljčnega lesa','&lt;p&gt;Merilec pa&amp;scaron;te iz oljčnega lesa.&lt;/p&gt;','','','merilec-paste-iz-oljcnega-lesa',0,0,'','',''),(77,2,'0000-00-00 00:00:00',1,1,'Spaghetti measurer','&lt;p&gt;Easy way to measure pasta (spaghetti);&lt;/p&gt;\r\n&lt;p&gt;for one portion, for two, or three.&lt;/p&gt;','','spaghetti measuring tool, pasta measuring tool, pasta measurer, spaghetti measurer','spaghetti-measurer',0,0,'','',''),(78,1,'0000-00-00 00:00:00',1,1,'Podolgovata posodica iz oljčnega lesa','&lt;p&gt;Dolga skleda za serviranje suhih paradižnikov, kumar, oliv, artičok, orehov, suhega sadja,...&lt;/p&gt;','','','podolgovata-posodica-iz-oljcnega-lesa',0,0,'','',''),(78,2,'0000-00-00 00:00:00',1,1,'Bowl - long','&lt;p&gt;Long bowl to serve&amp;nbsp;dry tomatoes, cucumbers, olives, artichokes,&lt;/p&gt;\r\n&lt;p&gt;nuts, dry fruits,...&lt;/p&gt;','','long wood bowl, long wood bowl centerpiece, long wood bowl for table, natural olivewood','bowl-long',0,0,'','',''),(79,1,'0000-00-00 00:00:00',1,1,'Posodica za sol iz oljčnega lesa','&lt;p&gt;Posodica za sol z magnetkom za zapiranje, iz oljčnega lesa.&lt;/p&gt;','','','posodica-za-sol-iz-oljcnega-lesa',0,0,'','',''),(79,2,'0000-00-00 00:00:00',1,1,'Salt container','&lt;p&gt;Salt container from olive wood with magnet.&lt;/p&gt;','','salt container, salt jar, wooden salt container, salt container wooden','salt-container',0,0,'','',''),(80,1,'0000-00-00 00:00:00',1,1,'Srček iz oljčnega lesa','&lt;p&gt;Srček iz oljčnega lesa za pralineje ali oljke.&lt;/p&gt;','','','srcek-iz-oljcnega-lesa',0,0,'','',''),(80,2,'0000-00-00 00:00:00',1,1,'Olive wood Heart','&lt;p&gt;Olive wood heart for storing jewlery or for olives in brine,...&lt;/p&gt;','','olive wood heart, olive wood products, olive wood serving boars, olive wood gifts','heart',0,0,'','',''),(81,1,'0000-00-00 00:00:00',1,1,'Vilice iz oljčnega lesa za serviranje solate, pa&scaron;te','&lt;p&gt;Vilice iz oljčnega lesa za serviranje solate, pa&amp;scaron;te.&lt;/p&gt;','','','vilice-iz-oljcnega-lesa-za-serviranje-solate-paste',0,0,'','',''),(81,2,'0000-00-00 00:00:00',1,1,'Olive wood Salad, pasta serving hands','&lt;p&gt;Olive wood fork designed olive piece, for serving salad.&lt;/p&gt;','','salad tongs, olive wood salad servers, wooden salad tongs, pasta tongs, spaghetti tongs','saladpasta-hands',0,0,'','',''),(82,1,'0000-00-00 00:00:00',1,1,'Oljke v slanici','&lt;p&gt;Domače vložene oljke v slanici, vrsta &amp;Scaron;torta.&lt;/p&gt;','','','oljke-v-slanici',0,0,'','',''),(82,2,'0000-00-00 00:00:00',1,1,'Olives in brine','&lt;p&gt;Olives in brine. From olive sort &amp;Scaron;torta.&lt;/p&gt;','','olives in brine, lisjak olives, brining olives, cured olives, brine cured olives','olives-in-brine',0,0,'','',''),(83,1,'0000-00-00 00:00:00',1,1,'Penina klasična metoda','&lt;p&gt;Hi&amp;scaron;na penina Mezzalana je prijetna in osvežilna penina, primerna za vroče poletne dni. Isti dan pobrano grozdje refo&amp;scaron;ka ter malvazije stisnemo skupaj.&lt;/p&gt;\r\n&lt;p&gt;Penina ne vsebuje dodatnega sladkorja in je narejena po klasični-&amp;scaron;ampanjski metodi.&lt;/p&gt;','','','penina-klasicna-metoda',0,0,'','',''),(83,2,'0000-00-00 00:00:00',1,1,'Sparkling wine brut zero - MEZALANNA','&lt;p&gt;House sparkling wine Mezzalana is a pleasant and refreshing sparkling wine, suitable for hot summer days. On the same day harvested grapes of Refosco and Malvasia are pressed together.&lt;/p&gt;\r\n&lt;p&gt;Sparkling wine contains no added sugar and is made according to the classic champagne method.&lt;/p&gt;','','lisjak sparkling, sparkling, sparkling wine, sparkling brut, brut zero','sparkling-brut-zero-mezalanna',0,0,'','',''),(84,1,'0000-00-00 00:00:00',1,1,'Personalizirano olje','','','','personalizirano-olje',0,0,'','',''),(84,2,'0000-00-00 00:00:00',1,1,'Personalized oil','&lt;p&gt;you can personalise any of our oil bottles with your logo on.&lt;/p&gt;','','corporate gifts, personalized oil, personalized olive oil bottles, custom olive oil','personalized-oil',0,0,'','',''),(85,1,'0000-00-00 00:00:00',1,1,'Deska z ročajem','','','','deska-z-rocajem',0,0,'','',''),(85,2,'0000-00-00 00:00:00',1,1,'Olive boards with handle','&lt;p&gt;Olive wood board with handle for chopping vegetables or serving cheese.&lt;/p&gt;','','olive boards, olive wood chopping boards, olive wood boards, olive wood charcuterie boards','olive-boards-with-handle',0,0,'','',''),(86,1,'0000-00-00 00:00:00',1,1,'Lesena žlica','','','','lesena-zlica',0,0,'','',''),(86,2,'0000-00-00 00:00:00',1,1,'Wooden spoon','','','wooden spoon, olive spoons, olive wood spoon, best wooden spoon, wooden spoons for cooking','wooden-spoon',0,0,'','',''),(87,1,'0000-00-00 00:00:00',1,1,'Wooden fruit bowl - medium','','','','wooden-fruit-bowl-medium',0,0,'','',''),(87,2,'0000-00-00 00:00:00',1,1,'Wooden fruit bowl - medium','&lt;p&gt;Small wooden bowl, apropriate for olives, fruit.&lt;/p&gt;','','wooden fruit bowl, wooden fruit basket, wooden fruit holder, rustic wooden fruit bowl','fruit-bowl-medium',0,0,'','',''),(88,1,'0000-00-00 00:00:00',1,1,'Ovalen krožnik','','','','ovalen-kroznik',0,0,'','',''),(88,2,'0000-00-00 00:00:00',1,1,'Small oval platter','&lt;p&gt;Small oval platter for soap in the bathroom or for butter,...&lt;/p&gt;','','wood platters, wooden serving trays, wood platter, wood serving platter, wood oval tray','small-oval-platter',0,0,'','',''),(89,1,'0000-00-00 00:00:00',1,1,'Bowl medium rough edge','','','','bowl-medium-rough-edge',0,0,'','',''),(89,2,'0000-00-00 00:00:00',1,1,'Bowl medium rough edge','&lt;p&gt;Bowl for fruit or bread.&lt;/p&gt;','','wooden salad bowl, wooden fruit bowl, olive wood bowls, olive wood salad bowls, wood bread bowl','bowl-medium-rough-edge',0,0,'','',''),(90,1,'0000-00-00 00:00:00',1,1,'Grinder bowl','','','','grinder-bowl',0,0,'','',''),(90,2,'0000-00-00 00:00:00',1,1,'Grinder bowl','&lt;p&gt;Grinder bowl from olive wood, for spices and herbs.&lt;/p&gt;','','grinder bowl, grinding bowl, bowl and grinder, manual spice grinder','grinder-bowl',0,0,'','',''),(91,1,'0000-00-00 00:00:00',1,1,'Skleda za kruh','','','','skleda-za-kruh',0,0,'','',''),(91,2,'0000-00-00 00:00:00',1,1,'Bread olive wood bowl large','&lt;p&gt;Wooden bowl for pasta, fruit or bread.&lt;/p&gt;','','wooden bowl, wood bread bowl, olive wood bowls, bowls and dishes pure olive wood','bread-bowl-large',0,0,'','',''),(92,1,'0000-00-00 00:00:00',1,1,'Prosciutto','','','','prosciutto',0,0,'','',''),(92,2,'0000-00-00 00:00:00',1,1,'Prosciutto','&lt;p&gt;Beautiful board to serve meat cold cuts.&lt;/p&gt;','','prosciutto charcuterie board, prosciutto board, charcuterie board prosciutto, prosciutto cheese boar','prosciutto',0,0,'','',''),(93,1,'0000-00-00 00:00:00',1,1,'Epoxi miza iz oljčnega lesa *po naročilu','','','','epoxi-miza-iz-oljcnega-lesa-po-narocilu',0,0,'','',''),(93,2,'0000-00-00 00:00:00',1,1,'Epoxy wood table *by request','&lt;p&gt;Hand crafted, personalized olive wood tables with epoxy inserts,&lt;/p&gt;\r\n&lt;p&gt;by your request.&lt;/p&gt;','','olive wood table, olive wood dining table, olive wood resin table, epoxy wood table, the olivewood t','personalised-olive-wood-table-by-request',0,0,'','',''),(94,1,'0000-00-00 00:00:00',1,1,'Enostavna miza iz oljčnega lesa','','','','enostavna-miza-iz-oljcnega-lesa',0,0,'','',''),(94,2,'0000-00-00 00:00:00',1,1,'Olive wood simple coffee table','&lt;p&gt;Coffee table hand made, simple, modern shaped&lt;/p&gt;\r\n&lt;p&gt;with inox legs.&lt;/p&gt;','','olive wood table, olive wood coffee table, olive wood table top, olive wood side table','olive-wood-simple-coffee-table',0,0,'','',''),(96,1,'0000-00-00 00:00:00',1,1,'Charcuterie board -3x','','','','charcuterie-board-3x',0,0,'','',''),(96,2,'0000-00-00 00:00:00',1,1,'Charcuterie board -3x','&lt;p&gt;Small platter with 3x devisions for apetizers.&lt;/p&gt;','','appetizer boards, charcuterie board, wooden charcuterie board, cheese board, wooden cheese board','apetizers-board-3x',0,0,'','',''),(97,1,'0000-00-00 00:00:00',1,1,'Charcuterie board -2x','','','','charcuterie-board-2x',0,0,'','',''),(97,2,'0000-00-00 00:00:00',1,1,'Charcuterie board -2x','&lt;p&gt;Wooden platter for apetizers, two sections.&lt;/p&gt;\r\n&lt;p&gt;For olives and cheese.&lt;/p&gt;','','appetizer boards, charcuterie board, wooden charcuterie board, cheese board, wooden cheese board','apetizers-board-2x',0,0,'','',''),(98,2,'0000-00-00 00:00:00',1,1,'EVOO 5L','&lt;p&gt;The 5L EVOO in olive oil can is our blend named Cuvee,&lt;/p&gt;\r\n&lt;p&gt;is very green and fresh, picked and pressed in only 4h,&lt;/p&gt;\r\n&lt;p&gt;for every day use, cooking.&lt;/p&gt;','','EVOO, extra virgin olive oil, farmers, best in region','evoo-5l',0,0,'','',''),(99,1,'0000-00-00 00:00:00',1,1,'Gin','&lt;p style=&quot;text-align: justify;&quot;&gt;Gin_Sin je na&amp;scaron; hi&amp;scaron;ni gin, proizveden v majhni lokalni destileriji. Baza gina so agrumi; pomaranče in limone ter oljčni listi. Po na&amp;scaron;i recepturi priporočamo dodatek kapljice na&amp;scaron;ega oljčnega olja s pomarančo ali limono ter sveže narezane pomaranče (limone). Vse skupaj pa povežemo z odličnim tonikom Fever tree (Mediterannean).&lt;/p&gt;','','','gin',0,0,'','',''),(99,2,'0000-00-00 00:00:00',1,1,'Gin','&lt;p style=&quot;text-align: justify;&quot;&gt;GIN_Sin is our house GIN. It is made in a small destillary. Base are agrumes; oranges and lemons and olive leaves. We suggest to add a pinch of our orange or lemon olive oil and fresh oranges (lemons). Pair it with Fever tree (Mediterannean).&lt;/p&gt;','','lisjak gin, gin, gin tonic, gin cocktails, best gin','gin',0,0,'','',''),(100,1,'2023-04-13 14:36:38',0,1,'Ko&scaron;ara iz oljčnega lesa','&lt;p&gt;Ko&scaron;ara iz oljčnega lesa za sadje in za dekoracijo na mizi.&lt;/p&gt;','','','kosara-iz-oljcnega-lesa',0,0,'','',''),(100,2,'2023-04-13 14:36:53',0,1,'Olive wood basket','&lt;p&gt;Beautiful unique piece for fruit, the piece is 45cm long.&lt;/p&gt;','','olive basket, olive gift basket, olive wood basket, olive kitchen basket','olive-basket',0,0,'','',''),(101,2,'0000-00-00 00:00:00',1,0,'TEST','','','','test',0,0,'','',''),(102,1,'0000-00-00 00:00:00',1,1,'Trdo milo iz oljčnega olja','&lt;p&gt;Nežno milo iz oljčnega olja in sveže zme&amp;scaron;anih sočnih pomaranč, ki mehča kožo.&lt;/p&gt;\r\n&lt;p&gt;...RAZLIČNE OBLIKE...&lt;/p&gt;','','','trdo-milo-iz-oljcnega-olja',0,0,'','',''),(102,2,'0000-00-00 00:00:00',1,1,'Olive oil hard soap','&lt;pre class=&quot;tw-data-text tw-text-large tw-ta&quot; data-placeholder=&quot;Translation&quot; id=&quot;tw-target-text&quot; dir=&quot;ltr&quot;&gt;&lt;span class=&quot;Y2IQFc&quot; lang=&quot;en&quot;&gt;Gentle soap made with olive oil and freshly blended juicy oranges that soften the skin.&lt;br /&gt;...DIFFERENT SHAPES...&lt;/span&gt;&lt;/pre&gt;','','','olive-soap',0,0,'','',''),(103,2,'0000-00-00 00:00:00',1,1,'TOUR_OLIVE','&lt;ul data-uw-styling-context=&quot;true&quot;&gt;\r\n&lt;li data-uw-styling-context=&quot;true&quot;&gt;a ride in classic old-timer cars,&lt;/li&gt;\r\n&lt;li data-uw-styling-context=&quot;true&quot;&gt;a tour of olive groves and learning about various olive varieties,&lt;/li&gt;\r\n&lt;li data-uw-styling-context=&quot;true&quot;&gt;a guided tasting of typical Istrian oils,&lt;/li&gt;\r\n&lt;li data-uw-styling-context=&quot;true&quot;&gt;a tasting of home-made sparkling wine and cosmetic products made from olives,&lt;/li&gt;\r\n&lt;li data-uw-styling-context=&quot;true&quot;&gt;\r\n&lt;p&gt;traditional Istrian cuisine.&lt;/p&gt;\r\n&lt;strong&gt;price for 2-6 person&lt;/strong&gt;&lt;/li&gt;\r\n&lt;/ul&gt;','','','tour_olive',0,0,'','',''),(104,1,'0000-00-00 00:00:00',1,1,'Set za degustacijo','','','','set-za-degustacijo',0,0,'','',''),(104,2,'0000-00-00 00:00:00',1,1,'try out set','&lt;p&gt;Try out set is a set of 8 samples of different oils in 15ml bottles.&lt;/p&gt;\r\n&lt;p&gt;&lt;strong&gt;set includes: &lt;/strong&gt;&lt;/p&gt;\r\n&lt;p&gt;&lt;strong&gt;gold,&amp;nbsp;&lt;/strong&gt;Am&amp;eacute;lie,&amp;nbsp;&lt;/p&gt;\r\n&lt;p&gt;&lt;strong&gt;lemon,&amp;nbsp;&lt;/strong&gt;orange,&lt;strong&gt;&amp;nbsp;&lt;/strong&gt;&lt;/p&gt;\r\n&lt;p&gt;&lt;strong&gt;chili,&amp;nbsp;&lt;/strong&gt;onion,&amp;nbsp;&lt;strong&gt;herbs,&amp;nbsp;&lt;/strong&gt;garlic&lt;/p&gt;\r\n&lt;ul&gt;&amp;nbsp;&lt;/ul&gt;','','','try-out-set',0,0,'','',''),(105,1,'0000-00-00 00:00:00',0,1,'Miza iz oljčnega lesa','','','','miza-iz-oljcnega-lesa',0,0,'','',''),(105,2,'0000-00-00 00:00:00',1,1,'Olive wood coffee table ROOT','&lt;p&gt;Olive wood coffe table from root with edgy inox legs.&lt;/p&gt;','','olive wood table, coffee table, olive wood coffee table, the olivewood table','olive-wood-coffee-table-root',0,0,'','',''),(106,1,'0000-00-00 00:00:00',1,1,'Gel za tu&scaron;iranje','','','','gel-za-tusiranje',0,0,'Oljnati gel za tu&scaron;iranje z oljčnim oljem pomaranče.\r\nFormula vsebuje rastlinske sestavine, ki očistijo telo z nežnimi tenzidi. Bio olje pomaranče ter bio oljčno olje imata blagodejni učinek za ','',''),(106,2,'0000-00-00 00:00:00',1,1,'Shower gel','','','','shower-gel',0,0,'Oily shower gel with orange olive oil.\r\nThe formula contains plant ingredients that cleanse the body with gentle surfactants. Organic orange oil and organic olive oil have a beneficial effect on your ','',''),(107,1,'0000-00-00 00:00:00',1,1,'Pladenj s plo&scaron;čicami','','','','pladenj-s-ploscicami',0,0,'','',''),(107,2,'0000-00-00 00:00:00',1,1,'Tray with ceramic tiles','','','','tray-with-ceramic-tiles',0,0,'','',''),(108,1,'0000-00-00 00:00:00',1,1,'Sveča v oljčnem lesu (vonj beli mo&scaron;us)','','','','sveca-v-oljcnem-lesu-vonj-beli-mosus',0,0,'','',''),(108,2,'0000-00-00 00:00:00',1,1,'Candle in olive wood (smell white moshus)','','','','candle-in-olive-wood-smell-white-moshus',0,0,'','',''),(109,1,'0000-00-00 00:00:00',1,1,'Pladenj s plo&scaron;čicami in ročkami iz vrvi','','','','pladenj-s-ploscicami-in-rockami-iz-vrvi',0,0,'','',''),(109,2,'0000-00-00 00:00:00',1,1,'Tray with ceramic tiles and rope handles','','','','tray-with-ceramic-tiles-and-rope-handles',0,0,'','','');

--
-- Table structure for table `ngn_articles_links`
--

CREATE TABLE `ngn_articles_links` (
  `news_id` int(11) NOT NULL,
  `link_id` int(11) NOT NULL,
  `news_position` int(11) NOT NULL DEFAULT 0,
  `link_position` int(11) NOT NULL,
  `link_date` int(11) NOT NULL,
  PRIMARY KEY (`news_id`,`link_id`),
  KEY `link_position` (`link_position`),
  KEY `link_id` (`link_id`),
  KEY `news_position` (`news_position`)
) ENGINE=InnoDB DEFAULT CHARSET=utf8;

--
-- Dumping data for table `ngn_articles_links`
--


--
-- Table structure for table `ngn_articles_media`
--

CREATE TABLE `ngn_articles_media` (
  `gallery_id` int(11) NOT NULL AUTO_INCREMENT,
  `module` varchar(50) NOT NULL,
  `id` int(11) NOT NULL,
  `template` int(11) NOT NULL,
  PRIMARY KEY (`gallery_id`)
) ENGINE=InnoDB DEFAULT CHARSET=utf8;

--
-- Dumping data for table `ngn_articles_media`
--


--
-- Table structure for table `ngn_articles_media_gallery`
--

CREATE TABLE `ngn_articles_media_gallery` (
  `gallery_id` int(11) NOT NULL,
  `photo_id` int(11) NOT NULL,
  `position` int(11) NOT NULL,
  PRIMARY KEY (`gallery_id`,`photo_id`),
  KEY `position` (`position`)
) ENGINE=InnoDB DEFAULT CHARSET=utf8;

--
-- Dumping data for table `ngn_articles_media_gallery`
--


--
-- Table structure for table `ngn_articles_pages`
--

CREATE TABLE `ngn_articles_pages` (
  `news_id` int(11) NOT NULL,
  `link_id` int(11) NOT NULL,
  `language_id` int(11) NOT NULL,
  `news_position` int(11) NOT NULL DEFAULT 0,
  `link_position` int(11) NOT NULL,
  `link_date` int(11) NOT NULL,
  PRIMARY KEY (`news_id`,`link_id`,`language_id`),
  KEY `link_position` (`link_position`),
  KEY `link_id` (`link_id`),
  KEY `news_position` (`news_position`)
) ENGINE=InnoDB DEFAULT CHARSET=utf8;

--
-- Dumping data for table `ngn_articles_pages`
--

INSERT INTO `ngn_articles_pages` VALUES (1,25,1,0,0,1685627572),(1,26,1,0,1,1685627572),(1,27,1,0,2,1685627572),(1,261,1,0,3,1686050858),(1,262,2,0,0,1686142878),(1,263,2,0,1,1686142878),(2,205,2,0,0,1686142847),(2,206,2,0,1,1686142847),(2,248,1,0,0,1685628720),(2,249,1,0,1,1685628720),(3,257,1,0,1,1686050751),(3,258,1,0,2,1686050754),(3,259,2,0,0,1686142843),(3,260,2,0,1,1686142843),(4,203,2,0,0,1686142973),(4,204,2,0,1,1686142973),(4,246,1,0,0,1685705903),(4,247,1,0,1,1685705903),(5,196,2,0,0,1686142895),(5,197,2,0,1,1686142895),(5,240,1,0,0,1691053223),(5,241,1,0,1,1691053223),(6,198,2,0,0,1686142913),(6,199,2,0,1,1686142913),(6,242,1,0,0,1685628593),(6,243,1,0,1,1685628593),(7,200,2,0,0,1686142939),(7,201,2,0,1,1686142939),(7,244,1,0,0,1685628643),(7,245,1,0,1,1685628643),(43,276,1,0,0,1686647385),(43,277,1,0,1,1686647385),(43,278,2,0,0,1686142976),(43,279,2,0,1,1686142976),(49,192,1,0,0,1685691431),(49,193,1,0,1,1685691431),(49,194,2,0,0,1686142898),(49,195,2,0,1,1686142898),(60,253,2,0,0,1686142866),(60,254,2,0,1,1686142866),(60,255,1,0,0,1686050712),(60,256,1,0,1,1686050712),(62,218,1,0,0,1685628281),(62,220,2,0,0,1686647487),(63,221,2,0,0,1686647461),(63,264,1,0,0,1686050980),(63,265,1,0,1,1686050980);

--
-- Table structure for table `ngn_articles_photo`
--

CREATE TABLE `ngn_articles_photo` (
  `photo_id` int(11) NOT NULL AUTO_INCREMENT,
  `news_id` int(11) DEFAULT NULL,
  `photo_order` int(11) NOT NULL,
  `photo_gallery` int(11) NOT NULL DEFAULT 1,
  `photo_photo` varchar(100) DEFAULT NULL,
  `photo_path` varchar(200) NOT NULL,
  `photo_owner` int(11) NOT NULL,
  `photo_date` datetime NOT NULL,
  `photo_source` varchar(255) NOT NULL,
  PRIMARY KEY (`photo_id`),
  KEY `news_id` (`news_id`),
  KEY `photo_date` (`photo_date`),
  KEY `photo_owner` (`photo_owner`),
  KEY `photo_source` (`photo_source`)
) ENGINE=InnoDB AUTO_INCREMENT=270 DEFAULT CHARSET=utf8;

--
-- Dumping data for table `ngn_articles_photo`
--

INSERT INTO `ngn_articles_photo` VALUES (8,NULL,0,1,'lisjak-oliver-oil','/data/albums/articles_photo/lisjak-oliver-oil.jpg',718,'2022-03-30 15:22:36',''),(10,NULL,0,1,'lisjak-olive-oil-lotion-neutrum','/data/albums/articles_photo/lisjak-olive-oil-lotion-neutrum.jpg',719,'2022-08-11 11:14:20',''),(36,NULL,0,1,'g259','/data/albums/articles_photo/g259.png',718,'2022-08-18 11:34:31',''),(37,NULL,0,1,'g259-2','/data/albums/articles_photo/g259-2.png',718,'2022-08-18 11:37:10',''),(40,NULL,0,1,'lisjak-olive-oil-lotion-neutrum-2','/data/albums/articles_photo/lisjak-olive-oil-lotion-neutrum-2.png',718,'2022-08-22 11:44:38',''),(41,NULL,0,1,'lisjak-gift-box','/data/albums/articles_photo/.png',718,'2022-08-22 11:45:31',''),(42,NULL,0,1,'lisjak-olive-massage-oil-neutrum','/data/albums/articles_photo/lisjak-olive-massage-oil-neutrum.png',718,'2022-08-22 11:45:55',''),(43,NULL,0,1,'lisjak-olive-massage-oil-orchid','/data/albums/articles_photo/lisjak-olive-massage-oil-orchid.png',718,'2022-08-22 11:46:09',''),(44,NULL,0,1,'lisjak-olive-massage-oil-roses','/data/albums/articles_photo/lisjak-olive-massage-oil-roses.png',718,'2022-08-22 11:46:23',''),(46,NULL,0,1,'lisjak-olive-face-cream-citreum','/data/albums/articles_photo/lisjak-olive-face-cream-citreum.png',718,'2022-08-22 11:47:16',''),(47,NULL,0,1,'lisjak-olive-face-cream-neutrum','/data/albums/articles_photo/lisjak-olive-face-cream-neutrum.png',718,'2022-08-22 11:47:20',''),(48,NULL,0,1,'lisjak-olive-face-cream-arantuim','/data/albums/articles_photo/lisjak-olive-face-cream-arantuim.png',718,'2022-08-22 11:47:26',''),(49,NULL,0,1,'lisjak-olive-face-scrub','/data/albums/articles_photo/lisjak-olive-face-scrub.png',718,'2022-08-22 11:47:32',''),(50,NULL,0,1,'lisjak-olive-hand-cream-neutrum','/data/albums/articles_photo/lisjak-olive-hand-cream-neutrum.png',718,'2022-08-22 11:48:19',''),(51,NULL,0,1,'lisjak-olive-hand-cream-citreum','/data/albums/articles_photo/lisjak-olive-hand-cream-citreum.png',718,'2022-08-22 11:48:31',''),(52,NULL,0,1,'lisjak-olive-hand-cream-arantium','/data/albums/articles_photo/lisjak-olive-hand-cream-arantium.png',718,'2022-08-22 11:48:37',''),(53,NULL,0,1,'lisjak-olive-oil-lotion-cirteum','/data/albums/articles_photo/lisjak-olive-oil-lotion-cirteum.png',718,'2022-08-22 11:48:49',''),(54,NULL,0,1,'lisjak-olive-oil-lotion-arantium','/data/albums/articles_photo/lisjak-olive-oil-lotion-arantium.png',718,'2022-08-22 11:49:04',''),(55,NULL,0,1,'lisjak-olive-oil-shampoo-neutrum','/data/albums/articles_photo/lisjak-olive-oil-shampoo-neutrum.png',718,'2022-08-22 11:49:28',''),(56,NULL,0,1,'lisjak-olive-oil-shampoo-citreum','/data/albums/articles_photo/lisjak-olive-oil-shampoo-citreum.png',718,'2022-08-22 11:50:32',''),(57,NULL,0,1,'lisjak-olive-oil-shampoo-arantium','/data/albums/articles_photo/lisjak-olive-oil-shampoo-arantium.png',718,'2022-08-22 11:50:43',''),(58,NULL,0,1,'lisjak-hair-conditioner-neutrum','/data/albums/articles_photo/lisjak-hair-conditioner-neutrum.png',718,'2022-08-22 11:50:54',''),(59,NULL,0,1,'lisjak-hair-conditioner-citreum','/data/albums/articles_photo/lisjak-hair-conditioner-citreum.png',718,'2022-08-22 11:51:05',''),(60,NULL,0,1,'lisjak-hair-shampoo-chilli','/data/albums/articles_photo/lisjak-hair-shampoo-chilli.png',718,'2022-08-22 11:51:19',''),(61,NULL,0,1,'lisjak-hair-conditioner-chili','/data/albums/articles_photo/lisjak-hair-conditioner-chili.png',718,'2022-08-22 11:51:30',''),(62,NULL,0,1,'lisjak-hair-conditioner-arantium','/data/albums/articles_photo/lisjak-hair-conditioner-arantium.png',718,'2022-08-22 11:56:13',''),(79,NULL,0,1,'20200213_olivegarden-66','/data/albums/articles_photo/20200213_olivegarden-66.jpg',719,'2022-08-25 14:03:53',''),(89,NULL,0,1,'lisjak-olive-oil-poison-with-gift-box','/data/albums/articles_photo/lisjak-olive-oil-poison-with-gift-box.png',718,'2022-09-06 08:34:17',''),(90,NULL,0,1,'lisjak-olive-oil-poison','/data/albums/articles_photo/lisjak-olive-oil-poison.png',718,'2022-09-06 08:37:37',''),(91,NULL,0,1,'olive-oil-can','/data/albums/articles_photo/olive-oil-can.png',718,'2022-09-06 08:41:46',''),(97,NULL,0,1,'asset-42x','/data/albums/articles_photo/asset-42x.png',718,'2022-09-20 14:02:41',''),(98,NULL,0,1,'asset-34x-100','/data/albums/articles_photo/asset-34x-100.jpg',718,'2022-09-20 14:04:31',''),(100,NULL,0,1,'lisjak-olive-oil-gold-3','/data/albums/articles_photo/lisjak-olive-oil-gold-3.png',718,'2022-09-22 10:02:57',''),(101,NULL,0,1,'lisjak-olive-oil-herbs','/data/albums/articles_photo/lisjak-olive-oil-herbs.png',718,'2022-09-22 10:03:23',''),(102,NULL,0,1,'lisjak-olive-oil-gold-2','/data/albums/articles_photo/lisjak-olive-oil-gold-2.png',718,'2022-09-22 10:21:38',''),(103,NULL,0,1,'lisjak-olive-oil-herbs-2','/data/albums/articles_photo/lisjak-olive-oil-herbs-2.png',718,'2022-09-22 10:22:04',''),(104,NULL,0,1,'lisjak-olive-oil-body-scrub','/data/albums/articles_photo/lisjak-olive-oil-body-scrub.png',718,'2022-09-23 15:24:43',''),(117,NULL,0,1,'lisjak-olive-wood-bowl','/data/albums/articles_photo/lisjak-olive-wood-bowl.png',718,'2022-10-24 13:10:59',''),(119,NULL,0,1,'lisjak-long-wood-bowl','/data/albums/articles_photo/lisjak-long-wood-bowl.png',718,'2022-10-24 13:11:45',''),(120,NULL,0,1,'lisjak-pasta-measuring-tool','/data/albums/articles_photo/lisjak-pasta-measuring-tool.png',718,'2022-10-24 13:12:12',''),(121,NULL,0,1,'lisjak-olive-wood-heart','/data/albums/articles_photo/lisjak-olive-wood-heart.png',718,'2022-10-24 13:12:27',''),(122,NULL,0,1,'lisjak-wooden-salad-tongs','/data/albums/articles_photo/lisjak-wooden-salad-tongs.png',718,'2022-10-24 13:12:55',''),(123,NULL,0,1,'lisjak-wooden-salt-container','/data/albums/articles_photo/lisjak-wooden-salt-container.png',718,'2022-10-24 13:13:15',''),(124,NULL,0,1,'lisjak-olives-in-brine','/data/albums/articles_photo/lisjak-olives-in-brine.jpg',719,'2022-10-25 15:20:36',''),(125,NULL,0,1,'lisjak-sparkling-brut-zero-mezalanna','/data/albums/articles_photo/lisjak-sparkling-brut-zero-mezalanna.jpg',719,'2022-10-25 15:23:14',''),(127,NULL,0,1,'lisjak-olive-oil-with-personalized-bottle','/data/albums/articles_photo/lisjak-olive-oil-with-personalized-bottle.jpg',718,'2022-10-28 13:10:12',''),(129,NULL,0,1,'lisjak-olive-wood-spoon','/data/albums/articles_photo/lisjak-olive-wood-spoon.png',718,'2022-11-09 15:26:49',''),(130,NULL,0,1,'lisjak-olive-wood-boards','/data/albums/articles_photo/lisjak-olive-wood-boards.png',718,'2022-11-09 15:27:31',''),(145,NULL,0,1,'lisjak-olive-wood-board','/data/albums/articles_photo/lisjak-olive-wood-board.jpg',945,'2023-01-06 11:49:42',''),(147,NULL,0,1,'lisjak-olive-wood-coffee-table-2','/data/albums/articles_photo/lisjak-olive-wood-coffee-table-2.jpg',945,'2023-01-06 12:52:25',''),(154,NULL,0,1,'','/data/albums/articles_photo/.jpg',945,'2023-01-06 13:23:05',''),(156,NULL,0,1,'lisjak-wooden-cheese-board','/data/albums/articles_photo/lisjak-wooden-cheese-board.jpg',945,'2023-01-06 13:50:50',''),(157,NULL,0,1,'lisjak-wooden-appetizer-board','/data/albums/articles_photo/lisjak-wooden-appetizer-board.jpg',945,'2023-01-06 13:55:08',''),(161,NULL,0,1,'evoo-01-01','/data/albums/articles_photo/evoo-01-01.jpg',945,'2023-01-06 14:34:34',''),(162,NULL,0,1,'evoo-01-01-2','/data/albums/articles_photo/evoo-01-01-2.jpg',945,'2023-01-06 14:36:34',''),(172,NULL,0,1,'lisjak-wood-serving-platter','/data/albums/articles_photo/lisjak-wood-serving-platter.png',945,'2023-01-09 11:50:15',''),(174,NULL,0,1,'lisjak-wooden-bread-bowl','/data/albums/articles_photo/lisjak-wooden-bread-bowl.png',945,'2023-01-09 11:55:47',''),(175,NULL,0,1,'lisjak-wooden-fruit-bowl','/data/albums/articles_photo/lisjak-wooden-fruit-bowl.png',945,'2023-01-09 11:58:06',''),(177,NULL,0,1,'lisjak-olive-basket','/data/albums/articles_photo/lisjak-olive-basket.png',945,'2023-01-09 12:01:42',''),(178,NULL,0,1,'lisjak-wooden-bowl-medium','/data/albums/articles_photo/lisjak-wooden-bowl-medium.png',945,'2023-01-09 12:06:53',''),(180,NULL,0,1,'lisjak-manual-spice-grinder','/data/albums/articles_photo/lisjak-manual-spice-grinder.png',945,'2023-01-09 12:21:01',''),(189,NULL,0,1,'lisjak-gin','/data/albums/articles_photo/lisjak-gin.png',945,'2023-01-09 13:58:40',''),(199,NULL,0,1,'lisjak-gin-2','/data/albums/articles_photo/lisjak-gin-2.png',945,'2023-01-09 14:14:41',''),(200,NULL,0,1,'lisjak-gin-3','/data/albums/articles_photo/lisjak-gin-3.png',945,'2023-01-09 14:14:53',''),(202,NULL,0,1,'6-06','/data/albums/articles_photo/6-06.png',945,'2023-01-09 14:28:22',''),(203,NULL,0,1,'lisjak-prosciutto-charcuterie-board','/data/albums/articles_photo/lisjak-prosciutto-charcuterie-board.png',945,'2023-01-09 14:28:33',''),(204,NULL,0,1,'miza-08','/data/albums/articles_photo/miza-08.png',945,'2023-01-09 14:54:59',''),(206,NULL,0,1,'lisjak-personalized-olive-wood-table','/data/albums/articles_photo/lisjak-personalized-olive-wood-table.png',945,'2023-01-09 14:56:45',''),(209,NULL,0,1,'-2','/data/albums/articles_photo/-2.png',945,'2023-01-20 10:58:53',''),(210,NULL,0,1,'-3','/data/albums/articles_photo/-3.png',945,'2023-01-20 11:00:20',''),(211,NULL,0,1,'-4','/data/albums/articles_photo/-4.png',945,'2023-01-20 11:02:55',''),(212,NULL,0,1,'-5','/data/albums/articles_photo/-5.png',945,'2023-01-20 11:05:18',''),(213,NULL,0,1,'-6','/data/albums/articles_photo/-6.png',945,'2023-01-20 11:08:07',''),(214,NULL,0,1,'-7','/data/albums/articles_photo/-7.png',945,'2023-01-20 11:10:59',''),(215,NULL,0,1,'-8','/data/albums/articles_photo/-8.png',945,'2023-01-20 11:13:29',''),(216,NULL,0,1,'-9','/data/albums/articles_photo/-9.png',945,'2023-01-20 11:14:58',''),(218,NULL,0,1,'-10','/data/albums/articles_photo/-10.png',945,'2023-01-20 11:38:14',''),(219,NULL,0,1,'-11','/data/albums/articles_photo/-11.png',945,'2023-01-20 11:40:09',''),(220,NULL,0,1,'-12','/data/albums/articles_photo/-12.png',945,'2023-01-20 11:42:34',''),(221,NULL,0,1,'-13','/data/albums/articles_photo/-13.png',945,'2023-01-20 11:44:05',''),(229,NULL,0,1,'milooo-01','/data/albums/articles_photo/milooo-01.png',945,'2023-01-24 15:28:37',''),(230,NULL,0,1,'miza-01','/data/albums/articles_photo/miza-01.png',945,'2023-01-25 10:40:32',''),(231,NULL,0,1,'-14','/data/albums/articles_photo/-14.png',945,'2023-01-25 11:03:28',''),(232,NULL,0,1,'-15','/data/albums/articles_photo/-15.png',945,'2023-01-25 11:08:19',''),(233,NULL,0,1,'-16','/data/albums/articles_photo/-16.jpg',718,'2023-01-27 14:30:45',''),(234,NULL,0,1,'-17','/data/albums/articles_photo/-17.jpg',718,'2023-01-27 14:31:03',''),(235,NULL,0,1,'-18','/data/albums/articles_photo/-18.jpg',718,'2023-01-27 14:32:18',''),(236,NULL,0,1,'-19','/data/albums/articles_photo/-19.jpg',718,'2023-01-27 14:32:31',''),(247,NULL,0,1,'-20','/data/albums/articles_photo/-20.jpg',945,'2023-02-07 10:58:52',''),(254,NULL,0,1,'tsss5-01','/data/albums/articles_photo/tsss5-01.jpg',945,'2023-02-14 10:23:03',''),(255,NULL,0,1,'screenshot-2023-03-13-at-103803','/data/albums/articles_photo/screenshot-2023-03-13-at-103803.png',719,'2023-03-13 11:07:52',''),(256,NULL,0,1,'screenshot-2023-03-13-at-103811','/data/albums/articles_photo/screenshot-2023-03-13-at-103811.png',719,'2023-03-13 11:09:15',''),(257,NULL,0,1,'screenshot-2023-03-13-at-103823','/data/albums/articles_photo/screenshot-2023-03-13-at-103823.png',719,'2023-03-13 11:09:28',''),(258,NULL,0,1,'screenshot-2023-03-13-at-103841','/data/albums/articles_photo/screenshot-2023-03-13-at-103841.png',719,'2023-03-13 11:10:36',''),(259,NULL,0,1,'screenshot-2023-03-13-at-103904','/data/albums/articles_photo/screenshot-2023-03-13-at-103904.png',719,'2023-03-13 11:11:27',''),(260,NULL,0,1,'screenshot-2023-03-13-at-103912','/data/albums/articles_photo/screenshot-2023-03-13-at-103912.png',719,'2023-03-13 11:11:36',''),(261,NULL,0,1,'screenshot-2023-03-13-at-103919','/data/albums/articles_photo/screenshot-2023-03-13-at-103919.png',719,'2023-03-13 11:12:24',''),(262,NULL,0,1,'coffe-table-01','/data/albums/articles_photo/coffe-table-01.jpg',945,'2023-04-07 10:42:12',''),(263,NULL,0,1,'-21','/data/albums/articles_photo/-21.jpg',1292,'2023-04-07 14:09:18',''),(264,NULL,0,1,'shower-01','/data/albums/articles_photo/shower-01.jpg',719,'2023-04-24 10:27:57',''),(265,NULL,0,1,'-22','/data/albums/articles_photo/-22.jpg',719,'2023-05-31 08:21:39',''),(266,NULL,0,1,'dsc08432-600x600-2','/data/albums/articles_photo/dsc08432-600x600-2.jpg',719,'2023-05-31 08:25:12',''),(267,NULL,0,1,'tiles-01-removebg-preview','/data/albums/articles_photo/tiles-01-removebg-preview.png',719,'2023-05-31 08:28:05',''),(269,NULL,0,1,'lisjak-evoo-oil','/data/albums/articles_photo/lisjak-evoo-oil.png',718,'2023-06-14 09:15:57','');

--
-- Table structure for table `ngn_articles_photo_gallery`
--

CREATE TABLE `ngn_articles_photo_gallery` (
  `photo_id` int(11) NOT NULL,
  `news_id` int(11) NOT NULL,
  `photo_gallery` int(11) NOT NULL,
  `photo_order` int(11) NOT NULL,
  PRIMARY KEY (`news_id`,`photo_id`)
) ENGINE=InnoDB DEFAULT CHARSET=utf8;

--
-- Dumping data for table `ngn_articles_photo_gallery`
--

INSERT INTO `ngn_articles_photo_gallery` VALUES (162,98,1,1);

--
-- Table structure for table `ngn_articles_photo_gallery_language`
--

CREATE TABLE `ngn_articles_photo_gallery_language` (
  `photo_id` int(11) NOT NULL,
  `news_id` int(11) NOT NULL,
  `language_id` int(11) NOT NULL,
  `editdate` datetime NOT NULL,
  `enable` int(11) NOT NULL,
  PRIMARY KEY (`photo_id`,`news_id`,`language_id`),
  KEY `editdate` (`editdate`)
) ENGINE=InnoDB DEFAULT CHARSET=utf8;

--
-- Dumping data for table `ngn_articles_photo_gallery_language`
--

INSERT INTO `ngn_articles_photo_gallery_language` VALUES (162,98,1,'0000-00-00 00:00:00',1),(162,98,2,'0000-00-00 00:00:00',1);

--
-- Table structure for table `ngn_articles_photo_language`
--

CREATE TABLE `ngn_articles_photo_language` (
  `photo_id` int(11) NOT NULL,
  `language_id` int(11) NOT NULL DEFAULT 0,
  `editdate` datetime NOT NULL,
  `enable` int(11) NOT NULL,
  `approved` int(1) NOT NULL DEFAULT 0,
  `language_name` varchar(200) DEFAULT NULL,
  `language_description` text DEFAULT NULL,
  `language_meta` text DEFAULT NULL,
  `language_keywords` varchar(100) DEFAULT NULL,
  `language_url` varchar(100) DEFAULT NULL,
  `language_photo` varchar(100) NOT NULL DEFAULT '',
  PRIMARY KEY (`photo_id`,`language_id`),
  KEY `language_id` (`language_id`),
  KEY `editdate` (`editdate`),
  CONSTRAINT `ngn_articles_photo_language_id1` FOREIGN KEY (`photo_id`) REFERENCES `ngn_articles_photo` (`photo_id`) ON DELETE NO ACTION ON UPDATE NO ACTION
) ENGINE=InnoDB DEFAULT CHARSET=utf8;

--
-- Dumping data for table `ngn_articles_photo_language`
--

INSERT INTO `ngn_articles_photo_language` VALUES (8,1,'2023-01-17 11:01:27',1,1,'','','','','8-',''),(8,2,'2023-01-17 11:01:27',1,1,'','','','','8-',''),(10,1,'2023-01-16 11:48:16',1,1,'','','','','10-',''),(10,2,'2023-01-16 11:48:16',1,1,'','','','body cream, olive oil lotion, olive oil body lotion, olive lotion, olive body lotion','10-',''),(36,1,'0000-00-00 00:00:00',1,0,'','','','','',''),(36,2,'0000-00-00 00:00:00',1,0,'','','','','',''),(37,1,'0000-00-00 00:00:00',1,0,'','','','','',''),(37,2,'0000-00-00 00:00:00',1,0,'','','','','',''),(40,1,'2023-01-16 11:48:24',1,1,'','','','','40-',''),(40,2,'2023-01-16 11:48:24',1,1,'','','','body cream, olive oil lotion, olive oil body lotion, olive lotion, olive body lotion','40-',''),(41,1,'2023-01-16 12:35:23',1,1,'','','','','41-',''),(41,2,'2023-01-16 12:35:23',1,1,'','','','gift, gift box, olive cosmetics, olive oil cosmetics','41-',''),(42,1,'2023-01-16 11:43:31',1,1,'','','','','42-',''),(42,2,'2023-01-16 11:43:31',1,1,'','','','olive oil for body massage, olive oil massage, olive massage oil, olive massage, olive oil massage o','42-',''),(43,1,'2023-01-16 11:43:13',1,1,'','','','','43-',''),(43,2,'2023-01-16 11:43:13',1,1,'','','','olive oil for body massage, olive oil massage, olive massage oil, olive massage, olive oil massage o','43-',''),(44,1,'2023-01-16 11:43:22',1,1,'','','','','44-',''),(44,2,'2023-01-16 11:43:22',1,1,'','','','olive oil for body massage, olive oil massage, olive massage oil, olive massage, olive oil massage o','44-',''),(46,1,'2023-01-16 11:51:18',1,1,'','','','','46-',''),(46,2,'2023-01-16 11:51:18',1,1,'','','','olive oil for face, olive oil face, face cream, olive face cream, olive oil face cream','46-',''),(47,1,'2023-01-16 11:51:27',1,1,'','','','','47-',''),(47,2,'2023-01-16 11:51:27',1,1,'','','','olive oil for face, olive oil face, face cream, olive face cream, olive oil face cream','47-',''),(48,1,'2023-01-16 11:51:34',1,1,'','','','','48-',''),(48,2,'2023-01-16 11:51:34',1,1,'','','','olive oil for face, olive oil face, face cream, olive face cream, olive oil face cream','48-',''),(49,1,'2023-01-16 11:49:34',1,1,'','','','','49-',''),(49,2,'2023-01-16 11:49:34',1,1,'','','','olive oil scrub, olive scrub, face scrub, olive scrubs','49-',''),(50,1,'2023-01-16 11:53:38',1,1,'','','','','50-',''),(50,2,'2023-01-16 11:53:38',1,1,'','','','olive oil hand cream, hand cream, olive hand cream, olive oil hand cream, hand cream olive','50-',''),(51,1,'2023-01-16 11:53:50',1,1,'','','','','51-',''),(51,2,'2023-01-16 11:53:50',1,1,'','','','olive oil hand cream, hand cream, olive hand cream, olive oil hand cream, hand cream olive','51-',''),(52,1,'2023-01-16 11:54:00',1,1,'','','','','52-',''),(52,2,'2023-01-16 11:54:00',1,1,'','','','olive oil hand cream, hand cream, olive hand cream, olive oil hand cream, hand cream olive','52-',''),(53,1,'2023-01-16 11:48:37',1,1,'','','','','53-',''),(53,2,'2023-01-16 11:48:37',1,1,'','','','body cream, olive oil lotion, olive oil body lotion, olive lotion, olive body lotion','53-',''),(54,1,'2023-01-16 11:48:46',1,1,'','','','','54-',''),(54,2,'2023-01-16 11:48:46',1,1,'','','','body cream, olive oil lotion, olive oil body lotion, olive lotion, olive body lotion','54-',''),(55,1,'2023-01-16 11:57:02',1,1,'','','','','55-',''),(55,2,'2023-01-16 11:57:02',1,1,'','','','hair shampoo, olive oil shampoo, olive shampoo, olive tree shampoo, olive care shampoo','55-',''),(56,1,'2023-01-16 11:57:13',1,1,'','','','','56-',''),(56,2,'2023-01-16 11:57:13',1,1,'','','','hair shampoo, olive oil shampoo, olive shampoo, olive tree shampoo, olive care shampoo','56-',''),(57,1,'2023-01-16 11:57:25',1,1,'','','','','57-',''),(57,2,'2023-01-16 11:57:25',1,1,'','','','hair shampoo, olive oil shampoo, olive shampoo, olive tree shampoo, olive care shampoo','57-',''),(58,1,'2023-01-16 12:32:53',1,1,'','','','','58-',''),(58,2,'2023-01-16 12:32:53',1,1,'','','','olive hair conditioner, olive oil conditioner, olive oil deep conditioner, olive conditioner','58-',''),(59,1,'2023-01-16 12:32:38',1,1,'','','','','59-',''),(59,2,'2023-01-16 12:32:38',1,1,'','','','olive hair conditioner, olive oil conditioner, olive oil deep conditioner, olive conditioner','59-',''),(60,1,'2023-01-16 11:57:46',1,1,'','','','','60-',''),(60,2,'2023-01-16 11:57:46',1,1,'','','','hair shampoo, olive oil shampoo, olive shampoo, olive tree shampoo, olive care shampoo','60-',''),(61,1,'2023-01-17 11:02:22',1,1,'','','','','61-',''),(61,2,'2023-01-17 11:02:22',1,1,'','','','olive hair conditioner, olive oil conditioner, olive oil deep conditioner, olive conditioner','61-',''),(62,1,'2023-01-16 12:31:57',1,1,'','','','','62-',''),(62,2,'2023-01-16 12:31:57',1,1,'','','','olive hair conditioner, olive oil conditioner, olive oil deep conditioner, olive conditioner','62-',''),(79,1,'0000-00-00 00:00:00',1,0,'','','','','',''),(79,2,'0000-00-00 00:00:00',1,0,'','','','','',''),(89,1,'2023-01-17 11:05:15',1,1,'','','','','89-',''),(89,2,'2023-01-17 11:05:15',1,1,'','','','lisjak olive oil poison, world chef, thomas gugler, worldchefs','89-',''),(90,1,'2023-01-12 10:31:08',1,1,'','','','','90-',''),(90,2,'2023-01-12 10:31:08',1,1,'','','','lisjak olive oil poison, world chef, thomas gugler, worldchefs','90-',''),(91,1,'2023-01-06 13:00:34',1,1,'','','','','91-',''),(91,2,'2023-01-06 13:00:34',1,1,'','','','','91-',''),(97,1,'0000-00-00 00:00:00',1,0,'','','','','',''),(97,2,'0000-00-00 00:00:00',1,0,'','','','','',''),(98,1,'0000-00-00 00:00:00',1,0,'','','','','',''),(98,2,'0000-00-00 00:00:00',1,0,'','','','','',''),(100,1,'2023-01-12 10:22:59',1,1,'','','','','100-',''),(100,2,'2023-01-12 10:22:59',1,1,'','','','lisjak olive oil gold, best olive oil, extra virgin, best olive oil for cooking, olive oil for cooki','100-',''),(101,1,'2023-01-12 10:47:12',1,1,'','','','','101-',''),(101,2,'2023-01-12 10:47:12',1,1,'','','','lisjak olive oil herbs, herbs and olive, herbs infused oil, herb olive, herbs infused olive oil','101-',''),(102,1,'2023-01-12 10:22:51',1,1,'','','','','102-',''),(102,2,'2023-01-12 10:22:51',1,1,'','','','lisjak olive oil gold, best olive oil, extra virgin, best olive oil for cooking, olive oil for cooki','102-',''),(103,1,'2023-01-12 10:46:59',1,1,'','','','','103-',''),(103,2,'2023-01-12 10:46:59',1,1,'','','','lisjak olive oil herbs, herbs and olive, herbs infused oil, herb olive, herbs infused olive oil','103-',''),(104,1,'2023-01-16 11:41:09',1,1,'','','','','104-',''),(104,2,'2023-01-16 11:41:09',1,1,'','','','body scrub, best body scrub, olive scrub, olive oil body scrub, olive oil scrub','104-',''),(117,1,'2023-01-13 10:21:52',1,1,'','','','','117-',''),(117,2,'2023-01-13 10:21:52',1,1,'','','','wooden bowl, wooden salad bowl, wooden fruit bowl, olive wood, bowls, olive wood salad bowls','117-',''),(119,1,'2023-01-17 10:04:04',1,1,'','','','','119-',''),(119,2,'2023-01-17 10:04:04',1,1,'','','','long wood bowl, long wood bowl centerpiece, long wood bowl for table, natural olivewood','119-',''),(120,1,'2023-01-16 13:13:10',1,1,'','','','','120-',''),(120,2,'2023-01-16 13:13:10',1,1,'','','','spaghetti measuring tool, pasta measuring tool, pasta measurer, spaghetti measurer','120-',''),(121,1,'2023-01-16 09:07:46',1,1,'','','','','121-',''),(121,2,'2023-01-16 09:07:46',1,1,'','','','olive wood heart, olive wood products, olive wood serving boars, olive wood gifts','121-',''),(122,1,'2023-01-16 13:19:27',1,1,'','','','','122-',''),(122,2,'2023-01-16 13:19:27',1,1,'','','','salad tongs, olive wood salad servers, wooden salad tongs, pasta tongs, spaghetti tongs','122-',''),(123,1,'2023-01-16 13:23:03',1,1,'','','','','123-',''),(123,2,'2023-01-16 13:23:03',1,1,'','','','salt container, salt jar, wooden salt container, salt container wooden','123-',''),(124,1,'2023-01-17 11:06:54',1,1,'','','','','124-',''),(124,2,'2023-01-17 11:06:54',1,1,'','','','olives in brine, lisjak olives, brining olives, cured olives, brine cured olives','124-',''),(125,1,'2023-01-12 11:21:50',1,1,'','','','','125-',''),(125,2,'2023-01-12 11:21:50',1,1,'','','','lisjak sparkling, sparkling, sparkling wine, sparkling brut, brut zero','125-',''),(127,1,'2023-01-17 11:07:19',1,1,'','','','','127-',''),(127,2,'2023-01-17 11:07:19',1,1,'','','','corporate gifts, personalized oil, personalized olive oil bottles, custom olive oil','127-',''),(129,1,'2023-01-16 13:00:33',1,1,'','','','','129-',''),(129,2,'2023-01-16 13:00:33',1,1,'','','','wooden spoon, olive spoons, olive wood spoon, best wooden spoon, wooden spoons for cooking','129-',''),(130,1,'2023-01-16 09:06:03',1,1,'','','','','130-',''),(130,2,'2023-01-16 09:06:03',1,1,'','','','olive boards, olive wood chopping boards, olive wood boards, olive wood charcuterie boards','130-',''),(145,1,'2023-01-16 09:13:13',1,1,'','','','','145-',''),(145,2,'2023-01-16 09:13:13',1,1,'','','','olive wood serving boards, olive boards, olive wood chopping boards, olive wood boards','145-',''),(147,1,'2023-01-16 09:10:27',1,1,'','','','','147-',''),(147,2,'2023-01-16 09:10:27',1,1,'','','','olive wood table, olive wood coffee table, olive wood table top, olive wood side table','147-',''),(154,1,'0000-00-00 00:00:00',1,0,'','','','','',''),(154,2,'0000-00-00 00:00:00',1,0,'','','','','',''),(156,1,'2023-01-17 09:52:55',1,1,'','','','','156-',''),(156,2,'2023-01-17 09:52:55',1,1,'','','','appetizer boards, charcuterie board, wooden charcuterie board, cheese board, wooden cheese board','156-',''),(157,1,'2023-01-17 09:52:37',1,1,'','','','','157-',''),(157,2,'2023-01-17 09:52:37',1,1,'','','','appetizer boards, charcuterie board, wooden charcuterie board, cheese board, wooden cheese board','157-',''),(161,1,'0000-00-00 00:00:00',1,0,'','','','','',''),(161,2,'0000-00-00 00:00:00',1,0,'','','','','',''),(162,1,'0000-00-00 00:00:00',1,0,'','','','','',''),(162,2,'0000-00-00 00:00:00',1,0,'','','','','',''),(172,1,'2023-01-17 09:59:46',1,1,'','','','','172-',''),(172,2,'2023-01-17 09:59:46',1,1,'','','','wood platters, wooden serving trays, wood platter, wood serving platter, wood oval tray','172-',''),(174,1,'2023-01-17 10:06:34',1,1,'','','','','174-',''),(174,2,'2023-01-17 10:06:34',1,1,'','','','wooden bowl, wood bread bowl, olive wood bowls, bowls and dishes pure olive wood','174-',''),(175,1,'2023-01-17 10:10:28',1,1,'','','','','175-',''),(175,2,'2023-01-17 10:10:28',1,1,'','','','wooden fruit bowl, wooden fruit basket, wooden fruit holder, rustic wooden fruit bowl','175-',''),(177,1,'2023-01-17 09:53:56',1,1,'','','','','177-',''),(177,2,'2023-01-17 09:53:56',1,1,'','','','olive basket, olive gift basket, olive wood basket, olive kitchen basket','177-',''),(178,1,'2023-01-17 10:08:21',1,1,'','','','','178-',''),(178,2,'2023-01-17 10:08:21',1,1,'','','','wooden salad bowl, wooden fruit bowl, olive wood bowls, olive wood salad bowls, wood bread bowl','178-',''),(180,1,'2023-01-16 09:17:06',1,1,'','','','','180-',''),(180,2,'2023-01-16 09:17:06',1,1,'','','','grinder bowl, grinding bowl, bowl and grinder, manual spice grinder','180-',''),(189,1,'2023-01-12 11:22:32',1,1,'','','','','189-',''),(189,2,'2023-01-12 11:22:32',1,1,'','','','lisjak gin, gin, gin tonic, gin cocktails, best gin','189-',''),(199,1,'2023-01-12 11:22:35',1,1,'','','','','199-',''),(199,2,'2023-01-12 11:22:35',1,1,'','','','lisjak gin, gin, gin tonic, gin cocktails, best gin','199-',''),(200,1,'2023-01-12 11:22:39',1,1,'','','','','200-',''),(200,2,'2023-01-12 11:22:39',1,1,'','','','lisjak gin, gin, gin tonic, gin cocktails, best gin','200-',''),(202,1,'0000-00-00 00:00:00',1,0,'','','','','',''),(202,2,'0000-00-00 00:00:00',1,0,'','','','','',''),(203,1,'2023-01-17 09:56:54',1,1,'','','','','203-',''),(203,2,'2023-01-17 09:56:54',1,1,'','','','prosciutto charcuterie board, prosciutto board, charcuterie board prosciutto, prosciutto cheese boar','203-',''),(204,1,'0000-00-00 00:00:00',1,0,'','','','','',''),(204,2,'0000-00-00 00:00:00',1,0,'','','','','',''),(206,1,'2023-01-13 10:23:42',1,1,'','','','','206-',''),(206,2,'2023-01-13 10:23:42',1,1,'','','','olive wood table, olive wood dining table, olive wood resin table, epoxy wood table, the olivewood t','206-',''),(209,1,'0000-00-00 00:00:00',1,0,'','','','','',''),(209,2,'0000-00-00 00:00:00',1,0,'','','','','',''),(210,1,'0000-00-00 00:00:00',1,0,'','','','','',''),(210,2,'0000-00-00 00:00:00',1,0,'','','','','',''),(211,1,'0000-00-00 00:00:00',1,0,'','','','','',''),(211,2,'0000-00-00 00:00:00',1,0,'','','','','',''),(212,1,'0000-00-00 00:00:00',1,0,'','','','','',''),(212,2,'0000-00-00 00:00:00',1,0,'','','','','',''),(213,1,'0000-00-00 00:00:00',1,0,'','','','','',''),(213,2,'0000-00-00 00:00:00',1,0,'','','','','',''),(214,1,'0000-00-00 00:00:00',1,0,'','','','','',''),(214,2,'0000-00-00 00:00:00',1,0,'','','','','',''),(215,1,'0000-00-00 00:00:00',1,0,'','','','','',''),(215,2,'0000-00-00 00:00:00',1,0,'','','','','',''),(216,1,'0000-00-00 00:00:00',1,0,'','','','','',''),(216,2,'0000-00-00 00:00:00',1,0,'','','','','',''),(218,1,'0000-00-00 00:00:00',1,0,'','','','','',''),(218,2,'0000-00-00 00:00:00',1,0,'','','','','',''),(219,1,'0000-00-00 00:00:00',1,0,'','','','','',''),(219,2,'0000-00-00 00:00:00',1,0,'','','','','',''),(220,1,'0000-00-00 00:00:00',1,0,'','','','','',''),(220,2,'0000-00-00 00:00:00',1,0,'','','','','',''),(221,1,'0000-00-00 00:00:00',1,0,'','','','','',''),(221,2,'0000-00-00 00:00:00',1,0,'','','','','',''),(229,1,'0000-00-00 00:00:00',1,0,'','','','','',''),(229,2,'0000-00-00 00:00:00',1,0,'','','','','',''),(230,1,'0000-00-00 00:00:00',1,0,'','','','','',''),(230,2,'0000-00-00 00:00:00',1,0,'','','','','',''),(231,1,'0000-00-00 00:00:00',1,0,'','','','','',''),(231,2,'2023-01-25 11:06:13',1,0,'','','','','',''),(232,1,'2023-03-13 11:23:36',1,0,'','','','','',''),(232,2,'2023-03-13 11:24:50',1,0,'','','','','',''),(233,1,'0000-00-00 00:00:00',1,0,'','','','','',''),(233,2,'0000-00-00 00:00:00',1,0,'','','','','',''),(234,1,'0000-00-00 00:00:00',1,0,'','','','','',''),(234,2,'0000-00-00 00:00:00',1,0,'','','','','',''),(235,1,'0000-00-00 00:00:00',1,0,'','','','','',''),(235,2,'0000-00-00 00:00:00',1,0,'','','','','',''),(236,1,'0000-00-00 00:00:00',1,0,'','','','','',''),(236,2,'0000-00-00 00:00:00',1,0,'','','','','',''),(247,1,'0000-00-00 00:00:00',1,0,'','','','','',''),(247,2,'0000-00-00 00:00:00',1,0,'','','','','',''),(254,1,'0000-00-00 00:00:00',1,0,'','','','','',''),(254,2,'0000-00-00 00:00:00',1,0,'','','','','',''),(255,1,'2023-03-13 11:23:36',1,0,'','','','','',''),(255,2,'2023-03-13 11:24:50',1,0,'','','','','',''),(256,1,'0000-00-00 00:00:00',1,0,'','','','','',''),(256,2,'0000-00-00 00:00:00',1,0,'','','','','',''),(257,1,'0000-00-00 00:00:00',1,0,'','','','','',''),(257,2,'0000-00-00 00:00:00',1,0,'','','','','',''),(258,1,'0000-00-00 00:00:00',1,0,'','','','','',''),(258,2,'0000-00-00 00:00:00',1,0,'','','','','',''),(259,1,'0000-00-00 00:00:00',1,0,'','','','','',''),(259,2,'2023-03-13 11:42:19',1,0,'','','','','',''),(260,1,'0000-00-00 00:00:00',1,0,'','','','','',''),(260,2,'2023-03-13 11:42:19',1,0,'','','','','',''),(261,1,'0000-00-00 00:00:00',1,0,'','','','','',''),(261,2,'0000-00-00 00:00:00',1,0,'','','','','',''),(262,1,'2023-04-07 13:58:45',1,0,'','','','','',''),(262,2,'2023-04-07 13:44:04',1,0,'','','','','',''),(263,1,'0000-00-00 00:00:00',1,0,'','','','','',''),(263,2,'0000-00-00 00:00:00',1,0,'','','','','',''),(264,1,'0000-00-00 00:00:00',1,0,'','','','','',''),(264,2,'0000-00-00 00:00:00',1,0,'','','','','',''),(265,1,'0000-00-00 00:00:00',1,0,'','','','','',''),(265,2,'0000-00-00 00:00:00',1,0,'','','','','',''),(266,1,'0000-00-00 00:00:00',1,0,'','','','','',''),(266,2,'0000-00-00 00:00:00',1,0,'','','','','',''),(267,1,'0000-00-00 00:00:00',1,0,'','','','','',''),(267,2,'0000-00-00 00:00:00',1,0,'','','','','',''),(269,1,'0000-00-00 00:00:00',1,0,'','','','','',''),(269,2,'0000-00-00 00:00:00',1,0,'','','','','','');

--
-- Table structure for table `ngn_articles_photo_sizes`
--

CREATE TABLE `ngn_articles_photo_sizes` (
  `photo_id` int(11) NOT NULL,
  `size_id` int(11) NOT NULL,
  `photo_width` int(11) NOT NULL,
  `photo_height` int(11) NOT NULL,
  `photo_photo` varchar(100) NOT NULL,
  `photo_path` varchar(200) NOT NULL,
  PRIMARY KEY (`photo_id`,`size_id`)
) ENGINE=InnoDB DEFAULT CHARSET=utf8;

--
-- Dumping data for table `ngn_articles_photo_sizes`
--

INSERT INTO `ngn_articles_photo_sizes` VALUES (8,0,320,200,'0-lisjak-oliver-oil','/data/albums/articles_photo/0-lisjak-oliver-oil.jpg'),(8,24,1920,680,'24-lisjak-oliver-oil','/data/albums/header_photo/24-lisjak-oliver-oil.webp'),(8,28,495,655,'28-lisjak-oliver-oil','/data/albums/shop_grid/28-lisjak-oliver-oil.webp'),(8,29,222,222,'29-lisjak-oliver-oil','/data/albums/cart_photo/29-lisjak-oliver-oil.webp'),(10,0,320,200,'0-lisjak-olive-oil-lotion-neutrum','/data/albums/articles_photo/0-lisjak-olive-oil-lotion-neutrum.jpg'),(10,28,495,655,'28-lisjak-olive-oil-lotion-neutrum','/data/albums/shop_grid/28-lisjak-olive-oil-lotion-neutrum.webp'),(10,29,222,222,'29-lisjak-olive-oil-lotion-neutrum','/data/albums/cart_photo/29-lisjak-olive-oil-lotion-neutrum.webp'),(36,0,320,200,'0-g259','/data/albums/articles_photo/0-g259.jpg'),(36,24,1920,680,'24-g259','/data/albums/header_photo/24-g259.webp'),(36,28,495,655,'28-g259','/data/albums/shop_grid/28-g259.webp'),(36,29,222,222,'29-g259','/data/albums/cart_photo/29-g259.webp'),(37,0,320,200,'0-g259-2','/data/albums/articles_photo/0-g259-2.jpg'),(37,24,1920,680,'24-g259-2','/data/albums/header_photo/24-g259-2.webp'),(37,28,495,655,'28-g259-2','/data/albums/shop_grid/28-g259-2.webp'),(37,29,222,222,'29-g259-2','/data/albums/cart_photo/29-g259-2.webp'),(38,28,385,510,'28-','/data/albums/shop_grid/28-.webp'),(40,0,320,200,'0-lisjak-olive-oil-lotion-neutrum-2','/data/albums/articles_photo/0-lisjak-olive-oil-lotion-neutrum-2.jpg'),(40,24,1920,680,'24-lisjak-olive-oil-lotion-neutrum-2','/data/albums/header_photo/24-lisjak-olive-oil-lotion-neutrum-2.webp'),(40,28,495,655,'28-lisjak-olive-oil-lotion-neutrum-2','/data/albums/shop_grid/28-lisjak-olive-oil-lotion-neutrum-2.webp'),(40,29,222,222,'29-lisjak-olive-oil-lotion-neutrum-2','/data/albums/cart_photo/29-lisjak-olive-oil-lotion-neutrum-2.webp'),(40,31,255,605,'31-lisjak-olive-oil-lotion-neutrum-2','/data/albums/shop_grid_oil/31-lisjak-olive-oil-lotion-neutrum-2.webp'),(40,34,580,650,'34-lisjak-olive-oil-lotion-neutrum-2','/data/albums/header_photo_mobile/34-lisjak-olive-oil-lotion-neutrum-2.webp'),(41,0,320,200,'0-lisjak-gift-box','/data/albums/articles_photo/0-lisjak-gift-box.jpg'),(41,24,1920,680,'24-lisjak-gift-box','/data/albums/header_photo/24-lisjak-gift-box.webp'),(41,28,495,655,'28-lisjak-gift-box','/data/albums/shop_grid/28-lisjak-gift-box.webp'),(41,29,222,222,'29-lisjak-gift-box','/data/albums/cart_photo/29-lisjak-gift-box.webp'),(41,31,255,605,'31-lisjak-gift-box','/data/albums/shop_grid_oil/31-lisjak-gift-box.webp'),(41,34,580,650,'34-lisjak-gift-box','/data/albums/header_photo_mobile/34-lisjak-gift-box.webp'),(42,0,320,200,'0-lisjak-olive-massage-oil-neutrum','/data/albums/articles_photo/0-lisjak-olive-massage-oil-neutrum.jpg'),(42,24,1920,680,'24-lisjak-olive-massage-oil-neutrum','/data/albums/header_photo/24-lisjak-olive-massage-oil-neutrum.webp'),(42,27,1001,1500,'27-lisjak-olive-massage-oil-neutrum','/data/albums/popup/27-lisjak-olive-massage-oil-neutrum.webp'),(42,28,495,655,'28-lisjak-olive-massage-oil-neutrum','/data/albums/shop_grid/28-lisjak-olive-massage-oil-neutrum.webp'),(42,29,222,222,'29-lisjak-olive-massage-oil-neutrum','/data/albums/cart_photo/29-lisjak-olive-massage-oil-neutrum.webp'),(42,31,255,605,'31-lisjak-olive-massage-oil-neutrum','/data/albums/shop_grid_oil/31-lisjak-olive-massage-oil-neutrum.webp'),(42,34,580,650,'34-lisjak-olive-massage-oil-neutrum','/data/albums/header_photo_mobile/34-lisjak-olive-massage-oil-neutrum.webp'),(42,35,200,200,'35-lisjak-olive-massage-oil-neutrum','/data/albums/product_gallery/35-lisjak-olive-massage-oil-neutrum.webp'),(43,0,320,200,'0-lisjak-olive-massage-oil-orchid','/data/albums/articles_photo/0-lisjak-olive-massage-oil-orchid.jpg'),(43,24,1920,680,'24-lisjak-olive-massage-oil-orchid','/data/albums/header_photo/24-lisjak-olive-massage-oil-orchid.webp'),(43,27,999,1500,'27-lisjak-olive-massage-oil-orchid','/data/albums/popup/27-lisjak-olive-massage-oil-orchid.webp'),(43,28,495,655,'28-lisjak-olive-massage-oil-orchid','/data/albums/shop_grid/28-lisjak-olive-massage-oil-orchid.webp'),(43,29,222,222,'29-lisjak-olive-massage-oil-orchid','/data/albums/cart_photo/29-lisjak-olive-massage-oil-orchid.webp'),(43,31,255,605,'31-lisjak-olive-massage-oil-orchid','/data/albums/shop_grid_oil/31-lisjak-olive-massage-oil-orchid.webp'),(43,34,580,650,'34-lisjak-olive-massage-oil-orchid','/data/albums/header_photo_mobile/34-lisjak-olive-massage-oil-orchid.webp'),(43,35,200,200,'35-lisjak-olive-massage-oil-orchid','/data/albums/product_gallery/35-lisjak-olive-massage-oil-orchid.webp'),(44,0,320,200,'0-lisjak-olive-massage-oil-roses','/data/albums/articles_photo/0-lisjak-olive-massage-oil-roses.jpg'),(44,24,1920,680,'24-lisjak-olive-massage-oil-roses','/data/albums/header_photo/24-lisjak-olive-massage-oil-roses.webp'),(44,27,1001,1500,'27-lisjak-olive-massage-oil-roses','/data/albums/popup/27-lisjak-olive-massage-oil-roses.webp'),(44,28,495,655,'28-lisjak-olive-massage-oil-roses','/data/albums/shop_grid/28-lisjak-olive-massage-oil-roses.webp'),(44,29,222,222,'29-lisjak-olive-massage-oil-roses','/data/albums/cart_photo/29-lisjak-olive-massage-oil-roses.webp'),(44,31,255,605,'31-lisjak-olive-massage-oil-roses','/data/albums/shop_grid_oil/31-lisjak-olive-massage-oil-roses.webp'),(44,34,580,650,'34-lisjak-olive-massage-oil-roses','/data/albums/header_photo_mobile/34-lisjak-olive-massage-oil-roses.webp'),(44,35,200,200,'35-lisjak-olive-massage-oil-roses','/data/albums/product_gallery/35-lisjak-olive-massage-oil-roses.webp'),(46,0,320,200,'0-lisjak-olive-face-cream-citreum','/data/albums/articles_photo/0-lisjak-olive-face-cream-citreum.jpg'),(46,24,1920,680,'24-lisjak-olive-face-cream-citreum','/data/albums/header_photo/24-lisjak-olive-face-cream-citreum.webp'),(46,28,495,655,'28-lisjak-olive-face-cream-citreum','/data/albums/shop_grid/28-lisjak-olive-face-cream-citreum.webp'),(46,29,222,222,'29-lisjak-olive-face-cream-citreum','/data/albums/cart_photo/29-lisjak-olive-face-cream-citreum.webp'),(46,31,255,605,'31-lisjak-olive-face-cream-citreum','/data/albums/shop_grid_oil/31-lisjak-olive-face-cream-citreum.webp'),(46,34,580,650,'34-lisjak-olive-face-cream-citreum','/data/albums/header_photo_mobile/34-lisjak-olive-face-cream-citreum.webp'),(47,0,320,200,'0-lisjak-olive-face-cream-neutrum','/data/albums/articles_photo/0-lisjak-olive-face-cream-neutrum.jpg'),(47,24,1920,680,'24-lisjak-olive-face-cream-neutrum','/data/albums/header_photo/24-lisjak-olive-face-cream-neutrum.webp'),(47,28,495,655,'28-lisjak-olive-face-cream-neutrum','/data/albums/shop_grid/28-lisjak-olive-face-cream-neutrum.webp'),(47,29,222,222,'29-lisjak-olive-face-cream-neutrum','/data/albums/cart_photo/29-lisjak-olive-face-cream-neutrum.webp'),(47,31,255,605,'31-lisjak-olive-face-cream-neutrum','/data/albums/shop_grid_oil/31-lisjak-olive-face-cream-neutrum.webp'),(47,34,580,650,'34-lisjak-olive-face-cream-neutrum','/data/albums/header_photo_mobile/34-lisjak-olive-face-cream-neutrum.webp'),(48,0,320,200,'0-lisjak-olive-face-cream-arantuim','/data/albums/articles_photo/0-lisjak-olive-face-cream-arantuim.jpg'),(48,24,1920,680,'24-lisjak-olive-face-cream-arantuim','/data/albums/header_photo/24-lisjak-olive-face-cream-arantuim.webp'),(48,28,495,655,'28-lisjak-olive-face-cream-arantuim','/data/albums/shop_grid/28-lisjak-olive-face-cream-arantuim.webp'),(48,29,222,222,'29-lisjak-olive-face-cream-arantuim','/data/albums/cart_photo/29-lisjak-olive-face-cream-arantuim.webp'),(48,31,255,605,'31-lisjak-olive-face-cream-arantuim','/data/albums/shop_grid_oil/31-lisjak-olive-face-cream-arantuim.webp'),(48,34,580,650,'34-lisjak-olive-face-cream-arantuim','/data/albums/header_photo_mobile/34-lisjak-olive-face-cream-arantuim.webp'),(49,0,320,200,'0-lisjak-olive-face-scrub','/data/albums/articles_photo/0-lisjak-olive-face-scrub.jpg'),(49,24,1920,680,'24-lisjak-olive-face-scrub','/data/albums/header_photo/24-lisjak-olive-face-scrub.webp'),(49,27,1500,1000,'27-lisjak-olive-face-scrub','/data/albums/popup/27-lisjak-olive-face-scrub.webp'),(49,28,495,655,'28-lisjak-olive-face-scrub','/data/albums/shop_grid/28-lisjak-olive-face-scrub.webp'),(49,29,222,222,'29-lisjak-olive-face-scrub','/data/albums/cart_photo/29-lisjak-olive-face-scrub.webp'),(49,31,255,605,'31-lisjak-olive-face-scrub','/data/albums/shop_grid_oil/31-lisjak-olive-face-scrub.webp'),(49,34,580,650,'34-lisjak-olive-face-scrub','/data/albums/header_photo_mobile/34-lisjak-olive-face-scrub.webp'),(49,35,200,200,'35-lisjak-olive-face-scrub','/data/albums/product_gallery/35-lisjak-olive-face-scrub.webp'),(50,0,320,200,'0-lisjak-olive-hand-cream-neutrum','/data/albums/articles_photo/0-lisjak-olive-hand-cream-neutrum.jpg'),(50,24,1920,680,'24-lisjak-olive-hand-cream-neutrum','/data/albums/header_photo/24-lisjak-olive-hand-cream-neutrum.webp'),(50,27,1500,1002,'27-lisjak-olive-hand-cream-neutrum','/data/albums/popup/27-lisjak-olive-hand-cream-neutrum.webp'),(50,28,495,655,'28-lisjak-olive-hand-cream-neutrum','/data/albums/shop_grid/28-lisjak-olive-hand-cream-neutrum.webp'),(50,29,222,222,'29-lisjak-olive-hand-cream-neutrum','/data/albums/cart_photo/29-lisjak-olive-hand-cream-neutrum.webp'),(50,31,255,605,'31-lisjak-olive-hand-cream-neutrum','/data/albums/shop_grid_oil/31-lisjak-olive-hand-cream-neutrum.webp'),(50,34,580,650,'34-lisjak-olive-hand-cream-neutrum','/data/albums/header_photo_mobile/34-lisjak-olive-hand-cream-neutrum.webp'),(50,35,200,200,'35-lisjak-olive-hand-cream-neutrum','/data/albums/product_gallery/35-lisjak-olive-hand-cream-neutrum.webp'),(51,0,320,200,'0-lisjak-olive-hand-cream-citreum','/data/albums/articles_photo/0-lisjak-olive-hand-cream-citreum.jpg'),(51,24,1920,680,'24-lisjak-olive-hand-cream-citreum','/data/albums/header_photo/24-lisjak-olive-hand-cream-citreum.webp'),(51,27,1500,999,'27-lisjak-olive-hand-cream-citreum','/data/albums/popup/27-lisjak-olive-hand-cream-citreum.webp'),(51,28,495,655,'28-lisjak-olive-hand-cream-citreum','/data/albums/shop_grid/28-lisjak-olive-hand-cream-citreum.webp'),(51,29,222,222,'29-lisjak-olive-hand-cream-citreum','/data/albums/cart_photo/29-lisjak-olive-hand-cream-citreum.webp'),(51,31,255,605,'31-lisjak-olive-hand-cream-citreum','/data/albums/shop_grid_oil/31-lisjak-olive-hand-cream-citreum.webp'),(51,34,580,650,'34-lisjak-olive-hand-cream-citreum','/data/albums/header_photo_mobile/34-lisjak-olive-hand-cream-citreum.webp'),(51,35,200,200,'35-lisjak-olive-hand-cream-citreum','/data/albums/product_gallery/35-lisjak-olive-hand-cream-citreum.webp'),(52,0,320,200,'0-lisjak-olive-hand-cream-arantium','/data/albums/articles_photo/0-lisjak-olive-hand-cream-arantium.jpg'),(52,24,1920,680,'24-lisjak-olive-hand-cream-arantium','/data/albums/header_photo/24-lisjak-olive-hand-cream-arantium.webp'),(52,27,1500,1002,'27-lisjak-olive-hand-cream-arantium','/data/albums/popup/27-lisjak-olive-hand-cream-arantium.webp'),(52,28,495,655,'28-lisjak-olive-hand-cream-arantium','/data/albums/shop_grid/28-lisjak-olive-hand-cream-arantium.webp'),(52,29,222,222,'29-lisjak-olive-hand-cream-arantium','/data/albums/cart_photo/29-lisjak-olive-hand-cream-arantium.webp'),(52,31,255,605,'31-lisjak-olive-hand-cream-arantium','/data/albums/shop_grid_oil/31-lisjak-olive-hand-cream-arantium.webp'),(52,34,580,650,'34-lisjak-olive-hand-cream-arantium','/data/albums/header_photo_mobile/34-lisjak-olive-hand-cream-arantium.webp'),(52,35,200,200,'35-lisjak-olive-hand-cream-arantium','/data/albums/product_gallery/35-lisjak-olive-hand-cream-arantium.webp'),(53,0,320,200,'0-lisjak-olive-oil-lotion-cirteum','/data/albums/articles_photo/0-lisjak-olive-oil-lotion-cirteum.jpg'),(53,24,1920,680,'24-lisjak-olive-oil-lotion-cirteum','/data/albums/header_photo/24-lisjak-olive-oil-lotion-cirteum.webp'),(53,28,495,655,'28-lisjak-olive-oil-lotion-cirteum','/data/albums/shop_grid/28-lisjak-olive-oil-lotion-cirteum.webp'),(53,29,222,222,'29-lisjak-olive-oil-lotion-cirteum','/data/albums/cart_photo/29-lisjak-olive-oil-lotion-cirteum.webp'),(53,31,255,605,'31-lisjak-olive-oil-lotion-cirteum','/data/albums/shop_grid_oil/31-lisjak-olive-oil-lotion-cirteum.webp'),(53,34,580,650,'34-lisjak-olive-oil-lotion-cirteum','/data/albums/header_photo_mobile/34-lisjak-olive-oil-lotion-cirteum.webp'),(54,0,320,200,'0-lisjak-olive-oil-lotion-arantium','/data/albums/articles_photo/0-lisjak-olive-oil-lotion-arantium.jpg'),(54,24,1920,680,'24-lisjak-olive-oil-lotion-arantium','/data/albums/header_photo/24-lisjak-olive-oil-lotion-arantium.webp'),(54,28,495,655,'28-lisjak-olive-oil-lotion-arantium','/data/albums/shop_grid/28-lisjak-olive-oil-lotion-arantium.webp'),(54,29,222,222,'29-lisjak-olive-oil-lotion-arantium','/data/albums/cart_photo/29-lisjak-olive-oil-lotion-arantium.webp'),(54,31,255,605,'31-lisjak-olive-oil-lotion-arantium','/data/albums/shop_grid_oil/31-lisjak-olive-oil-lotion-arantium.webp'),(54,34,580,650,'34-lisjak-olive-oil-lotion-arantium','/data/albums/header_photo_mobile/34-lisjak-olive-oil-lotion-arantium.webp'),(55,0,320,200,'0-lisjak-olive-oil-shampoo-neutrum','/data/albums/articles_photo/0-lisjak-olive-oil-shampoo-neutrum.jpg'),(55,24,1920,680,'24-lisjak-olive-oil-shampoo-neutrum','/data/albums/header_photo/24-lisjak-olive-oil-shampoo-neutrum.webp'),(55,27,1000,1500,'27-lisjak-olive-oil-shampoo-neutrum','/data/albums/popup/27-lisjak-olive-oil-shampoo-neutrum.webp'),(55,28,495,655,'28-lisjak-olive-oil-shampoo-neutrum','/data/albums/shop_grid/28-lisjak-olive-oil-shampoo-neutrum.webp'),(55,29,222,222,'29-lisjak-olive-oil-shampoo-neutrum','/data/albums/cart_photo/29-lisjak-olive-oil-shampoo-neutrum.webp'),(55,31,255,605,'31-lisjak-olive-oil-shampoo-neutrum','/data/albums/shop_grid_oil/31-lisjak-olive-oil-shampoo-neutrum.webp'),(55,34,580,650,'34-lisjak-olive-oil-shampoo-neutrum','/data/albums/header_photo_mobile/34-lisjak-olive-oil-shampoo-neutrum.webp'),(55,35,200,200,'35-lisjak-olive-oil-shampoo-neutrum','/data/albums/product_gallery/35-lisjak-olive-oil-shampoo-neutrum.webp'),(56,0,320,200,'0-lisjak-olive-oil-shampoo-citreum','/data/albums/articles_photo/0-lisjak-olive-oil-shampoo-citreum.jpg'),(56,24,1920,680,'24-lisjak-olive-oil-shampoo-citreum','/data/albums/header_photo/24-lisjak-olive-oil-shampoo-citreum.webp'),(56,27,1000,1500,'27-lisjak-olive-oil-shampoo-citreum','/data/albums/popup/27-lisjak-olive-oil-shampoo-citreum.webp'),(56,28,495,655,'28-lisjak-olive-oil-shampoo-citreum','/data/albums/shop_grid/28-lisjak-olive-oil-shampoo-citreum.webp'),(56,29,222,222,'29-lisjak-olive-oil-shampoo-citreum','/data/albums/cart_photo/29-lisjak-olive-oil-shampoo-citreum.webp'),(56,31,255,605,'31-lisjak-olive-oil-shampoo-citreum','/data/albums/shop_grid_oil/31-lisjak-olive-oil-shampoo-citreum.webp'),(56,34,580,650,'34-lisjak-olive-oil-shampoo-citreum','/data/albums/header_photo_mobile/34-lisjak-olive-oil-shampoo-citreum.webp'),(56,35,200,200,'35-lisjak-olive-oil-shampoo-citreum','/data/albums/product_gallery/35-lisjak-olive-oil-shampoo-citreum.webp'),(57,0,320,200,'0-lisjak-olive-oil-shampoo-arantium','/data/albums/articles_photo/0-lisjak-olive-oil-shampoo-arantium.jpg'),(57,24,1920,680,'24-lisjak-olive-oil-shampoo-arantium','/data/albums/header_photo/24-lisjak-olive-oil-shampoo-arantium.webp'),(57,27,1000,1500,'27-lisjak-olive-oil-shampoo-arantium','/data/albums/popup/27-lisjak-olive-oil-shampoo-arantium.webp'),(57,28,495,655,'28-lisjak-olive-oil-shampoo-arantium','/data/albums/shop_grid/28-lisjak-olive-oil-shampoo-arantium.webp'),(57,29,222,222,'29-lisjak-olive-oil-shampoo-arantium','/data/albums/cart_photo/29-lisjak-olive-oil-shampoo-arantium.webp'),(57,31,255,605,'31-lisjak-olive-oil-shampoo-arantium','/data/albums/shop_grid_oil/31-lisjak-olive-oil-shampoo-arantium.webp'),(57,34,580,650,'34-lisjak-olive-oil-shampoo-arantium','/data/albums/header_photo_mobile/34-lisjak-olive-oil-shampoo-arantium.webp'),(57,35,200,200,'35-lisjak-olive-oil-shampoo-arantium','/data/albums/product_gallery/35-lisjak-olive-oil-shampoo-arantium.webp'),(58,0,320,200,'0-lisjak-hair-conditioner-neutrum','/data/albums/articles_photo/0-lisjak-hair-conditioner-neutrum.jpg'),(58,24,1920,680,'24-lisjak-hair-conditioner-neutrum','/data/albums/header_photo/24-lisjak-hair-conditioner-neutrum.webp'),(58,27,1000,1500,'27-lisjak-hair-conditioner-neutrum','/data/albums/popup/27-lisjak-hair-conditioner-neutrum.webp'),(58,28,495,655,'28-lisjak-hair-conditioner-neutrum','/data/albums/shop_grid/28-lisjak-hair-conditioner-neutrum.webp'),(58,29,222,222,'29-lisjak-hair-conditioner-neutrum','/data/albums/cart_photo/29-lisjak-hair-conditioner-neutrum.webp'),(58,31,255,605,'31-lisjak-hair-conditioner-neutrum','/data/albums/shop_grid_oil/31-lisjak-hair-conditioner-neutrum.webp'),(58,34,580,650,'34-lisjak-hair-conditioner-neutrum','/data/albums/header_photo_mobile/34-lisjak-hair-conditioner-neutrum.webp'),(58,35,200,200,'35-lisjak-hair-conditioner-neutrum','/data/albums/product_gallery/35-lisjak-hair-conditioner-neutrum.webp'),(59,0,320,200,'0-lisjak-hair-conditioner-citreum','/data/albums/articles_photo/0-lisjak-hair-conditioner-citreum.jpg'),(59,24,1920,680,'24-lisjak-hair-conditioner-citreum','/data/albums/header_photo/24-lisjak-hair-conditioner-citreum.webp'),(59,27,1002,1500,'27-lisjak-hair-conditioner-citreum','/data/albums/popup/27-lisjak-hair-conditioner-citreum.webp'),(59,28,495,655,'28-lisjak-hair-conditioner-citreum','/data/albums/shop_grid/28-lisjak-hair-conditioner-citreum.webp'),(59,29,222,222,'29-lisjak-hair-conditioner-citreum','/data/albums/cart_photo/29-lisjak-hair-conditioner-citreum.webp'),(59,31,255,605,'31-lisjak-hair-conditioner-citreum','/data/albums/shop_grid_oil/31-lisjak-hair-conditioner-citreum.webp'),(59,34,580,650,'34-lisjak-hair-conditioner-citreum','/data/albums/header_photo_mobile/34-lisjak-hair-conditioner-citreum.webp'),(59,35,200,200,'35-lisjak-hair-conditioner-citreum','/data/albums/product_gallery/35-lisjak-hair-conditioner-citreum.webp'),(60,0,320,200,'0-lisjak-hair-shampoo-chilli','/data/albums/articles_photo/0-lisjak-hair-shampoo-chilli.jpg'),(60,24,1920,680,'24-lisjak-hair-shampoo-chilli','/data/albums/header_photo/24-lisjak-hair-shampoo-chilli.webp'),(60,27,1000,1500,'27-lisjak-hair-shampoo-chilli','/data/albums/popup/27-lisjak-hair-shampoo-chilli.webp'),(60,28,495,655,'28-lisjak-hair-shampoo-chilli','/data/albums/shop_grid/28-lisjak-hair-shampoo-chilli.webp'),(60,29,222,222,'29-lisjak-hair-shampoo-chilli','/data/albums/cart_photo/29-lisjak-hair-shampoo-chilli.webp'),(60,31,255,605,'31-lisjak-hair-shampoo-chilli','/data/albums/shop_grid_oil/31-lisjak-hair-shampoo-chilli.webp'),(60,34,580,650,'34-lisjak-hair-shampoo-chilli','/data/albums/header_photo_mobile/34-lisjak-hair-shampoo-chilli.webp'),(60,35,200,200,'35-lisjak-hair-shampoo-chilli','/data/albums/product_gallery/35-lisjak-hair-shampoo-chilli.webp'),(61,0,320,200,'0-lisjak-hair-conditioner-chili','/data/albums/articles_photo/0-lisjak-hair-conditioner-chili.jpg'),(61,24,1920,680,'24-lisjak-hair-conditioner-chili','/data/albums/header_photo/24-lisjak-hair-conditioner-chili.webp'),(61,27,1001,1500,'27-lisjak-hair-conditioner-chili','/data/albums/popup/27-lisjak-hair-conditioner-chili.webp'),(61,28,495,655,'28-lisjak-hair-conditioner-chili','/data/albums/shop_grid/28-lisjak-hair-conditioner-chili.webp'),(61,29,222,222,'29-lisjak-hair-conditioner-chili','/data/albums/cart_photo/29-lisjak-hair-conditioner-chili.webp'),(61,31,255,605,'31-lisjak-hair-conditioner-chili','/data/albums/shop_grid_oil/31-lisjak-hair-conditioner-chili.webp'),(61,34,580,650,'34-lisjak-hair-conditioner-chili','/data/albums/header_photo_mobile/34-lisjak-hair-conditioner-chili.webp'),(61,35,200,200,'35-lisjak-hair-conditioner-chili','/data/albums/product_gallery/35-lisjak-hair-conditioner-chili.webp'),(62,0,320,200,'0-lisjak-hair-conditioner-arantium','/data/albums/articles_photo/0-lisjak-hair-conditioner-arantium.jpg'),(62,24,1920,680,'24-lisjak-hair-conditioner-arantium','/data/albums/header_photo/24-lisjak-hair-conditioner-arantium.webp'),(62,27,1001,1500,'27-lisjak-hair-conditioner-arantium','/data/albums/popup/27-lisjak-hair-conditioner-arantium.webp'),(62,28,495,655,'28-lisjak-hair-conditioner-arantium','/data/albums/shop_grid/28-lisjak-hair-conditioner-arantium.webp'),(62,29,222,222,'29-lisjak-hair-conditioner-arantium','/data/albums/cart_photo/29-lisjak-hair-conditioner-arantium.webp'),(62,31,255,605,'31-lisjak-hair-conditioner-arantium','/data/albums/shop_grid_oil/31-lisjak-hair-conditioner-arantium.webp'),(62,34,580,650,'34-lisjak-hair-conditioner-arantium','/data/albums/header_photo_mobile/34-lisjak-hair-conditioner-arantium.webp'),(62,35,200,200,'35-lisjak-hair-conditioner-arantium','/data/albums/product_gallery/35-lisjak-hair-conditioner-arantium.webp'),(79,0,320,200,'0-20200213_olivegarden-66','/data/albums/articles_photo/0-20200213_olivegarden-66.jpg'),(79,24,1920,680,'24-20200213_olivegarden-66','/data/albums/header_photo/24-20200213_olivegarden-66.webp'),(79,28,385,510,'28-20200213_olivegarden-66','/data/albums/shop_grid/28-20200213_olivegarden-66.webp'),(79,29,222,222,'29-20200213_olivegarden-66','/data/albums/cart_photo/29-20200213_olivegarden-66.webp'),(79,34,580,650,'34-20200213_olivegarden-66','/data/albums/header_photo_mobile/34-20200213_olivegarden-66.webp'),(89,0,320,200,'0-lisjak-olive-oil-poison-with-gift-box','/data/albums/articles_photo/0-lisjak-olive-oil-poison-with-gift-box.jpg'),(89,24,1920,680,'24-lisjak-olive-oil-poison-with-gift-box','/data/albums/header_photo/24-lisjak-olive-oil-poison-with-gift-box.webp'),(89,28,495,655,'28-lisjak-olive-oil-poison-with-gift-box','/data/albums/shop_grid/28-lisjak-olive-oil-poison-with-gift-box.webp'),(89,29,222,222,'29-lisjak-olive-oil-poison-with-gift-box','/data/albums/cart_photo/29-lisjak-olive-oil-poison-with-gift-box.webp'),(89,31,255,605,'31-lisjak-olive-oil-poison-with-gift-box','/data/albums/shop_grid_oil/31-lisjak-olive-oil-poison-with-gift-box.webp'),(89,34,580,650,'34-lisjak-olive-oil-poison-with-gift-box','/data/albums/header_photo_mobile/34-lisjak-olive-oil-poison-with-gift-box.webp'),(90,0,320,200,'0-lisjak-olive-oil-poison','/data/albums/articles_photo/0-lisjak-olive-oil-poison.jpg'),(90,24,1920,680,'24-lisjak-olive-oil-poison','/data/albums/header_photo/24-lisjak-olive-oil-poison.webp'),(90,27,1228,1500,'27-lisjak-olive-oil-poison','/data/albums/popup/27-lisjak-olive-oil-poison.webp'),(90,28,495,655,'28-lisjak-olive-oil-poison','/data/albums/shop_grid/28-lisjak-olive-oil-poison.webp'),(90,29,222,222,'29-lisjak-olive-oil-poison','/data/albums/cart_photo/29-lisjak-olive-oil-poison.webp'),(90,31,255,605,'31-lisjak-olive-oil-poison','/data/albums/shop_grid_oil/31-lisjak-olive-oil-poison.webp'),(90,34,580,650,'34-lisjak-olive-oil-poison','/data/albums/header_photo_mobile/34-lisjak-olive-oil-poison.webp'),(90,35,200,200,'35-lisjak-olive-oil-poison','/data/albums/product_gallery/35-lisjak-olive-oil-poison.webp'),(91,0,320,200,'0-olive-oil-can','/data/albums/articles_photo/0-olive-oil-can.jpg'),(91,24,1920,680,'24-olive-oil-can','/data/albums/header_photo/24-olive-oil-can.webp'),(91,28,495,655,'28-olive-oil-can','/data/albums/shop_grid/28-olive-oil-can.webp'),(91,29,222,222,'29-olive-oil-can','/data/albums/cart_photo/29-olive-oil-can.webp'),(91,31,255,605,'31-olive-oil-can','/data/albums/shop_grid_oil/31-olive-oil-can.webp'),(91,34,580,650,'34-olive-oil-can','/data/albums/header_photo_mobile/34-olive-oil-can.webp'),(97,0,320,200,'0-asset-42x','/data/albums/articles_photo/0-asset-42x.jpg'),(97,24,1920,680,'24-asset-42x','/data/albums/header_photo/24-asset-42x.webp'),(97,28,495,655,'28-asset-42x','/data/albums/shop_grid/28-asset-42x.webp'),(97,29,222,222,'29-asset-42x','/data/albums/cart_photo/29-asset-42x.webp'),(98,0,320,200,'0-asset-34x-100','/data/albums/articles_photo/0-asset-34x-100.jpg'),(98,24,1920,680,'24-asset-34x-100','/data/albums/header_photo/24-asset-34x-100.webp'),(98,27,8202,5476,'27-asset-34x-100','/data/albums/popup/27-asset-34x-100.webp'),(98,28,495,655,'28-asset-34x-100','/data/albums/shop_grid/28-asset-34x-100.webp'),(98,29,222,222,'29-asset-34x-100','/data/albums/cart_photo/29-asset-34x-100.webp'),(98,31,255,605,'31-asset-34x-100','/data/albums/shop_grid_oil/31-asset-34x-100.webp'),(98,34,580,650,'34-asset-34x-100','/data/albums/header_photo_mobile/34-asset-34x-100.webp'),(98,35,200,200,'35-asset-34x-100','/data/albums/product_gallery/35-asset-34x-100.webp'),(100,0,320,200,'0-lisjak-olive-oil-gold-3','/data/albums/articles_photo/0-lisjak-olive-oil-gold-3.jpg'),(100,24,1920,680,'24-lisjak-olive-oil-gold-3','/data/albums/header_photo/24-lisjak-olive-oil-gold-3.webp'),(100,28,495,655,'28-lisjak-olive-oil-gold-3','/data/albums/shop_grid/28-lisjak-olive-oil-gold-3.webp'),(100,29,222,222,'29-lisjak-olive-oil-gold-3','/data/albums/cart_photo/29-lisjak-olive-oil-gold-3.webp'),(100,31,255,605,'31-lisjak-olive-oil-gold-3','/data/albums/shop_grid_oil/31-lisjak-olive-oil-gold-3.webp'),(101,0,320,200,'0-lisjak-olive-oil-herbs','/data/albums/articles_photo/0-lisjak-olive-oil-herbs.jpg'),(101,24,1920,680,'24-lisjak-olive-oil-herbs','/data/albums/header_photo/24-lisjak-olive-oil-herbs.webp'),(101,28,495,655,'28-lisjak-olive-oil-herbs','/data/albums/shop_grid/28-lisjak-olive-oil-herbs.webp'),(101,29,222,222,'29-lisjak-olive-oil-herbs','/data/albums/cart_photo/29-lisjak-olive-oil-herbs.webp'),(101,31,255,605,'31-lisjak-olive-oil-herbs','/data/albums/shop_grid_oil/31-lisjak-olive-oil-herbs.webp'),(101,34,580,650,'34-lisjak-olive-oil-herbs','/data/albums/header_photo_mobile/34-lisjak-olive-oil-herbs.webp'),(102,0,320,200,'0-lisjak-olive-oil-gold-2','/data/albums/articles_photo/0-lisjak-olive-oil-gold-2.jpg'),(102,24,1920,680,'24-lisjak-olive-oil-gold-2','/data/albums/header_photo/24-lisjak-olive-oil-gold-2.webp'),(102,28,495,655,'28-lisjak-olive-oil-gold-2','/data/albums/shop_grid/28-lisjak-olive-oil-gold-2.webp'),(102,29,222,222,'29-lisjak-olive-oil-gold-2','/data/albums/cart_photo/29-lisjak-olive-oil-gold-2.webp'),(102,31,255,605,'31-lisjak-olive-oil-gold-2','/data/albums/shop_grid_oil/31-lisjak-olive-oil-gold-2.webp'),(102,34,580,650,'34-lisjak-olive-oil-gold-2','/data/albums/header_photo_mobile/34-lisjak-olive-oil-gold-2.webp'),(103,0,320,200,'0-lisjak-olive-oil-herbs-2','/data/albums/articles_photo/0-lisjak-olive-oil-herbs-2.jpg'),(103,24,1920,680,'24-lisjak-olive-oil-herbs-2','/data/albums/header_photo/24-lisjak-olive-oil-herbs-2.webp'),(103,28,495,655,'28-lisjak-olive-oil-herbs-2','/data/albums/shop_grid/28-lisjak-olive-oil-herbs-2.webp'),(103,29,222,222,'29-lisjak-olive-oil-herbs-2','/data/albums/cart_photo/29-lisjak-olive-oil-herbs-2.webp'),(103,31,255,605,'31-lisjak-olive-oil-herbs-2','/data/albums/shop_grid_oil/31-lisjak-olive-oil-herbs-2.webp'),(103,34,580,650,'34-lisjak-olive-oil-herbs-2','/data/albums/header_photo_mobile/34-lisjak-olive-oil-herbs-2.webp'),(104,0,320,200,'0-lisjak-olive-oil-body-scrub','/data/albums/articles_photo/0-lisjak-olive-oil-body-scrub.jpg'),(104,24,1920,680,'24-lisjak-olive-oil-body-scrub','/data/albums/header_photo/24-lisjak-olive-oil-body-scrub.webp'),(104,28,495,655,'28-lisjak-olive-oil-body-scrub','/data/albums/shop_grid/28-lisjak-olive-oil-body-scrub.webp'),(104,29,222,222,'29-lisjak-olive-oil-body-scrub','/data/albums/cart_photo/29-lisjak-olive-oil-body-scrub.webp'),(104,31,255,605,'31-lisjak-olive-oil-body-scrub','/data/albums/shop_grid_oil/31-lisjak-olive-oil-body-scrub.webp'),(104,34,580,650,'34-lisjak-olive-oil-body-scrub','/data/albums/header_photo_mobile/34-lisjak-olive-oil-body-scrub.webp'),(117,0,320,200,'0-lisjak-olive-wood-bowl','/data/albums/articles_photo/0-lisjak-olive-wood-bowl.jpg'),(117,24,1920,680,'24-lisjak-olive-wood-bowl','/data/albums/header_photo/24-lisjak-olive-wood-bowl.webp'),(117,27,2888,3000,'27-lisjak-olive-wood-bowl','/data/albums/popup/27-lisjak-olive-wood-bowl.webp'),(117,28,495,655,'28-lisjak-olive-wood-bowl','/data/albums/shop_grid/28-lisjak-olive-wood-bowl.webp'),(117,29,222,222,'29-lisjak-olive-wood-bowl','/data/albums/cart_photo/29-lisjak-olive-wood-bowl.webp'),(117,31,255,605,'31-lisjak-olive-wood-bowl','/data/albums/shop_grid_oil/31-lisjak-olive-wood-bowl.webp'),(117,34,580,650,'34-lisjak-olive-wood-bowl','/data/albums/header_photo_mobile/34-lisjak-olive-wood-bowl.webp'),(117,35,200,200,'35-lisjak-olive-wood-bowl','/data/albums/product_gallery/35-lisjak-olive-wood-bowl.webp'),(119,0,320,200,'0-lisjak-long-wood-bowl','/data/albums/articles_photo/0-lisjak-long-wood-bowl.jpg'),(119,24,1920,680,'24-lisjak-long-wood-bowl','/data/albums/header_photo/24-lisjak-long-wood-bowl.webp'),(119,27,2571,3000,'27-lisjak-long-wood-bowl','/data/albums/popup/27-lisjak-long-wood-bowl.webp'),(119,28,495,655,'28-lisjak-long-wood-bowl','/data/albums/shop_grid/28-lisjak-long-wood-bowl.webp'),(119,29,222,222,'29-lisjak-long-wood-bowl','/data/albums/cart_photo/29-lisjak-long-wood-bowl.webp'),(119,31,255,605,'31-lisjak-long-wood-bowl','/data/albums/shop_grid_oil/31-lisjak-long-wood-bowl.webp'),(119,34,580,650,'34-lisjak-long-wood-bowl','/data/albums/header_photo_mobile/34-lisjak-long-wood-bowl.webp'),(119,35,200,200,'35-lisjak-long-wood-bowl','/data/albums/product_gallery/35-lisjak-long-wood-bowl.webp'),(120,0,320,200,'0-lisjak-pasta-measuring-tool','/data/albums/articles_photo/0-lisjak-pasta-measuring-tool.jpg'),(120,24,1920,680,'24-lisjak-pasta-measuring-tool','/data/albums/header_photo/24-lisjak-pasta-measuring-tool.webp'),(120,27,3000,2000,'27-lisjak-pasta-measuring-tool','/data/albums/popup/27-lisjak-pasta-measuring-tool.webp'),(120,28,495,655,'28-lisjak-pasta-measuring-tool','/data/albums/shop_grid/28-lisjak-pasta-measuring-tool.webp'),(120,29,222,222,'29-lisjak-pasta-measuring-tool','/data/albums/cart_photo/29-lisjak-pasta-measuring-tool.webp'),(120,31,255,605,'31-lisjak-pasta-measuring-tool','/data/albums/shop_grid_oil/31-lisjak-pasta-measuring-tool.webp'),(120,34,580,650,'34-lisjak-pasta-measuring-tool','/data/albums/header_photo_mobile/34-lisjak-pasta-measuring-tool.webp'),(120,35,200,200,'35-lisjak-pasta-measuring-tool','/data/albums/product_gallery/35-lisjak-pasta-measuring-tool.webp'),(121,0,320,200,'0-lisjak-olive-wood-heart','/data/albums/articles_photo/0-lisjak-olive-wood-heart.jpg'),(121,24,1920,680,'24-lisjak-olive-wood-heart','/data/albums/header_photo/24-lisjak-olive-wood-heart.webp'),(121,27,2122,3000,'27-lisjak-olive-wood-heart','/data/albums/popup/27-lisjak-olive-wood-heart.webp'),(121,28,495,655,'28-lisjak-olive-wood-heart','/data/albums/shop_grid/28-lisjak-olive-wood-heart.webp'),(121,29,222,222,'29-lisjak-olive-wood-heart','/data/albums/cart_photo/29-lisjak-olive-wood-heart.webp'),(121,31,255,605,'31-lisjak-olive-wood-heart','/data/albums/shop_grid_oil/31-lisjak-olive-wood-heart.webp'),(121,34,580,650,'34-lisjak-olive-wood-heart','/data/albums/header_photo_mobile/34-lisjak-olive-wood-heart.webp'),(121,35,200,200,'35-lisjak-olive-wood-heart','/data/albums/product_gallery/35-lisjak-olive-wood-heart.webp'),(122,0,320,200,'0-lisjak-wooden-salad-tongs','/data/albums/articles_photo/0-lisjak-wooden-salad-tongs.jpg'),(122,24,1920,680,'24-lisjak-wooden-salad-tongs','/data/albums/header_photo/24-lisjak-wooden-salad-tongs.webp'),(122,27,3000,1999,'27-lisjak-wooden-salad-tongs','/data/albums/popup/27-lisjak-wooden-salad-tongs.webp'),(122,28,495,655,'28-lisjak-wooden-salad-tongs','/data/albums/shop_grid/28-lisjak-wooden-salad-tongs.webp'),(122,29,222,222,'29-lisjak-wooden-salad-tongs','/data/albums/cart_photo/29-lisjak-wooden-salad-tongs.webp'),(122,31,255,605,'31-lisjak-wooden-salad-tongs','/data/albums/shop_grid_oil/31-lisjak-wooden-salad-tongs.webp'),(122,34,580,650,'34-lisjak-wooden-salad-tongs','/data/albums/header_photo_mobile/34-lisjak-wooden-salad-tongs.webp'),(122,35,200,200,'35-lisjak-wooden-salad-tongs','/data/albums/product_gallery/35-lisjak-wooden-salad-tongs.webp'),(123,0,320,200,'0-lisjak-wooden-salt-container','/data/albums/articles_photo/0-lisjak-wooden-salt-container.jpg'),(123,24,1920,680,'24-lisjak-wooden-salt-container','/data/albums/header_photo/24-lisjak-wooden-salt-container.webp'),(123,27,3000,3000,'27-lisjak-wooden-salt-container','/data/albums/popup/27-lisjak-wooden-salt-container.webp'),(123,28,495,655,'28-lisjak-wooden-salt-container','/data/albums/shop_grid/28-lisjak-wooden-salt-container.webp'),(123,29,222,222,'29-lisjak-wooden-salt-container','/data/albums/cart_photo/29-lisjak-wooden-salt-container.webp'),(123,31,255,605,'31-lisjak-wooden-salt-container','/data/albums/shop_grid_oil/31-lisjak-wooden-salt-container.webp'),(123,34,580,650,'34-lisjak-wooden-salt-container','/data/albums/header_photo_mobile/34-lisjak-wooden-salt-container.webp'),(123,35,200,200,'35-lisjak-wooden-salt-container','/data/albums/product_gallery/35-lisjak-wooden-salt-container.webp'),(124,0,320,200,'0-lisjak-olives-in-brine','/data/albums/articles_photo/0-lisjak-olives-in-brine.jpg'),(124,24,1920,680,'24-lisjak-olives-in-brine','/data/albums/header_photo/24-lisjak-olives-in-brine.webp'),(124,27,3000,3000,'27-lisjak-olives-in-brine','/data/albums/popup/27-lisjak-olives-in-brine.webp'),(124,28,495,655,'28-lisjak-olives-in-brine','/data/albums/shop_grid/28-lisjak-olives-in-brine.webp'),(124,29,222,222,'29-lisjak-olives-in-brine','/data/albums/cart_photo/29-lisjak-olives-in-brine.webp'),(124,31,255,605,'31-lisjak-olives-in-brine','/data/albums/shop_grid_oil/31-lisjak-olives-in-brine.webp'),(124,34,580,650,'34-lisjak-olives-in-brine','/data/albums/header_photo_mobile/34-lisjak-olives-in-brine.webp'),(124,35,200,200,'35-lisjak-olives-in-brine','/data/albums/product_gallery/35-lisjak-olives-in-brine.webp'),(125,0,320,200,'0-lisjak-sparkling-brut-zero-mezalanna','/data/albums/articles_photo/0-lisjak-sparkling-brut-zero-mezalanna.jpg'),(125,24,1920,680,'24-lisjak-sparkling-brut-zero-mezalanna','/data/albums/header_photo/24-lisjak-sparkling-brut-zero-mezalanna.webp'),(125,27,1999,3000,'27-lisjak-sparkling-brut-zero-mezalanna','/data/albums/popup/27-lisjak-sparkling-brut-zero-mezalanna.webp'),(125,28,495,655,'28-lisjak-sparkling-brut-zero-mezalanna','/data/albums/shop_grid/28-lisjak-sparkling-brut-zero-mezalanna.webp'),(125,29,222,222,'29-lisjak-sparkling-brut-zero-mezalanna','/data/albums/cart_photo/29-lisjak-sparkling-brut-zero-mezalanna.webp'),(125,31,255,605,'31-lisjak-sparkling-brut-zero-mezalanna','/data/albums/shop_grid_oil/31-lisjak-sparkling-brut-zero-mezalanna.webp'),(125,34,580,650,'34-lisjak-sparkling-brut-zero-mezalanna','/data/albums/header_photo_mobile/34-lisjak-sparkling-brut-zero-mezalanna.webp'),(125,35,200,200,'35-lisjak-sparkling-brut-zero-mezalanna','/data/albums/product_gallery/35-lisjak-sparkling-brut-zero-mezalanna.webp'),(127,0,320,200,'0-lisjak-olive-oil-with-personalized-bottle','/data/albums/articles_photo/0-lisjak-olive-oil-with-personalized-bottle.jpg'),(127,24,1920,680,'24-lisjak-olive-oil-with-personalized-bottle','/data/albums/header_photo/24-lisjak-olive-oil-with-personalized-bottle.webp'),(127,27,2122,3000,'27-lisjak-olive-oil-with-personalized-bottle','/data/albums/popup/27-lisjak-olive-oil-with-personalized-bottle.webp'),(127,28,495,655,'28-lisjak-olive-oil-with-personalized-bottle','/data/albums/shop_grid/28-lisjak-olive-oil-with-personalized-bottle.webp'),(127,29,222,222,'29-lisjak-olive-oil-with-personalized-bottle','/data/albums/cart_photo/29-lisjak-olive-oil-with-personalized-bottle.webp'),(127,31,255,605,'31-lisjak-olive-oil-with-personalized-bottle','/data/albums/shop_grid_oil/31-lisjak-olive-oil-with-personalized-bottle.webp'),(127,34,580,650,'34-lisjak-olive-oil-with-personalized-bottle','/data/albums/header_photo_mobile/34-lisjak-olive-oil-with-personalized-bottle.webp'),(127,35,200,200,'35-lisjak-olive-oil-with-personalized-bottle','/data/albums/product_gallery/35-lisjak-olive-oil-with-personalized-bottle.webp'),(129,0,320,200,'0-lisjak-olive-wood-spoon','/data/albums/articles_photo/0-lisjak-olive-wood-spoon.jpg'),(129,24,1920,680,'24-lisjak-olive-wood-spoon','/data/albums/header_photo/24-lisjak-olive-wood-spoon.webp'),(129,27,2121,3000,'27-lisjak-olive-wood-spoon','/data/albums/popup/27-lisjak-olive-wood-spoon.webp'),(129,28,495,655,'28-lisjak-olive-wood-spoon','/data/albums/shop_grid/28-lisjak-olive-wood-spoon.webp'),(129,29,222,222,'29-lisjak-olive-wood-spoon','/data/albums/cart_photo/29-lisjak-olive-wood-spoon.webp'),(129,31,255,605,'31-lisjak-olive-wood-spoon','/data/albums/shop_grid_oil/31-lisjak-olive-wood-spoon.webp'),(129,34,580,650,'34-lisjak-olive-wood-spoon','/data/albums/header_photo_mobile/34-lisjak-olive-wood-spoon.webp'),(129,35,200,200,'35-lisjak-olive-wood-spoon','/data/albums/product_gallery/35-lisjak-olive-wood-spoon.webp'),(130,0,320,200,'0-lisjak-olive-wood-boards','/data/albums/articles_photo/0-lisjak-olive-wood-boards.jpg'),(130,24,1920,680,'24-lisjak-olive-wood-boards','/data/albums/header_photo/24-lisjak-olive-wood-boards.webp'),(130,27,2121,3000,'27-lisjak-olive-wood-boards','/data/albums/popup/27-lisjak-olive-wood-boards.webp'),(130,28,495,655,'28-lisjak-olive-wood-boards','/data/albums/shop_grid/28-lisjak-olive-wood-boards.webp'),(130,29,222,222,'29-lisjak-olive-wood-boards','/data/albums/cart_photo/29-lisjak-olive-wood-boards.webp'),(130,31,255,605,'31-lisjak-olive-wood-boards','/data/albums/shop_grid_oil/31-lisjak-olive-wood-boards.webp'),(130,34,580,650,'34-lisjak-olive-wood-boards','/data/albums/header_photo_mobile/34-lisjak-olive-wood-boards.webp'),(130,35,200,200,'35-lisjak-olive-wood-boards','/data/albums/product_gallery/35-lisjak-olive-wood-boards.webp'),(145,0,320,200,'0-lisjak-olive-wood-board','/data/albums/articles_photo/0-lisjak-olive-wood-board.jpg'),(145,24,1920,680,'24-lisjak-olive-wood-board','/data/albums/header_photo/24-lisjak-olive-wood-board.webp'),(145,27,3000,1711,'27-lisjak-olive-wood-board','/data/albums/popup/27-lisjak-olive-wood-board.webp'),(145,28,495,655,'28-lisjak-olive-wood-board','/data/albums/shop_grid/28-lisjak-olive-wood-board.webp'),(145,29,222,222,'29-lisjak-olive-wood-board','/data/albums/cart_photo/29-lisjak-olive-wood-board.webp'),(145,31,255,605,'31-lisjak-olive-wood-board','/data/albums/shop_grid_oil/31-lisjak-olive-wood-board.webp'),(145,34,580,650,'34-lisjak-olive-wood-board','/data/albums/header_photo_mobile/34-lisjak-olive-wood-board.webp'),(145,35,200,200,'35-lisjak-olive-wood-board','/data/albums/product_gallery/35-lisjak-olive-wood-board.webp'),(147,0,320,200,'0-lisjak-olive-wood-coffee-table-2','/data/albums/articles_photo/0-lisjak-olive-wood-coffee-table-2.jpg'),(147,24,1920,680,'24-lisjak-olive-wood-coffee-table-2','/data/albums/header_photo/24-lisjak-olive-wood-coffee-table-2.webp'),(147,27,1688,2563,'27-lisjak-olive-wood-coffee-table-2','/data/albums/popup/27-lisjak-olive-wood-coffee-table-2.webp'),(147,28,495,655,'28-lisjak-olive-wood-coffee-table-2','/data/albums/shop_grid/28-lisjak-olive-wood-coffee-table-2.webp'),(147,29,222,222,'29-lisjak-olive-wood-coffee-table-2','/data/albums/cart_photo/29-lisjak-olive-wood-coffee-table-2.webp'),(147,31,255,605,'31-lisjak-olive-wood-coffee-table-2','/data/albums/shop_grid_oil/31-lisjak-olive-wood-coffee-table-2.webp'),(147,34,580,650,'34-lisjak-olive-wood-coffee-table-2','/data/albums/header_photo_mobile/34-lisjak-olive-wood-coffee-table-2.webp'),(147,35,200,200,'35-lisjak-olive-wood-coffee-table-2','/data/albums/product_gallery/35-lisjak-olive-wood-coffee-table-2.webp'),(154,0,320,200,'0-','/data/albums/articles_photo/0-.jpg'),(154,24,1920,680,'24-','/data/albums/header_photo/24-.webp'),(154,28,495,655,'28-','/data/albums/shop_grid/28-.webp'),(154,29,222,222,'29-','/data/albums/cart_photo/29-.webp'),(154,31,255,605,'31-','/data/albums/shop_grid_oil/31-.webp'),(154,34,580,650,'34-','/data/albums/header_photo_mobile/34-.webp'),(156,0,320,200,'0-lisjak-wooden-cheese-board','/data/albums/articles_photo/0-lisjak-wooden-cheese-board.jpg'),(156,24,1920,680,'24-lisjak-wooden-cheese-board','/data/albums/header_photo/24-lisjak-wooden-cheese-board.webp'),(156,27,1542,1171,'27-lisjak-wooden-cheese-board','/data/albums/popup/27-lisjak-wooden-cheese-board.webp'),(156,28,495,655,'28-lisjak-wooden-cheese-board','/data/albums/shop_grid/28-lisjak-wooden-cheese-board.webp'),(156,29,222,222,'29-lisjak-wooden-cheese-board','/data/albums/cart_photo/29-lisjak-wooden-cheese-board.webp'),(156,31,255,605,'31-lisjak-wooden-cheese-board','/data/albums/shop_grid_oil/31-lisjak-wooden-cheese-board.webp'),(156,34,580,650,'34-lisjak-wooden-cheese-board','/data/albums/header_photo_mobile/34-lisjak-wooden-cheese-board.webp'),(156,35,200,200,'35-lisjak-wooden-cheese-board','/data/albums/product_gallery/35-lisjak-wooden-cheese-board.webp'),(157,0,320,200,'0-lisjak-wooden-appetizer-board','/data/albums/articles_photo/0-lisjak-wooden-appetizer-board.jpg'),(157,24,1920,680,'24-lisjak-wooden-appetizer-board','/data/albums/header_photo/24-lisjak-wooden-appetizer-board.webp'),(157,27,1542,1171,'27-lisjak-wooden-appetizer-board','/data/albums/popup/27-lisjak-wooden-appetizer-board.webp'),(157,28,495,655,'28-lisjak-wooden-appetizer-board','/data/albums/shop_grid/28-lisjak-wooden-appetizer-board.webp'),(157,29,222,222,'29-lisjak-wooden-appetizer-board','/data/albums/cart_photo/29-lisjak-wooden-appetizer-board.webp'),(157,31,255,605,'31-lisjak-wooden-appetizer-board','/data/albums/shop_grid_oil/31-lisjak-wooden-appetizer-board.webp'),(157,34,580,650,'34-lisjak-wooden-appetizer-board','/data/albums/header_photo_mobile/34-lisjak-wooden-appetizer-board.webp'),(157,35,200,200,'35-lisjak-wooden-appetizer-board','/data/albums/product_gallery/35-lisjak-wooden-appetizer-board.webp'),(161,0,320,200,'0-evoo-01-01','/data/albums/articles_photo/0-evoo-01-01.jpg'),(161,24,1920,680,'24-evoo-01-01','/data/albums/header_photo/24-evoo-01-01.webp'),(161,28,495,655,'28-evoo-01-01','/data/albums/shop_grid/28-evoo-01-01.webp'),(161,29,222,222,'29-evoo-01-01','/data/albums/cart_photo/29-evoo-01-01.webp'),(161,31,255,605,'31-evoo-01-01','/data/albums/shop_grid_oil/31-evoo-01-01.webp'),(161,34,580,650,'34-evoo-01-01','/data/albums/header_photo_mobile/34-evoo-01-01.webp'),(162,0,320,200,'0-evoo-01-01-2','/data/albums/articles_photo/0-evoo-01-01-2.jpg'),(162,24,1920,680,'24-evoo-01-01-2','/data/albums/header_photo/24-evoo-01-01-2.webp'),(162,28,495,655,'28-evoo-01-01-2','/data/albums/shop_grid/28-evoo-01-01-2.webp'),(162,29,222,222,'29-evoo-01-01-2','/data/albums/cart_photo/29-evoo-01-01-2.webp'),(162,31,255,605,'31-evoo-01-01-2','/data/albums/shop_grid_oil/31-evoo-01-01-2.webp'),(162,34,580,650,'34-evoo-01-01-2','/data/albums/header_photo_mobile/34-evoo-01-01-2.webp'),(172,0,320,200,'0-lisjak-wood-serving-platter','/data/albums/articles_photo/0-lisjak-wood-serving-platter.jpg'),(172,24,1920,680,'24-lisjak-wood-serving-platter','/data/albums/header_photo/24-lisjak-wood-serving-platter.webp'),(172,27,597,842,'27-lisjak-wood-serving-platter','/data/albums/popup/27-lisjak-wood-serving-platter.webp'),(172,28,495,655,'28-lisjak-wood-serving-platter','/data/albums/shop_grid/28-lisjak-wood-serving-platter.webp'),(172,29,222,222,'29-lisjak-wood-serving-platter','/data/albums/cart_photo/29-lisjak-wood-serving-platter.webp'),(172,31,255,605,'31-lisjak-wood-serving-platter','/data/albums/shop_grid_oil/31-lisjak-wood-serving-platter.webp'),(172,34,580,650,'34-lisjak-wood-serving-platter','/data/albums/header_photo_mobile/34-lisjak-wood-serving-platter.webp'),(172,35,200,200,'35-lisjak-wood-serving-platter','/data/albums/product_gallery/35-lisjak-wood-serving-platter.webp'),(174,0,320,200,'0-lisjak-wooden-bread-bowl','/data/albums/articles_photo/0-lisjak-wooden-bread-bowl.jpg'),(174,24,1920,680,'24-lisjak-wooden-bread-bowl','/data/albums/header_photo/24-lisjak-wooden-bread-bowl.webp'),(174,27,2121,3000,'27-lisjak-wooden-bread-bowl','/data/albums/popup/27-lisjak-wooden-bread-bowl.webp'),(174,28,495,655,'28-lisjak-wooden-bread-bowl','/data/albums/shop_grid/28-lisjak-wooden-bread-bowl.webp'),(174,29,222,222,'29-lisjak-wooden-bread-bowl','/data/albums/cart_photo/29-lisjak-wooden-bread-bowl.webp'),(174,31,255,605,'31-lisjak-wooden-bread-bowl','/data/albums/shop_grid_oil/31-lisjak-wooden-bread-bowl.webp'),(174,34,580,650,'34-lisjak-wooden-bread-bowl','/data/albums/header_photo_mobile/34-lisjak-wooden-bread-bowl.webp'),(174,35,200,200,'35-lisjak-wooden-bread-bowl','/data/albums/product_gallery/35-lisjak-wooden-bread-bowl.webp'),(175,0,320,200,'0-lisjak-wooden-fruit-bowl','/data/albums/articles_photo/0-lisjak-wooden-fruit-bowl.jpg'),(175,24,1920,680,'24-lisjak-wooden-fruit-bowl','/data/albums/header_photo/24-lisjak-wooden-fruit-bowl.webp'),(175,27,2122,3000,'27-lisjak-wooden-fruit-bowl','/data/albums/popup/27-lisjak-wooden-fruit-bowl.webp'),(175,28,495,655,'28-lisjak-wooden-fruit-bowl','/data/albums/shop_grid/28-lisjak-wooden-fruit-bowl.webp'),(175,29,222,222,'29-lisjak-wooden-fruit-bowl','/data/albums/cart_photo/29-lisjak-wooden-fruit-bowl.webp'),(175,31,255,605,'31-lisjak-wooden-fruit-bowl','/data/albums/shop_grid_oil/31-lisjak-wooden-fruit-bowl.webp'),(175,34,580,650,'34-lisjak-wooden-fruit-bowl','/data/albums/header_photo_mobile/34-lisjak-wooden-fruit-bowl.webp'),(175,35,200,200,'35-lisjak-wooden-fruit-bowl','/data/albums/product_gallery/35-lisjak-wooden-fruit-bowl.webp'),(177,0,320,200,'0-lisjak-olive-basket','/data/albums/articles_photo/0-lisjak-olive-basket.jpg'),(177,24,1920,680,'24-lisjak-olive-basket','/data/albums/header_photo/24-lisjak-olive-basket.webp'),(177,27,2122,3000,'27-lisjak-olive-basket','/data/albums/popup/27-lisjak-olive-basket.webp'),(177,28,495,655,'28-lisjak-olive-basket','/data/albums/shop_grid/28-lisjak-olive-basket.webp'),(177,29,222,222,'29-lisjak-olive-basket','/data/albums/cart_photo/29-lisjak-olive-basket.webp'),(177,31,255,605,'31-lisjak-olive-basket','/data/albums/shop_grid_oil/31-lisjak-olive-basket.webp'),(177,34,580,650,'34-lisjak-olive-basket','/data/albums/header_photo_mobile/34-lisjak-olive-basket.webp'),(177,35,200,200,'35-lisjak-olive-basket','/data/albums/product_gallery/35-lisjak-olive-basket.webp'),(178,0,320,200,'0-lisjak-wooden-bowl-medium','/data/albums/articles_photo/0-lisjak-wooden-bowl-medium.jpg'),(178,24,1920,680,'24-lisjak-wooden-bowl-medium','/data/albums/header_photo/24-lisjak-wooden-bowl-medium.webp'),(178,27,2122,3000,'27-lisjak-wooden-bowl-medium','/data/albums/popup/27-lisjak-wooden-bowl-medium.webp'),(178,28,495,655,'28-lisjak-wooden-bowl-medium','/data/albums/shop_grid/28-lisjak-wooden-bowl-medium.webp'),(178,29,222,222,'29-lisjak-wooden-bowl-medium','/data/albums/cart_photo/29-lisjak-wooden-bowl-medium.webp'),(178,31,255,605,'31-lisjak-wooden-bowl-medium','/data/albums/shop_grid_oil/31-lisjak-wooden-bowl-medium.webp'),(178,34,580,650,'34-lisjak-wooden-bowl-medium','/data/albums/header_photo_mobile/34-lisjak-wooden-bowl-medium.webp'),(178,35,200,200,'35-lisjak-wooden-bowl-medium','/data/albums/product_gallery/35-lisjak-wooden-bowl-medium.webp'),(180,0,320,200,'0-lisjak-manual-spice-grinder','/data/albums/articles_photo/0-lisjak-manual-spice-grinder.jpg'),(180,24,1920,680,'24-lisjak-manual-spice-grinder','/data/albums/header_photo/24-lisjak-manual-spice-grinder.webp'),(180,27,2122,3000,'27-lisjak-manual-spice-grinder','/data/albums/popup/27-lisjak-manual-spice-grinder.webp'),(180,28,495,655,'28-lisjak-manual-spice-grinder','/data/albums/shop_grid/28-lisjak-manual-spice-grinder.webp'),(180,29,222,222,'29-lisjak-manual-spice-grinder','/data/albums/cart_photo/29-lisjak-manual-spice-grinder.webp'),(180,31,255,605,'31-lisjak-manual-spice-grinder','/data/albums/shop_grid_oil/31-lisjak-manual-spice-grinder.webp'),(180,34,580,650,'34-lisjak-manual-spice-grinder','/data/albums/header_photo_mobile/34-lisjak-manual-spice-grinder.webp'),(180,35,200,200,'35-lisjak-manual-spice-grinder','/data/albums/product_gallery/35-lisjak-manual-spice-grinder.webp'),(189,0,320,200,'0-lisjak-gin','/data/albums/articles_photo/0-lisjak-gin.jpg'),(189,24,1920,680,'24-lisjak-gin','/data/albums/header_photo/24-lisjak-gin.webp'),(189,28,495,655,'28-lisjak-gin','/data/albums/shop_grid/28-lisjak-gin.webp'),(189,29,222,222,'29-lisjak-gin','/data/albums/cart_photo/29-lisjak-gin.webp'),(189,31,255,605,'31-lisjak-gin','/data/albums/shop_grid_oil/31-lisjak-gin.webp'),(189,34,580,650,'34-lisjak-gin','/data/albums/header_photo_mobile/34-lisjak-gin.webp'),(199,0,320,200,'0-lisjak-gin-2','/data/albums/articles_photo/0-lisjak-gin-2.jpg'),(199,24,1920,680,'24-lisjak-gin-2','/data/albums/header_photo/24-lisjak-gin-2.webp'),(199,28,495,655,'28-lisjak-gin-2','/data/albums/shop_grid/28-lisjak-gin-2.webp'),(199,29,222,222,'29-lisjak-gin-2','/data/albums/cart_photo/29-lisjak-gin-2.webp'),(199,31,255,605,'31-lisjak-gin-2','/data/albums/shop_grid_oil/31-lisjak-gin-2.webp'),(199,34,580,650,'34-lisjak-gin-2','/data/albums/header_photo_mobile/34-lisjak-gin-2.webp'),(200,0,320,200,'0-lisjak-gin-3','/data/albums/articles_photo/0-lisjak-gin-3.jpg'),(200,24,1920,680,'24-lisjak-gin-3','/data/albums/header_photo/24-lisjak-gin-3.webp'),(200,27,1593,3000,'27-lisjak-gin-3','/data/albums/popup/27-lisjak-gin-3.webp'),(200,28,495,655,'28-lisjak-gin-3','/data/albums/shop_grid/28-lisjak-gin-3.webp'),(200,29,222,222,'29-lisjak-gin-3','/data/albums/cart_photo/29-lisjak-gin-3.webp'),(200,31,255,605,'31-lisjak-gin-3','/data/albums/shop_grid_oil/31-lisjak-gin-3.webp'),(200,34,580,650,'34-lisjak-gin-3','/data/albums/header_photo_mobile/34-lisjak-gin-3.webp'),(200,35,200,200,'35-lisjak-gin-3','/data/albums/product_gallery/35-lisjak-gin-3.webp'),(202,0,320,200,'0-6-06','/data/albums/articles_photo/0-6-06.jpg'),(202,24,1920,680,'24-6-06','/data/albums/header_photo/24-6-06.webp'),(202,28,495,655,'28-6-06','/data/albums/shop_grid/28-6-06.webp'),(202,29,222,222,'29-6-06','/data/albums/cart_photo/29-6-06.webp'),(202,31,255,605,'31-6-06','/data/albums/shop_grid_oil/31-6-06.webp'),(202,34,580,650,'34-6-06','/data/albums/header_photo_mobile/34-6-06.webp'),(203,0,320,200,'0-lisjak-prosciutto-charcuterie-board','/data/albums/articles_photo/0-lisjak-prosciutto-charcuterie-board.jpg'),(203,24,1920,680,'24-lisjak-prosciutto-charcuterie-board','/data/albums/header_photo/24-lisjak-prosciutto-charcuterie-board.webp'),(203,27,2122,3000,'27-lisjak-prosciutto-charcuterie-board','/data/albums/popup/27-lisjak-prosciutto-charcuterie-board.webp'),(203,28,495,655,'28-lisjak-prosciutto-charcuterie-board','/data/albums/shop_grid/28-lisjak-prosciutto-charcuterie-board.webp'),(203,29,222,222,'29-lisjak-prosciutto-charcuterie-board','/data/albums/cart_photo/29-lisjak-prosciutto-charcuterie-board.webp'),(203,31,255,605,'31-lisjak-prosciutto-charcuterie-board','/data/albums/shop_grid_oil/31-lisjak-prosciutto-charcuterie-board.webp'),(203,34,580,650,'34-lisjak-prosciutto-charcuterie-board','/data/albums/header_photo_mobile/34-lisjak-prosciutto-charcuterie-board.webp'),(203,35,200,200,'35-lisjak-prosciutto-charcuterie-board','/data/albums/product_gallery/35-lisjak-prosciutto-charcuterie-board.webp'),(204,0,320,200,'0-miza-08','/data/albums/articles_photo/0-miza-08.jpg'),(204,24,1920,680,'24-miza-08','/data/albums/header_photo/24-miza-08.webp'),(204,28,495,655,'28-miza-08','/data/albums/shop_grid/28-miza-08.webp'),(204,29,222,222,'29-miza-08','/data/albums/cart_photo/29-miza-08.webp'),(204,31,255,605,'31-miza-08','/data/albums/shop_grid_oil/31-miza-08.webp'),(204,34,580,650,'34-miza-08','/data/albums/header_photo_mobile/34-miza-08.webp'),(206,0,320,200,'0-lisjak-personalized-olive-wood-table','/data/albums/articles_photo/0-lisjak-personalized-olive-wood-table.jpg'),(206,24,1920,680,'24-lisjak-personalized-olive-wood-table','/data/albums/header_photo/24-lisjak-personalized-olive-wood-table.webp'),(206,27,2481,2524,'27-lisjak-personalized-olive-wood-table','/data/albums/popup/27-lisjak-personalized-olive-wood-table.webp'),(206,28,495,655,'28-lisjak-personalized-olive-wood-table','/data/albums/shop_grid/28-lisjak-personalized-olive-wood-table.webp'),(206,29,222,222,'29-lisjak-personalized-olive-wood-table','/data/albums/cart_photo/29-lisjak-personalized-olive-wood-table.webp'),(206,31,255,605,'31-lisjak-personalized-olive-wood-table','/data/albums/shop_grid_oil/31-lisjak-personalized-olive-wood-table.webp'),(206,34,580,650,'34-lisjak-personalized-olive-wood-table','/data/albums/header_photo_mobile/34-lisjak-personalized-olive-wood-table.webp'),(206,35,200,200,'35-lisjak-personalized-olive-wood-table','/data/albums/product_gallery/35-lisjak-personalized-olive-wood-table.webp'),(209,0,320,200,'0--2','/data/albums/articles_photo/0--2.jpg'),(209,24,1920,680,'24--2','/data/albums/header_photo/24--2.webp'),(209,27,1688,3000,'27--2','/data/albums/popup/27--2.webp'),(209,28,495,655,'28--2','/data/albums/shop_grid/28--2.webp'),(209,29,222,222,'29--2','/data/albums/cart_photo/29--2.webp'),(209,31,255,605,'31--2','/data/albums/shop_grid_oil/31--2.webp'),(209,34,580,650,'34--2','/data/albums/header_photo_mobile/34--2.webp'),(209,35,200,200,'35--2','/data/albums/product_gallery/35--2.webp'),(210,0,320,200,'0--3','/data/albums/articles_photo/0--3.jpg'),(210,24,1920,680,'24--3','/data/albums/header_photo/24--3.webp'),(210,27,1688,3000,'27--3','/data/albums/popup/27--3.webp'),(210,28,495,655,'28--3','/data/albums/shop_grid/28--3.webp'),(210,29,222,222,'29--3','/data/albums/cart_photo/29--3.webp'),(210,31,255,605,'31--3','/data/albums/shop_grid_oil/31--3.webp'),(210,34,580,650,'34--3','/data/albums/header_photo_mobile/34--3.webp'),(210,35,200,200,'35--3','/data/albums/product_gallery/35--3.webp'),(211,0,320,200,'0--4','/data/albums/articles_photo/0--4.jpg'),(211,24,1920,680,'24--4','/data/albums/header_photo/24--4.webp'),(211,27,1688,3000,'27--4','/data/albums/popup/27--4.webp'),(211,28,495,655,'28--4','/data/albums/shop_grid/28--4.webp'),(211,29,222,222,'29--4','/data/albums/cart_photo/29--4.webp'),(211,31,255,605,'31--4','/data/albums/shop_grid_oil/31--4.webp'),(211,34,580,650,'34--4','/data/albums/header_photo_mobile/34--4.webp'),(211,35,200,200,'35--4','/data/albums/product_gallery/35--4.webp'),(212,0,320,200,'0--5','/data/albums/articles_photo/0--5.jpg'),(212,24,1920,680,'24--5','/data/albums/header_photo/24--5.webp'),(212,27,1688,3000,'27--5','/data/albums/popup/27--5.webp'),(212,28,495,655,'28--5','/data/albums/shop_grid/28--5.webp'),(212,29,222,222,'29--5','/data/albums/cart_photo/29--5.webp'),(212,31,255,605,'31--5','/data/albums/shop_grid_oil/31--5.webp'),(212,34,580,650,'34--5','/data/albums/header_photo_mobile/34--5.webp'),(212,35,200,200,'35--5','/data/albums/product_gallery/35--5.webp'),(213,0,320,200,'0--6','/data/albums/articles_photo/0--6.jpg'),(213,24,1920,680,'24--6','/data/albums/header_photo/24--6.webp'),(213,27,1687,3000,'27--6','/data/albums/popup/27--6.webp'),(213,28,495,655,'28--6','/data/albums/shop_grid/28--6.webp'),(213,29,222,222,'29--6','/data/albums/cart_photo/29--6.webp'),(213,31,255,605,'31--6','/data/albums/shop_grid_oil/31--6.webp'),(213,34,580,650,'34--6','/data/albums/header_photo_mobile/34--6.webp'),(213,35,200,200,'35--6','/data/albums/product_gallery/35--6.webp'),(214,0,320,200,'0--7','/data/albums/articles_photo/0--7.jpg'),(214,24,1920,680,'24--7','/data/albums/header_photo/24--7.webp'),(214,27,1687,3000,'27--7','/data/albums/popup/27--7.webp'),(214,28,495,655,'28--7','/data/albums/shop_grid/28--7.webp'),(214,29,222,222,'29--7','/data/albums/cart_photo/29--7.webp'),(214,31,255,605,'31--7','/data/albums/shop_grid_oil/31--7.webp'),(214,34,580,650,'34--7','/data/albums/header_photo_mobile/34--7.webp'),(214,35,200,200,'35--7','/data/albums/product_gallery/35--7.webp'),(215,0,320,200,'0--8','/data/albums/articles_photo/0--8.jpg'),(215,24,1920,680,'24--8','/data/albums/header_photo/24--8.webp'),(215,27,1687,3000,'27--8','/data/albums/popup/27--8.webp'),(215,28,495,655,'28--8','/data/albums/shop_grid/28--8.webp'),(215,29,222,222,'29--8','/data/albums/cart_photo/29--8.webp'),(215,31,255,605,'31--8','/data/albums/shop_grid_oil/31--8.webp'),(215,34,580,650,'34--8','/data/albums/header_photo_mobile/34--8.webp'),(215,35,200,200,'35--8','/data/albums/product_gallery/35--8.webp'),(216,0,320,200,'0--9','/data/albums/articles_photo/0--9.jpg'),(216,24,1920,680,'24--9','/data/albums/header_photo/24--9.webp'),(216,27,1687,3000,'27--9','/data/albums/popup/27--9.webp'),(216,28,495,655,'28--9','/data/albums/shop_grid/28--9.webp'),(216,29,222,222,'29--9','/data/albums/cart_photo/29--9.webp'),(216,31,255,605,'31--9','/data/albums/shop_grid_oil/31--9.webp'),(216,34,580,650,'34--9','/data/albums/header_photo_mobile/34--9.webp'),(216,35,200,200,'35--9','/data/albums/product_gallery/35--9.webp'),(218,0,320,200,'0--10','/data/albums/articles_photo/0--10.jpg'),(218,24,1920,680,'24--10','/data/albums/header_photo/24--10.webp'),(218,27,1687,3000,'27--10','/data/albums/popup/27--10.webp'),(218,28,495,655,'28--10','/data/albums/shop_grid/28--10.webp'),(218,29,222,222,'29--10','/data/albums/cart_photo/29--10.webp'),(218,31,255,605,'31--10','/data/albums/shop_grid_oil/31--10.webp'),(218,34,580,650,'34--10','/data/albums/header_photo_mobile/34--10.webp'),(218,35,200,200,'35--10','/data/albums/product_gallery/35--10.webp'),(219,0,320,200,'0--11','/data/albums/articles_photo/0--11.jpg'),(219,24,1920,680,'24--11','/data/albums/header_photo/24--11.webp'),(219,27,1687,3000,'27--11','/data/albums/popup/27--11.webp'),(219,28,495,655,'28--11','/data/albums/shop_grid/28--11.webp'),(219,29,222,222,'29--11','/data/albums/cart_photo/29--11.webp'),(219,31,255,605,'31--11','/data/albums/shop_grid_oil/31--11.webp'),(219,34,580,650,'34--11','/data/albums/header_photo_mobile/34--11.webp'),(219,35,200,200,'35--11','/data/albums/product_gallery/35--11.webp'),(220,0,320,200,'0--12','/data/albums/articles_photo/0--12.jpg'),(220,24,1920,680,'24--12','/data/albums/header_photo/24--12.webp'),(220,27,1687,3000,'27--12','/data/albums/popup/27--12.webp'),(220,28,495,655,'28--12','/data/albums/shop_grid/28--12.webp'),(220,29,222,222,'29--12','/data/albums/cart_photo/29--12.webp'),(220,31,255,605,'31--12','/data/albums/shop_grid_oil/31--12.webp'),(220,34,580,650,'34--12','/data/albums/header_photo_mobile/34--12.webp'),(220,35,200,200,'35--12','/data/albums/product_gallery/35--12.webp'),(221,0,320,200,'0--13','/data/albums/articles_photo/0--13.jpg'),(221,24,1920,680,'24--13','/data/albums/header_photo/24--13.webp'),(221,27,1687,3000,'27--13','/data/albums/popup/27--13.webp'),(221,28,495,655,'28--13','/data/albums/shop_grid/28--13.webp'),(221,29,222,222,'29--13','/data/albums/cart_photo/29--13.webp'),(221,31,255,605,'31--13','/data/albums/shop_grid_oil/31--13.webp'),(221,34,580,650,'34--13','/data/albums/header_photo_mobile/34--13.webp'),(221,35,200,200,'35--13','/data/albums/product_gallery/35--13.webp'),(229,0,320,200,'0-milooo-01','/data/albums/articles_photo/0-milooo-01.jpg'),(229,24,1920,680,'24-milooo-01','/data/albums/header_photo/24-milooo-01.webp'),(229,27,1743,1996,'27-milooo-01','/data/albums/popup/27-milooo-01.webp'),(229,28,495,655,'28-milooo-01','/data/albums/shop_grid/28-milooo-01.webp'),(229,29,222,222,'29-milooo-01','/data/albums/cart_photo/29-milooo-01.webp'),(229,31,255,605,'31-milooo-01','/data/albums/shop_grid_oil/31-milooo-01.webp'),(229,34,580,650,'34-milooo-01','/data/albums/header_photo_mobile/34-milooo-01.webp'),(229,35,200,200,'35-milooo-01','/data/albums/product_gallery/35-milooo-01.webp'),(230,0,320,200,'0-miza-01','/data/albums/articles_photo/0-miza-01.jpg'),(230,24,1920,680,'24-miza-01','/data/albums/header_photo/24-miza-01.webp'),(230,27,1693,1486,'27-miza-01','/data/albums/popup/27-miza-01.webp'),(230,28,495,655,'28-miza-01','/data/albums/shop_grid/28-miza-01.webp'),(230,29,222,222,'29-miza-01','/data/albums/cart_photo/29-miza-01.webp'),(230,31,255,605,'31-miza-01','/data/albums/shop_grid_oil/31-miza-01.webp'),(230,34,580,650,'34-miza-01','/data/albums/header_photo_mobile/34-miza-01.webp'),(230,35,200,200,'35-miza-01','/data/albums/product_gallery/35-miza-01.webp'),(231,0,320,200,'0--14','/data/albums/articles_photo/0--14.jpg'),(231,24,1920,680,'24--14','/data/albums/header_photo/24--14.webp'),(231,28,495,655,'28--14','/data/albums/shop_grid/28--14.webp'),(231,29,222,222,'29--14','/data/albums/cart_photo/29--14.webp'),(231,31,255,605,'31--14','/data/albums/shop_grid_oil/31--14.webp'),(231,34,580,650,'34--14','/data/albums/header_photo_mobile/34--14.webp'),(232,0,320,200,'0--15','/data/albums/articles_photo/0--15.jpg'),(232,24,1920,680,'24--15','/data/albums/header_photo/24--15.webp'),(232,27,1834,2888,'27--15','/data/albums/popup/27--15.webp'),(232,28,495,655,'28--15','/data/albums/shop_grid/28--15.webp'),(232,29,222,222,'29--15','/data/albums/cart_photo/29--15.webp'),(232,31,255,605,'31--15','/data/albums/shop_grid_oil/31--15.webp'),(232,34,580,650,'34--15','/data/albums/header_photo_mobile/34--15.webp'),(232,35,200,200,'35--15','/data/albums/product_gallery/35--15.webp'),(233,0,320,200,'0--16','/data/albums/articles_photo/0--16.jpg'),(233,24,1920,680,'24--16','/data/albums/header_photo/24--16.webp'),(233,28,495,655,'28--16','/data/albums/shop_grid/28--16.webp'),(233,29,222,222,'29--16','/data/albums/cart_photo/29--16.webp'),(233,31,255,605,'31--16','/data/albums/shop_grid_oil/31--16.webp'),(233,34,580,650,'34--16','/data/albums/header_photo_mobile/34--16.webp'),(234,0,320,200,'0--17','/data/albums/articles_photo/0--17.jpg'),(234,24,1920,680,'24--17','/data/albums/header_photo/24--17.webp'),(234,28,495,655,'28--17','/data/albums/shop_grid/28--17.webp'),(234,29,222,222,'29--17','/data/albums/cart_photo/29--17.webp'),(234,31,255,605,'31--17','/data/albums/shop_grid_oil/31--17.webp'),(234,34,580,650,'34--17','/data/albums/header_photo_mobile/34--17.webp'),(235,0,320,200,'0--18','/data/albums/articles_photo/0--18.jpg'),(235,24,1920,680,'24--18','/data/albums/header_photo/24--18.webp'),(235,27,1000,562,'27--18','/data/albums/popup/27--18.webp'),(235,28,495,655,'28--18','/data/albums/shop_grid/28--18.webp'),(235,29,222,222,'29--18','/data/albums/cart_photo/29--18.webp'),(235,31,255,605,'31--18','/data/albums/shop_grid_oil/31--18.webp'),(235,34,580,650,'34--18','/data/albums/header_photo_mobile/34--18.webp'),(235,35,200,200,'35--18','/data/albums/product_gallery/35--18.webp'),(236,0,320,200,'0--19','/data/albums/articles_photo/0--19.jpg'),(236,24,1920,680,'24--19','/data/albums/header_photo/24--19.webp'),(236,27,1000,562,'27--19','/data/albums/popup/27--19.webp'),(236,28,495,655,'28--19','/data/albums/shop_grid/28--19.webp'),(236,29,222,222,'29--19','/data/albums/cart_photo/29--19.webp'),(236,31,255,605,'31--19','/data/albums/shop_grid_oil/31--19.webp'),(236,34,580,650,'34--19','/data/albums/header_photo_mobile/34--19.webp'),(236,35,200,200,'35--19','/data/albums/product_gallery/35--19.webp'),(247,0,320,200,'0--20','/data/albums/articles_photo/0--20.jpg'),(247,24,1920,680,'24--20','/data/albums/header_photo/24--20.webp'),(247,27,1080,1080,'27--20','/data/albums/popup/27--20.webp'),(247,28,495,655,'28--20','/data/albums/shop_grid/28--20.webp'),(247,29,222,222,'29--20','/data/albums/cart_photo/29--20.webp'),(247,31,255,605,'31--20','/data/albums/shop_grid_oil/31--20.webp'),(247,34,580,650,'34--20','/data/albums/header_photo_mobile/34--20.webp'),(247,35,200,200,'35--20','/data/albums/product_gallery/35--20.webp'),(254,0,320,200,'0-tsss5-01','/data/albums/articles_photo/0-tsss5-01.jpg'),(254,24,1920,680,'24-tsss5-01','/data/albums/header_photo/24-tsss5-01.webp'),(254,27,951,948,'27-tsss5-01','/data/albums/popup/27-tsss5-01.webp'),(254,28,495,655,'28-tsss5-01','/data/albums/shop_grid/28-tsss5-01.webp'),(254,29,222,222,'29-tsss5-01','/data/albums/cart_photo/29-tsss5-01.webp'),(254,31,255,605,'31-tsss5-01','/data/albums/shop_grid_oil/31-tsss5-01.webp'),(254,34,580,650,'34-tsss5-01','/data/albums/header_photo_mobile/34-tsss5-01.webp'),(254,35,200,200,'35-tsss5-01','/data/albums/product_gallery/35-tsss5-01.webp'),(255,0,320,200,'0-screenshot-2023-03-13-at-103803','/data/albums/articles_photo/0-screenshot-2023-03-13-at-103803.jpg'),(255,24,1920,680,'24-screenshot-2023-03-13-at-103803','/data/albums/header_photo/24-screenshot-2023-03-13-at-103803.webp'),(255,27,642,929,'27-screenshot-2023-03-13-at-103803','/data/albums/popup/27-screenshot-2023-03-13-at-103803.webp'),(255,28,495,655,'28-screenshot-2023-03-13-at-103803','/data/albums/shop_grid/28-screenshot-2023-03-13-at-103803.webp'),(255,29,222,222,'29-screenshot-2023-03-13-at-103803','/data/albums/cart_photo/29-screenshot-2023-03-13-at-103803.webp'),(255,31,255,605,'31-screenshot-2023-03-13-at-103803','/data/albums/shop_grid_oil/31-screenshot-2023-03-13-at-103803.webp'),(255,34,580,650,'34-screenshot-2023-03-13-at-103803','/data/albums/header_photo_mobile/34-screenshot-2023-03-13-at-103803.webp'),(255,35,200,200,'35-screenshot-2023-03-13-at-103803','/data/albums/product_gallery/35-screenshot-2023-03-13-at-103803.webp'),(256,0,320,200,'0-screenshot-2023-03-13-at-103811','/data/albums/articles_photo/0-screenshot-2023-03-13-at-103811.jpg'),(256,24,1920,680,'24-screenshot-2023-03-13-at-103811','/data/albums/header_photo/24-screenshot-2023-03-13-at-103811.webp'),(256,27,642,929,'27-screenshot-2023-03-13-at-103811','/data/albums/popup/27-screenshot-2023-03-13-at-103811.webp'),(256,28,495,655,'28-screenshot-2023-03-13-at-103811','/data/albums/shop_grid/28-screenshot-2023-03-13-at-103811.webp'),(256,29,222,222,'29-screenshot-2023-03-13-at-103811','/data/albums/cart_photo/29-screenshot-2023-03-13-at-103811.webp'),(256,31,255,605,'31-screenshot-2023-03-13-at-103811','/data/albums/shop_grid_oil/31-screenshot-2023-03-13-at-103811.webp'),(256,34,580,650,'34-screenshot-2023-03-13-at-103811','/data/albums/header_photo_mobile/34-screenshot-2023-03-13-at-103811.webp'),(256,35,200,200,'35-screenshot-2023-03-13-at-103811','/data/albums/product_gallery/35-screenshot-2023-03-13-at-103811.webp'),(257,0,320,200,'0-screenshot-2023-03-13-at-103823','/data/albums/articles_photo/0-screenshot-2023-03-13-at-103823.jpg'),(257,24,1920,680,'24-screenshot-2023-03-13-at-103823','/data/albums/header_photo/24-screenshot-2023-03-13-at-103823.webp'),(257,27,642,929,'27-screenshot-2023-03-13-at-103823','/data/albums/popup/27-screenshot-2023-03-13-at-103823.webp'),(257,28,495,655,'28-screenshot-2023-03-13-at-103823','/data/albums/shop_grid/28-screenshot-2023-03-13-at-103823.webp'),(257,29,222,222,'29-screenshot-2023-03-13-at-103823','/data/albums/cart_photo/29-screenshot-2023-03-13-at-103823.webp'),(257,31,255,605,'31-screenshot-2023-03-13-at-103823','/data/albums/shop_grid_oil/31-screenshot-2023-03-13-at-103823.webp'),(257,34,580,650,'34-screenshot-2023-03-13-at-103823','/data/albums/header_photo_mobile/34-screenshot-2023-03-13-at-103823.webp'),(257,35,200,200,'35-screenshot-2023-03-13-at-103823','/data/albums/product_gallery/35-screenshot-2023-03-13-at-103823.webp'),(258,0,320,200,'0-screenshot-2023-03-13-at-103841','/data/albums/articles_photo/0-screenshot-2023-03-13-at-103841.jpg'),(258,24,1920,680,'24-screenshot-2023-03-13-at-103841','/data/albums/header_photo/24-screenshot-2023-03-13-at-103841.webp'),(258,27,641,929,'27-screenshot-2023-03-13-at-103841','/data/albums/popup/27-screenshot-2023-03-13-at-103841.webp'),(258,28,495,655,'28-screenshot-2023-03-13-at-103841','/data/albums/shop_grid/28-screenshot-2023-03-13-at-103841.webp'),(258,29,222,222,'29-screenshot-2023-03-13-at-103841','/data/albums/cart_photo/29-screenshot-2023-03-13-at-103841.webp'),(258,31,255,605,'31-screenshot-2023-03-13-at-103841','/data/albums/shop_grid_oil/31-screenshot-2023-03-13-at-103841.webp'),(258,34,580,650,'34-screenshot-2023-03-13-at-103841','/data/albums/header_photo_mobile/34-screenshot-2023-03-13-at-103841.webp'),(258,35,200,200,'35-screenshot-2023-03-13-at-103841','/data/albums/product_gallery/35-screenshot-2023-03-13-at-103841.webp'),(259,0,320,200,'0-screenshot-2023-03-13-at-103904','/data/albums/articles_photo/0-screenshot-2023-03-13-at-103904.jpg'),(259,24,1920,680,'24-screenshot-2023-03-13-at-103904','/data/albums/header_photo/24-screenshot-2023-03-13-at-103904.webp'),(259,27,642,929,'27-screenshot-2023-03-13-at-103904','/data/albums/popup/27-screenshot-2023-03-13-at-103904.webp'),(259,28,495,655,'28-screenshot-2023-03-13-at-103904','/data/albums/shop_grid/28-screenshot-2023-03-13-at-103904.webp'),(259,29,222,222,'29-screenshot-2023-03-13-at-103904','/data/albums/cart_photo/29-screenshot-2023-03-13-at-103904.webp'),(259,31,255,605,'31-screenshot-2023-03-13-at-103904','/data/albums/shop_grid_oil/31-screenshot-2023-03-13-at-103904.webp'),(259,34,580,650,'34-screenshot-2023-03-13-at-103904','/data/albums/header_photo_mobile/34-screenshot-2023-03-13-at-103904.webp'),(259,35,200,200,'35-screenshot-2023-03-13-at-103904','/data/albums/product_gallery/35-screenshot-2023-03-13-at-103904.webp'),(260,0,320,200,'0-screenshot-2023-03-13-at-103912','/data/albums/articles_photo/0-screenshot-2023-03-13-at-103912.jpg'),(260,24,1920,680,'24-screenshot-2023-03-13-at-103912','/data/albums/header_photo/24-screenshot-2023-03-13-at-103912.webp'),(260,27,642,929,'27-screenshot-2023-03-13-at-103912','/data/albums/popup/27-screenshot-2023-03-13-at-103912.webp'),(260,28,495,655,'28-screenshot-2023-03-13-at-103912','/data/albums/shop_grid/28-screenshot-2023-03-13-at-103912.webp'),(260,29,222,222,'29-screenshot-2023-03-13-at-103912','/data/albums/cart_photo/29-screenshot-2023-03-13-at-103912.webp'),(260,31,255,605,'31-screenshot-2023-03-13-at-103912','/data/albums/shop_grid_oil/31-screenshot-2023-03-13-at-103912.webp'),(260,34,580,650,'34-screenshot-2023-03-13-at-103912','/data/albums/header_photo_mobile/34-screenshot-2023-03-13-at-103912.webp'),(260,35,200,200,'35-screenshot-2023-03-13-at-103912','/data/albums/product_gallery/35-screenshot-2023-03-13-at-103912.webp'),(261,0,320,200,'0-screenshot-2023-03-13-at-103919','/data/albums/articles_photo/0-screenshot-2023-03-13-at-103919.jpg'),(261,24,1920,680,'24-screenshot-2023-03-13-at-103919','/data/albums/header_photo/24-screenshot-2023-03-13-at-103919.webp'),(261,27,641,930,'27-screenshot-2023-03-13-at-103919','/data/albums/popup/27-screenshot-2023-03-13-at-103919.webp'),(261,28,495,655,'28-screenshot-2023-03-13-at-103919','/data/albums/shop_grid/28-screenshot-2023-03-13-at-103919.webp'),(261,29,222,222,'29-screenshot-2023-03-13-at-103919','/data/albums/cart_photo/29-screenshot-2023-03-13-at-103919.webp'),(261,31,255,605,'31-screenshot-2023-03-13-at-103919','/data/albums/shop_grid_oil/31-screenshot-2023-03-13-at-103919.webp'),(261,34,580,650,'34-screenshot-2023-03-13-at-103919','/data/albums/header_photo_mobile/34-screenshot-2023-03-13-at-103919.webp'),(261,35,200,200,'35-screenshot-2023-03-13-at-103919','/data/albums/product_gallery/35-screenshot-2023-03-13-at-103919.webp'),(262,0,320,200,'0-coffe-table-01','/data/albums/articles_photo/0-coffe-table-01.jpg'),(262,24,1920,680,'24-coffe-table-01','/data/albums/header_photo/24-coffe-table-01.webp'),(262,27,1626,1776,'27-coffe-table-01','/data/albums/popup/27-coffe-table-01.webp'),(262,28,495,655,'28-coffe-table-01','/data/albums/shop_grid/28-coffe-table-01.webp'),(262,29,222,222,'29-coffe-table-01','/data/albums/cart_photo/29-coffe-table-01.webp'),(262,31,255,605,'31-coffe-table-01','/data/albums/shop_grid_oil/31-coffe-table-01.webp'),(262,34,580,650,'34-coffe-table-01','/data/albums/header_photo_mobile/34-coffe-table-01.webp'),(262,35,200,200,'35-coffe-table-01','/data/albums/product_gallery/35-coffe-table-01.webp'),(263,0,320,200,'0--21','/data/albums/articles_photo/0--21.jpg'),(263,24,1920,680,'24--21','/data/albums/header_photo/24--21.webp'),(263,27,1626,1776,'27--21','/data/albums/popup/27--21.webp'),(263,28,495,655,'28--21','/data/albums/shop_grid/28--21.webp'),(263,29,222,222,'29--21','/data/albums/cart_photo/29--21.webp'),(263,31,255,605,'31--21','/data/albums/shop_grid_oil/31--21.webp'),(263,34,580,650,'34--21','/data/albums/header_photo_mobile/34--21.webp'),(263,35,200,200,'35--21','/data/albums/product_gallery/35--21.webp'),(264,0,320,200,'0-shower-01','/data/albums/articles_photo/0-shower-01.jpg'),(264,24,1920,680,'24-shower-01','/data/albums/header_photo/24-shower-01.webp'),(264,27,1184,2430,'27-shower-01','/data/albums/popup/27-shower-01.webp'),(264,28,495,655,'28-shower-01','/data/albums/shop_grid/28-shower-01.webp'),(264,29,222,222,'29-shower-01','/data/albums/cart_photo/29-shower-01.webp'),(264,31,255,605,'31-shower-01','/data/albums/shop_grid_oil/31-shower-01.webp'),(264,34,580,650,'34-shower-01','/data/albums/header_photo_mobile/34-shower-01.webp'),(264,35,200,200,'35-shower-01','/data/albums/product_gallery/35-shower-01.webp'),(265,0,320,200,'0--22','/data/albums/articles_photo/0--22.jpg'),(265,24,1920,680,'24--22','/data/albums/header_photo/24--22.webp'),(265,27,2481,1992,'27--22','/data/albums/popup/27--22.webp'),(265,28,495,655,'28--22','/data/albums/shop_grid/28--22.webp'),(265,29,222,222,'29--22','/data/albums/cart_photo/29--22.webp'),(265,31,255,605,'31--22','/data/albums/shop_grid_oil/31--22.webp'),(265,34,580,650,'34--22','/data/albums/header_photo_mobile/34--22.webp'),(265,35,200,200,'35--22','/data/albums/product_gallery/35--22.webp'),(266,0,320,200,'0-dsc08432-600x600-2','/data/albums/articles_photo/0-dsc08432-600x600-2.jpg'),(266,24,1920,680,'24-dsc08432-600x600-2','/data/albums/header_photo/24-dsc08432-600x600-2.webp'),(266,27,600,600,'27-dsc08432-600x600-2','/data/albums/popup/27-dsc08432-600x600-2.webp'),(266,28,495,655,'28-dsc08432-600x600-2','/data/albums/shop_grid/28-dsc08432-600x600-2.webp'),(266,29,222,222,'29-dsc08432-600x600-2','/data/albums/cart_photo/29-dsc08432-600x600-2.webp'),(266,31,255,605,'31-dsc08432-600x600-2','/data/albums/shop_grid_oil/31-dsc08432-600x600-2.webp'),(266,34,580,650,'34-dsc08432-600x600-2','/data/albums/header_photo_mobile/34-dsc08432-600x600-2.webp'),(266,35,200,200,'35-dsc08432-600x600-2','/data/albums/product_gallery/35-dsc08432-600x600-2.webp'),(267,0,320,200,'0-tiles-01-removebg-preview','/data/albums/articles_photo/0-tiles-01-removebg-preview.jpg'),(267,24,1920,680,'24-tiles-01-removebg-preview','/data/albums/header_photo/24-tiles-01-removebg-preview.webp'),(267,27,499,499,'27-tiles-01-removebg-preview','/data/albums/popup/27-tiles-01-removebg-preview.webp'),(267,28,495,655,'28-tiles-01-removebg-preview','/data/albums/shop_grid/28-tiles-01-removebg-preview.webp'),(267,29,222,222,'29-tiles-01-removebg-preview','/data/albums/cart_photo/29-tiles-01-removebg-preview.webp'),(267,31,255,605,'31-tiles-01-removebg-preview','/data/albums/shop_grid_oil/31-tiles-01-removebg-preview.webp'),(267,34,580,650,'34-tiles-01-removebg-preview','/data/albums/header_photo_mobile/34-tiles-01-removebg-preview.webp'),(267,35,200,200,'35-tiles-01-removebg-preview','/data/albums/product_gallery/35-tiles-01-removebg-preview.webp'),(269,0,320,200,'0-lisjak-evoo-oil','/data/albums/articles_photo/0-lisjak-evoo-oil.jpg'),(269,24,1920,680,'24-lisjak-evoo-oil','/data/albums/header_photo/24-lisjak-evoo-oil.webp'),(269,27,1324,1706,'27-lisjak-evoo-oil','/data/albums/popup/27-lisjak-evoo-oil.webp'),(269,28,495,655,'28-lisjak-evoo-oil','/data/albums/shop_grid/28-lisjak-evoo-oil.webp'),(269,29,222,222,'29-lisjak-evoo-oil','/data/albums/cart_photo/29-lisjak-evoo-oil.webp'),(269,31,255,605,'31-lisjak-evoo-oil','/data/albums/shop_grid_oil/31-lisjak-evoo-oil.webp'),(269,34,580,650,'34-lisjak-evoo-oil','/data/albums/header_photo_mobile/34-lisjak-evoo-oil.webp'),(269,35,200,200,'35-lisjak-evoo-oil','/data/albums/product_gallery/35-lisjak-evoo-oil.webp');

--
