--
-- Host: localhost    Database: lisjak_db
-- ------------------------------------------------------


--
-- Table structure for table `ngn_activity_type`
--

CREATE TABLE `ngn_activity_type` (
  `type_id` int(11) NOT NULL AUTO_INCREMENT,
  `type_color` varchar(45) DEFAULT NULL,
  `type_icon` varchar(45) DEFAULT NULL,
  `type_priority` int(11) DEFAULT NULL,
  `type_parent` int(11) DEFAULT NULL,
  `type_type` int(11) DEFAULT NULL,
  PRIMARY KEY (`type_id`),
  KEY `type_type` (`type_type`),
  KEY `type_parent` (`type_parent`)
) ENGINE=InnoDB AUTO_INCREMENT=63 DEFAULT CHARSET=utf8;

--
-- Dumping data for table `ngn_activity_type`
--

INSERT INTO `ngn_activity_type` VALUES (10,'#000000','phone',1,0,3),(11,'#ff0000','times',1,10,3),(12,'#108e32','thumbs-up',2,10,3),(14,'#a8386f','envelope',1,0,3),(15,'#28c92f','thumbs-up',1,14,3),(16,'#d84407','question',3,14,3),(18,'#1966d8','phone',5,0,1),(19,'#ff0000','exclamation',5,0,1),(20,'#d1c600','clock-o',0,0,1),(21,'#135dcc','file-o',1,0,3),(28,'#52823b','ticket',1,21,3),(29,'#001bfc','envelope',2,21,3),(30,'#eab500','user',0,0,3),(31,'#52823b','plus',0,30,3),(32,'#52823b','building',0,30,3),(33,'#ff0000','ban',0,30,3),(34,'#ddc605','edit',0,21,3),(35,'#5da838','eur',1,30,3),(36,'#232bc9','eur',1,30,3),(37,'#48e069','trash-o',1,30,3),(38,'','test',5,0,0),(39,'#b8c9e3','file-o',0,0,0),(40,'#ede411','trash-o',0,37,0),(41,'#00000','file-o',0,0,3),(42,'#48e069','trash-o',1,30,3),(45,'#25cf92','book',0,0,1),(47,'#d47ddb','child',1,0,4),(48,'#0066ff','file-o',0,0,3),(49,'#ff00d6','envelope-o',0,0,3),(50,'#D4C8DB','user',1,0,4),(51,'#4c9ed9','search',0,30,3),(52,'#45B6AF','check-square',1,21,3),(53,'#45B6AF','truck',1,21,3),(54,'#F3565D','square-o',1,21,3),(55,'#45B6AF','check',1,21,3),(56,'#F3565D','minus-square-o',1,21,3),(57,'#52823b','euro',1,21,3),(58,'#5da838','file-o',1,30,3),(59,'#ff00d6','envelope-o',0,0,3),(60,'#ff00d6','envelope-o',0,0,3),(61,'#4c9ed9','key',0,30,3),(62,'#52823b','key',0,30,3);

--
-- Table structure for table `ngn_activity_type_language`
--

CREATE TABLE `ngn_activity_type_language` (
  `type_id` int(11) NOT NULL,
  `language_id` int(11) NOT NULL,
  `enable` int(11) NOT NULL,
  `approved` int(1) NOT NULL,
  `language_name` varchar(200) DEFAULT NULL,
  `language_description` text NOT NULL,
  `language_meta` text NOT NULL,
  `language_keywords` varchar(100) NOT NULL,
  `language_url` varchar(100) NOT NULL,
  `language_photo` varchar(100) NOT NULL,
  `language_photo2` varchar(100) NOT NULL,
  PRIMARY KEY (`type_id`,`language_id`),
  KEY `language_id_idx` (`language_id`)
) ENGINE=InnoDB DEFAULT CHARSET=utf8;

--
-- Dumping data for table `ngn_activity_type_language`
--

INSERT INTO `ngn_activity_type_language` VALUES (0,1,0,0,'test test','','','','','',''),(1,1,0,0,'Task','','','','','',''),(2,1,0,0,'Activity','','','','','',''),(10,1,0,0,'Telefonski klic','','','','','',''),(11,1,0,0,'Ni javil','','','','','',''),(12,1,0,0,'Javil','','','','','',''),(14,1,0,0,'E-mail','','','','','',''),(15,1,0,0,'Odgovoril','','','','','',''),(16,1,0,0,'Čakam odziv','','','','','',''),(18,1,0,0,'Pokliči','','','','','',''),(19,1,0,0,'Nujno','','','','','',''),(20,1,0,0,'V kratkem','','','','','',''),(21,1,0,0,'Ponudbe','','','','','',''),(28,1,0,0,'Ustvarjen dokument','','','','','',''),(29,1,0,0,'Dokument poslan stranki','','','','','',''),(30,1,0,0,'Stranke','','','','','',''),(31,1,0,0,'Stranka dodana v sistem','','','','','',''),(32,1,0,0,'Dodan nov naslov','','','','','',''),(33,1,0,0,'Odstranjen naslov','','','','','',''),(34,1,0,0,'Spremenjen dokument','','','','','',''),(35,1,0,0,'Dodan rabat','','','','','',''),(36,1,0,0,'Popravljen rabat','','','','','',''),(37,1,0,0,'Odstranjen rabat','','','','','',''),(41,1,0,0,'Pošlji potrditev naročila','','','','','',''),(42,1,0,0,'Stranka odstranjena iz sistema','','','','','',''),(43,1,0,0,'Izmera','','','','','',''),(44,1,0,0,'Test','','','','','',''),(45,1,0,0,'Reklamacija','','','','','',''),(46,1,0,0,'poročilo italija','','','','','',''),(47,1,0,0,'Rojstni dan otroka','','','','','',''),(48,1,0,0,'Dodana datoteka','','','','','',''),(49,1,0,0,'Izpolnjen obrazec','','','','','',''),(50,1,0,0,'Rojstni dan','','','','','',''),(51,1,0,0,'Izvoz pod šifro','','','','filtracija','',''),(52,1,0,0,'Dokument plačan','','','','','',''),(53,1,0,0,'Paket poslan ','','','','','',''),(54,1,0,0,'Dokument spremenjen v neplačan','','','','','',''),(55,1,0,0,'Paket prevzet','','','','','',''),(56,1,0,0,'Dokument preklican','','','','','',''),(57,1,0,0,'Dokument zaključen v spletni trgovini','','','','','',''),(58,1,1,1,'Dodana opomba nad kontaktom','','','','','',''),(59,1,1,1,'Predračun poslan na e-mail','','','','','',''),(60,1,1,1,'Predračun poslan na e-mail','','','','','',''),(61,1,0,0,'Zahtevek za spremembo gesla','','','','','',''),(62,1,0,0,'Spremenjeno geslo','','','','','','');

--
-- Table structure for table `ngn_admin`
--

CREATE TABLE `ngn_admin` (
  `admin_id` int(11) NOT NULL DEFAULT 0,
  `admin_modules` int(11) NOT NULL DEFAULT 0,
  PRIMARY KEY (`admin_id`)
) ENGINE=InnoDB DEFAULT CHARSET=utf8;

--
-- Dumping data for table `ngn_admin`
--

INSERT INTO `ngn_admin` VALUES (59,1),(717,1),(718,1),(719,1),(720,1),(895,1),(897,1),(945,1),(946,1),(1292,1);

--
-- Table structure for table `ngn_admin_privilegues`
--

CREATE TABLE `ngn_admin_privilegues` (
  `role_id` int(11) NOT NULL,
  `role_module` varchar(40) NOT NULL,
  `role_privilegue` varchar(25) NOT NULL,
  `role_date` int(11) NOT NULL,
  `role_owner` int(11) NOT NULL,
  PRIMARY KEY (`role_id`,`role_module`,`role_privilegue`),
  CONSTRAINT `ngn_admin_privilegues_ibfk_1` FOREIGN KEY (`role_id`) REFERENCES `ngn_admin_roles` (`role_id`) ON DELETE CASCADE ON UPDATE CASCADE
) ENGINE=InnoDB DEFAULT CHARSET=utf8;

--
-- Dumping data for table `ngn_admin_privilegues`
--

INSERT INTO `ngn_admin_privilegues` VALUES (1,'crm','rCRM10000011',1558962243,720),(1,'crm','rCRM10000020',1648727667,718),(1,'crm','rCRM10000040',1558962243,720),(1,'crm','rCRM10000062',1479290069,720),(1,'crm','rCRM10000076',1570023287,720),(1,'crm','rCRM10000078',1571646524,720),(1,'crm','rCRM10000086',1570027656,720),(2,'articles','rCategory10000000',1479207737,720),(2,'articles','rCategory10000001',1677160325,718),(2,'articles','rCategory10000003',1677160325,718),(2,'articles','rCategory10000004',1479207737,720),(2,'articles','rCategory10000007',1677160325,718),(2,'articles','rCategory10000011',1677160325,718),(2,'articles','rCategory10000012',1677160325,718),(2,'articles','rFiles10000001',1677229292,718),(2,'articles','rFiles10000002',1677229292,718),(2,'articles','rFiles10000003',1677229292,718),(2,'articles','rFiles10000004',1677229292,718),(2,'articles','rNews10000002',1677229361,718),(2,'articles','rNews10000003',1677229361,718),(2,'articles','rNews10000005',1677229361,718),(2,'articles','rNews10000007',1677229361,718),(2,'articles','rNews10000008',1677229361,718),(2,'articles','rNews10001001',1677160325,718),(2,'articles','rPhotos10000001',1677229292,718),(2,'articles','rPhotos10000002',1677229292,718),(2,'articles','rPhotos10000003',1677229292,718),(2,'articles','rPhotos10000004',1677229292,718),(2,'crm','rCRM10000001',1479206806,720),(2,'crm','rCRM10000002',1479206806,720),(2,'crm','rCRM10000003',1479206806,720),(2,'crm','rCRM10000004',1479206806,720),(2,'crm','rCRM10000005',1479206806,720),(2,'crm','rCRM10000007',1479206806,720),(2,'crm','rCRM10000008',1479206806,720),(2,'crm','rCRM10000009',1479206806,720),(2,'crm','rCRM10000010',1479206806,720),(2,'crm','rCRM10000015',1479206806,720),(2,'crm','rCRM10000016',1479206806,720),(2,'crm','rCRM10000017',1479206806,720),(2,'crm','rCRM10000018',1479206806,720),(2,'crm','rCRM10000019',1479206806,720),(2,'crm','rCRM10000020',1489567674,59),(2,'crm','rCRM10000021',1489567674,59),(2,'crm','rCRM10000022',1479206806,720),(2,'crm','rCRM10000023',1479206806,720),(2,'crm','rCRM10000024',1479206806,720),(2,'crm','rCRM10000025',1479206806,720),(2,'crm','rCRM10000026',1484045506,720),(2,'crm','rCRM10000027',1479206806,720),(2,'crm','rCRM10000028',1479206806,720),(2,'crm','rCRM10000029',1479206806,720),(2,'crm','rCRM10000030',1479206806,720),(2,'crm','rCRM10000031',1484045506,720),(2,'crm','rCRM10000032',1484045506,720),(2,'crm','rCRM10000033',1484045506,720),(2,'crm','rCRM10000034',1479206806,720),(2,'crm','rCRM10000035',1479206806,720),(2,'crm','rCRM10000036',1479206806,720),(2,'crm','rCRM10000037',1479206806,720),(2,'crm','rCRM10000038',1479206806,720),(2,'crm','rCRM10000039',1479206806,720),(2,'crm','rCRM10000045',1489567674,59),(2,'crm','rCRM10000047',1489567674,59),(2,'crm','rCRM10000048',1505296873,59),(2,'crm','rCRM10000050',1489567674,59),(2,'crm','rCRM10000054',1489567674,59),(2,'crm','rCRM10000055',1479206806,720),(2,'crm','rCRM10000056',1479206806,720),(2,'crm','rCRM10000057',1479206806,720),(2,'crm','rCRM10000058',1479206806,720),(2,'crm','rCRM10000059',1496830676,720),(2,'crm','rCRM10000061',1479290063,720),(2,'crm','rCRM10000062',1479290063,720),(2,'crm','rCRM10000063',1484045519,720),(2,'crm','rCRM10000064',1506089496,720),(2,'crm','rCRM10000065',1484045506,720),(2,'crm','rCRM10000066',1507380685,720),(2,'crm','rCRM10000071',1508507351,720),(2,'jobs','rNews10000001',1485503419,59),(2,'jobs','rNews10000002',1485503419,59),(2,'jobs','rNews10000003',1485503419,59),(2,'jobs','rNews10000005',1485503419,59),(2,'jobs','rNews10000007',1485503419,59),(2,'jobs','rNews10000008',1485503419,59),(2,'pages','rAtributes10000004',1677229585,718),(2,'pages','rCategory10000000',1677229585,718),(2,'pages','rCategory10000001',1677229585,718),(2,'pages','rCategory10000003',1677229585,718),(2,'pages','rCategory10000011',1677229585,718),(2,'pages','rCategory10000012',1677229585,718),(2,'pages','rFiles10000001',1677229585,718),(2,'pages','rFiles10000002',1677229585,718),(2,'pages','rFiles10000003',1677229585,718),(2,'pages','rFiles10000004',1677229585,718),(2,'pages','rGroups10000003',1677229585,718),(2,'pages','rNews10000002',1677229585,718),(2,'pages','rNews10000003',1677229585,718),(2,'pages','rNews10000005',1677229585,718),(2,'pages','rNews10000007',1677229585,718),(2,'pages','rNews10000008',1677229585,718),(2,'pages','rNews10001001',1677229585,718),(2,'pages','rPhotos10000001',1677229585,718),(2,'pages','rPhotos10000002',1677229585,718),(2,'pages','rPhotos10000003',1677229585,718),(2,'pages','rPhotos10000004',1677229585,718),(2,'reservation','rCategory10000004',1506496436,720),(2,'reservation','rCategory10000005',1506496436,720),(2,'reservation','rCategory10000007',1506496436,720),(2,'reservation','rCategory10000008',1506496436,720),(2,'reservation','rNews10000002',1506496436,720),(2,'reservation','rNews10000003',1506496436,720),(2,'reservation','rNews10000005',1481291723,720),(2,'reservation','rNews10000007',1506496436,720),(2,'reservation','rNews10000008',1481291723,720),(2,'static','rCategory10000000',1477391067,720),(2,'static','rCategory10000001',1477391067,720),(2,'static','rCategory10000003',1477391067,720),(2,'static','rCategory10000004',1477391067,720),(2,'static','rCategory10000007',1477391067,720),(2,'static','rCategory10000011',1477391067,720),(2,'static','rCategory10000012',1672996901,718),(2,'static','rFiles10000001',1479200726,720),(2,'static','rFiles10000002',1479200726,720),(2,'static','rFiles10000003',1479200726,720),(2,'static','rFiles10000004',1479200726,720),(2,'static','rNews10000001',1477391067,720),(2,'static','rNews10000002',1477391067,720),(2,'static','rNews10000003',1477391067,720),(2,'static','rNews10000005',1477391067,720),(2,'static','rNews10000007',1477391067,720),(2,'static','rNews10000008',1477391067,720),(2,'static','rNews10001001',1672996675,718),(2,'static','rPhotos10000001',1477391067,720),(2,'static','rPhotos10000002',1477391067,720),(2,'static','rPhotos10000003',1477391067,720),(2,'static','rPhotos10000004',1477391067,720),(2,'users','rInvoices10000000',1479200703,720),(2,'users','rInvoices10000001',1479200703,720),(2,'users','rInvoices10000002',1479200703,720),(2,'users','rInvoices10000003',1479200703,720),(2,'users','rInvoices10000004',1479200703,720),(2,'users','rInvoices10000005',1479200703,720),(2,'users','rInvoices10000006',1479200703,720),(2,'users','rInvoices10000007',1479200703,720),(2,'users','rInvoices10000008',1479200703,720),(2,'users','rInvoices10000009',1479200703,720),(2,'users','rInvoices10000012',1479200703,720),(2,'users','rInvoices10000013',1479200703,720),(2,'users','rInvoices10000014',1479200703,720),(2,'users','rUsers10000001',1479200703,720),(2,'users','rUsers10000002',1479200703,720),(2,'users','rUsers10000003',1479200703,720),(2,'users','rUsers10000004',1479200703,720),(2,'users','rUsers20000006',1479200703,720),(2,'users','rUsers20000008',1479200703,720),(3,'crm','rCRM10000001',1533726177,720),(3,'crm','rCRM10000002',1533726177,720),(3,'crm','rCRM10000003',1533726177,720),(3,'crm','rCRM10000004',1533726177,720),(3,'crm','rCRM10000005',1533726177,720),(3,'crm','rCRM10000007',1533726177,720),(3,'crm','rCRM10000008',1533726177,720),(3,'crm','rCRM10000009',1533726177,720),(3,'crm','rCRM10000010',1533726177,720),(3,'crm','rCRM10000011',1576138620,720),(3,'crm','rCRM10000012',1533726177,720),(3,'crm','rCRM10000015',1533726177,720),(3,'crm','rCRM10000016',1533726177,720),(3,'crm','rCRM10000017',1533726177,720),(3,'crm','rCRM10000018',1533726177,720),(3,'crm','rCRM10000019',1533726177,720),(3,'crm','rCRM10000020',1533726177,720),(3,'crm','rCRM10000021',1533726177,720),(3,'crm','rCRM10000022',1533726177,720),(3,'crm','rCRM10000023',1533726177,720),(3,'crm','rCRM10000024',1533726177,720),(3,'crm','rCRM10000025',1533726177,720),(3,'crm','rCRM10000026',1533726177,720),(3,'crm','rCRM10000027',1533726177,720),(3,'crm','rCRM10000028',1533726177,720),(3,'crm','rCRM10000029',1533726177,720),(3,'crm','rCRM10000030',1533726177,720),(3,'crm','rCRM10000031',1533726177,720),(3,'crm','rCRM10000032',1533726177,720),(3,'crm','rCRM10000033',1533726177,720),(3,'crm','rCRM10000034',1533726177,720),(3,'crm','rCRM10000035',1533726177,720),(3,'crm','rCRM10000036',1533726177,720),(3,'crm','rCRM10000037',1533726177,720),(3,'crm','rCRM10000038',1533726177,720),(3,'crm','rCRM10000039',1533726177,720),(3,'crm','rCRM10000040',1576138620,720),(3,'crm','rCRM10000045',1533726177,720),(3,'crm','rCRM10000047',1533726177,720),(3,'crm','rCRM10000048',1533726177,720),(3,'crm','rCRM10000049',1557134916,720),(3,'crm','rCRM10000050',1533726177,720),(3,'crm','rCRM10000054',1533726177,720),(3,'crm','rCRM10000055',1533726177,720),(3,'crm','rCRM10000056',1533726177,720),(3,'crm','rCRM10000057',1533726177,720),(3,'crm','rCRM10000058',1533726177,720),(3,'crm','rCRM10000059',1533726177,720),(3,'crm','rCRM10000063',1533726177,720),(3,'crm','rCRM10000065',1533726177,720),(3,'crm','rCRM10000066',1533726177,720),(3,'crm','rCRM10000071',1533726177,720),(3,'crm','rCRM10000085',1562246713,720),(3,'crm','rCRM10000090',1649318803,718),(3,'users','rCategory10000004',1573032880,720),(3,'users','rCategory10000005',1573032880,720),(3,'users','rCategory10000007',1573032880,720),(3,'users','rCategory10000008',1573032880,720),(4,'crm','rCRM10000001',1559208805,720),(4,'crm','rCRM10000002',1559208805,720),(4,'crm','rCRM10000003',1559208805,720),(4,'crm','rCRM10000004',1559208805,720),(4,'crm','rCRM10000005',1559208805,720),(4,'crm','rCRM10000006',1559208805,720),(4,'crm','rCRM10000007',1559208805,720),(4,'crm','rCRM10000008',1559208805,720),(4,'crm','rCRM10000009',1559208805,720),(4,'crm','rCRM10000010',1559208805,720),(4,'crm','rCRM10000011',1559208805,720),(4,'crm','rCRM10000012',1559208805,720),(4,'crm','rCRM10000013',1559208805,720),(4,'crm','rCRM10000014',1559208805,720),(4,'crm','rCRM10000015',1559208805,720),(4,'crm','rCRM10000016',1559208805,720),(4,'crm','rCRM10000017',1559208805,720),(4,'crm','rCRM10000018',1559208805,720),(4,'crm','rCRM10000019',1559208805,720),(4,'crm','rCRM10000020',1559208805,720),(4,'crm','rCRM10000021',1559208805,720),(4,'crm','rCRM10000022',1559208805,720),(4,'crm','rCRM10000023',1559208805,720),(4,'crm','rCRM10000024',1559208805,720),(4,'crm','rCRM10000025',1559208805,720),(4,'crm','rCRM10000026',1559208805,720),(4,'crm','rCRM10000027',1559208805,720),(4,'crm','rCRM10000028',1559208805,720),(4,'crm','rCRM10000029',1559208805,720),(4,'crm','rCRM10000030',1559208805,720),(4,'crm','rCRM10000031',1559208805,720),(4,'crm','rCRM10000032',1559208805,720),(4,'crm','rCRM10000033',1559208805,720),(4,'crm','rCRM10000034',1559208805,720),(4,'crm','rCRM10000035',1559208805,720),(4,'crm','rCRM10000036',1559208805,720),(4,'crm','rCRM10000037',1559208805,720),(4,'crm','rCRM10000038',1559208805,720),(4,'crm','rCRM10000039',1559208805,720),(4,'crm','rCRM10000040',1559208805,720),(4,'crm','rCRM10000041',1559208805,720),(4,'crm','rCRM10000042',1559208805,720),(4,'crm','rCRM10000043',1559208805,720),(4,'crm','rCRM10000044',1559208805,720),(4,'crm','rCRM10000045',1559208805,720),(4,'crm','rCRM10000046',1559208805,720),(4,'crm','rCRM10000047',1559208805,720),(4,'crm','rCRM10000048',1559208805,720),(4,'crm','rCRM10000049',1559208805,720),(4,'crm','rCRM10000050',1559208805,720),(4,'crm','rCRM10000051',1559208805,720),(4,'crm','rCRM10000052',1559208805,720),(4,'crm','rCRM10000053',1559208805,720),(4,'crm','rCRM10000054',1559208805,720),(4,'crm','rCRM10000055',1559208805,720),(4,'crm','rCRM10000056',1559208805,720),(4,'crm','rCRM10000057',1559208805,720),(4,'crm','rCRM10000058',1559208805,720),(4,'crm','rCRM10000059',1559208805,720),(4,'crm','rCRM10000061',1559208805,720),(4,'crm','rCRM10000062',1559208805,720),(4,'crm','rCRM10000063',1559208805,720),(4,'crm','rCRM10000064',1559208805,720),(4,'crm','rCRM10000065',1559208805,720),(4,'crm','rCRM10000066',1559208805,720),(4,'crm','rCRM10000067',1559208805,720),(4,'crm','rCRM10000068',1559208805,720),(4,'crm','rCRM10000069',1559208805,720),(4,'crm','rCRM10000070',1559208805,720),(4,'crm','rCRM10000072',1559208805,720),(4,'crm','rCRM10000073',1559208805,720),(4,'crm','rCRM10000074',1559208805,720),(4,'crm','rCRM10000075',1559208805,720),(4,'crm','rCRM10000081',1559208805,720),(4,'crm','rCRM10000082',1557824142,720),(4,'crm','rCRM10000083',1557825759,720),(5,'crm','rCRM10000018',1492084215,59),(5,'crm','rCRM10000019',1492084215,59),(5,'crm','rCRM10000039',1492084215,59),(5,'crm','rCRM10000055',1492084215,59),(5,'crm','rCRM10000056',1492084215,59),(5,'crm','rCRM10000071',1508746184,59),(6,'crm','rCRM10000073',1510058376,720),(6,'crm','rCRM10000074',1510059352,720),(7,'crm','rCRM10000075',1510903667,720),(8,'crm','rCRM10000001',1569926934,720),(8,'crm','rCRM10000018',1569999926,720),(8,'crm','rCRM10000020',1570109939,720),(8,'crm','rCRM10000021',1570109939,720),(8,'crm','rCRM10000039',1569999926,720),(8,'crm','rCRM10000045',1570109939,720),(8,'crm','rCRM10000056',1570109939,720),(8,'crm','rCRM10000063',1569504703,720),(8,'crm','rCRM10000076',1516105545,720),(8,'crm','rCRM10000077',1572874650,720),(8,'crm','rCRM10000078',1571897583,720),(8,'crm','rCRM10000079',1528716787,720),(8,'crm','rCRM10000080',1571320735,59),(8,'crm','rCRM10000082',1570109939,720),(8,'crm','rCRM10000083',1570110065,720),(8,'crm','rCRM10000085',1569926768,720),(9,'crm','rCRM10000077',1528716770,720),(10,'crm','rCRM10000080',1553679441,720),(12,'crm','rCRM10000063',1562250764,720),(12,'crm','rCRM10000064',1562250764,720),(12,'crm','rCRM10000086',1570024214,720),(12,'reservation','rCategory10000001',1569838749,720),(12,'reservation','rCategory10000004',1569838589,720),(12,'reservation','rCategory10000007',1569838749,720),(12,'reservation','rNews10000002',1562250807,720),(12,'reservation','rNews10000003',1562250807,720),(12,'reservation','rNews10000005',1562250807,720),(12,'reservation','rNews10000007',1562250807,720),(12,'reservation','rNews10000008',1562250807,720),(13,'crm','rCRM10000018',1571898706,720),(13,'crm','rCRM10000019',1571898706,720),(13,'crm','rCRM10000039',1571898706,720),(13,'crm','rCRM10000076',1562251144,720),(13,'crm','rCRM10000078',1571898285,720),(13,'crm','rCRM10000079',1571819414,720),(14,'crm','rCRM10000020',1564401518,720),(14,'crm','rCRM10000021',1564401518,720),(14,'crm','rCRM10000044',1564401518,720),(14,'crm','rCRM10000045',1564401518,720),(14,'crm','rCRM10000055',1564401518,720),(14,'crm','rCRM10000056',1564401518,720),(14,'crm','rCRM10000082',1564401518,720),(14,'crm','rCRM10000083',1564401518,720),(15,'crm','rCRM10000076',1571826047,720),(15,'crm','rCRM10000078',1571826047,720),(16,'crm','rCRM10000088',1665667803,718),(16,'offers','rNews10000001',1665667836,718),(16,'offers','rNews10000002',1665667836,718),(16,'offers','rNews10000003',1665667836,718),(16,'offers','rNews10000005',1665667836,718),(16,'offers','rNews10000008',1665667836,718);

--
-- Table structure for table `ngn_admin_roles`
--

CREATE TABLE `ngn_admin_roles` (
  `role_id` int(11) NOT NULL AUTO_INCREMENT,
  `role_system_emails` int(11) NOT NULL,
  `role_account_emails` int(11) NOT NULL,
  `role_support_emails` int(11) NOT NULL,
  `role_superadmin` int(11) NOT NULL,
  PRIMARY KEY (`role_id`)
) ENGINE=InnoDB AUTO_INCREMENT=17 DEFAULT CHARSET=utf8;

--
-- Dumping data for table `ngn_admin_roles`
--

INSERT INTO `ngn_admin_roles` VALUES (1,1,1,1,1),(2,0,0,0,0),(3,0,0,0,0),(4,0,0,0,0),(5,0,0,0,0),(6,0,0,0,0),(7,0,0,0,0),(8,0,0,0,0),(9,0,0,0,0),(10,0,0,0,0),(12,0,0,0,0),(13,0,0,0,0),(14,0,0,0,0),(15,0,0,0,0),(16,0,0,0,0);

--
-- Table structure for table `ngn_admin_roles_language`
--

CREATE TABLE `ngn_admin_roles_language` (
  `role_id` int(11) NOT NULL,
  `language_id` int(11) NOT NULL DEFAULT 0,
  `editdate` datetime NOT NULL,
  `enable` int(11) NOT NULL,
  `approved` int(1) NOT NULL DEFAULT 0,
  `language_name` varchar(200) DEFAULT NULL,
  `language_description` text DEFAULT NULL,
  `language_meta` text DEFAULT NULL,
  `language_keywords` varchar(100) DEFAULT NULL,
  `language_url` varchar(100) DEFAULT NULL,
  `language_photo` varchar(100) NOT NULL DEFAULT '',
  PRIMARY KEY (`role_id`,`language_id`),
  KEY `language_id` (`language_id`),
  KEY `editdate` (`editdate`),
  CONSTRAINT `ngn_admin_roles_language_language_ibfk_1` FOREIGN KEY (`role_id`) REFERENCES `ngn_admin_roles` (`role_id`) ON DELETE CASCADE ON UPDATE CASCADE
) ENGINE=InnoDB DEFAULT CHARSET=utf8;

--
-- Dumping data for table `ngn_admin_roles_language`
--

INSERT INTO `ngn_admin_roles_language` VALUES (1,1,'0000-00-00 00:00:00',0,0,'SuperAdmin','','','','',''),(2,1,'0000-00-00 00:00:00',0,0,'Administrator - spletna stran','','','','',''),(3,1,'0000-00-00 00:00:00',0,0,'CRM pravice','','','','',''),(4,1,'0000-00-00 00:00:00',0,0,'Pravice','','','','',''),(5,1,'0000-00-00 00:00:00',0,0,'Dodajanje artiklov','','','','',''),(6,1,'0000-00-00 00:00:00',0,0,'Modul obvestila','','','','',''),(7,1,'0000-00-00 00:00:00',0,0,'Iskanje po avtorju vnosa','','','','',''),(8,1,'0000-00-00 00:00:00',0,0,'Blagajna','','','','',''),(8,2,'0000-00-00 00:00:00',0,0,'Blagajna','','','','',''),(9,1,'0000-00-00 00:00:00',0,0,'Custom darilni boni','','','','',''),(10,1,'0000-00-00 00:00:00',0,0,'Kreacija dobropisov','','','','',''),(12,1,'0000-00-00 00:00:00',0,0,'Rezervacije','','','','',''),(13,1,'0000-00-00 00:00:00',0,0,'Test','','','','',''),(14,1,'0000-00-00 00:00:00',0,0,'Zaloga na dokumente','','','','',''),(15,1,'0000-00-00 00:00:00',0,0,'Statistike','','','','',''),(16,1,'0000-00-00 00:00:00',0,0,'Sestavnica - Kosovnica','','','','','');

--
-- Table structure for table `ngn_admin_sorting`
--

CREATE TABLE `ngn_admin_sorting` (
  `user_id` int(11) NOT NULL,
  `module` varchar(50) NOT NULL,
  `function` varchar(45) NOT NULL,
  `orderby` varchar(45) DEFAULT NULL,
  `ordertype` varchar(4) DEFAULT NULL,
  `elements` int(11) DEFAULT NULL,
  `page` int(11) NOT NULL,
  PRIMARY KEY (`user_id`,`module`,`function`)
) ENGINE=InnoDB DEFAULT CHARSET=utf8;

--
-- Dumping data for table `ngn_admin_sorting`
--

INSERT INTO `ngn_admin_sorting` VALUES (59,'static','categoryList','category_id','DESC',50,1),(59,'static','categoryNewsList','news_id','DESC',50,1),(59,'static','newsList','news_id','DESC',50,1),(59,'static','restrictionsList','restrictions_id','DESC',50,1),(59,'users','invoicesList','invoice_id','DESC',25,1),(59,'users','usersList','user_id','DESC',25,1),(717,'static','newsList','news_id','DESC',50,1),(718,'admins','rolesList','role_id','ASC',10,1),(718,'articles','atributesList','atribute_id','DESC',50,1),(718,'articles','categoryList','category_id','DESC',50,1),(718,'articles','categoryNewsList','news_id','DESC',50,1),(718,'articles','groupsList','group_id','DESC',50,1),(718,'articles','newsList','news_id','DESC',50,1),(718,'articles','photosList','photo_id','DESC',50,1),(718,'articles','restrictionsList','restrictions_id','DESC',50,1),(718,'calculation','newsList','news_id','DESC',50,1),(718,'offers','atributesList','atribute_id','DESC',25,1),(718,'offers','newsList','news_id','DESC',25,1),(718,'pages','atributesList','atribute_id','DESC',50,1),(718,'pages','categoryList','category_id','DESC',50,1),(718,'pages','categoryNewsList','news_id','DESC',50,1),(718,'pages','groupsList','group_id','DESC',50,1),(718,'pages','newsList','news_id','DESC',50,1),(718,'pages','photosList','photo_id','DESC',50,1),(718,'pages','restrictionsList','restrictions_id','DESC',50,1),(718,'postal','atributesList','atribute_id','DESC',50,1),(718,'postal','categoryList','category_id','DESC',50,1),(718,'postal','categoryNewsList','news_id','DESC',50,1),(718,'postal','groupsList','group_id','DESC',50,1),(718,'postal','itemsList','item_id','DESC',50,1),(718,'postal','newsList','news_id','DESC',50,1),(718,'postal','photosList','photo_id','DESC',50,1),(718,'postal','tagsList','tag_id','DESC',50,1),(718,'postal','topNewsList','news_id','DESC',50,1),(718,'reservation','atributesList','atribute_id','DESC',50,1),(718,'reservation','categoryList','category_id','DESC',50,1),(718,'reservation','categoryNewsList','news_id','DESC',50,1),(718,'static','atributesList','atribute_id','DESC',50,1),(718,'static','categoryList','category_id','DESC',50,1),(718,'static','categoryNewsList','news_id','DESC',50,1),(718,'static','groupsList','group_id','DESC',50,1),(718,'static','newsList','news_id','DESC',50,1),(718,'static','photosList','photo_id','DESC',50,1),(718,'static','restrictionsList','restrictions_id','DESC',50,1),(718,'users','couponsList','coupon_id','DESC',25,1),(718,'users','invoicesConfigList','category_id','ASC',25,1),(718,'users','invoicesList','invoice_id','DESC',25,1),(718,'users','invoicesTempaltes','template_id','ASC',25,1),(718,'users','invoicesTemplates','template_id','ASC',25,1),(718,'users','ordersList','order_id','DESC',25,1),(718,'users','photosList','photo_id','DESC',25,1),(718,'users','usersList','user_id','ASC',25,1),(719,'admins','rolesList','role_name','ASC',10,2),(719,'articles','atributesList','atribute_id','DESC',50,1),(719,'articles','itemsList','item_id','DESC',50,1),(719,'articles','newsList','news_id','DESC',50,1),(719,'articles','photosList','photo_id','DESC',100,1),(719,'postal','itemsList','item_id','DESC',50,1),(719,'postal','newsList','news_id','DESC',50,1),(719,'static','categoryList','category_id','DESC',50,1),(719,'static','categoryNewsList','news_id','DESC',50,1),(719,'static','itemsList','item_id','DESC',50,1),(719,'static','newsList','news_id','DESC',50,1),(719,'static','photosList','photo_id','DESC',50,1),(719,'static','topNewsList','news_id','DESC',50,1),(719,'users','couponsList','coupon_id','DESC',25,1),(719,'users','invoicesList','invoice_id','DESC',25,1),(719,'users','invoicesTempaltes','template_id','ASC',25,1),(719,'users','invoicesTemplates','template_id','ASC',25,1),(719,'users','usersList','user_createdate','DESC',25,1),(720,'admins','rolesList','role_id','ASC',10,2),(720,'calculation','newsList','news_id','DESC',50,1),(720,'offers','newsList','news_id','DESC',25,1),(720,'users','invoicesList','invoice_id','DESC',25,1),(897,'admins','rolesList','role_id','ASC',10,1),(897,'static','newsList','news_id','DESC',50,1),(945,'articles','categoryList','category_id','DESC',50,1),(945,'articles','categoryNewsList','news_id','DESC',50,2),(945,'articles','newsList','news_id','DESC',50,1),(945,'articles','photosList','photo_id','DESC',50,2),(945,'jobs','newsList','news_id','DESC',50,1),(945,'static','categoryList','category_id','DESC',50,1),(945,'static','categoryNewsList','news_showdate','DESC',50,1),(945,'static','newsList','news_id','ASC',50,1),(945,'static','photosList','photo_id','DESC',50,1),(945,'users','usersList','user_id','ASC',25,1),(1292,'static','atributesList','atribute_id','DESC',50,1);

--
-- Table structure for table `ngn_admin_users`
--

CREATE TABLE `ngn_admin_users` (
  `role_id` int(11) NOT NULL,
  `user_id` int(11) NOT NULL,
  `role_position` int(11) NOT NULL,
  `role_date` int(11) NOT NULL,
  PRIMARY KEY (`role_id`,`user_id`),
  KEY `user_id` (`user_id`),
  KEY `role_position` (`role_position`),
  CONSTRAINT `ngn_admin_users_users_ibfk_1` FOREIGN KEY (`role_id`) REFERENCES `ngn_admin_roles` (`role_id`) ON DELETE CASCADE ON UPDATE CASCADE
) ENGINE=InnoDB DEFAULT CHARSET=utf8;

--
-- Dumping data for table `ngn_admin_users`
--

INSERT INTO `ngn_admin_users` VALUES (1,59,0,1679314873),(1,717,1,1679314873),(1,718,2,1679314873),(1,719,3,1679314873),(1,720,4,1679314873),(2,897,0,1679314851),(2,945,2,1679314851),(2,1292,1,1679314851),(3,718,0,1679314861),(3,719,1,1679314861),(3,897,2,1679314861),(3,945,4,1679314861),(3,1292,3,1679314861),(4,719,0,1673005730),(8,718,0,1680607363),(16,718,1,1665749923),(16,720,0,1665749923);

--
-- Table structure for table `ngn_admin_version`
--

CREATE TABLE `ngn_admin_version` (
  `table_name` varchar(100) NOT NULL,
  `version` varchar(15) NOT NULL,
  PRIMARY KEY (`table_name`)
) ENGINE=InnoDB DEFAULT CHARSET=utf8;

--
-- Dumping data for table `ngn_admin_version`
--

INSERT INTO `ngn_admin_version` VALUES ('admin','0'),('admin_privilegues','4.0.101'),('admin_roles','0'),('admin_roles_language','3.5.100'),('admin_sorting','0'),('admin_users','0'),('admin_version','4.0.101'),('articles','6.96.1'),('articles_atribute','6.96.2'),('articles_atribute_language','0'),('articles_atribute_links','0'),('articles_atribute_values','0'),('articles_atribute_values_language','0'),('articles_categories','6.94.102'),('articles_category','6.97.1'),('articles_category_file','0'),('articles_category_files','0'),('articles_category_files_language','0'),('articles_category_groups','6.97.1'),('articles_category_groups_atribute','6.6.2'),('articles_category_groups_atribute_multi','0'),('articles_category_language','6.97.0'),('articles_category_links','0'),('articles_category_multi','0'),('articles_category_pages','6.92.100'),('articles_category_photo','0'),('articles_category_photo_gallery','0'),('articles_category_photo_gallery_language','0'),('articles_category_photo_language','0'),('articles_category_roles','0'),('articles_comments','4.0.102'),('articles_comments_admin','4.0.100'),('articles_comments_files','0'),('articles_comments_files_language','0'),('articles_comments_language','0'),('articles_comments_votes','3.5.103'),('articles_custom_values','0'),('articles_custom_values_multi','0'),('articles_file','0'),('articles_files','0'),('articles_files_groups','0'),('articles_files_groups_language','0'),('articles_files_language','0'),('articles_gallery','0'),('articles_gallery_photo','0'),('articles_groups','0'),('articles_groups_atribute','0'),('articles_groups_language','0'),('articles_item','3.5.104'),('articles_item_category','3.5.104'),('articles_item_category_language','0'),('articles_item_custom_values','3.5.100'),('articles_item_custom_values_multi','0'),('articles_item_file','0'),('articles_item_files','0'),('articles_item_files_language','0'),('articles_item_groups','0'),('articles_item_groups_atribute','6.6.2'),('articles_item_language','6.81.0'),('articles_item_photo','0'),('articles_item_photo_gallery','0'),('articles_item_photo_gallery_language','0'),('articles_item_photo_language','0'),('articles_item_variations','4.0.102'),('articles_item_variations_language','0'),('articles_language','6.96.0'),('articles_links','0'),('articles_media','0'),('articles_media_gallery','0'),('articles_pages','6.92.100'),('articles_photo','0'),('articles_photo_gallery','0'),('articles_photo_gallery_language','0'),('articles_photo_language','4.0.101'),('articles_photo_sizes','0'),('articles_photo_usage','0'),('articles_restrictions','6.100.0'),('articles_restrictions_groups','6.97.1'),('articles_restrictions_settings','6.97.0'),('articles_restrictions_settings_multi','6.97.0'),('articles_roles','0'),('articles_tags','4.0.105'),('articles_tags_language','4.0.101'),('articles_tags_links','5.10.100'),('calculation_atribute','6.96.2'),('calculation_atribute_language','0'),('calculation_atribute_links','0'),('calculation_atribute_values','0'),('calculation_atribute_values_language','0'),('calculation_categories','6.94.102'),('calculation_category_groups_atribute_multi','0'),('calculation_category_links','0'),('calculation_category_multi','4.0.101'),('calculation_category_pages','6.92.100'),('calculation_category_photo_gallery','0'),('calculation_category_photo_gallery_language','0'),('calculation_comments','4.0.102'),('calculation_comments_admin','4.0.100'),('calculation_comments_files','0'),('calculation_comments_files_language','4.0.101'),('calculation_comments_language','4.0.101'),('calculation_comments_votes','4.0.101'),('calculation_custom_values_multi','0'),('calculation_files_groups','0'),('calculation_files_groups_language','0'),('calculation_gallery','0'),('calculation_gallery_photo','0'),('calculation_groups','0'),('calculation_groups_atribute','4.0.101'),('calculation_groups_language','0'),('calculation_item','3.5.104'),('calculation_item_category','3.5.104'),('calculation_item_category_language','0'),('calculation_item_custom_values','4.0.101'),('calculation_item_custom_values_multi','0'),('calculation_item_file','0'),('calculation_item_files','0'),('calculation_item_files_language','0'),('calculation_item_groups','0'),('calculation_item_groups_atribute','6.6.2'),('calculation_item_language','6.81.0'),('calculation_item_photo','0'),('calculation_item_photo_gallery','0'),('calculation_item_photo_gallery_language','0'),('calculation_item_photo_language','0'),('calculation_item_variations','4.0.102'),('calculation_item_variations_language','0'),('calculation_media','0'),('calculation_media_gallery','0'),('calculation_pages','6.92.100'),('calculation_photo_gallery','0'),('calculation_photo_gallery_language','0'),('calculation_photo_sizes','0'),('calculation_photo_usage','0'),('calculation_restrictions','6.100.0'),('calculation_restrictions_groups','6.97.1'),('calculation_restrictions_settings','6.97.0'),('calculation_restrictions_settings_multi','6.97.0'),('city_zip','4.0.101'),('company','4.0.101'),('core_gallery_templates','0'),('core_gallery_templates_language','0'),('core_photos','6.82.1'),('core_photos_language','4.6.100'),('core_photos_links','0'),('core_photos_links_category','4.6.100'),('core_photos_links_news','4.6.100'),('core_templates','0'),('core_templates_language','0'),('core_templates_links','4.6.100'),('country','0'),('country_language','0'),('jobs','6.96.1'),('jobs_atribute','6.96.2'),('jobs_atribute_language','0'),('jobs_atribute_links','0'),('jobs_atribute_values','0'),('jobs_atribute_values_language','0'),('jobs_categories','6.94.102'),('jobs_category','6.97.1'),('jobs_category_file','0'),('jobs_category_files','4.0.101'),('jobs_category_files_language','4.0.101'),('jobs_category_groups','6.97.1'),('jobs_category_groups_atribute','6.6.2'),('jobs_category_groups_atribute_multi','0'),('jobs_category_language','6.97.0'),('jobs_category_links','0'),('jobs_category_multi','4.0.101'),('jobs_category_pages','6.92.100'),('jobs_category_photo','4.0.101'),('jobs_category_photo_gallery','0'),('jobs_category_photo_gallery_language','0'),('jobs_category_photo_language','4.0.101'),('jobs_category_roles','0'),('jobs_comments','4.0.102'),('jobs_comments_admin','4.0.100'),('jobs_comments_files','0'),('jobs_comments_files_language','4.0.101'),('jobs_comments_language','4.0.101'),('jobs_comments_votes','4.0.101'),('jobs_custom_values','0'),('jobs_custom_values_multi','0'),('jobs_file','0'),('jobs_files','0'),('jobs_files_groups','0'),('jobs_files_groups_language','0'),('jobs_files_language','4.0.101'),('jobs_gallery','0'),('jobs_gallery_photo','0'),('jobs_groups','0'),('jobs_groups_atribute','4.0.101'),('jobs_groups_language','0'),('jobs_item','3.5.104'),('jobs_item_category','3.5.104'),('jobs_item_category_language','0'),('jobs_item_custom_values','4.0.101'),('jobs_item_custom_values_multi','0'),('jobs_item_file','0'),('jobs_item_files','0'),('jobs_item_files_language','0'),('jobs_item_groups','0'),('jobs_item_groups_atribute','6.6.2'),('jobs_item_language','6.81.0'),('jobs_item_photo','0'),('jobs_item_photo_gallery','0'),('jobs_item_photo_gallery_language','0'),('jobs_item_photo_language','0'),('jobs_item_variations','4.0.102'),('jobs_item_variations_language','0'),('jobs_language','6.96.0'),('jobs_links','0'),('jobs_media','0'),('jobs_media_gallery','0'),('jobs_pages','6.92.100'),('jobs_photo','0'),('jobs_photo_gallery','0'),('jobs_photo_gallery_language','0'),('jobs_photo_language','4.0.101'),('jobs_photo_sizes','0'),('jobs_photo_usage','0'),('jobs_restrictions','6.100.0'),('jobs_restrictions_groups','6.97.1'),('jobs_restrictions_settings','6.97.0'),('jobs_restrictions_settings_multi','6.97.0'),('jobs_roles','0'),('jobs_tags','4.0.105'),('jobs_tags_language','4.0.101'),('jobs_tags_links','5.10.100'),('language','0'),('log','0'),('log_settings','0'),('module','0'),('module_language','0'),('news_topnews','5.7.3'),('news_topnews_language','6.81.0'),('news_topnews_positions','4.0.101'),('offers','6.96.1'),('offers_atribute','6.96.2'),('offers_atribute_language','0'),('offers_atribute_links','0'),('offers_atribute_values','0'),('offers_atribute_values_language','0'),('offers_categories','6.94.102'),('offers_category','6.97.1'),('offers_category_file','0'),('offers_category_files','4.0.101'),('offers_category_files_language','4.0.101'),('offers_category_groups','6.97.1'),('offers_category_groups_atribute','6.6.2'),('offers_category_groups_atribute_multi','0'),('offers_category_language','6.97.0'),('offers_category_links','0'),('offers_category_multi','4.0.101'),('offers_category_pages','6.92.100'),('offers_category_photo','4.0.101'),('offers_category_photo_gallery','0'),('offers_category_photo_gallery_language','0'),('offers_category_photo_language','4.0.101'),('offers_category_roles','0'),('offers_comments','4.0.102'),('offers_comments_admin','4.0.100'),('offers_comments_files','0'),('offers_comments_files_language','4.0.101'),('offers_comments_language','4.0.101'),('offers_comments_votes','4.0.101'),('offers_custom_values','0'),('offers_custom_values_multi','0'),('offers_file','0'),('offers_files','0'),('offers_files_groups','0'),('offers_files_groups_language','0'),('offers_files_language','4.0.101'),('offers_gallery','0'),('offers_gallery_photo','0'),('offers_groups','0'),('offers_groups_atribute','0'),('offers_groups_language','0'),('offers_item','3.5.104'),('offers_item_category','3.5.104'),('offers_item_category_language','0'),('offers_item_custom_values','4.0.101'),('offers_item_custom_values_multi','0'),('offers_item_file','0'),('offers_item_files','0'),('offers_item_files_language','0'),('offers_item_groups','0'),('offers_item_groups_atribute','6.6.2'),('offers_item_language','6.81.0'),('offers_item_photo','0'),('offers_item_photo_gallery','0'),('offers_item_photo_gallery_language','0'),('offers_item_photo_language','0'),('offers_item_variations','4.0.102'),('offers_item_variations_language','0'),('offers_language','6.96.0'),('offers_links','0'),('offers_media','0'),('offers_media_gallery','0'),('offers_pages','6.92.100'),('offers_photo','0'),('offers_photo_gallery','0'),('offers_photo_gallery_language','0'),('offers_photo_language','4.0.101'),('offers_photo_sizes','0'),('offers_photo_usage','0'),('offers_restrictions','6.100.0'),('offers_restrictions_groups','6.97.1'),('offers_restrictions_settings','6.97.0'),('offers_restrictions_settings_multi','6.97.0'),('offers_roles','0'),('offers_tags','4.0.105'),('offers_tags_language','4.0.101'),('offers_tags_links','5.10.100'),('offers_topnews','5.7.3'),('offers_topnews_language','6.81.0'),('offers_topnews_positions','4.0.101'),('pages','6.96.1'),('pages_atribute','6.96.2'),('pages_atribute_language','0'),('pages_atribute_links','0'),('pages_atribute_values','0'),('pages_atribute_values_language','0'),('pages_categories','6.94.102'),('pages_category','6.97.1'),('pages_category_file','0'),('pages_category_files','4.0.101'),('pages_category_files_language','4.0.101'),('pages_category_groups','6.97.1'),('pages_category_groups_atribute','6.6.2'),('pages_category_groups_atribute_multi','0'),('pages_category_language','6.97.0'),('pages_category_links','0'),('pages_category_multi','4.0.101'),('pages_category_pages','6.92.100'),('pages_category_photo','4.0.101'),('pages_category_photo_gallery','0'),('pages_category_photo_gallery_language','0'),('pages_category_photo_language','4.0.101'),('pages_category_roles','0'),('pages_comments','4.0.102'),('pages_comments_admin','4.0.100'),('pages_comments_files','0'),('pages_comments_files_language','4.0.101'),('pages_comments_language','4.0.101'),('pages_comments_votes','4.0.101'),('pages_custom_values','0'),('pages_custom_values_multi','0'),('pages_file','0'),('pages_files','0'),('pages_files_groups','0'),('pages_files_groups_language','0'),('pages_files_language','4.0.101'),('pages_gallery','0'),('pages_gallery_photo','0'),('pages_groups','0'),('pages_groups_atribute','4.0.101'),('pages_groups_language','0'),('pages_item','3.5.104'),('pages_item_category','3.5.104'),('pages_item_category_language','0'),('pages_item_custom_values','4.0.101'),('pages_item_custom_values_multi','0'),('pages_item_file','0'),('pages_item_files','0'),('pages_item_files_language','0'),('pages_item_groups','0'),('pages_item_groups_atribute','6.6.2'),('pages_item_language','6.81.0'),('pages_item_photo','0'),('pages_item_photo_gallery','0'),('pages_item_photo_gallery_language','0'),('pages_item_photo_language','0'),('pages_item_variations','4.0.102'),('pages_item_variations_language','0'),('pages_language','6.96.0'),('pages_links','0'),('pages_media','0'),('pages_media_gallery','0'),('pages_pages','6.92.100'),('pages_restrictions','6.100.0'),('pages_restrictions_groups','6.97.1'),('pages_restrictions_settings','6.97.0'),('pages_restrictions_settings_multi','6.97.0'),('pages_roles','0'),('pages_tags','4.0.105'),('pages_tags_language','4.0.101'),('pages_tags_links','5.10.100'),('ponudbe_tags','4.0.105'),('ponudbe_tags_language','4.0.101'),('ponudbe_tags_links','5.10.100'),('postal','6.96.1'),('postal_atribute','6.96.2'),('postal_atribute_language','0'),('postal_atribute_links','0'),('postal_atribute_values','0'),('postal_atribute_values_language','0'),('postal_categories','6.94.102'),('postal_category','6.97.1'),('postal_category_file','0'),('postal_category_files','4.0.101'),('postal_category_files_language','4.0.101'),('postal_category_groups','6.97.1'),('postal_category_groups_atribute','6.6.2'),('postal_category_groups_atribute_multi','0'),('postal_category_language','6.97.0'),('postal_category_links','0'),('postal_category_multi','4.0.101'),('postal_category_pages','6.92.100'),('postal_category_photo','4.0.101'),('postal_category_photo_gallery','0'),('postal_category_photo_gallery_language','0'),('postal_category_photo_language','4.0.101'),('postal_category_roles','0'),('postal_comments','4.0.102'),('postal_comments_admin','4.0.100'),('postal_comments_files','0'),('postal_comments_files_language','4.0.101'),('postal_comments_language','4.0.101'),('postal_comments_votes','4.0.101'),('postal_custom_values','0'),('postal_custom_values_multi','0'),('postal_file','0'),('postal_files','0'),('postal_files_groups','0'),('postal_files_groups_language','0'),('postal_files_language','4.0.101'),('postal_gallery','0'),('postal_gallery_photo','0'),('postal_groups','0'),('postal_groups_atribute','4.0.101'),('postal_groups_language','0'),('postal_item','3.5.104'),('postal_item_category','3.5.104'),('postal_item_category_language','0'),('postal_item_custom_values','3.5.100'),('postal_item_custom_values_multi','0'),('postal_item_file','0'),('postal_item_files','0'),('postal_item_files_language','0'),('postal_item_groups','0'),('postal_item_groups_atribute','6.6.2'),('postal_item_language','6.81.0'),('postal_item_photo','0'),('postal_item_photo_gallery','0'),('postal_item_photo_gallery_language','0'),('postal_item_photo_language','0'),('postal_item_variations','0'),('postal_item_variations_language','0'),('postal_language','6.96.0'),('postal_links','0'),('postal_media','0'),('postal_media_gallery','0'),('postal_pages','6.92.100'),('postal_photo','0'),('postal_photo_gallery','0'),('postal_photo_gallery_language','0'),('postal_photo_language','4.0.101'),('postal_photo_sizes','0'),('postal_photo_usage','0'),('postal_restrictions','6.100.0'),('postal_restrictions_groups','6.97.1'),('postal_restrictions_settings','6.97.0'),('postal_restrictions_settings_multi','6.97.0'),('postal_roles','0'),('postal_tags','4.0.105'),('postal_tags_language','4.0.101'),('postal_tags_links','5.10.100'),('region','0'),('region_language','0'),('reservation','6.96.1'),('reservation_atribute','6.96.2'),('reservation_atribute_language','0'),('reservation_atribute_links','0'),('reservation_atribute_values','0'),('reservation_atribute_values_language','0'),('reservation_categories','6.94.102'),('reservation_category','6.97.1'),('reservation_category_file','0'),('reservation_category_files','4.0.101'),('reservation_category_files_language','4.0.101'),('reservation_category_groups','6.97.1'),('reservation_category_groups_atribute','6.6.2'),('reservation_category_groups_atribute_multi','0'),('reservation_category_language','6.97.0'),('reservation_category_links','0'),('reservation_category_multi','4.0.101'),('reservation_category_pages','6.92.100'),('reservation_category_photo','4.0.101'),('reservation_category_photo_gallery','0'),('reservation_category_photo_gallery_language','0'),('reservation_category_photo_language','4.0.101'),('reservation_category_roles','0'),('reservation_comments','4.0.102'),('reservation_comments_admin','4.0.100'),('reservation_comments_files','0'),('reservation_comments_files_language','4.0.101'),('reservation_comments_language','4.0.101'),('reservation_comments_votes','4.0.101'),('reservation_custom_values','0'),('reservation_custom_values_multi','0'),('reservation_file','0'),('reservation_files','0'),('reservation_files_groups','0'),('reservation_files_groups_language','0'),('reservation_files_language','4.0.101'),('reservation_gallery','0'),('reservation_gallery_photo','0'),('reservation_groups','0'),('reservation_groups_atribute','4.0.101'),('reservation_groups_language','0'),('reservation_item','3.5.104'),('reservation_item_category','3.5.104'),('reservation_item_category_language','0'),('reservation_item_custom_values','4.0.101'),('reservation_item_custom_values_multi','0'),('reservation_item_file','0'),('reservation_item_files','0'),('reservation_item_files_language','0'),('reservation_item_groups','0'),('reservation_item_groups_atribute','6.6.2'),('reservation_item_language','6.81.0'),('reservation_item_photo','0'),('reservation_item_photo_gallery','0'),('reservation_item_photo_gallery_language','0'),('reservation_item_photo_language','0'),('reservation_item_variations','4.0.102'),('reservation_item_variations_language','0'),('reservation_language','6.96.0'),('reservation_links','0'),('reservation_media','0'),('reservation_media_gallery','0'),('reservation_pages','6.92.100'),('reservation_photo','0'),('reservation_photo_gallery','0'),('reservation_photo_gallery_language','0'),('reservation_photo_language','4.0.101'),('reservation_photo_sizes','0'),('reservation_photo_usage','0'),('reservation_restrictions','6.100.0'),('reservation_restrictions_groups','6.97.1'),('reservation_restrictions_settings','6.97.0'),('reservation_restrictions_settings_multi','6.97.0'),('reservation_roles','0'),('reservation_tags','4.0.105'),('reservation_tags_language','4.0.101'),('reservation_tags_links','5.10.100'),('sessions','3.5.102'),('sessions_cookie','0'),('sessions_url','6.6.5'),('static','6.96.1'),('static_atribute','6.96.2'),('static_atribute_language','0'),('static_atribute_links','0'),('static_atribute_values','0'),('static_atribute_values_language','0'),('static_categories','6.94.102'),('static_category','6.97.1'),('static_category_file','0'),('static_category_files','4.0.101'),('static_category_files_language','4.0.101'),('static_category_groups','6.97.1'),('static_category_groups_atribute','6.6.2'),('static_category_groups_atribute_multi','0'),('static_category_language','6.97.0'),('static_category_links','0'),('static_category_multi','4.0.101'),('static_category_pages','6.92.100'),('static_category_photo','4.0.101'),('static_category_photo_gallery','0'),('static_category_photo_gallery_language','0'),('static_category_photo_language','4.0.101'),('static_category_roles','0'),('static_comments','4.0.102'),('static_comments_admin','4.0.100'),('static_comments_files','0'),('static_comments_files_language','4.0.101'),('static_comments_language','4.0.101'),('static_comments_votes','4.0.101'),('static_custom_values','0'),('static_custom_values_multi','0'),('static_file','0'),('static_files','0'),('static_files_groups','0'),('static_files_groups_language','0'),('static_files_language','4.0.101'),('static_gallery','0'),('static_gallery_photo','0'),('static_groups','0'),('static_groups_atribute','4.0.101'),('static_groups_language','0'),('static_item','3.5.104'),('static_item_category','3.5.104'),('static_item_category_language','0'),('static_item_custom_values','4.0.101'),('static_item_custom_values_multi','0'),('static_item_file','0'),('static_item_files','0'),('static_item_files_language','0'),('static_item_groups','0'),('static_item_groups_atribute','6.6.2'),('static_item_language','6.81.0'),('static_item_photo','0'),('static_item_photo_gallery','0'),('static_item_photo_gallery_language','0'),('static_item_photo_language','0'),('static_item_variations','4.0.102'),('static_item_variations_language','0'),('static_language','6.96.0'),('static_links','0'),('static_media','0'),('static_media_gallery','0'),('static_pages','6.92.100'),('static_photo','0'),('static_photo_gallery','0'),('static_photo_gallery_language','0'),('static_photo_language','4.0.101'),('static_photo_sizes','0'),('static_photo_usage','0'),('static_restrictions','6.100.0'),('static_restrictions_groups','6.97.1'),('static_restrictions_settings','6.97.0'),('static_restrictions_settings_multi','6.97.0'),('static_roles','0'),('static_tags','4.0.105'),('static_tags_language','4.0.101'),('static_tags_links','5.10.100'),('static_topnews','5.20.7'),('static_topnews_language','6.81.0'),('static_topnews_positions','4.0.101'),('stock_activity','3.5.104'),('stock_activity_language','0'),('stock_atribute','6.96.2'),('stock_atribute_language','0'),('stock_atribute_links','0'),('stock_atribute_values','0'),('stock_atribute_values_language','0'),('stock_categories','6.94.102'),('stock_category','6.97.1'),('stock_category_file','0'),('stock_category_files','4.0.101'),('stock_category_files_language','4.0.101'),('stock_category_groups','6.97.1'),('stock_category_groups_atribute','6.6.2'),('stock_category_groups_atribute_multi','0'),('stock_category_language','6.97.0'),('stock_category_links','0'),('stock_category_multi','4.0.101'),('stock_category_pages','6.92.100'),('stock_category_photo','4.0.101'),('stock_category_photo_gallery','0'),('stock_category_photo_gallery_language','0'),('stock_category_photo_language','4.0.101'),('stock_category_roles','0'),('stock_comments','4.0.102'),('stock_comments_admin','4.0.100'),('stock_comments_files','0'),('stock_comments_files_language','4.0.101'),('stock_comments_language','4.0.101'),('stock_comments_votes','4.0.101'),('stock_coupons','0'),('stock_coupons_items','0'),('stock_coupons_items_categories','0'),('stock_coupons_items_links','0'),('stock_coupons_items_links_variations','0'),('stock_coupons_items_users','0'),('stock_coupons_language','0'),('stock_custom_values','4.0.101'),('stock_custom_values_multi','0'),('stock_file','0'),('stock_files','0'),('stock_files_language','4.0.101'),('stock_groups','0'),('stock_groups_atribute','4.0.101'),('stock_groups_language','0'),('stock_invoice','6.97.1'),('stock_invoice_category','3.5.104'),('stock_invoice_category_language','4.0.101'),('stock_invoice_company','6.5.100'),('stock_invoice_company_custom_counting','0'),('stock_invoice_counting','0'),('stock_invoice_coupons','0'),('stock_invoice_custom_values','4.0.101'),('stock_invoice_file','0'),('stock_invoice_files','0'),('stock_invoice_files_language','0'),('stock_invoice_groups','0'),('stock_invoice_groups_atribute','6.6.2'),('stock_invoice_items','6.50.4'),('stock_invoice_items_coupons','0'),('stock_invoice_items_custom_values','0'),('stock_invoice_items_custom_values_multi','0'),('stock_invoice_items_log','0'),('stock_invoice_log','0'),('stock_invoice_substatus','6.96.1'),('stock_invoice_tax','4.0.101'),('stock_invoice_templates','0'),('stock_invoice_templates_language','4.0.101'),('stock_invoice_transactions','0'),('stock_orders','0'),('stock_orders_custom_values','0'),('stock_photo','0'),('stock_photo_gallery','0'),('stock_photo_gallery_language','0'),('stock_photo_language','4.0.101'),('stock_photo_sizes','0'),('stock_photo_usage','0'),('stock_roles','0'),('tax','0'),('tax_country','5.8.101'),('tax_group','0'),('tax_group_language','5.8.101'),('users','3.5.115'),('users_activity','4.0.101'),('users_activity_language','0'),('users_address','4.0.101'),('users_address_type','0'),('users_atribute','6.96.2'),('users_atribute_language','0'),('users_atribute_links','0'),('users_atribute_values','0'),('users_atribute_values_language','0'),('users_categories','6.94.102'),('users_category','6.97.1'),('users_category_file','0'),('users_category_files','4.0.101'),('users_category_files_language','4.0.101'),('users_category_groups','6.97.1'),('users_category_groups_atribute','6.6.2'),('users_category_groups_atribute_multi','0'),('users_category_language','6.97.0'),('users_category_links','0'),('users_category_multi','4.0.101'),('users_category_pages','6.92.100'),('users_category_photo','4.0.101'),('users_category_photo_gallery','0'),('users_category_photo_gallery_language','0'),('users_category_photo_language','4.0.101'),('users_category_roles','0'),('users_comments','4.0.102'),('users_comments_admin','4.0.100'),('users_comments_files','0'),('users_comments_files_language','4.0.101'),('users_comments_language','4.0.101'),('users_comments_votes','4.0.101'),('users_coupons','0'),('users_coupons_items','0'),('users_coupons_items_categories','0'),('users_coupons_items_links','0'),('users_coupons_items_links_variations','0'),('users_coupons_items_users','0'),('users_coupons_language','0'),('users_custom_values','4.0.101'),('users_custom_values_multi','0'),('users_file','0'),('users_files','0'),('users_files_language','4.0.101'),('users_groups','0'),('users_groups_atribute','4.0.101'),('users_groups_language','0'),('users_invoice','6.97.1'),('users_invoice_category','3.5.104'),('users_invoice_category_language','4.0.101'),('users_invoice_company','6.5.100'),('users_invoice_company_custom_counting','0'),('users_invoice_counting','0'),('users_invoice_coupons','0'),('users_invoice_custom_values','4.0.101'),('users_invoice_file','0'),('users_invoice_files','0'),('users_invoice_files_language','0'),('users_invoice_groups','0'),('users_invoice_groups_atribute','6.6.2'),('users_invoice_items','6.50.4'),('users_invoice_items_coupons','0'),('users_invoice_items_custom_values','0'),('users_invoice_items_custom_values_multi','0'),('users_invoice_items_log','0'),('users_invoice_locations','0'),('users_invoice_locations_language','0'),('users_invoice_log','0'),('users_invoice_substatus','6.96.1'),('users_invoice_tax','4.0.101'),('users_invoice_templates','0'),('users_invoice_templates_language','4.0.101'),('users_invoice_transactions','0'),('users_orders','0'),('users_orders_custom_values','0'),('users_photo','0'),('users_photo_album','0'),('users_photo_gallery_language','0'),('users_photo_language','4.0.101'),('users_photo_sizes','0'),('users_photo_usage','0'),('users_roles','0'),('webpage_caching','6.94.101'),('wishlist_activity','3.5.104'),('wishlist_activity_language','0'),('wishlist_atribute','6.96.2'),('wishlist_atribute_language','0'),('wishlist_atribute_links','0'),('wishlist_atribute_values','0'),('wishlist_atribute_values_language','0'),('wishlist_categories','6.94.102'),('wishlist_category','6.97.1'),('wishlist_category_file','0'),('wishlist_category_files','4.0.101'),('wishlist_category_files_language','4.0.101'),('wishlist_category_groups','6.97.1'),('wishlist_category_groups_atribute','6.6.2'),('wishlist_category_groups_atribute_multi','0'),('wishlist_category_language','6.97.0'),('wishlist_category_links','0'),('wishlist_category_multi','4.0.101'),('wishlist_category_pages','6.92.100'),('wishlist_category_photo','4.0.101'),('wishlist_category_photo_gallery','0'),('wishlist_category_photo_gallery_language','0'),('wishlist_category_photo_language','4.0.101'),('wishlist_category_roles','0'),('wishlist_comments','4.0.102'),('wishlist_comments_admin','4.0.100'),('wishlist_comments_files','0'),('wishlist_comments_files_language','4.0.101'),('wishlist_comments_language','4.0.101'),('wishlist_comments_votes','4.0.101'),('wishlist_coupons','0'),('wishlist_coupons_items','0'),('wishlist_coupons_items_categories','0'),('wishlist_coupons_items_links','0'),('wishlist_coupons_items_links_variations','0'),('wishlist_coupons_items_users','0'),('wishlist_coupons_language','0'),('wishlist_custom_values','4.0.101'),('wishlist_custom_values_multi','0'),('wishlist_file','0'),('wishlist_files','0'),('wishlist_files_language','4.0.101'),('wishlist_groups','0'),('wishlist_groups_atribute','4.0.101'),('wishlist_groups_language','0'),('wishlist_invoice','6.97.1'),('wishlist_invoice_category','3.5.104'),('wishlist_invoice_category_language','4.0.101'),('wishlist_invoice_company','6.5.100'),('wishlist_invoice_company_custom_counting','0'),('wishlist_invoice_counting','0'),('wishlist_invoice_coupons','0'),('wishlist_invoice_custom_values','4.0.101'),('wishlist_invoice_file','0'),('wishlist_invoice_files','0'),('wishlist_invoice_files_language','0'),('wishlist_invoice_groups','0'),('wishlist_invoice_groups_atribute','6.6.2'),('wishlist_invoice_items','6.50.4'),('wishlist_invoice_items_coupons','0'),('wishlist_invoice_items_custom_values','0'),('wishlist_invoice_items_custom_values_multi','0'),('wishlist_invoice_items_log','0'),('wishlist_invoice_locations','0'),('wishlist_invoice_locations_language','4.0.101'),('wishlist_invoice_log','0'),('wishlist_invoice_substatus','6.96.1'),('wishlist_invoice_tax','4.0.101'),('wishlist_invoice_templates','0'),('wishlist_invoice_templates_language','4.0.101'),('wishlist_invoice_transactions','0'),('wishlist_orders','0'),('wishlist_orders_custom_values','0'),('wishlist_photo','0'),('wishlist_photo_album','0'),('wishlist_photo_gallery_language','0'),('wishlist_photo_language','4.0.101'),('wishlist_photo_sizes','0'),('wishlist_photo_usage','0'),('wishlist_roles','0');

--
-- Table structure for table `ngn_advanced_searches`
--

CREATE TABLE `ngn_advanced_searches` (
  `id` int(11) NOT NULL AUTO_INCREMENT,
  `createdate` datetime NOT NULL,
  `editdate` datetime NOT NULL,
  `owner` int(11) NOT NULL,
  `name` varchar(50) NOT NULL,
  `search` text NOT NULL,
  PRIMARY KEY (`id`)
) ENGINE=InnoDB DEFAULT CHARSET=utf8;

--
-- Dumping data for table `ngn_advanced_searches`
--


--
-- Table structure for table `ngn_articles`
--

CREATE TABLE `ngn_articles` (
  `news_id` int(11) NOT NULL AUTO_INCREMENT,
  `news_order` int(11) NOT NULL,
  `news_type` int(11) NOT NULL,
  `news_owner` int(11) NOT NULL DEFAULT 0,
  `news_createdate` datetime DEFAULT NULL,
  `news_showdate` datetime DEFAULT NULL,
  `news_hidedate` datetime DEFAULT NULL,
  `news_hide` tinyint(4) NOT NULL DEFAULT 0,
  `news_editdate` datetime DEFAULT NULL,
  `news_removedate` datetime NOT NULL,
  `news_category` int(11) NOT NULL DEFAULT 0,
  `news_photo1` varchar(100) NOT NULL DEFAULT '',
  `news_photo2` varchar(100) NOT NULL DEFAULT '',
  `news_photo_language1` int(11) NOT NULL DEFAULT 0,
  `news_photo_language2` int(11) NOT NULL DEFAULT 0,
  `news_enable` int(11) NOT NULL DEFAULT 0,
  `news_source` varchar(200) NOT NULL DEFAULT '',
  `news_source_url` varchar(200) NOT NULL DEFAULT '',
  `news_viewed` int(11) NOT NULL DEFAULT 0,
  `news_template` int(11) NOT NULL,
  PRIMARY KEY (`news_id`),
  KEY `news_category` (`news_category`),
  KEY `news_enable` (`news_enable`),
  KEY `news_hide` (`news_hide`),
  KEY `news_template` (`news_template`),
  KEY `news_removedate` (`news_removedate`),
  KEY `news_createdate` (`news_createdate`),
  KEY `news_editdate` (`news_editdate`),
  KEY `news_hidedate` (`news_hidedate`),
  KEY `news_showdate` (`news_showdate`)
) ENGINE=InnoDB AUTO_INCREMENT=110 DEFAULT CHARSET=utf8;

--
-- Dumping data for table `ngn_articles`
--

INSERT INTO `ngn_articles` VALUES (1,10,0,719,'2022-03-28 10:38:00','2022-03-28 10:38:00','2022-03-28 10:38:34',0,'2023-06-07 15:01:18','0000-00-00 00:00:00',1,'209','',0,0,1,'','',0,0),(2,50,0,719,'2022-03-28 15:38:49','2022-03-28 15:38:49','2022-03-28 15:38:49',0,'2023-06-07 15:00:47','0000-00-00 00:00:00',1,'210','',0,0,1,'','',0,0),(3,20,0,719,'2022-03-30 15:14:46','2022-03-30 15:14:46','2022-03-30 15:14:46',0,'2023-06-07 15:00:43','0000-00-00 00:00:00',1,'211','',0,0,1,'','',0,0),(4,33,0,719,'2022-03-30 15:17:03','2022-03-30 15:17:03','2022-03-30 15:17:03',0,'2023-06-07 15:02:53','0000-00-00 00:00:00',1,'213','',0,0,1,'','',0,0),(5,5,0,719,'2022-03-30 15:18:29','2022-03-30 15:18:29','2022-03-30 15:18:29',0,'2023-08-03 11:00:23','0000-00-00 00:00:00',1,'214','',0,0,0,'','',0,0),(6,15,0,719,'2022-03-30 15:20:26','2022-03-30 15:20:26','2022-03-30 15:20:26',0,'2023-06-07 15:01:53','0000-00-00 00:00:00',1,'215','',0,0,1,'','',0,0),(7,20,0,719,'2022-03-30 15:21:28','2022-03-30 15:21:28','2022-03-30 15:21:28',0,'2023-06-07 15:02:19','0000-00-00 00:00:00',1,'216','',0,0,1,'','',0,0),(8,0,0,719,'2022-03-30 15:22:31','2022-03-30 15:22:31','2022-03-30 15:22:31',0,'2022-08-25 13:47:38','0000-00-00 00:00:00',1,'8','',0,0,0,'','',0,0),(9,60,0,719,'2022-03-30 15:26:09','2022-03-30 15:26:09','2022-03-30 15:26:09',0,'2022-10-17 10:43:37','2023-01-06 14:17:06',1,'91','',0,0,1,'','',0,0),(11,1,0,719,'2022-08-11 11:27:12','2022-08-11 11:27:12','2022-08-11 11:27:12',0,'2023-01-16 11:47:47','0000-00-00 00:00:00',1,'40','',0,0,1,'','',0,0),(12,0,0,719,'2022-08-11 11:29:39','2022-08-11 11:29:39','2022-08-11 11:29:39',0,'2023-01-16 12:35:10','0000-00-00 00:00:00',1,'41','',0,0,1,'','',0,0),(13,0,0,719,'2022-08-11 11:31:05','2022-08-11 11:31:05','2022-08-11 11:31:05',0,'2023-03-01 08:47:43','0000-00-00 00:00:00',1,'42','',0,0,0,'','',0,0),(14,0,0,945,'2022-08-11 11:34:54','2022-08-11 11:34:54','2022-08-11 11:34:54',0,'2023-02-24 11:18:29','0000-00-00 00:00:00',1,'43','',0,0,1,'','',0,0),(15,0,0,945,'2022-08-11 11:36:51','2022-08-11 11:36:51','2022-08-11 11:36:51',0,'2023-02-24 11:21:02','0000-00-00 00:00:00',1,'44','',0,0,1,'','',0,0),(16,0,0,719,'2022-08-11 11:51:23','2022-08-11 11:51:23','2022-08-11 11:51:23',0,'2023-01-16 11:40:34','0000-00-00 00:00:00',1,'104','',0,0,1,'','',0,0),(17,0,0,719,'2022-08-11 11:53:35','2022-08-11 11:53:35','2022-08-11 11:53:35',0,'2023-01-16 11:50:55','0000-00-00 00:00:00',1,'47','',0,0,1,'','',0,0),(18,0,0,719,'2022-08-11 11:54:41','2022-08-11 11:54:41','2022-08-11 11:54:41',0,'2023-01-16 11:51:00','0000-00-00 00:00:00',1,'46','',0,0,1,'','',0,0),(19,0,0,719,'2022-08-11 11:55:27','2022-08-11 11:55:27','2022-08-11 11:55:27',0,'2023-01-16 11:51:05','0000-00-00 00:00:00',1,'48','',0,0,1,'','',0,0),(20,0,0,718,'2022-08-11 11:56:10','2022-08-11 11:56:10','2022-08-11 11:56:10',0,'2023-03-13 09:03:08','0000-00-00 00:00:00',1,'49','',0,0,1,'','',0,0),(21,0,0,719,'2022-08-11 11:57:19','2022-08-11 11:57:19','2022-08-11 11:57:19',0,'2023-04-24 10:51:53','0000-00-00 00:00:00',1,'50','',0,0,1,'','',0,0),(22,0,0,719,'2022-08-11 11:58:10','2022-08-11 11:58:10','2022-08-11 11:58:10',0,'2023-04-24 10:52:17','0000-00-00 00:00:00',1,'51','',0,0,1,'','',0,0),(23,0,0,719,'2022-08-11 11:59:12','2022-08-11 11:59:12','2022-08-11 11:59:12',0,'2023-04-24 10:52:27','0000-00-00 00:00:00',1,'52','',0,0,1,'','',0,0),(24,2,0,719,'2022-08-11 12:03:14','2022-08-11 12:03:14','2022-08-11 12:03:14',0,'2023-01-16 11:47:51','0000-00-00 00:00:00',1,'53','',0,0,1,'','',0,0),(25,0,0,719,'2022-08-11 13:49:32','2022-08-11 13:49:32','2022-08-11 13:49:32',0,'2023-01-16 11:47:54','0000-00-00 00:00:00',1,'54','',0,0,1,'','',0,0),(26,0,0,945,'2022-08-11 13:53:14','2022-08-11 13:53:14','2022-08-11 13:53:14',0,'2023-02-24 11:04:33','0000-00-00 00:00:00',1,'55','',0,0,1,'','',0,0),(27,0,0,719,'2022-08-11 13:54:20','2022-08-11 13:54:20','2022-08-11 13:54:20',0,'2023-03-01 08:44:59','0000-00-00 00:00:00',1,'56','',0,0,0,'','',0,0),(28,0,0,945,'2022-08-11 13:55:10','2022-08-11 13:55:10','2022-08-11 13:55:10',0,'2023-02-24 11:05:16','0000-00-00 00:00:00',1,'57','',0,0,1,'','',0,0),(29,0,0,719,'2022-08-11 13:55:57','2022-08-11 13:55:57','2022-08-11 13:55:57',0,'2023-03-01 08:45:22','0000-00-00 00:00:00',1,'60','',0,0,0,'','',0,0),(30,0,0,945,'2022-08-11 13:56:46','2022-08-11 13:56:46','2022-08-11 13:56:46',0,'2023-02-24 11:06:21','0000-00-00 00:00:00',1,'58','',0,0,1,'','',0,0),(31,0,0,945,'2022-08-11 13:57:39','2022-08-11 13:57:39','2022-08-11 13:57:39',0,'2023-02-24 11:07:23','0000-00-00 00:00:00',1,'59','',0,0,1,'','',0,0),(32,0,0,1292,'2022-08-11 13:58:23','2022-08-11 13:58:23','2022-08-11 13:58:23',0,'2023-03-01 08:32:55','0000-00-00 00:00:00',1,'62','',0,0,0,'','',0,0),(33,0,0,945,'2022-08-11 13:59:05','2022-08-11 13:59:05','2022-08-11 13:59:05',0,'2023-02-24 10:51:30','0000-00-00 00:00:00',1,'61','',0,0,1,'','',0,0),(34,0,0,719,'2022-08-18 14:21:06','2022-08-18 14:21:06','2022-08-18 14:21:06',0,'2023-06-01 15:50:14','0000-00-00 00:00:00',1,'','',0,0,1,'','',0,0),(35,0,0,719,'2022-08-18 14:22:15','2022-08-18 14:22:15','2022-08-18 14:22:15',0,'2023-06-01 15:50:21','0000-00-00 00:00:00',1,'','',0,0,1,'','',0,0),(36,0,0,719,'2022-08-18 14:23:03','2022-08-18 14:23:03','2022-08-18 14:23:03',0,'2023-06-01 15:50:26','0000-00-00 00:00:00',1,'','',0,0,1,'','',0,0),(37,0,0,719,'2022-08-24 11:08:05','2022-08-24 11:08:05','2022-08-24 11:08:05',0,'2023-01-12 10:33:17','0000-00-00 00:00:00',1,'','',0,0,1,'','',0,0),(38,0,0,719,'2022-08-24 11:09:41','2022-08-24 11:09:41','2022-08-24 11:09:41',0,'2023-01-12 10:33:35','0000-00-00 00:00:00',1,'','',0,0,1,'','',0,0),(39,0,0,719,'2022-08-24 11:10:41','2022-08-24 11:10:41','2022-08-24 11:10:41',0,'2023-01-12 10:33:57','0000-00-00 00:00:00',1,'','',0,0,1,'','',0,0),(40,0,0,719,'2022-08-24 11:12:53','2022-08-24 11:12:53','2022-08-24 11:12:53',0,'2023-06-01 15:50:47','0000-00-00 00:00:00',1,'','',0,0,1,'','',0,0),(41,0,0,719,'2022-08-24 11:13:47','2022-08-24 11:13:47','2022-08-24 11:13:47',0,'2023-06-01 15:50:51','0000-00-00 00:00:00',1,'','',0,0,1,'','',0,0),(42,0,0,719,'2022-08-24 11:14:39','2022-08-24 11:14:39','2022-08-24 11:14:39',0,'2023-06-09 13:45:38','0000-00-00 00:00:00',1,'','',0,0,1,'','',0,0),(43,35,0,719,'2022-08-24 11:16:03','2022-08-24 11:16:03','2022-08-24 11:16:03',0,'2023-06-13 11:09:45','0000-00-00 00:00:00',1,'218','',0,0,1,'','',0,0),(44,0,0,1292,'2022-08-24 11:17:11','2022-08-24 11:17:11','2022-08-24 11:17:11',0,'2023-03-01 08:11:33','0000-00-00 00:00:00',1,'','',0,0,1,'','',0,0),(45,0,0,1292,'2022-08-24 11:20:10','2022-08-24 11:20:10','2022-08-24 11:20:10',0,'2023-03-01 08:11:40','0000-00-00 00:00:00',1,'','',0,0,1,'','',0,0),(46,0,0,1292,'2022-08-24 11:21:13','2022-08-24 11:21:13','2022-08-24 11:21:13',0,'2023-03-01 08:11:45','0000-00-00 00:00:00',1,'','',0,0,1,'','',0,0),(47,0,0,719,'2022-08-24 11:24:00','2022-08-24 11:24:00','2022-08-24 11:24:00',0,'2023-01-12 11:06:30','0000-00-00 00:00:00',1,'','',0,0,1,'','',0,0),(48,0,0,719,'2022-08-24 11:24:43','2022-08-24 11:24:43','2022-08-24 11:24:43',0,'2023-01-12 11:06:15','0000-00-00 00:00:00',1,'','',0,0,1,'','',0,0),(49,10,0,719,'2022-08-24 11:26:31','2022-08-24 11:26:31','2022-08-24 11:26:31',0,'2023-06-07 15:01:38','0000-00-00 00:00:00',1,'219','',0,0,1,'','',0,0),(50,0,0,718,'2022-08-24 11:27:28','2022-08-24 11:27:28','2022-08-24 11:27:28',0,'2023-01-16 09:29:21','0000-00-00 00:00:00',1,'','',0,0,1,'','',0,0),(51,0,0,718,'2022-08-24 11:28:26','2022-08-24 11:28:26','2022-08-24 11:28:26',0,'2023-01-16 09:29:30','0000-00-00 00:00:00',1,'','',0,0,1,'','',0,0),(52,0,0,719,'2022-08-24 11:30:03','2022-08-24 11:30:03','2022-08-24 11:30:03',0,'2023-01-12 10:51:09','0000-00-00 00:00:00',1,'','',0,0,1,'','',0,0),(53,0,0,719,'2022-08-24 11:30:47','2022-08-24 11:30:47','2022-08-24 11:30:47',0,'2023-01-12 10:51:28','0000-00-00 00:00:00',1,'','',0,0,1,'','',0,0),(54,0,0,719,'2022-08-24 11:32:23','2022-08-24 11:32:23','2022-08-24 11:32:23',0,'2023-01-12 10:55:03','0000-00-00 00:00:00',1,'','',0,0,1,'','',0,0),(55,0,0,718,'2022-08-24 11:33:09','2022-08-24 11:33:09','2022-08-24 11:33:09',0,'2023-03-13 10:31:21','0000-00-00 00:00:00',1,'','',0,0,1,'','',0,0),(56,0,0,719,'2022-08-24 11:34:43','2022-08-24 11:34:43','2022-08-24 11:34:43',0,'2023-01-12 11:04:04','0000-00-00 00:00:00',1,'','',0,0,1,'','',0,0),(57,0,0,719,'2022-08-24 11:35:27','2022-08-24 11:35:27','2022-08-24 11:35:27',0,'2023-01-12 11:04:25','0000-00-00 00:00:00',1,'','',0,0,1,'','',0,0),(58,0,0,719,'2022-08-24 11:42:55','2022-08-24 11:42:55','2022-08-24 11:42:55',0,'2022-10-11 15:05:29','2023-01-06 14:12:10',1,'','',0,0,1,'','',0,0),(59,15,0,719,'2022-08-24 11:43:46','2022-08-24 11:43:46','2022-08-24 11:43:46',0,'2023-06-14 09:16:05','0000-00-00 00:00:00',1,'269','',0,0,1,'','',0,0),(60,5,0,719,'2022-08-24 11:46:06','2022-08-24 11:46:06','2022-08-24 11:46:06',0,'2023-06-07 15:01:06','0000-00-00 00:00:00',1,'90','',0,0,1,'','',0,0),(61,0,0,718,'2022-08-24 11:47:26','2022-08-24 11:47:26','2022-08-24 11:47:26',0,'2022-10-17 11:57:49','0000-00-00 00:00:00',1,'89','',0,0,0,'','',0,0),(62,30,0,719,'2022-08-24 11:48:27','2022-08-24 11:48:27','2022-08-24 11:48:27',0,'2023-06-13 11:11:27','0000-00-00 00:00:00',1,'220','',0,0,1,'','',0,0),(63,25,0,719,'2022-08-24 11:48:00','2022-08-24 11:48:00','2022-08-24 11:48:58',0,'2023-06-13 11:11:01','0000-00-00 00:00:00',1,'221','',0,0,1,'','',0,0),(64,10,0,719,'2022-08-24 11:49:22','2022-08-24 11:49:22','2022-08-24 11:49:22',0,'2023-06-06 08:49:30','0000-00-00 00:00:00',1,'212','',0,0,1,'','',0,0),(65,0,0,719,'2022-08-24 14:13:01','2022-08-24 14:13:01','2022-08-24 14:13:01',0,'2023-06-01 15:49:01','0000-00-00 00:00:00',1,'','',0,0,1,'','',0,0),(66,0,0,719,'2022-08-24 14:16:59','2022-08-24 14:16:59','2022-08-24 14:16:59',0,'2023-06-01 15:49:06','0000-00-00 00:00:00',1,'','',0,0,1,'','',0,0),(67,0,0,719,'2022-08-24 14:18:06','2022-08-24 14:18:06','2022-08-24 14:18:06',0,'2023-06-01 15:49:15','0000-00-00 00:00:00',1,'','',0,0,1,'','',0,0),(68,0,0,719,'2022-08-24 14:19:17','2022-08-24 14:19:17','2022-08-24 14:19:17',0,'2023-01-12 10:44:55','0000-00-00 00:00:00',1,'','',0,0,1,'','',0,0),(69,0,0,719,'2022-08-24 14:20:26','2022-08-24 14:20:26','2022-08-24 14:20:26',0,'2023-01-12 10:45:15','0000-00-00 00:00:00',1,'','',0,0,1,'','',0,0),(70,0,0,719,'2022-08-24 14:24:19','2022-08-24 14:24:19','2022-08-24 14:24:19',0,'2023-02-28 14:49:24','0000-00-00 00:00:00',1,'','',0,0,1,'','',0,0),(71,0,0,719,'2022-08-24 14:25:34','2022-08-24 14:25:34','2022-08-24 14:25:34',0,'2023-02-28 14:49:31','0000-00-00 00:00:00',1,'','',0,0,1,'','',0,0),(72,0,0,719,'2022-10-13 15:26:35','2022-10-13 15:26:35','2022-10-13 15:26:35',0,'2023-04-24 10:56:44','0000-00-00 00:00:00',1,'','',0,0,1,'','',0,0),(73,0,0,719,'2022-10-17 09:21:41','2022-10-17 09:21:41','2022-10-17 09:21:41',0,'2023-04-24 10:56:52','0000-00-00 00:00:00',1,'','',0,0,1,'','',0,0),(74,0,0,719,'2022-10-17 11:23:56','2022-10-17 11:23:56','2022-10-17 11:23:56',0,'2023-04-24 10:56:58','0000-00-00 00:00:00',1,'','',0,0,1,'','',0,0),(75,0,0,719,'2022-10-21 15:22:24','2022-10-21 15:22:24','2022-10-21 15:22:24',0,'2023-02-28 14:49:47','0000-00-00 00:00:00',1,'117','',0,0,1,'','',0,0),(76,0,0,719,'2022-10-21 15:25:21','2022-10-21 15:25:21','2022-10-21 15:25:21',0,'2023-02-28 14:49:50','0000-00-00 00:00:00',1,'145','',0,0,1,'','',0,0),(77,0,0,719,'2022-10-21 15:27:29','2022-10-21 15:27:29','2022-10-21 15:27:29',0,'2023-02-28 14:49:54','0000-00-00 00:00:00',1,'120','',0,0,1,'','',0,0),(78,0,0,719,'2022-10-21 15:28:33','2022-10-21 15:28:33','2022-10-21 15:28:33',0,'2023-02-28 14:50:44','0000-00-00 00:00:00',1,'119','',0,0,1,'','',0,0),(79,0,0,719,'2022-10-21 15:57:59','2022-10-21 15:57:59','2022-10-21 15:57:59',0,'2023-02-28 14:50:51','0000-00-00 00:00:00',1,'123','',0,0,1,'','',0,0),(80,0,0,719,'2022-10-21 15:58:52','2022-10-21 15:58:52','2022-10-21 15:58:52',0,'2023-02-28 14:50:55','0000-00-00 00:00:00',1,'121','',0,0,1,'','',0,0),(81,0,0,719,'2022-10-21 16:00:25','2022-10-21 16:00:25','2022-10-21 16:00:25',0,'2023-02-28 14:51:24','0000-00-00 00:00:00',1,'122','',0,0,1,'','',0,0),(82,55,0,719,'2022-10-25 15:20:30','2022-10-25 15:20:30','2022-10-25 15:20:30',0,'2023-06-20 07:53:51','0000-00-00 00:00:00',1,'124','',0,0,1,'','',0,0),(83,0,0,719,'2022-10-25 15:23:07','2022-10-25 15:23:07','2022-10-25 15:23:07',0,'2023-06-15 14:29:52','0000-00-00 00:00:00',1,'125','',0,0,1,'','',0,0),(84,0,0,719,'2022-10-28 11:47:31','2022-10-28 11:47:31','2022-10-28 11:47:31',0,'2023-02-28 15:03:04','0000-00-00 00:00:00',1,'127','',0,0,1,'','',0,0),(85,0,0,719,'2022-11-09 11:07:32','2022-11-09 11:07:32','2022-11-09 11:07:32',0,'2023-04-24 11:01:54','0000-00-00 00:00:00',1,'130','',0,0,1,'','',0,0),(86,0,0,719,'2022-11-09 11:08:58','2022-11-09 11:08:58','2022-11-09 11:08:58',0,'2023-04-24 11:02:01','0000-00-00 00:00:00',1,'129','',0,0,1,'','',0,0),(87,0,0,719,'2023-01-06 09:59:54','2023-01-06 09:59:54','2023-01-06 09:59:54',0,'2023-04-24 11:02:08','0000-00-00 00:00:00',1,'175','',0,0,1,'','',0,0),(88,0,0,719,'2023-01-06 10:13:00','2023-01-06 10:13:00','2023-01-06 10:13:00',0,'2023-04-24 11:02:14','0000-00-00 00:00:00',1,'172','',0,0,1,'','',0,0),(89,0,0,719,'2023-01-06 10:18:37','2023-01-06 10:18:37','2023-01-06 10:18:37',0,'2023-04-24 11:02:21','0000-00-00 00:00:00',1,'178','',0,0,1,'','',0,0),(90,0,0,719,'2023-01-06 10:42:34','2023-01-06 10:42:34','2023-01-06 10:42:34',0,'2023-04-24 11:02:28','0000-00-00 00:00:00',1,'180','',0,0,1,'','',0,0),(91,0,0,719,'2023-01-06 10:50:41','2023-01-06 10:50:41','2023-01-06 10:50:41',0,'2023-04-24 11:02:35','0000-00-00 00:00:00',1,'174','',0,0,1,'','',0,0),(92,0,0,719,'2023-01-06 11:19:53','2023-01-06 11:19:53','2023-01-06 11:19:53',0,'2023-04-24 11:02:41','0000-00-00 00:00:00',1,'203','',0,0,1,'','',0,0),(93,0,0,1292,'2023-01-06 12:09:24','2023-01-06 12:09:24','2023-01-06 12:09:24',0,'2023-03-01 08:14:02','0000-00-00 00:00:00',1,'206','',0,0,1,'','',0,0),(94,100,0,1292,'2023-01-06 12:52:08','2023-01-06 12:52:08','2023-01-06 12:52:08',0,'2023-03-01 08:13:46','0000-00-00 00:00:00',1,'147','',0,0,1,'','',0,0),(96,0,0,719,'2023-01-06 13:50:37','2023-01-06 13:50:37','2023-01-06 13:50:37',0,'2023-04-24 11:02:46','0000-00-00 00:00:00',1,'156','',0,0,1,'','',0,0),(97,0,0,719,'2023-01-06 13:54:56','2023-01-06 13:54:56','2023-01-06 13:54:56',0,'2023-04-24 11:02:51','0000-00-00 00:00:00',1,'157','',0,0,1,'','',0,0),(98,0,0,945,'2023-01-06 14:22:05','2023-01-06 14:22:05','2023-01-06 14:22:05',0,'2023-01-06 14:36:10','2023-01-12 09:57:17',1,'161','',0,0,1,'','',0,0),(99,0,0,719,'2023-01-06 15:24:00','2023-01-06 15:24:00','2023-01-06 15:24:23',0,'2023-06-15 14:30:28','0000-00-00 00:00:00',1,'200','',0,0,1,'','',0,20),(100,0,0,718,'2023-01-09 12:00:00','2023-01-09 12:00:00','2023-01-09 12:00:45',0,'2023-04-13 14:36:53','0000-00-00 00:00:00',52,'','',0,0,0,'','',0,20),(101,0,0,719,'2023-01-17 11:00:26','2023-01-17 11:00:26','2023-01-17 11:00:26',0,'2023-01-17 11:00:26','0000-00-00 00:00:00',1,'','',0,0,1,'','',0,0),(102,0,0,719,'2023-01-23 15:02:30','2023-01-23 15:02:30','2023-01-23 15:02:30',0,'2023-04-24 11:03:00','0000-00-00 00:00:00',1,'229','',0,0,1,'','',0,0),(103,0,0,945,'2023-02-07 10:44:12','2023-02-07 10:44:12','2023-02-07 10:44:12',0,'2023-02-07 10:59:00','2023-02-07 11:01:25',1,'247','',0,0,1,'','',0,0),(104,50,0,719,'2023-02-14 09:54:31','2023-02-14 09:54:31','2023-02-14 09:54:31',0,'2023-06-07 15:03:00','0000-00-00 00:00:00',1,'254','',0,0,1,'','',0,0),(105,0,0,1292,'2023-04-07 14:09:05','2023-04-07 14:09:05','2023-04-07 14:09:05',0,'2023-04-07 14:10:28','0000-00-00 00:00:00',1,'263','',0,0,1,'','',0,0),(106,0,0,945,'2023-04-24 10:27:52','2023-04-24 10:27:52','2023-04-24 10:27:52',0,'2023-04-24 11:18:58','0000-00-00 00:00:00',1,'264','',0,0,1,'','',0,0),(107,0,0,719,'2023-05-31 08:19:51','2023-05-31 08:19:51','2023-05-31 08:19:51',0,'2023-05-31 08:26:51','0000-00-00 00:00:00',1,'265','',0,0,1,'','',0,0),(108,0,0,719,'2023-05-31 08:25:07','2023-05-31 08:25:07','2023-05-31 08:25:07',0,'2023-05-31 08:30:36','0000-00-00 00:00:00',1,'266','',0,0,1,'','',0,0),(109,0,0,719,'2023-05-31 08:27:58','2023-05-31 08:27:58','2023-05-31 08:27:58',0,'2023-05-31 08:34:00','0000-00-00 00:00:00',1,'267','',0,0,1,'','',0,0);

--
-- Table structure for table `ngn_articles_atribute`
--

CREATE TABLE `ngn_articles_atribute` (
  `atribute_id` int(11) NOT NULL AUTO_INCREMENT,
  `atribute_type` int(11) DEFAULT NULL,
  `atribute_link` int(11) DEFAULT NULL,
  `atribute_color` varchar(10) NOT NULL,
  `atribute_font` varchar(10) NOT NULL,
  `atribute_condition` varchar(200) NOT NULL,
  `atribute_default` varchar(200) NOT NULL,
  `atribute_priority` int(11) NOT NULL,
  `atribute_required` int(11) DEFAULT NULL,
  `atribute_var` varchar(50) DEFAULT NULL,
  `atribute_format` varchar(50) NOT NULL,
  `atribute_prefix` varchar(100) NOT NULL,
  `atribute_postfix` varchar(100) NOT NULL,
  `atribute_language` tinyint(1) DEFAULT 0,
  `atribute_editdate` datetime NOT NULL,
  PRIMARY KEY (`atribute_id`),
  KEY `atribute_var` (`atribute_var`),
  KEY `atribute_var_2` (`atribute_var`)
) ENGINE=InnoDB AUTO_INCREMENT=271 DEFAULT CHARSET=utf8;

--
-- Dumping data for table `ngn_articles_atribute`
--

INSERT INTO `ngn_articles_atribute` VALUES (21,10,NULL,'','','','',1,0,'parent_article','','','',0,'0000-00-00 00:00:00'),(24,9,NULL,'#ca7a7a','','','',0,1,'','','','',1,'0000-00-00 00:00:00'),(25,8,NULL,'','','','',0,0,'selling_item','','','',0,'0000-00-00 00:00:00'),(26,8,NULL,'','','','',0,NULL,NULL,'','','',0,'0000-00-00 00:00:00'),(27,8,NULL,'','','','',0,0,'hide_in_stock','','','',0,'0000-00-00 00:00:00'),(29,8,NULL,'','','','',0,NULL,'article_has_stock','','','',0,'0000-00-00 00:00:00'),(30,8,NULL,'','','','',0,0,'show_survey','','','',0,'0000-00-00 00:00:00'),(31,8,NULL,'','','','',0,NULL,NULL,'','','',0,'0000-00-00 00:00:00'),(32,8,NULL,'','','','',0,0,'show_in_cashier','','','',0,'0000-00-00 00:00:00'),(33,8,NULL,'','','','',0,NULL,NULL,'','','',0,'0000-00-00 00:00:00'),(34,8,NULL,'','','','',0,NULL,NULL,'','','',0,'0000-00-00 00:00:00'),(35,0,NULL,'','','','',0,0,'serial_number','','','',0,'0000-00-00 00:00:00'),(36,5,NULL,'','','','',0,NULL,NULL,'','','',0,'0000-00-00 00:00:00'),(37,5,NULL,'','','','',0,NULL,NULL,'','','',0,'0000-00-00 00:00:00'),(38,5,NULL,'','','','',0,NULL,NULL,'','','',0,'0000-00-00 00:00:00'),(39,11,NULL,'','','','',0,0,'importer','','','',0,'0000-00-00 00:00:00'),(40,1,NULL,'','','','',0,NULL,NULL,'','','',0,'0000-00-00 00:00:00'),(41,6,NULL,'','','','',0,0,'_3','','','',0,'0000-00-00 00:00:00'),(42,1,NULL,'','','','',0,NULL,NULL,'','','',0,'0000-00-00 00:00:00'),(43,3,NULL,'','','','',0,NULL,NULL,'','','',0,'0000-00-00 00:00:00'),(44,3,NULL,'','','','',0,NULL,NULL,'','','',0,'0000-00-00 00:00:00'),(45,5,NULL,'','','','',0,NULL,NULL,'','','',0,'0000-00-00 00:00:00'),(46,8,NULL,'','','','',0,NULL,NULL,'','','',0,'0000-00-00 00:00:00'),(47,8,NULL,'','','','',0,NULL,NULL,'','','',0,'0000-00-00 00:00:00'),(48,0,NULL,'','','','',0,NULL,NULL,'','','',0,'0000-00-00 00:00:00'),(49,2,NULL,'','','','',0,NULL,NULL,'','',' kg',0,'0000-00-00 00:00:00'),(50,2,NULL,'','','','',0,NULL,NULL,'','',' kg',0,'0000-00-00 00:00:00'),(51,0,NULL,'','','','',0,NULL,NULL,'','','',0,'0000-00-00 00:00:00'),(52,2,NULL,'','','','',0,NULL,NULL,'','','',0,'0000-00-00 00:00:00'),(53,2,NULL,'','','','',0,NULL,NULL,'','','',0,'0000-00-00 00:00:00'),(54,2,NULL,'','','','',0,NULL,NULL,'','','',0,'0000-00-00 00:00:00'),(55,1,NULL,'','','','',0,NULL,NULL,'','','',0,'0000-00-00 00:00:00'),(56,0,NULL,'','','','',0,NULL,NULL,'','','',0,'0000-00-00 00:00:00'),(57,0,NULL,'','','','',0,NULL,NULL,'','','',0,'0000-00-00 00:00:00'),(58,0,NULL,'','','','',0,NULL,NULL,'','','',0,'0000-00-00 00:00:00'),(59,0,NULL,'','','','',0,0,'ean','','','',0,'0000-00-00 00:00:00'),(60,0,NULL,'','','','',0,0,'','','','',0,'0000-00-00 00:00:00'),(61,5,NULL,'','','','13',0,0,'units','','','',0,'0000-00-00 00:00:00'),(62,0,NULL,'','','','',0,NULL,NULL,'','','',0,'0000-00-00 00:00:00'),(63,8,NULL,'','','','',0,NULL,NULL,'','','',0,'0000-00-00 00:00:00'),(64,2,NULL,'','','','',0,NULL,NULL,'','','',0,'0000-00-00 00:00:00'),(65,2,NULL,'','','','',0,NULL,NULL,'','','',0,'0000-00-00 00:00:00'),(66,2,NULL,'','','','',0,NULL,NULL,'','','',0,'0000-00-00 00:00:00'),(67,2,NULL,'','','','',0,NULL,NULL,'','','',0,'0000-00-00 00:00:00'),(68,0,NULL,'','','','',0,0,'article_code','','','',0,'0000-00-00 00:00:00'),(69,2,NULL,'','','','',0,0,'','','','',0,'0000-00-00 00:00:00'),(70,2,NULL,'','','','',0,0,'_2','','','',0,'0000-00-00 00:00:00'),(71,2,NULL,'','','','',0,NULL,NULL,'','','',0,'0000-00-00 00:00:00'),(72,1,NULL,'','','','',0,NULL,NULL,'','','',0,'0000-00-00 00:00:00'),(74,5,NULL,'','','','11',0,0,'article_type','','','',0,'2022-10-24 09:54:07'),(75,1,NULL,'','','','',0,NULL,NULL,'','','',0,'0000-00-00 00:00:00'),(76,1,NULL,'','','','',0,NULL,NULL,'','','',0,'0000-00-00 00:00:00'),(77,1,NULL,'','','','',0,NULL,NULL,'','','',0,'0000-00-00 00:00:00'),(78,1,NULL,'','','','',0,NULL,NULL,'','','',0,'0000-00-00 00:00:00'),(79,10,NULL,'','','','',0,0,'_2','','','',0,'0000-00-00 00:00:00'),(80,9,NULL,'','','','',0,0,'','','','',0,'0000-00-00 00:00:00'),(81,2,NULL,'','','','',0,NULL,NULL,'','','',0,'0000-00-00 00:00:00'),(82,2,NULL,'','','','',0,NULL,NULL,'','','',0,'0000-00-00 00:00:00'),(83,2,NULL,'','','','',0,NULL,NULL,'','','',0,'0000-00-00 00:00:00'),(84,2,NULL,'#8a87e4','','','',0,0,'','','','',0,'0000-00-00 00:00:00'),(85,1,NULL,'#f30f0f','#0046ff','','',0,1,'_2','','','',0,'0000-00-00 00:00:00'),(86,0,NULL,'','','','',0,NULL,NULL,'','','',0,'0000-00-00 00:00:00'),(87,2,NULL,'','','','',0,NULL,NULL,'','','',0,'0000-00-00 00:00:00'),(88,3,NULL,'','','','',0,NULL,NULL,'','','',0,'0000-00-00 00:00:00'),(89,4,NULL,'','','','',0,NULL,NULL,'','','',0,'0000-00-00 00:00:00'),(90,5,NULL,'','','','',0,0,'','','','',0,'0000-00-00 00:00:00'),(91,6,NULL,'','','','',0,0,'','','','',0,'0000-00-00 00:00:00'),(92,7,NULL,'','','','',0,NULL,NULL,'','','',0,'0000-00-00 00:00:00'),(93,8,NULL,'','','','',0,NULL,NULL,'','','',0,'0000-00-00 00:00:00'),(94,9,NULL,'','','','',0,NULL,NULL,'','','',0,'0000-00-00 00:00:00'),(95,10,NULL,'','','','',0,NULL,NULL,'','','',0,'0000-00-00 00:00:00'),(96,11,NULL,'#4e1515','#00ff62','','',1,1,'link_users','2123113','','',1,'0000-00-00 00:00:00'),(97,1,NULL,'','','','',0,NULL,NULL,'','','',0,'0000-00-00 00:00:00'),(98,8,NULL,'','','','',0,0,'','','','',0,'0000-00-00 00:00:00'),(99,8,NULL,'','','','',0,NULL,NULL,'','','',0,'0000-00-00 00:00:00'),(100,5,NULL,'','','','',0,0,'','','','',0,'0000-00-00 00:00:00'),(101,5,NULL,'','','','',0,0,'','','','',0,'0000-00-00 00:00:00'),(102,0,NULL,'','','','',0,0,'location','','','',0,'0000-00-00 00:00:00'),(103,1,NULL,'','','','',0,NULL,NULL,'','','',0,'0000-00-00 00:00:00'),(104,5,NULL,'','','','',1,0,'tax','','','',0,'0000-00-00 00:00:00'),(105,5,NULL,'','','','',1,0,'','','','',0,'0000-00-00 00:00:00'),(106,2,NULL,'','','','',1,0,'possible_price','','','',0,'0000-00-00 00:00:00'),(107,0,NULL,'','','','',0,0,'upc','','','',0,'0000-00-00 00:00:00'),(108,0,NULL,'','','','',1,0,'article_mod','','','',0,'0000-00-00 00:00:00'),(109,0,NULL,'','','','',1,0,'varant','','','',0,'0000-00-00 00:00:00'),(110,0,NULL,'','','','',1,0,'gift','','','',0,'0000-00-00 00:00:00'),(111,0,NULL,'','','','',1,0,'coupon','','','',0,'0000-00-00 00:00:00'),(112,0,NULL,'','','','',1,0,'cuin','','','',0,'0000-00-00 00:00:00'),(113,0,NULL,'','','','',1,0,'brand','','','',0,'0000-00-00 00:00:00'),(114,0,NULL,'','','','',1,0,'in_stock','','','',0,'0000-00-00 00:00:00'),(115,0,NULL,'','','','',1,0,'source_link','','','',0,'0000-00-00 00:00:00'),(116,0,NULL,'','','','',1,0,'parser','','','',0,'0000-00-00 00:00:00'),(117,5,NULL,'','','','',1,0,'in_tax','','','',0,'0000-00-00 00:00:00'),(118,8,NULL,'','','','',1,0,'','','','',0,'0000-00-00 00:00:00'),(119,8,NULL,'','','','',0,0,'show_in_shop','','','',0,'0000-00-00 00:00:00'),(120,0,NULL,'','','','#578ebe',1,0,'cashier_button_color','','','',0,'0000-00-00 00:00:00'),(121,0,NULL,'','','','users',1,0,'cashier_button_icon','','','',0,'0000-00-00 00:00:00'),(122,0,NULL,'','','','#ffffff',1,0,'cashier_button_font_color','','','',0,'0000-00-00 00:00:00'),(123,5,NULL,'','','','',1,0,'stock_show_type','','','',0,'0000-00-00 00:00:00'),(124,2,NULL,'','','','',1,0,'width','','','',0,'0000-00-00 00:00:00'),(125,2,NULL,'','','','',1,0,'height','','','',0,'0000-00-00 00:00:00'),(126,2,NULL,'','','','',1,0,'deep','','','',0,'0000-00-00 00:00:00'),(250,0,NULL,'','','','',1,0,'breadcrumbs_upper_text','','','',0,'2022-04-08 13:11:40'),(251,0,NULL,'','','','',1,0,'breadcrumbs_lower_text','','','',0,'2022-04-08 13:11:52'),(252,8,NULL,'','','','',1,0,'show_articles_by_category','','','',0,'2022-07-14 11:00:55'),(253,7,NULL,'','','','',1,0,'custom_name','','','',1,'2022-08-24 09:24:38'),(254,5,NULL,'','','','',1,0,'price_color','','','',0,'2022-08-22 11:04:21'),(255,7,NULL,'','','','',1,0,'ingredients','','','',1,'2022-09-20 15:22:52'),(256,0,NULL,'','','','',1,0,'custom_quantity','','','',0,'2022-09-20 15:23:00'),(257,7,NULL,'','','','',1,0,'long_name','','','',1,'2022-08-24 09:33:46'),(258,8,NULL,'','','','',1,0,'subpage_menu','','','',0,'2022-08-24 14:42:24'),(259,8,NULL,'','','','',1,0,'hide_breadcrumbs','','','',0,'2022-09-21 14:10:25'),(260,6,NULL,'','','','',1,0,'pair_with','','','',0,'2022-10-14 11:48:44'),(261,5,NULL,'','','','',1,0,'piquancy','','','',0,'2022-09-21 11:53:24'),(262,5,NULL,'','','','',1,0,'oil_theme','','','',0,'2022-10-14 15:46:06'),(263,6,NULL,'','','','',1,0,'badges','','','',0,'2022-09-21 14:15:46'),(264,8,NULL,'','','','',1,0,'narrower','','','',0,'2022-10-20 11:03:52'),(265,8,NULL,'','','','',1,0,'force_grid','','','',0,'2022-10-24 15:15:14'),(266,8,NULL,'','','','',1,0,'show_only_on_mobile','','','',0,'2022-10-27 14:38:59'),(267,8,NULL,'','','','',1,0,'demand_product','','','',0,'2022-10-28 11:44:16'),(268,10,NULL,'','','','',1,0,'giftbox_article','','','',0,'2023-01-16 08:57:19'),(269,8,NULL,'','','','',1,0,'article_out_of_stock','','','',0,'2023-03-13 08:37:24'),(270,0,NULL,'','','','',1,0,'subtitle','','','',1,'2023-06-01 15:45:31');

--
-- Table structure for table `ngn_articles_atribute_display`
--

CREATE TABLE `ngn_articles_atribute_display` (
  `atribute_id` int(11) NOT NULL,
  `display_id` int(11) DEFAULT NULL,
  PRIMARY KEY (`atribute_id`),
  KEY `display_id_idx` (`display_id`)
) ENGINE=InnoDB DEFAULT CHARSET=utf8;

--
-- Dumping data for table `ngn_articles_atribute_display`
--


--
-- Table structure for table `ngn_articles_atribute_display_values`
--

CREATE TABLE `ngn_articles_atribute_display_values` (
  `display_id` int(11) NOT NULL,
  PRIMARY KEY (`display_id`)
) ENGINE=InnoDB DEFAULT CHARSET=utf8;

--
-- Dumping data for table `ngn_articles_atribute_display_values`
--


--
-- Table structure for table `ngn_articles_atribute_display_values_language`
--

CREATE TABLE `ngn_articles_atribute_display_values_language` (
  `display_id` int(11) NOT NULL,
  `language_id` int(11) DEFAULT NULL,
  `language_name` varchar(100) DEFAULT NULL,
  PRIMARY KEY (`display_id`),
  KEY `language_id_idx` (`language_id`)
) ENGINE=InnoDB DEFAULT CHARSET=utf8;

--
-- Dumping data for table `ngn_articles_atribute_display_values_language`
--


--
-- Table structure for table `ngn_articles_atribute_language`
--

CREATE TABLE `ngn_articles_atribute_language` (
  `atribute_id` int(11) NOT NULL,
  `language_id` int(11) NOT NULL DEFAULT 0,
  `editdate` datetime NOT NULL,
  `enable` int(11) NOT NULL,
  `approved` int(1) NOT NULL DEFAULT 0,
  `language_name` varchar(200) DEFAULT NULL,
  `language_description` text DEFAULT NULL,
  `language_meta` text DEFAULT NULL,
  `language_keywords` varchar(100) DEFAULT NULL,
  `language_url` varchar(100) DEFAULT NULL,
  `language_photo` varchar(100) NOT NULL DEFAULT '',
  PRIMARY KEY (`atribute_id`,`language_id`),
  KEY `language_id` (`language_id`),
  KEY `atribute_id` (`atribute_id`),
  KEY `editdate` (`editdate`)
) ENGINE=InnoDB DEFAULT CHARSET=utf8;

--
-- Dumping data for table `ngn_articles_atribute_language`
--

INSERT INTO `ngn_articles_atribute_language` VALUES (21,1,'2021-08-16 13:10:32',0,1,'Glavni artikel','','','','',''),(21,2,'2021-08-16 13:10:32',0,1,'Glavni artikel','','','','',''),(24,1,'0000-00-00 00:00:00',0,0,'Tip','','','','',''),(24,2,'0000-00-00 00:00:00',0,0,'Tip','','','','',''),(25,1,'2020-03-20 15:38:48',0,1,'Prodajni artikel','','','','',''),(25,2,'2020-03-20 15:38:48',0,1,'Prodajni artikel','','','','',''),(26,1,'0000-00-00 00:00:00',0,0,'Nabavni artikel','','','','',''),(26,2,'0000-00-00 00:00:00',0,0,'Nabavni artikel','','','','',''),(27,1,'0000-00-00 00:00:00',0,1,'Skrij artikel v zalogah','','','','',''),(27,2,'0000-00-00 00:00:00',0,1,'Skrij artikel v zalogah','','','','',''),(28,1,'0000-00-00 00:00:00',0,0,'XML izvozna datoteka','','','','',''),(28,2,'0000-00-00 00:00:00',0,0,'XML izvozna datoteka','','','','',''),(29,1,'2022-03-09 09:39:17',0,0,'Proizvodi brez zaloge','','','','',''),(29,2,'2022-03-09 09:39:17',0,0,'Proizvodi brez zaloge','','','','',''),(30,1,'2020-01-08 08:27:00',0,1,'Prikaži anketo','','','','',''),(30,2,'2020-01-08 08:27:00',0,1,'Prikaži anketo','','','','',''),(31,1,'0000-00-00 00:00:00',0,0,'Več dobavitevljev','','','','',''),(31,2,'0000-00-00 00:00:00',0,0,'Več dobavitevljev','','','','',''),(32,1,'0000-00-00 00:00:00',0,1,'Prikaži v blagajni','','','','',''),(32,2,'0000-00-00 00:00:00',0,1,'Prikaži v blagajni','','','','',''),(33,1,'0000-00-00 00:00:00',0,0,'Artikel za izpos.','','','','',''),(33,2,'0000-00-00 00:00:00',0,0,'Artikel za izpos.','','','','',''),(34,1,'0000-00-00 00:00:00',0,0,'Veljavnost serijske št.','','','','',''),(34,2,'0000-00-00 00:00:00',0,0,'Veljavnost serijske št.','','','','',''),(35,1,'0000-00-00 00:00:00',0,1,'Serijska števlka','','','','',''),(35,2,'0000-00-00 00:00:00',0,1,'Serijska števlka','','','','',''),(36,1,'0000-00-00 00:00:00',0,0,'Konto realizacije z davkom','','','','',''),(36,2,'0000-00-00 00:00:00',0,0,'Konto realizacije z davkom','','','','',''),(37,1,'0000-00-00 00:00:00',0,0,'Konto realizacije brez davkom','','','','',''),(37,2,'0000-00-00 00:00:00',0,0,'Konto realizacije brez davkom','','','','',''),(38,1,'0000-00-00 00:00:00',0,0,'Strošk. mesto','','','','',''),(38,2,'0000-00-00 00:00:00',0,0,'Strošk. mesto','','','','',''),(39,1,'0000-00-00 00:00:00',0,1,'Dobavitelj','','','','',''),(39,2,'0000-00-00 00:00:00',0,1,'Dobavitelj','','','','',''),(40,1,'0000-00-00 00:00:00',0,0,'Katalog','','','','',''),(40,2,'0000-00-00 00:00:00',0,0,'Katalog','','','','',''),(41,1,'0000-00-00 00:00:00',0,1,'Segmentirana skupina','','','','',''),(41,2,'0000-00-00 00:00:00',0,1,'Segmentirana skupina','','','','',''),(42,1,'0000-00-00 00:00:00',0,0,'Katalog številka','','','','',''),(42,2,'0000-00-00 00:00:00',0,0,'Katalog številka','','','','',''),(43,1,'0000-00-00 00:00:00',0,0,'Pregledal Luka','','','','',''),(43,2,'0000-00-00 00:00:00',0,0,'Pregledal Luka','','','','',''),(44,1,'0000-00-00 00:00:00',0,0,'Pregledal Direktor','','','','',''),(44,2,'0000-00-00 00:00:00',0,0,'Pregledal Direktor','','','','',''),(45,1,'0000-00-00 00:00:00',0,0,'Skladišče','','','','',''),(45,2,'0000-00-00 00:00:00',0,0,'Skladišče','','','','',''),(46,1,'0000-00-00 00:00:00',0,0,'Avtomatsko knjiženje zaloge','','','','',''),(46,2,'0000-00-00 00:00:00',0,0,'Avtomatsko knjiženje zaloge','','','','',''),(47,1,'0000-00-00 00:00:00',0,0,'Avtomatsko naročanje','','','','',''),(47,2,'0000-00-00 00:00:00',0,0,'Avtomatsko naročanje','','','','',''),(48,1,'0000-00-00 00:00:00',0,0,'Dimenzije','','','','',''),(48,2,'0000-00-00 00:00:00',0,0,'Dimenzije','','','','',''),(49,1,'0000-00-00 00:00:00',0,0,'Neto teža [kg]','','','','',''),(49,2,'0000-00-00 00:00:00',0,0,'Neto teža [kg]','','','','',''),(50,1,'0000-00-00 00:00:00',0,0,'Bruto teža [kg]','','','','',''),(50,2,'0000-00-00 00:00:00',0,0,'Bruto teža [kg]','','','','',''),(51,1,'0000-00-00 00:00:00',0,0,'Dimenzije pakiranja [cm]','','','','',''),(51,2,'0000-00-00 00:00:00',0,0,'Dimenzije pakiranja [cm]','','','','',''),(52,1,'0000-00-00 00:00:00',0,0,'Volumen','','','','',''),(52,2,'0000-00-00 00:00:00',0,0,'Volumen','','','','',''),(53,1,'0000-00-00 00:00:00',0,0,'Minimalna zaloga','','','','',''),(53,2,'0000-00-00 00:00:00',0,0,'Minimalna zaloga','','','','',''),(54,1,'0000-00-00 00:00:00',0,0,'Predlog naročila','','','','',''),(54,2,'0000-00-00 00:00:00',0,0,'Predlog naročila','','','','',''),(55,1,'0000-00-00 00:00:00',0,0,'Dobavni rok','','','','',''),(55,2,'0000-00-00 00:00:00',0,0,'Dobavni rok','','','','',''),(56,1,'0000-00-00 00:00:00',0,0,'Dimenzije artikla [X cm]','','','','',''),(56,2,'0000-00-00 00:00:00',0,0,'Dimenzije artikla [X cm]','','','','',''),(57,1,'0000-00-00 00:00:00',0,0,'Št. naročila','','','','',''),(57,2,'0000-00-00 00:00:00',0,0,'Št. naročila','','','','',''),(58,1,'0000-00-00 00:00:00',0,0,'Številka proizvajalca','','','','',''),(58,2,'0000-00-00 00:00:00',0,0,'Številka proizvajalca','','','','',''),(59,1,'0000-00-00 00:00:00',0,1,'EAN','','','','',''),(59,2,'0000-00-00 00:00:00',0,1,'EAN','','','','',''),(60,1,'0000-00-00 00:00:00',0,0,'Besedilo naročila','','','','',''),(60,2,'0000-00-00 00:00:00',0,0,'Besedilo naročila','','','','',''),(61,1,'0000-00-00 00:00:00',0,1,'Zapis za mere','','','','',''),(61,2,'0000-00-00 00:00:00',0,1,'Zapis za mere','','','','',''),(62,1,'0000-00-00 00:00:00',0,0,'Format za pozicijo (prepona)','','','','',''),(62,2,'0000-00-00 00:00:00',0,0,'Format za pozicijo (prepona)','','','','',''),(63,1,'0000-00-00 00:00:00',0,0,'Vedno uporabi besedilo za naročanje pri naročilih','','','','',''),(63,2,'0000-00-00 00:00:00',0,0,'Vedno uporabi besedilo za naročanje pri naročilih','','','','',''),(64,1,'0000-00-00 00:00:00',0,0,'Zarez','','','','',''),(64,2,'0000-00-00 00:00:00',0,0,'Zarez','','','','',''),(65,1,'0000-00-00 00:00:00',0,0,'Min. konec','','','','',''),(65,2,'0000-00-00 00:00:00',0,0,'Min. konec','','','','',''),(66,1,'0000-00-00 00:00:00',0,0,'Max. odpadek','','','','',''),(66,2,'0000-00-00 00:00:00',0,0,'Max. odpadek','','','','',''),(67,1,'0000-00-00 00:00:00',0,0,'Nastavitve dolžine','','','','',''),(67,2,'0000-00-00 00:00:00',0,0,'Nastavitve dolžine','','','','',''),(68,1,'0000-00-00 00:00:00',0,1,'Št. artikla','','','','',''),(68,2,'0000-00-00 00:00:00',0,1,'Št. artikla','','','','',''),(69,1,'0000-00-00 00:00:00',0,0,'X','','','','',''),(69,2,'0000-00-00 00:00:00',0,0,'X','','','','',''),(70,1,'0000-00-00 00:00:00',0,0,'Y','','','','',''),(70,2,'0000-00-00 00:00:00',0,0,'Y','','','','',''),(71,1,'0000-00-00 00:00:00',0,0,'C','','','','',''),(71,2,'0000-00-00 00:00:00',0,0,'C','','','','',''),(72,1,'0000-00-00 00:00:00',0,0,'Nabavna cena','','','','',''),(72,2,'0000-00-00 00:00:00',0,0,'Nabavna cena','','','','',''),(74,1,'2022-10-24 09:54:04',0,1,'Tip artikla','','','','',''),(74,2,'2022-10-24 09:54:07',0,1,'Tip artikla','','','','',''),(75,1,'0000-00-00 00:00:00',0,0,'Privzeti cenik','','','','',''),(75,2,'0000-00-00 00:00:00',0,0,'Privzeti cenik','','','','',''),(76,1,'0000-00-00 00:00:00',0,0,'Cenik za nabavo','','','','',''),(76,2,'0000-00-00 00:00:00',0,0,'Cenik za nabavo','','','','',''),(77,1,'0000-00-00 00:00:00',0,0,'ID za sestavnico','','','','',''),(77,2,'0000-00-00 00:00:00',0,0,'ID za sestavnico','','','','',''),(78,1,'0000-00-00 00:00:00',0,0,'Kategorija za sestavnico','','','','',''),(78,2,'0000-00-00 00:00:00',0,0,'Kategorija za sestavnico','','','','',''),(79,1,'0000-00-00 00:00:00',0,0,'Test atribut','','','','',''),(79,2,'0000-00-00 00:00:00',0,0,'Test atribut','','','','',''),(80,1,'0000-00-00 00:00:00',0,0,'Test','','','','',''),(80,2,'0000-00-00 00:00:00',0,0,'Test','','','','',''),(81,1,'0000-00-00 00:00:00',0,0,'Zaloga A','','','','',''),(81,2,'0000-00-00 00:00:00',0,0,'Zaloga A','','','','',''),(82,1,'0000-00-00 00:00:00',0,0,'Zaloga B','','','','',''),(82,2,'0000-00-00 00:00:00',0,0,'Zaloga B','','','','',''),(83,1,'0000-00-00 00:00:00',0,0,'Zaloga C','','','','',''),(83,2,'0000-00-00 00:00:00',0,0,'Zaloga C','','','','',''),(84,1,'0000-00-00 00:00:00',0,0,'Zaloga D','','','','',''),(84,2,'0000-00-00 00:00:00',0,0,'Zaloga D','','','','',''),(85,1,'0000-00-00 00:00:00',0,0,'TEST_number','','','','',''),(85,2,'0000-00-00 00:00:00',0,0,'TEST_number','','','','',''),(86,1,'0000-00-00 00:00:00',0,0,'TEST_text','','','','',''),(86,2,'0000-00-00 00:00:00',0,0,'TEST_text','','','','',''),(87,1,'0000-00-00 00:00:00',0,0,'TEST_decimal','','','','',''),(87,2,'0000-00-00 00:00:00',0,0,'TEST_decimal','','','','',''),(88,1,'0000-00-00 00:00:00',0,0,'TEST_datum','','','','',''),(88,2,'0000-00-00 00:00:00',0,0,'TEST_datum','','','','',''),(89,1,'0000-00-00 00:00:00',0,0,'TEST_time','','','','',''),(89,2,'0000-00-00 00:00:00',0,0,'TEST_time','','','','',''),(90,1,'0000-00-00 00:00:00',0,0,'TEST_dropdown','','','','',''),(90,2,'0000-00-00 00:00:00',0,0,'TEST_dropdown','','','','',''),(91,1,'0000-00-00 00:00:00',0,0,'TEST_checkbox','','','','',''),(91,2,'0000-00-00 00:00:00',0,0,'TEST_checkbox','','','','',''),(92,1,'0000-00-00 00:00:00',0,0,'TEST_vsebina','','','','',''),(92,2,'0000-00-00 00:00:00',0,0,'TEST_vsebina','','','','',''),(93,1,'0000-00-00 00:00:00',0,0,'TEST_dane','','','','',''),(93,2,'0000-00-00 00:00:00',0,0,'TEST_dane','','','','',''),(94,1,'0000-00-00 00:00:00',0,0,'TEST_link','','','','',''),(94,2,'0000-00-00 00:00:00',0,0,'TEST_link','','','','',''),(95,1,'0000-00-00 00:00:00',0,0,'TEST_link_news','','','','',''),(95,2,'0000-00-00 00:00:00',0,0,'TEST_link_news','','','','',''),(96,1,'0000-00-00 00:00:00',0,0,'TEST_link_users','','','','',''),(96,2,'0000-00-00 00:00:00',0,0,'TEST_link_users','','','','',''),(97,1,'0000-00-00 00:00:00',0,0,'ID za odpis','','','','',''),(97,2,'0000-00-00 00:00:00',0,0,'ID za odpis','','','','',''),(98,1,'0000-00-00 00:00:00',0,0,'Cena v ceniku','','','','',''),(98,2,'0000-00-00 00:00:00',0,0,'Cena v ceniku','','','','',''),(99,1,'0000-00-00 00:00:00',0,0,'Dodatek montaže','','','','',''),(99,2,'0000-00-00 00:00:00',0,0,'Dodatek montaže','','','','',''),(100,1,'0000-00-00 00:00:00',0,1,'Cenik','','','','',''),(100,2,'0000-00-00 00:00:00',0,1,'Cenik','','','','',''),(101,1,'0000-00-00 00:00:00',0,0,'TT','','','','',''),(101,2,'0000-00-00 00:00:00',0,0,'TT','','','','',''),(102,1,'0000-00-00 00:00:00',0,1,'Lokacija','','','','',''),(102,2,'0000-00-00 00:00:00',0,1,'Lokacija','','','','',''),(103,1,'0000-00-00 00:00:00',0,0,'Teža enote naročila','','','','',''),(103,2,'0000-00-00 00:00:00',0,0,'Teža enote naročila','','','','',''),(104,1,'2020-01-04 12:34:35',0,1,'Davčna stopnja','','','','',''),(104,2,'2020-01-04 12:34:35',0,1,'Davčna stopnja','','','','',''),(105,1,'0000-00-00 00:00:00',0,1,'Zapis mere','','','','',''),(105,2,'0000-00-00 00:00:00',0,1,'Zapis mere','','','','',''),(106,1,'0000-00-00 00:00:00',0,1,'Informativna cena','','','','',''),(106,2,'0000-00-00 00:00:00',0,1,'Informativna cena','','','','',''),(107,1,'0000-00-00 00:00:00',0,1,'UPC','','','','',''),(107,2,'0000-00-00 00:00:00',0,1,'UPC','','','','',''),(108,1,'0000-00-00 00:00:00',0,1,'MODARTIKLA','','','','',''),(108,2,'0000-00-00 00:00:00',0,1,'MODARTIKLA','','','','',''),(109,1,'0000-00-00 00:00:00',0,1,'Garancija','','','','',''),(109,2,'0000-00-00 00:00:00',0,1,'Garancija','','','','',''),(110,1,'0000-00-00 00:00:00',0,1,'Darilo','','','','',''),(110,2,'0000-00-00 00:00:00',0,1,'Darilo','','','','',''),(111,1,'0000-00-00 00:00:00',0,1,'Kupon','','','','',''),(111,2,'0000-00-00 00:00:00',0,1,'Kupon','','','','',''),(112,1,'0000-00-00 00:00:00',0,1,'CUIN','','','','',''),(112,2,'0000-00-00 00:00:00',0,1,'CUIN','','','','',''),(113,1,'0000-00-00 00:00:00',0,1,'Proizvajalec','','','','',''),(113,2,'0000-00-00 00:00:00',0,1,'Proizvajalec','','','','',''),(114,1,'0000-00-00 00:00:00',0,1,'Status zaloge','','','','',''),(114,2,'0000-00-00 00:00:00',0,1,'Status zaloge','','','','',''),(115,1,'0000-00-00 00:00:00',0,1,'Izvorni url','','','','',''),(115,2,'0000-00-00 00:00:00',0,1,'Izvorni url','','','','',''),(116,1,'0000-00-00 00:00:00',0,1,'Izvor podatkov','','','','',''),(116,2,'0000-00-00 00:00:00',0,1,'Izvor podatkov','','','','',''),(117,1,'2020-01-04 12:34:24',0,1,'Vhodni davek','','','','',''),(117,2,'2020-01-04 12:34:24',0,1,'Vhodni davek','','','','',''),(118,1,'0000-00-00 00:00:00',0,1,'Izdelek na konsignaciji','','','','',''),(118,2,'0000-00-00 00:00:00',0,1,'Izdelek na konsignaciji','','','','',''),(119,1,'2020-03-20 15:38:51',0,1,'Prikaži v spletni trgovini','','','','',''),(119,2,'2020-03-20 15:38:51',0,1,'Prikaži v spletni trgovini','','','','',''),(120,1,'2020-07-01 08:29:09',0,1,'Barva gumba v blagajni','','','','',''),(120,2,'2020-07-01 08:29:09',0,1,'Barva gumba v blagajni','','','','',''),(121,1,'2020-07-01 10:10:34',0,1,'Ikona gumba v blagajni','','','','',''),(121,2,'2020-07-01 10:10:34',0,1,'Ikona gumba v blagajni','','','','',''),(122,1,'2020-07-01 10:17:24',0,1,'Barva besedila gumba v blagajni','','','','',''),(122,2,'2020-07-01 10:17:24',0,1,'Barva besedila gumba v blagajni','','','','',''),(123,1,'2020-11-10 12:08:06',0,1,'Tip prikaza zaloge','','','','',''),(123,2,'2020-11-10 12:08:06',0,1,'Tip prikaza zaloge','','','','',''),(124,1,'2020-08-31 11:53:07',0,1,'Širina','','','','',''),(124,2,'2020-08-31 11:53:07',0,1,'Širina','','','','',''),(125,1,'2020-08-31 11:53:10',0,1,'Višina','','','','',''),(125,2,'2020-08-31 11:53:10',0,1,'Višina','','','','',''),(126,1,'2020-08-31 11:53:15',0,1,'Globina','','','','',''),(126,2,'2020-08-31 11:53:15',0,1,'Globina','','','','',''),(250,1,'2022-04-08 13:11:40',0,1,'Zgornji tekst v breadcrumbs-ih','','','','',''),(250,2,'2022-04-08 13:11:40',0,1,'Zgornji tekst v breadcrumbs-ih','','','','',''),(251,1,'2022-04-08 13:11:52',0,1,'Spodnji tekst v breadcrumbs-ih','','','','',''),(251,2,'2022-04-08 13:11:52',0,1,'Spodnji tekst v breadcrumbs-ih','','','','',''),(252,1,'2022-07-14 11:00:55',0,1,'Prikaži artikle po podkategorijah','','','','',''),(252,2,'2022-07-14 11:00:55',0,1,'Prikaži artikle po podkategorijah','','','','',''),(253,1,'2022-08-24 09:24:36',0,1,'Bogato ime (prepiše ime)','','','','',''),(253,2,'2022-08-24 09:24:38',0,1,'Bogato ime (prepiše ime)','','','','',''),(254,1,'2022-08-22 11:04:21',0,1,'Barva cene (kozmetika)','','','','',''),(254,2,'2022-08-19 09:13:08',0,1,'Barva cene (kozmetika)','','','','',''),(255,1,'2022-09-20 15:22:45',0,1,'Sestavine','','','','',''),(255,2,'2022-09-20 15:22:52',0,1,'Ingredients','','','','',''),(256,1,'2022-09-20 15:22:57',0,1,'Količina','','','','',''),(256,2,'2022-09-20 15:23:00',0,1,'Quantity','','','','',''),(257,1,'2022-08-24 09:33:46',0,1,'Daljše ime (prepiše ime na strani produkta)','','','','',''),(257,2,'2022-08-24 09:31:11',0,1,'Daljše ime (prepiše ime na strani produkta)','','','','',''),(258,1,'2022-08-24 14:42:23',0,1,'Vklopi podmeni','','','','',''),(258,2,'2022-08-24 14:42:24',0,1,'Vklopi podmeni','','','','',''),(259,1,'2022-09-21 14:10:20',0,1,'Skrij breadcrumbs-e','','','','',''),(259,2,'2022-09-21 14:10:25',0,1,'Skrij breadcrumbs-e','','','','',''),(260,1,'2022-10-14 11:48:44',0,1,'priporočamo','','','','',''),(260,2,'2022-09-21 11:56:50',0,1,'pair with','','','','',''),(261,1,'2022-09-21 11:53:21',0,1,'pikantnost','','','','',''),(261,2,'2022-09-21 11:53:24',0,1,'piquancy','','','','',''),(262,1,'2022-10-14 15:46:06',0,1,'Barva (olja)','','','','',''),(262,2,'2022-09-21 14:10:12',0,1,'Color (oil)','','','','',''),(263,1,'2022-09-21 14:14:44',0,1,'Značke','','','','',''),(263,2,'2022-09-21 14:15:46',0,1,'Badges','','','','',''),(264,1,'2022-09-22 09:15:42',0,1,'Ožja slika','','','','',''),(264,2,'2022-10-20 11:03:52',0,1,'Ožja slika','','','','',''),(265,1,'2022-10-24 15:15:11',0,1,'Prikaži grid','','','','',''),(265,2,'2022-10-24 15:15:14',0,1,'Force grid','','','','',''),(266,1,'2022-10-27 14:38:53',0,1,'Prikaži le na mobile','','','','',''),(266,2,'2022-10-27 14:38:59',0,1,'Prikaži le na mobile','','','','',''),(267,1,'2022-10-28 11:44:12',0,1,'Produkt s povpraševanjem','','','','',''),(267,2,'2022-10-28 11:44:16',0,1,'Produkt s povpraševanjem','','','','',''),(268,1,'2023-01-16 08:55:38',0,1,'Giftbox','','','','',''),(268,2,'2023-01-16 08:57:19',0,1,'Giftbox','','','','',''),(269,1,'2023-03-13 08:37:24',0,1,'Ni na zalogi','','','','',''),(269,2,'2023-03-13 08:37:20',0,1,'Ni na zalogi','','','','',''),(270,1,'2023-06-01 15:45:31',0,1,'Podnaslov','','','','',''),(270,2,'0000-00-00 00:00:00',0,0,'','','','','','');

--
-- Table structure for table `ngn_articles_atribute_links`
--

CREATE TABLE `ngn_articles_atribute_links` (
  `atribute_id` int(11) NOT NULL,
  `link_id` int(11) NOT NULL,
  `position` int(11) NOT NULL,
  `link_date` datetime NOT NULL,
  PRIMARY KEY (`atribute_id`,`link_id`),
  KEY `news_id_idx` (`link_id`)
) ENGINE=InnoDB DEFAULT CHARSET=utf8;

--
-- Dumping data for table `ngn_articles_atribute_links`
--

INSERT INTO `ngn_articles_atribute_links` VALUES (80,1426,0,'2015-01-14 14:10:56'),(80,1427,1,'2015-01-14 14:10:57'),(80,1428,2,'2015-01-14 14:10:57'),(80,1429,3,'2015-01-14 14:10:57'),(80,1439,4,'2015-01-14 14:10:58'),(80,1440,5,'2015-01-14 14:10:58'),(94,1427,1,'2015-01-25 22:59:12'),(94,1442,0,'2015-01-25 22:59:11');

--
-- Table structure for table `ngn_articles_atribute_values`
--

CREATE TABLE `ngn_articles_atribute_values` (
  `value_id` int(11) NOT NULL AUTO_INCREMENT,
  `atribute_id` int(11) NOT NULL,
  `value_same` int(11) NOT NULL,
  `value_value` varchar(50) DEFAULT NULL,
  `value_photo` varchar(100) NOT NULL,
  `value_order` int(11) NOT NULL,
  PRIMARY KEY (`value_id`,`atribute_id`),
  KEY `atribute_id` (`atribute_id`),
  KEY `value_order` (`value_order`)
) ENGINE=InnoDB AUTO_INCREMENT=130 DEFAULT CHARSET=utf8;

--
-- Dumping data for table `ngn_articles_atribute_values`
--

INSERT INTO `ngn_articles_atribute_values` VALUES (11,74,0,'','',0),(12,74,0,'','',0),(13,61,0,'kos','',0),(14,61,1,'cm','',0),(15,61,1,'kg','',0),(16,61,1,'m2','',0),(17,45,1,NULL,'',0),(18,45,1,NULL,'',0),(19,77,1,NULL,'',0),(20,77,1,NULL,'',0),(26,90,1,'v1','',0),(27,90,1,'v2','',0),(28,90,1,'v3','',0),(29,90,1,'v4','',0),(30,91,1,'c1','',0),(31,91,1,'c2','',0),(32,91,1,'c3','',0),(33,91,1,'c4','',0),(34,100,1,'price_sell','',0),(35,100,1,'price_buy','',0),(36,101,1,'1','',0),(37,101,1,'','',0),(38,101,1,'','',0),(39,74,0,'','',0),(40,61,1,'m','',0),(41,74,0,'sistem','',0),(42,61,1,'h','',0),(43,61,1,'otroka','',0),(44,74,0,'sistem_piece','',0),(45,74,0,'sistem_1d','',0),(46,61,1,'','',0),(47,104,1,'2','',0),(48,104,1,'1','',1),(49,105,1,'kos','',0),(50,105,1,'cm','',0),(51,105,1,'kg','',0),(52,105,1,'m2','',0),(53,105,1,'m','',0),(54,105,1,'h','',0),(55,105,1,'otroka','',0),(56,105,1,'','',0),(57,105,1,'all','',0),(58,105,1,'tray','',0),(59,61,1,'all','',0),(60,61,1,'tray','',0),(61,104,1,'3','',3),(62,105,1,'custom','',0),(63,61,1,'custom','',0),(64,74,0,'','',0),(65,117,1,'2','',0),(66,117,1,'1','',1),(67,117,1,'3','',3),(68,104,1,'4','',2),(69,117,1,'4','',2),(70,74,0,'','',0),(74,74,0,'bonus','',0),(75,74,0,'delimiter','',0),(76,74,0,'intermediate','',0),(77,74,1,'h1','',0),(78,74,1,'h2','',0),(79,74,1,'h3','',0),(80,123,0,'stock','',0),(81,254,1,'agate-green','',0),(82,254,1,'yellow','',0),(83,254,1,'purple','',0),(84,254,1,'pink','',0),(85,254,1,'brown','',0),(86,254,1,'red','',0),(87,260,0,'pizza','',0),(88,260,0,'shrimp','',0),(89,260,0,'fish','',0),(90,260,0,'shell','',0),(91,260,0,'salad','',0),(92,260,0,'chicken','',0),(93,260,0,'spaghetti','',0),(94,260,0,'broccoli','',0),(95,260,0,'goose','',0),(96,260,0,'vanilla_ice_cream','',0),(97,260,0,'chocolate_ice_cream','',0),(98,260,0,'soup','',0),(99,260,0,'smoothie','',0),(100,260,0,'steak','',0),(101,260,0,'grill','',0),(102,260,0,'chinese_food','',0),(103,260,0,'avocado','',0),(104,260,0,'tuna','',0),(105,260,0,'cooking','',0),(106,260,0,'egg','',0),(107,260,0,'sauce','',0),(108,261,1,'1','',0),(109,261,1,'2','',0),(110,261,1,'3','',0),(111,261,1,'4','',0),(112,261,1,'5','',0),(113,260,0,'rice','',0),(114,262,1,'gold','',0),(115,262,1,'cuvee','',0),(116,262,1,'amelie','',0),(117,262,1,'orange','',0),(118,262,1,'chili','',0),(119,262,1,'lemon','',0),(120,262,1,'onion','',0),(121,262,1,'garlic','',0),(122,262,1,'truffle','',0),(123,262,1,'herbs','',0),(124,263,1,'100_organic','',0),(125,263,1,'aditives_free','',0),(126,263,1,'vegan','',0),(127,260,0,'double_egg','',0),(128,260,0,'potato','',0),(129,262,1,'poison','',0);

--
-- Table structure for table `ngn_articles_atribute_values_language`
--

CREATE TABLE `ngn_articles_atribute_values_language` (
  `value_id` int(11) NOT NULL,
  `language_id` int(11) NOT NULL DEFAULT 0,
  `editdate` datetime NOT NULL,
  `enable` int(11) NOT NULL,
  `approved` int(1) NOT NULL DEFAULT 0,
  `language_name` varchar(200) DEFAULT NULL,
  `language_description` text DEFAULT NULL,
  `language_meta` text DEFAULT NULL,
  `language_keywords` varchar(100) DEFAULT NULL,
  `language_url` varchar(100) DEFAULT NULL,
  `language_photo` varchar(100) NOT NULL DEFAULT '',
  PRIMARY KEY (`value_id`,`language_id`),
  KEY `language_id` (`language_id`),
  KEY `value_id` (`value_id`),
  KEY `editdate` (`editdate`),
  CONSTRAINT `ngn_articles_atribute_values_language_ibfk_1` FOREIGN KEY (`value_id`) REFERENCES `ngn_articles_atribute_values` (`value_id`) ON DELETE CASCADE ON UPDATE CASCADE
) ENGINE=InnoDB DEFAULT CHARSET=utf8;

--
-- Dumping data for table `ngn_articles_atribute_values_language`
--

INSERT INTO `ngn_articles_atribute_values_language` VALUES (11,1,'2022-10-24 09:54:07',0,0,'Enota',NULL,NULL,NULL,'enota',''),(11,2,'2022-10-24 09:54:07',0,0,'Enota',NULL,NULL,NULL,'enota',''),(11,4,'0000-00-00 00:00:00',0,0,'Enota',NULL,NULL,NULL,'enota',''),(12,1,'2022-10-24 09:54:07',0,0,'2d',NULL,NULL,NULL,'2d',''),(12,2,'2022-10-24 09:54:07',0,0,'2d',NULL,NULL,NULL,'2d',''),(12,4,'0000-00-00 00:00:00',0,0,'2d',NULL,NULL,NULL,'2d',''),(13,1,'0000-00-00 00:00:00',0,0,'kos',NULL,NULL,NULL,'kos',''),(13,2,'0000-00-00 00:00:00',0,0,'kos',NULL,NULL,NULL,'kos',''),(13,4,'0000-00-00 00:00:00',0,0,'kos',NULL,NULL,NULL,'kos',''),(14,1,'0000-00-00 00:00:00',0,0,'cm',NULL,NULL,NULL,'cm',''),(14,2,'0000-00-00 00:00:00',0,0,'cm',NULL,NULL,NULL,'cm',''),(14,4,'0000-00-00 00:00:00',0,0,'cm',NULL,NULL,NULL,'cm',''),(15,1,'0000-00-00 00:00:00',0,0,'kg',NULL,NULL,NULL,'kg',''),(15,2,'0000-00-00 00:00:00',0,0,'kg',NULL,NULL,NULL,'kg',''),(15,4,'0000-00-00 00:00:00',0,0,'kg',NULL,NULL,NULL,'kg',''),(16,1,'0000-00-00 00:00:00',0,0,'m2',NULL,NULL,NULL,'m2',''),(16,2,'0000-00-00 00:00:00',0,0,'m2',NULL,NULL,NULL,'m2',''),(16,4,'0000-00-00 00:00:00',0,0,'m2',NULL,NULL,NULL,'m2',''),(17,1,'0000-00-00 00:00:00',0,0,'Skladišče 1',NULL,NULL,NULL,'skladisce-1',''),(17,2,'0000-00-00 00:00:00',0,0,'Skladišče 1',NULL,NULL,NULL,'skladisce-1',''),(18,1,'0000-00-00 00:00:00',0,0,'Skladišče 2',NULL,NULL,NULL,'skladisce-2',''),(18,2,'0000-00-00 00:00:00',0,0,'Skladišče 2',NULL,NULL,NULL,'skladisce-2',''),(19,1,'0000-00-00 00:00:00',0,0,'1',NULL,NULL,NULL,'1',''),(19,2,'0000-00-00 00:00:00',0,0,'1',NULL,NULL,NULL,'1',''),(20,1,'0000-00-00 00:00:00',0,0,'2',NULL,NULL,NULL,'2',''),(20,2,'0000-00-00 00:00:00',0,0,'2',NULL,NULL,NULL,'2',''),(26,1,'0000-00-00 00:00:00',0,0,'1',NULL,NULL,NULL,'26_1',''),(26,2,'0000-00-00 00:00:00',0,0,'1',NULL,NULL,NULL,'26_1',''),(27,1,'0000-00-00 00:00:00',0,0,'2',NULL,NULL,NULL,'27_2',''),(27,2,'0000-00-00 00:00:00',0,0,'2',NULL,NULL,NULL,'27_2',''),(28,1,'0000-00-00 00:00:00',0,0,'3',NULL,NULL,NULL,'3',''),(28,2,'0000-00-00 00:00:00',0,0,'3',NULL,NULL,NULL,'3',''),(29,1,'0000-00-00 00:00:00',0,0,'4',NULL,NULL,NULL,'4',''),(29,2,'0000-00-00 00:00:00',0,0,'4',NULL,NULL,NULL,'4',''),(30,1,'0000-00-00 00:00:00',0,0,'1',NULL,NULL,NULL,'30_1',''),(30,2,'0000-00-00 00:00:00',0,0,'1',NULL,NULL,NULL,'30_1',''),(31,1,'0000-00-00 00:00:00',0,0,'2',NULL,NULL,NULL,'31_2',''),(31,2,'0000-00-00 00:00:00',0,0,'2',NULL,NULL,NULL,'31_2',''),(32,1,'0000-00-00 00:00:00',0,0,'3',NULL,NULL,NULL,'32_3',''),(32,2,'0000-00-00 00:00:00',0,0,'3',NULL,NULL,NULL,'32_3',''),(33,1,'0000-00-00 00:00:00',0,0,'4',NULL,NULL,NULL,'33_4',''),(33,2,'0000-00-00 00:00:00',0,0,'4',NULL,NULL,NULL,'33_4',''),(34,1,'0000-00-00 00:00:00',0,0,'Prodajna cena',NULL,NULL,NULL,'prodajna-cena',''),(34,2,'0000-00-00 00:00:00',0,0,'Prodajna cena',NULL,NULL,NULL,'prodajna-cena',''),(34,4,'0000-00-00 00:00:00',0,0,'Cenik 1',NULL,NULL,NULL,'cenik-1',''),(35,1,'0000-00-00 00:00:00',0,0,'Nabavna cena',NULL,NULL,NULL,'nabavna-cena',''),(35,2,'0000-00-00 00:00:00',0,0,'Nabavna cena',NULL,NULL,NULL,'nabavna-cena',''),(35,4,'0000-00-00 00:00:00',0,0,'Cenik 2',NULL,NULL,NULL,'cenik-2',''),(36,1,'0000-00-00 00:00:00',0,0,'1451',NULL,NULL,NULL,'1451',''),(36,2,'0000-00-00 00:00:00',0,0,'1451',NULL,NULL,NULL,'1451',''),(36,4,'0000-00-00 00:00:00',0,0,'1451',NULL,NULL,NULL,'1451',''),(37,1,'0000-00-00 00:00:00',0,0,'1452',NULL,NULL,NULL,'1452',''),(37,2,'0000-00-00 00:00:00',0,0,'1452',NULL,NULL,NULL,'1452',''),(37,4,'0000-00-00 00:00:00',0,0,'1452',NULL,NULL,NULL,'1452',''),(38,1,'0000-00-00 00:00:00',0,0,'1453',NULL,NULL,NULL,'1453',''),(38,2,'0000-00-00 00:00:00',0,0,'1453',NULL,NULL,NULL,'1453',''),(38,4,'0000-00-00 00:00:00',0,0,'1453',NULL,NULL,NULL,'1453',''),(39,1,'2022-10-24 09:54:07',0,0,'1d',NULL,NULL,NULL,'1d',''),(39,2,'2022-10-24 09:54:07',0,0,'1d',NULL,NULL,NULL,'1d',''),(39,4,'0000-00-00 00:00:00',0,0,'1d',NULL,NULL,NULL,'1d',''),(40,1,'0000-00-00 00:00:00',0,0,'m',NULL,NULL,NULL,'m',''),(40,2,'0000-00-00 00:00:00',0,0,'m',NULL,NULL,NULL,'m',''),(40,4,'0000-00-00 00:00:00',0,0,'m',NULL,NULL,NULL,'m',''),(41,1,'2022-10-24 09:54:07',0,0,'Sistem (2d)',NULL,NULL,NULL,'sistem-2d',''),(41,2,'2022-10-24 09:54:07',0,0,'Sistem (2d)',NULL,NULL,NULL,'sistem-2d',''),(41,4,'0000-00-00 00:00:00',0,0,'Sistem',NULL,NULL,NULL,'sistem',''),(42,1,'0000-00-00 00:00:00',0,0,'uro',NULL,NULL,NULL,'uro',''),(42,2,'0000-00-00 00:00:00',0,0,'uro',NULL,NULL,NULL,'uro',''),(43,1,'0000-00-00 00:00:00',0,0,'otroka',NULL,NULL,NULL,'otroka',''),(43,2,'0000-00-00 00:00:00',0,0,'otroka',NULL,NULL,NULL,'otroka',''),(44,1,'2022-10-24 09:54:07',0,0,'Sistem (kos)',NULL,NULL,NULL,'sistem-kos',''),(44,2,'2022-10-24 09:54:07',0,0,'Sistem (kos)',NULL,NULL,NULL,'sistem-kos',''),(45,1,'2022-10-24 09:54:07',0,0,'Sistem (1d)',NULL,NULL,NULL,'sistem-1d',''),(45,2,'2022-10-24 09:54:07',0,0,'Sistem (1d)',NULL,NULL,NULL,'sistem-1d',''),(46,1,'0000-00-00 00:00:00',0,0,'Prazno',NULL,NULL,NULL,'prazno',''),(46,2,'0000-00-00 00:00:00',0,0,'Prazno',NULL,NULL,NULL,'prazno',''),(47,1,'2020-01-04 12:34:35',0,0,'Nižja',NULL,NULL,NULL,'nizja',''),(47,2,'2020-01-04 12:34:35',0,0,'Nižja',NULL,NULL,NULL,'nizja',''),(48,1,'2020-01-04 12:34:35',0,0,'Višja',NULL,NULL,NULL,'visja',''),(48,2,'2020-01-04 12:34:35',0,0,'Višja',NULL,NULL,NULL,'visja',''),(49,1,'0000-00-00 00:00:00',0,0,'kos',NULL,NULL,NULL,'49-kos-1',''),(49,2,'0000-00-00 00:00:00',0,0,'kos',NULL,NULL,NULL,'49-kos-1',''),(50,1,'0000-00-00 00:00:00',0,0,'cm',NULL,NULL,NULL,'50-cm-1',''),(50,2,'0000-00-00 00:00:00',0,0,'cm',NULL,NULL,NULL,'50-cm-1',''),(51,1,'0000-00-00 00:00:00',0,0,'kg',NULL,NULL,NULL,'51-kg-1',''),(51,2,'0000-00-00 00:00:00',0,0,'kg',NULL,NULL,NULL,'51-kg-1',''),(52,1,'0000-00-00 00:00:00',0,0,'m2',NULL,NULL,NULL,'52-m2-1',''),(52,2,'0000-00-00 00:00:00',0,0,'m2',NULL,NULL,NULL,'52-m2-1',''),(53,1,'0000-00-00 00:00:00',0,0,'modra',NULL,NULL,NULL,'modra',''),(53,2,'0000-00-00 00:00:00',0,0,'modra',NULL,NULL,NULL,'modra',''),(54,1,'0000-00-00 00:00:00',0,0,'uro',NULL,NULL,NULL,'54-uro-1',''),(54,2,'0000-00-00 00:00:00',0,0,'uro',NULL,NULL,NULL,'54-uro-1',''),(55,1,'0000-00-00 00:00:00',0,0,'oktroka',NULL,NULL,NULL,'oktroka',''),(55,2,'0000-00-00 00:00:00',0,0,'oktroka',NULL,NULL,NULL,'oktroka',''),(56,1,'0000-00-00 00:00:00',0,0,'Prazno',NULL,NULL,NULL,'56-prazno-1',''),(56,2,'0000-00-00 00:00:00',0,0,'Prazno',NULL,NULL,NULL,'56-prazno-1',''),(57,1,'0000-00-00 00:00:00',0,0,'Vse',NULL,NULL,NULL,'vse',''),(57,2,'0000-00-00 00:00:00',0,0,'Vse',NULL,NULL,NULL,'vse',''),(58,1,'0000-00-00 00:00:00',0,0,'Plošča',NULL,NULL,NULL,'plosca',''),(58,2,'0000-00-00 00:00:00',0,0,'Plošča',NULL,NULL,NULL,'plosca',''),(59,1,'0000-00-00 00:00:00',0,0,'Vse',NULL,NULL,NULL,'59-vse-1',''),(59,2,'0000-00-00 00:00:00',0,0,'Vse',NULL,NULL,NULL,'59-vse-1',''),(60,1,'0000-00-00 00:00:00',0,0,'Plošča',NULL,NULL,NULL,'60-plosca-1',''),(60,2,'0000-00-00 00:00:00',0,0,'Plošča',NULL,NULL,NULL,'60-plosca-1',''),(61,1,'2020-01-04 12:34:35',0,0,'Brez davka',NULL,NULL,NULL,'brez-davka',''),(61,2,'2020-01-04 12:34:35',0,0,'Brez davka',NULL,NULL,NULL,'brez-davka',''),(62,1,'0000-00-00 00:00:00',0,0,'Po ceniku',NULL,NULL,NULL,'po-ceniku',''),(62,2,'0000-00-00 00:00:00',0,0,'Po ceniku',NULL,NULL,NULL,'po-ceniku',''),(63,1,'0000-00-00 00:00:00',0,0,'Po ceniku',NULL,NULL,NULL,'63-po-ceniku-1',''),(63,2,'0000-00-00 00:00:00',0,0,'Po ceniku',NULL,NULL,NULL,'63-po-ceniku-1',''),(64,1,'2022-10-24 09:54:07',0,0,'Elektronska vstopnica',NULL,NULL,NULL,'elektronska-vstopnica',''),(64,2,'2022-10-24 09:54:07',0,0,'Elektronska vstopnica',NULL,NULL,NULL,'elektronska-vstopnica',''),(65,1,'2020-01-04 12:34:24',0,0,'Nižja',NULL,NULL,NULL,'65-nizja',''),(65,2,'2020-01-04 12:34:24',0,0,'Nižja',NULL,NULL,NULL,'65-nizja',''),(66,1,'2020-01-04 12:34:24',0,0,'Višja',NULL,NULL,NULL,'66-visja',''),(66,2,'2020-01-04 12:34:24',0,0,'Višja',NULL,NULL,NULL,'66-visja',''),(67,1,'2020-01-04 12:34:24',0,0,'Brez davka',NULL,NULL,NULL,'67-brez-davka',''),(67,2,'2020-01-04 12:34:24',0,0,'Brez davka',NULL,NULL,NULL,'67-brez-davka',''),(68,1,'2020-01-04 12:34:35',0,0,'Knjige',NULL,NULL,NULL,'68-knjige',''),(68,2,'2020-01-04 12:34:35',0,0,'Knjige',NULL,NULL,NULL,'68-knjige',''),(69,1,'2020-01-04 12:34:24',0,0,'Knjige',NULL,NULL,NULL,'knjige',''),(69,2,'2020-01-04 12:34:24',0,0,'Knjige',NULL,NULL,NULL,'knjige',''),(70,1,'2022-10-24 09:54:07',0,0,'Sestavljen artikel',NULL,NULL,NULL,'sestavljen-artikel',''),(70,2,'2022-10-24 09:54:07',0,0,'Sestavljen artikel',NULL,NULL,NULL,'sestavljen-artikel',''),(74,1,'2022-10-24 09:54:07',0,0,'Popust',NULL,NULL,NULL,'popust',''),(74,2,'2022-10-24 09:54:07',0,0,'Popust',NULL,NULL,NULL,'popust',''),(75,1,'2022-10-24 09:54:07',0,0,'Ločnica',NULL,NULL,NULL,'locnica',''),(75,2,'2022-10-24 09:54:07',0,0,'Ločnica',NULL,NULL,NULL,'locnica',''),(76,1,'2022-10-24 09:54:07',0,0,'Vmesna vsota',NULL,NULL,NULL,'vmesna-vsota',''),(76,2,'2022-10-24 09:54:07',0,0,'Vmesna vsota',NULL,NULL,NULL,'vmesna-vsota',''),(77,1,'2022-10-24 09:54:07',0,0,'Večji naslov',NULL,NULL,NULL,'vecji-naslov',''),(77,2,'2022-10-24 09:54:07',0,0,'Večji naslov',NULL,NULL,NULL,'vecji-naslov',''),(78,1,'2022-10-24 09:54:07',0,0,'Naslov',NULL,NULL,NULL,'naslov',''),(78,2,'2022-10-24 09:54:07',0,0,'Naslov',NULL,NULL,NULL,'naslov',''),(79,1,'2022-10-24 09:54:07',0,0,'Manjši naslov',NULL,NULL,NULL,'manjsi-naslov',''),(79,2,'2022-10-24 09:54:07',0,0,'Manjši naslov',NULL,NULL,NULL,'manjsi-naslov',''),(80,1,'2020-11-10 12:08:06',0,0,'Dejanska zaloga',NULL,NULL,NULL,'dejanska-zaloga',''),(80,2,'2020-11-10 12:08:06',0,0,'Dejanska zaloga',NULL,NULL,NULL,'dejanska-zaloga',''),(81,1,'2022-08-22 11:04:21',0,0,'agate green',NULL,NULL,NULL,'agate-green',''),(81,2,'2022-08-22 11:04:21',0,0,'agate green',NULL,NULL,NULL,'agate-green',''),(82,1,'2022-08-22 11:04:21',0,0,'rumena',NULL,NULL,NULL,'rumena',''),(82,2,'2022-08-22 11:04:21',0,0,'rumena',NULL,NULL,NULL,'rumena',''),(83,1,'2022-08-22 11:04:21',0,0,'vijolična',NULL,NULL,NULL,'vijolicna',''),(83,2,'2022-08-22 11:04:21',0,0,'vijolična',NULL,NULL,NULL,'vijolicna',''),(84,1,'2022-08-22 11:04:21',0,0,'roza',NULL,NULL,NULL,'roza',''),(84,2,'2022-08-22 11:04:21',0,0,'roza',NULL,NULL,NULL,'roza',''),(85,1,'2022-08-22 11:04:21',0,0,'rjava',NULL,NULL,NULL,'rjava',''),(85,2,'2022-08-22 11:04:21',0,0,'rjava',NULL,NULL,NULL,'rjava',''),(86,1,'2022-08-22 11:04:21',0,0,'rdeča',NULL,NULL,NULL,'rdeca',''),(86,2,'2022-08-22 11:04:21',0,0,'rdeča',NULL,NULL,NULL,'rdeca',''),(87,1,'2022-10-14 11:48:44',0,0,'Pica',NULL,NULL,NULL,'pica',''),(87,2,'2022-10-14 11:48:44',0,0,'Pizza',NULL,NULL,NULL,'pizza',''),(88,1,'2022-10-14 11:48:44',0,0,'Kozice',NULL,NULL,NULL,'kozice',''),(88,2,'2022-10-14 11:48:44',0,0,'Shrimp',NULL,NULL,NULL,'shrimp',''),(89,1,'2022-10-14 11:48:44',0,0,'Riba',NULL,NULL,NULL,'riba',''),(89,2,'2022-10-14 11:48:44',0,0,'Fish',NULL,NULL,NULL,'fish',''),(90,1,'2022-10-14 11:48:44',0,0,'Školjke',NULL,NULL,NULL,'skoljke',''),(90,2,'2022-10-14 11:48:44',0,0,'Shell',NULL,NULL,NULL,'shell',''),(91,1,'2022-10-14 11:48:44',0,0,'Solata',NULL,NULL,NULL,'solata',''),(91,2,'2022-10-14 11:48:44',0,0,'Salad',NULL,NULL,NULL,'salad',''),(92,1,'2022-10-14 11:48:44',0,0,'Kokoš',NULL,NULL,NULL,'kokos',''),(92,2,'2022-10-14 11:48:44',0,0,'Chicken',NULL,NULL,NULL,'chicken',''),(93,1,'2022-10-14 11:48:44',0,0,'Špageti',NULL,NULL,NULL,'spageti',''),(93,2,'2022-10-14 11:48:44',0,0,'Spaghetti',NULL,NULL,NULL,'spaghetti',''),(94,1,'2022-10-14 11:48:44',0,0,'Brokoli',NULL,NULL,NULL,'brokoli',''),(94,2,'2022-10-14 11:48:44',0,0,'Broccoli',NULL,NULL,NULL,'broccoli',''),(95,1,'2022-10-14 11:48:44',0,0,'Raca',NULL,NULL,NULL,'raca',''),(95,2,'2022-10-14 11:48:44',0,0,'Goose',NULL,NULL,NULL,'goose',''),(96,1,'2022-10-14 11:48:44',0,0,'Vaniljev sladoled',NULL,NULL,NULL,'vaniljev-sladoled',''),(96,2,'2022-10-14 11:48:44',0,0,'Vanilla ice cream',NULL,NULL,NULL,'vanilla-ice-cream',''),(97,1,'2022-10-14 11:48:44',0,0,'Čokoladni sladoled',NULL,NULL,NULL,'cokoladni-sladoled',''),(97,2,'2022-10-14 11:48:44',0,0,'Chocolate ice cream',NULL,NULL,NULL,'chocolate-ice-cream',''),(98,1,'2022-10-14 11:48:44',0,0,'Enolončnica',NULL,NULL,NULL,'enoloncnica',''),(98,2,'2022-10-14 11:48:44',0,0,'Soup',NULL,NULL,NULL,'soup',''),(99,1,'2022-10-14 11:48:44',0,0,'Smoothie',NULL,NULL,NULL,'smoothie',''),(99,2,'2022-10-14 11:48:44',0,0,'Smoothie',NULL,NULL,NULL,'smoothie',''),(100,1,'2022-10-14 11:48:44',0,0,'Zrezek',NULL,NULL,NULL,'zrezek',''),(100,2,'2022-10-14 11:48:44',0,0,'Steak',NULL,NULL,NULL,'steak',''),(101,1,'2022-10-14 11:48:44',0,0,'Žar',NULL,NULL,NULL,'zar',''),(101,2,'2022-10-14 11:48:44',0,0,'Grill',NULL,NULL,NULL,'grill',''),(102,1,'2022-10-14 11:48:44',0,0,'Kitajska hrana',NULL,NULL,NULL,'kitajska-hrana',''),(102,2,'2022-10-14 11:48:44',0,0,'Chinese food',NULL,NULL,NULL,'chinese-food',''),(103,1,'2022-10-14 11:48:44',0,0,'Avokado',NULL,NULL,NULL,'avokado',''),(103,2,'2022-10-14 11:48:44',0,0,'Avocado',NULL,NULL,NULL,'avocado',''),(104,1,'2022-10-14 11:48:44',0,0,'Tuna',NULL,NULL,NULL,'tuna',''),(104,2,'2022-10-14 11:48:44',0,0,'Tuna',NULL,NULL,NULL,'tuna',''),(105,1,'2022-10-14 11:48:44',0,0,'Kuhanje',NULL,NULL,NULL,'kuhanje',''),(105,2,'2022-10-14 11:48:44',0,0,'Cooking',NULL,NULL,NULL,'cooking',''),(106,1,'2022-10-14 11:48:44',0,0,'Jajce',NULL,NULL,NULL,'jajce',''),(106,2,'2022-10-14 11:48:44',0,0,'Egg',NULL,NULL,NULL,'egg',''),(107,1,'2022-10-14 11:48:44',0,0,'Omaka',NULL,NULL,NULL,'omaka',''),(107,2,'2022-10-14 11:48:44',0,0,'Sauce',NULL,NULL,NULL,'sauce',''),(108,1,'2022-09-21 11:53:24',0,0,'1',NULL,NULL,NULL,'108-1',''),(108,2,'2022-09-21 11:53:24',0,0,'1',NULL,NULL,NULL,'108-1',''),(109,1,'2022-09-21 11:53:24',0,0,'2',NULL,NULL,NULL,'109-2',''),(109,2,'2022-09-21 11:53:24',0,0,'2',NULL,NULL,NULL,'109-2',''),(110,1,'2022-09-21 11:53:24',0,0,'3',NULL,NULL,NULL,'110-3',''),(110,2,'2022-09-21 11:53:24',0,0,'3',NULL,NULL,NULL,'110-3',''),(111,1,'2022-09-21 11:53:24',0,0,'4',NULL,NULL,NULL,'111-4',''),(111,2,'2022-09-21 11:53:24',0,0,'4',NULL,NULL,NULL,'111-4',''),(112,1,'2022-09-21 11:53:24',0,0,'5',NULL,NULL,NULL,'5',''),(112,2,'2022-09-21 11:53:24',0,0,'5',NULL,NULL,NULL,'5',''),(113,1,'2022-10-14 11:48:44',0,0,'Rižota',NULL,NULL,NULL,'rizota',''),(113,2,'2022-10-14 11:48:44',0,0,'Rice',NULL,NULL,NULL,'rice',''),(114,1,'2022-10-14 15:46:06',0,0,'gold',NULL,NULL,NULL,'gold',''),(114,2,'2022-10-14 15:46:06',0,0,'gold',NULL,NULL,NULL,'gold',''),(115,1,'2022-10-14 15:46:06',0,0,'cuvee',NULL,NULL,NULL,'cuvee',''),(115,2,'2022-10-14 15:46:06',0,0,'cuvee',NULL,NULL,NULL,'cuvee',''),(116,1,'2022-10-14 15:46:06',0,0,'amelie',NULL,NULL,NULL,'amelie',''),(116,2,'2022-10-14 15:46:06',0,0,'amelie',NULL,NULL,NULL,'amelie',''),(117,1,'2022-10-14 15:46:06',0,0,'orange',NULL,NULL,NULL,'orange',''),(117,2,'2022-10-14 15:46:06',0,0,'orange',NULL,NULL,NULL,'orange',''),(118,1,'2022-10-14 15:46:06',0,0,'chili',NULL,NULL,NULL,'chili',''),(118,2,'2022-10-14 15:46:06',0,0,'chili',NULL,NULL,NULL,'chili',''),(119,1,'2022-10-14 15:46:06',0,0,'lemon',NULL,NULL,NULL,'lemon',''),(119,2,'2022-10-14 15:46:06',0,0,'lemon',NULL,NULL,NULL,'lemon',''),(120,1,'2022-10-14 15:46:06',0,0,'onion',NULL,NULL,NULL,'onion',''),(120,2,'2022-10-14 15:46:06',0,0,'onion',NULL,NULL,NULL,'onion',''),(121,1,'2022-10-14 15:46:06',0,0,'garlic',NULL,NULL,NULL,'garlic',''),(121,2,'2022-10-14 15:46:06',0,0,'garlic',NULL,NULL,NULL,'garlic',''),(122,1,'2022-10-14 15:46:06',0,0,'truffle',NULL,NULL,NULL,'truffle',''),(122,2,'2022-10-14 15:46:06',0,0,'truffle',NULL,NULL,NULL,'truffle',''),(123,1,'2022-10-14 15:46:06',0,0,'herbs',NULL,NULL,NULL,'herbs',''),(123,2,'2022-10-14 15:46:06',0,0,'herbs',NULL,NULL,NULL,'herbs',''),(124,1,'2022-09-21 14:15:46',0,0,'100% organic',NULL,NULL,NULL,'100-organic',''),(124,2,'2022-09-21 14:15:46',0,0,'100% organic',NULL,NULL,NULL,'100-organic',''),(125,1,'2022-09-21 14:15:46',0,0,'aditives free',NULL,NULL,NULL,'aditives-free',''),(125,2,'2022-09-21 14:15:46',0,0,'aditives free',NULL,NULL,NULL,'aditives-free',''),(126,1,'2022-09-21 14:15:46',0,0,'vegan',NULL,NULL,NULL,'vegan',''),(126,2,'2022-09-21 14:15:46',0,0,'vegan',NULL,NULL,NULL,'vegan',''),(127,1,'2022-10-14 11:48:44',0,0,'Dvojno jajce',NULL,NULL,NULL,'dvojno-jajce',''),(127,2,'2022-10-14 11:48:44',0,0,'Double egg',NULL,NULL,NULL,'double-egg',''),(128,1,'2022-10-14 11:48:44',0,0,'Krompir',NULL,NULL,NULL,'krompir',''),(128,2,'2022-10-14 11:48:44',0,0,'Potato',NULL,NULL,NULL,'potato',''),(129,1,'2022-10-14 15:46:06',0,0,'poison',NULL,NULL,NULL,'poison',''),(129,2,'2022-10-14 15:46:06',0,0,'poison',NULL,NULL,NULL,'poison','');

--
-- Table structure for table `ngn_articles_categories`
--

CREATE TABLE `ngn_articles_categories` (
  `news_id` int(11) NOT NULL,
  `category_id` int(11) NOT NULL,
  `position` int(11) NOT NULL DEFAULT 0,
  PRIMARY KEY (`news_id`,`category_id`),
  KEY `category_id` (`category_id`)
) ENGINE=InnoDB DEFAULT CHARSET=utf8;

--
-- Dumping data for table `ngn_articles_categories`
--

INSERT INTO `ngn_articles_categories` VALUES (1,1,-1),(1,52,0),(1,185,1),(1,186,2),(2,1,-1),(2,52,0),(2,185,1),(2,198,2),(3,1,-1),(3,52,0),(3,185,1),(3,198,2),(4,1,-1),(4,52,0),(4,185,1),(4,187,2),(5,1,-1),(5,52,0),(5,185,1),(5,187,2),(6,1,-1),(6,52,0),(6,185,1),(6,187,2),(7,1,-1),(7,52,0),(7,185,1),(7,187,2),(8,1,-1),(8,52,0),(8,185,1),(8,186,2),(9,1,-1),(9,52,0),(9,185,1),(9,186,2),(10,1,-1),(11,1,-1),(11,52,0),(11,188,1),(11,189,2),(12,1,-1),(12,52,0),(12,188,1),(12,192,2),(13,1,-1),(13,52,0),(13,188,1),(13,189,2),(14,1,-1),(14,52,0),(14,188,1),(14,189,2),(15,1,-1),(15,52,0),(15,188,1),(15,189,2),(16,1,-1),(16,52,0),(16,188,1),(16,189,2),(17,1,-1),(17,52,0),(17,188,1),(17,193,2),(18,1,-1),(18,52,0),(18,188,1),(18,193,2),(19,1,-1),(19,52,0),(19,188,1),(19,193,2),(20,1,-1),(20,52,0),(20,188,1),(20,193,2),(21,1,-1),(21,52,0),(21,188,1),(21,190,2),(22,1,-1),(22,52,0),(22,188,1),(22,190,2),(23,1,-1),(23,52,0),(23,188,1),(23,190,2),(24,1,-1),(24,52,0),(24,188,1),(24,189,2),(25,1,-1),(25,52,0),(25,188,1),(25,189,2),(26,1,-1),(26,52,0),(26,188,1),(26,191,2),(27,1,-1),(27,52,0),(27,188,1),(27,191,2),(28,1,-1),(28,52,0),(28,188,1),(28,191,2),(29,1,-1),(29,52,0),(29,188,1),(29,191,2),(30,1,-1),(30,52,0),(30,188,1),(30,191,2),(31,1,-1),(31,52,0),(31,188,1),(31,191,2),(32,1,-1),(32,52,0),(32,188,1),(32,191,2),(33,1,-1),(33,52,0),(33,188,1),(33,191,2),(34,1,-1),(34,52,0),(34,185,1),(34,198,2),(35,1,-1),(35,52,0),(35,185,1),(35,198,2),(36,1,-1),(36,52,0),(36,185,1),(36,198,2),(37,1,-1),(37,52,0),(37,185,1),(37,186,2),(38,1,-1),(38,52,0),(38,185,1),(38,186,2),(39,1,-1),(39,52,0),(39,185,1),(39,186,2),(40,1,-1),(40,52,0),(40,185,1),(40,198,2),(41,1,-1),(41,52,0),(41,185,1),(41,198,2),(42,1,-1),(42,52,0),(42,185,1),(42,198,2),(43,1,-1),(43,52,0),(43,185,1),(43,187,2),(44,1,-1),(44,52,0),(44,185,1),(44,187,2),(45,1,-1),(45,52,0),(45,185,1),(45,187,2),(46,1,-1),(46,52,0),(46,185,1),(46,187,2),(47,1,-1),(47,52,0),(47,185,1),(47,187,2),(48,1,-1),(48,52,0),(48,185,1),(48,187,2),(49,1,-1),(49,52,0),(49,185,1),(49,187,2),(50,1,-1),(50,52,0),(50,185,1),(50,187,2),(51,1,-1),(51,52,0),(51,185,1),(51,187,2),(52,1,-1),(52,52,0),(52,185,1),(52,187,2),(53,1,-1),(53,52,0),(53,185,1),(53,187,2),(54,1,-1),(54,52,0),(54,185,1),(54,187,2),(55,1,-1),(55,52,0),(55,185,1),(55,187,2),(56,1,-1),(56,52,0),(56,185,1),(56,187,2),(57,1,-1),(57,52,0),(57,185,1),(57,187,2),(58,1,-1),(58,52,0),(58,185,1),(58,186,2),(59,1,-1),(59,52,0),(59,185,1),(59,186,2),(60,1,-1),(60,52,0),(60,185,1),(60,186,2),(61,1,-1),(61,52,0),(61,185,1),(61,186,2),(62,1,-1),(62,52,0),(62,185,1),(62,187,2),(63,1,-1),(63,52,0),(63,185,1),(63,187,2),(64,1,-1),(64,52,0),(64,185,1),(64,198,2),(65,1,-1),(65,52,0),(65,185,1),(65,198,2),(66,1,-1),(66,52,0),(66,185,1),(66,198,2),(67,1,-1),(67,52,0),(67,185,1),(67,198,2),(68,1,-1),(68,52,0),(68,185,1),(68,187,2),(69,1,-1),(69,52,0),(69,185,1),(69,187,2),(70,1,-1),(70,52,0),(70,185,1),(70,187,2),(71,1,-1),(71,52,0),(71,185,1),(71,187,2),(72,1,-1),(72,132,0),(72,197,1),(73,1,-1),(73,132,0),(74,1,-1),(74,132,0),(74,197,1),(75,1,-1),(75,26,0),(75,194,1),(76,1,-1),(76,26,0),(76,194,1),(77,1,-1),(77,26,0),(77,194,1),(78,1,-1),(78,26,0),(78,194,1),(79,1,-1),(79,26,0),(79,194,1),(80,1,-1),(80,26,0),(80,194,1),(80,195,2),(81,1,-1),(81,26,0),(81,194,1),(81,195,2),(82,1,-1),(82,52,0),(82,187,1),(82,195,2),(83,1,-1),(83,52,0),(83,195,1),(83,196,2),(84,1,-1),(84,195,0),(85,1,-1),(85,52,0),(85,194,1),(85,195,2),(86,1,-1),(86,52,0),(86,194,1),(86,195,2),(87,1,-1),(87,52,0),(87,194,1),(88,1,-1),(88,52,0),(88,194,1),(89,1,-1),(89,52,0),(89,194,1),(90,1,-1),(90,52,0),(90,194,1),(91,1,-1),(91,52,0),(91,194,1),(92,1,-1),(92,52,0),(92,194,1),(93,1,-1),(93,52,0),(93,194,1),(94,1,-1),(94,52,0),(94,194,1),(95,1,-1),(95,52,0),(95,194,1),(96,1,-1),(96,52,0),(96,194,1),(97,1,-1),(97,52,0),(97,194,1),(98,1,-1),(98,52,0),(98,185,1),(99,1,-1),(99,52,0),(99,196,1),(100,52,-1),(101,1,-1),(101,26,0),(102,1,-1),(102,52,0),(102,188,1),(102,189,2),(103,1,-1),(103,26,0),(103,52,1),(103,186,2),(104,1,-1),(104,26,0),(104,52,1),(104,185,2),(104,187,3),(105,1,-1),(105,52,0),(105,194,1),(106,1,-1),(106,52,0),(106,188,1),(106,189,2),(107,1,-1),(107,26,0),(107,194,1),(108,1,-1),(108,26,0),(108,194,1),(109,1,-1),(109,26,0),(109,194,1);

--
-- Table structure for table `ngn_articles_category`
--

CREATE TABLE `ngn_articles_category` (
  `category_id` int(11) NOT NULL AUTO_INCREMENT,
  `category_enable` int(11) DEFAULT NULL,
  `category_createdate` datetime DEFAULT NULL,
  `category_showdate` datetime DEFAULT NULL,
  `category_hidedate` datetime DEFAULT NULL,
  `category_hide` tinyint(1) NOT NULL,
  `category_editdate` datetime DEFAULT NULL,
  `category_position` int(11) DEFAULT NULL,
  `category_type` int(11) NOT NULL,
  `category_parent` int(11) DEFAULT NULL,
  `category_photo` varchar(100) DEFAULT NULL,
  `category_restriction` int(11) NOT NULL,
  `category_photo2` int(11) NOT NULL,
  `category_photo_language1` int(11) NOT NULL,
  `category_photo_language2` int(11) NOT NULL,
  `category_template` int(11) NOT NULL,
  `category_template_news` int(11) NOT NULL,
  `category_source` varchar(200) NOT NULL,
  `category_source_url` varchar(200) NOT NULL,
  PRIMARY KEY (`category_id`),
  KEY `category_enable` (`category_enable`),
  KEY `category_createdate` (`category_createdate`),
  KEY `category_editdate` (`category_editdate`),
  KEY `category_hidedate` (`category_hidedate`),
  KEY `category_showdate` (`category_showdate`),
  KEY `category_template` (`category_template`),
  KEY `category_template_news` (`category_template_news`)
) ENGINE=InnoDB AUTO_INCREMENT=199 DEFAULT CHARSET=utf8;

--
-- Dumping data for table `ngn_articles_category`
--

INSERT INTO `ngn_articles_category` VALUES (1,1,'1970-01-01 01:32:50','1970-01-01 01:32:50','1970-01-01 01:32:50',0,'2023-01-16 09:04:28',0,1,0,'',1,0,0,0,0,0,'',''),(13,1,'1970-01-01 01:32:50','1970-01-01 01:32:50','1970-01-01 01:32:50',0,'1970-01-01 01:32:50',1,0,9,'',1,0,0,0,0,0,'',''),(15,1,'2015-03-06 09:10:50',NULL,NULL,0,'2016-11-18 14:54:49',0,0,1,'',1,0,0,0,0,0,'',''),(16,1,'2015-03-06 09:10:56',NULL,NULL,0,'2015-03-06 09:10:56',1,0,1,'',1,0,0,0,0,0,'',''),(22,1,'2015-10-07 14:41:45',NULL,NULL,0,'2015-10-07 14:41:45',0,0,16,'',1,0,0,0,0,0,'',''),(26,1,'2016-11-14 16:50:15',NULL,NULL,0,'2019-05-15 13:55:57',0,0,15,'',1,0,0,0,0,0,'',''),(35,1,'2016-12-09 11:21:09',NULL,NULL,0,'2016-12-09 11:21:09',0,0,6,'',1,0,0,0,0,0,'',''),(52,1,'2017-03-22 11:30:50',NULL,NULL,0,'2023-02-24 10:04:18',1,1,15,'',1,0,0,0,0,0,'',''),(132,1,'2017-08-18 14:51:47',NULL,NULL,0,'2017-08-18 14:51:47',2,0,15,'',1,0,0,0,0,0,'',''),(136,1,'2018-01-29 18:12:15',NULL,NULL,0,'2018-01-29 18:12:15',3,0,15,'',1,0,0,0,0,0,'',''),(137,1,'2018-01-29 18:12:30',NULL,NULL,0,'2019-10-01 13:14:02',0,0,136,'',1,0,0,0,0,0,'',''),(139,1,'2018-06-11 14:27:24',NULL,NULL,0,'2018-06-11 14:27:24',4,0,15,'',1,0,0,0,0,0,'',''),(140,1,'2018-06-11 14:27:45',NULL,NULL,0,'2019-04-30 10:31:53',0,0,139,'',1,0,0,0,0,0,'',''),(141,1,'2018-06-11 14:27:54',NULL,NULL,0,'2019-04-30 10:32:40',2,0,139,'',1,0,0,0,0,0,'',''),(142,1,'2018-06-11 14:28:35',NULL,NULL,0,'2018-06-11 14:28:35',3,0,139,'',1,0,0,0,0,0,'',''),(144,1,'2018-06-11 14:39:12',NULL,NULL,0,'2019-08-21 10:22:03',1,0,136,'',1,0,0,0,0,0,'',''),(146,1,'2018-09-07 16:22:21',NULL,NULL,0,'2019-10-01 13:13:54',2,0,136,'',1,0,0,0,0,0,'',''),(149,1,'2018-10-05 13:14:38',NULL,NULL,0,'2018-10-05 13:14:38',4,0,139,'',1,0,0,0,0,0,'',''),(154,1,'2019-04-25 10:15:57',NULL,NULL,0,'2019-04-30 10:31:55',1,0,139,'',1,0,0,0,0,0,'',''),(155,1,'2019-07-05 11:15:46',NULL,NULL,0,'2019-07-05 11:15:46',5,0,15,'',1,0,0,0,0,0,'',''),(156,1,'2019-07-05 11:15:59',NULL,NULL,0,'2019-07-05 11:15:59',0,0,155,'',1,0,0,0,0,0,'',''),(157,1,'2019-07-05 11:16:06',NULL,NULL,0,'2019-07-05 11:16:06',1,0,155,'',1,0,0,0,0,0,'',''),(158,1,'2019-07-05 11:16:19',NULL,NULL,0,'2019-07-05 11:16:19',2,0,155,'',1,0,0,0,0,0,'',''),(159,1,'2019-07-05 11:43:44',NULL,NULL,0,'2019-07-05 11:43:44',3,0,155,'',1,0,0,0,0,0,'',''),(160,1,'2019-07-05 11:44:04',NULL,NULL,0,'2019-07-05 11:44:04',4,0,155,'',1,0,0,0,0,0,'',''),(161,1,'2019-10-16 11:36:24',NULL,NULL,0,'2019-10-16 11:36:24',6,0,15,'',1,0,0,0,0,0,'',''),(162,1,'2019-10-16 11:36:34',NULL,NULL,0,'2019-10-16 11:36:34',0,0,161,'',1,0,0,0,0,0,'',''),(163,1,'2019-10-17 11:41:41',NULL,NULL,0,'2019-10-17 11:41:42',7,0,15,'',1,0,0,0,0,0,'',''),(164,1,'2019-10-17 11:47:34',NULL,NULL,0,'2019-10-17 11:47:34',0,0,163,'',1,0,0,0,0,0,'',''),(165,1,'2019-10-17 11:47:49',NULL,NULL,0,'2019-10-29 09:07:10',1,0,163,'',1,0,0,0,0,0,'',''),(166,1,'2019-10-23 11:23:15',NULL,NULL,0,'2019-10-29 09:01:18',2,0,163,'',1,0,0,0,0,0,'',''),(167,1,'2019-11-25 09:15:22',NULL,NULL,0,'2019-11-25 09:15:22',8,0,15,'',1,0,0,0,0,0,'',''),(168,1,'2019-11-25 09:15:46',NULL,NULL,0,'2019-11-25 09:15:46',1,0,167,'',1,0,0,0,0,0,'',''),(169,1,'2020-03-02 16:39:10',NULL,NULL,0,'2020-03-02 16:39:10',9,0,15,'',1,0,0,0,0,0,'',''),(170,1,'2020-03-03 08:24:10',NULL,NULL,0,'2020-06-29 11:53:29',0,0,169,'',1,0,0,0,0,0,'',''),(171,1,'2020-03-03 08:24:20',NULL,NULL,0,'2020-03-03 08:24:20',3,0,169,'',1,0,0,0,0,0,'',''),(172,1,'2020-03-09 08:21:26',NULL,NULL,0,'2020-03-09 08:22:18',0,0,173,'',1,0,0,0,0,0,'',''),(173,1,'2020-03-09 08:21:59',NULL,NULL,0,'2020-03-09 08:21:59',10,0,15,'',1,0,0,0,0,0,'',''),(174,1,'2020-03-10 10:27:06',NULL,NULL,0,'2020-03-10 10:27:06',1,0,173,'',1,0,0,0,0,0,'',''),(175,1,'2020-03-10 10:27:26',NULL,NULL,0,'2020-03-10 10:27:26',2,0,173,'',1,0,0,0,0,0,'',''),(176,1,'2020-03-10 10:27:39',NULL,NULL,0,'2020-03-10 10:27:39',3,0,173,'',1,0,0,0,0,0,'',''),(181,1,'2020-05-29 12:44:21',NULL,NULL,0,'2020-05-29 12:52:36',2,0,167,'',1,0,0,0,0,0,'',''),(182,1,'2020-06-24 16:05:28',NULL,NULL,0,'2020-06-24 16:05:29',0,0,167,'',1,0,0,0,0,0,'',''),(183,1,'2020-06-29 11:53:36',NULL,NULL,0,'2020-06-29 11:53:36',1,0,169,'',1,0,0,0,0,0,'',''),(184,1,'2020-06-29 11:53:53',NULL,NULL,0,'2020-06-29 11:53:53',2,0,169,'',1,0,0,0,0,0,'',''),(185,1,'2022-03-28 10:38:15',NULL,NULL,0,'2023-06-06 15:16:37',0,1,52,'',4,0,0,0,41,42,'',''),(186,1,'2022-07-14 10:45:32',NULL,NULL,0,'2023-06-06 13:33:20',1,1,185,'',4,0,0,0,41,42,'',''),(187,1,'2022-07-14 10:46:24',NULL,NULL,0,'2023-06-06 13:33:56',2,1,185,'',1,0,0,0,0,0,'',''),(188,1,'2022-08-11 11:03:34',NULL,NULL,0,'2023-06-05 09:42:22',2,1,52,'98',3,79,0,0,38,39,'',''),(189,1,'2022-08-11 11:44:28',NULL,NULL,0,'2023-01-16 12:36:49',0,1,188,'',1,0,0,0,0,0,'',''),(190,1,'2022-08-11 11:44:46',NULL,NULL,0,'2023-01-16 12:38:57',2,1,188,'',1,0,0,0,0,0,'',''),(191,1,'2022-08-11 11:45:12',NULL,NULL,0,'2023-01-16 12:40:26',3,1,188,'',1,0,0,0,0,0,'',''),(192,1,'2022-08-11 11:48:07',NULL,NULL,0,'2023-01-16 12:42:31',4,1,188,'',1,0,0,0,0,0,'',''),(193,1,'2022-08-11 11:53:05',NULL,NULL,0,'2023-01-16 12:38:32',1,1,188,'',1,0,0,0,0,0,'',''),(194,1,'2022-10-21 15:10:02',NULL,NULL,0,'2023-06-06 08:49:14',1,1,52,'',2,0,0,0,0,0,'',''),(195,1,'2022-10-24 11:11:06',NULL,NULL,0,'2023-02-28 15:03:51',3,1,52,'',2,0,0,0,0,0,'',''),(196,1,'2023-01-06 13:41:50',NULL,NULL,0,'2023-06-06 14:38:31',4,1,52,'',1,0,0,0,0,0,'',''),(197,0,'2023-01-16 09:01:07',NULL,NULL,0,'2023-01-16 09:01:19',0,1,132,'',1,0,0,0,0,0,'',''),(198,1,'2023-06-01 15:46:46',NULL,NULL,0,'2023-06-02 13:36:51',0,1,185,'',1,0,0,0,0,0,'','');

--
-- Table structure for table `ngn_articles_category_file`
--

CREATE TABLE `ngn_articles_category_file` (
  `type_id` int(11) NOT NULL AUTO_INCREMENT,
  `type_name` varchar(200) NOT NULL DEFAULT '',
  `type_extension` varchar(200) NOT NULL DEFAULT '',
  `type_type` varchar(200) NOT NULL DEFAULT '',
  `type_enable` int(11) NOT NULL DEFAULT 0,
  `type_photo` varchar(200) NOT NULL DEFAULT '',
  PRIMARY KEY (`type_id`)
) ENGINE=InnoDB DEFAULT CHARSET=utf8;

--
-- Dumping data for table `ngn_articles_category_file`
--


--
-- Table structure for table `ngn_articles_category_files`
--

CREATE TABLE `ngn_articles_category_files` (
  `file_id` int(11) NOT NULL AUTO_INCREMENT,
  `category_id` int(11) NOT NULL DEFAULT 0,
  `file_type` int(11) NOT NULL DEFAULT 0,
  `file_group` int(11) NOT NULL,
  `file_size` int(11) NOT NULL DEFAULT 0,
  `file_list` int(11) NOT NULL DEFAULT 1,
  `file_file` varchar(100) NOT NULL DEFAULT '',
  `file_original_name` varchar(200) NOT NULL DEFAULT '0',
  `file_createdate` datetime NOT NULL,
  `file_showdate` datetime NOT NULL,
  `file_hidedate` datetime NOT NULL,
  `file_hide` smallint(1) NOT NULL,
  `file_owner` int(11) NOT NULL,
  `file_order` int(11) NOT NULL,
  PRIMARY KEY (`file_id`),
  KEY `category_id` (`category_id`),
  KEY `file_type` (`file_type`),
  KEY `file_createdate` (`file_createdate`),
  KEY `file_owner` (`file_owner`),
  KEY `file_group` (`file_group`),
  KEY `file_showdate` (`file_showdate`),
  KEY `file_hidedate` (`file_hidedate`),
  KEY `file_hide` (`file_hide`),
  KEY `file_order` (`file_order`),
  CONSTRAINT `ngn_articles_category_files_ibfk_1` FOREIGN KEY (`category_id`) REFERENCES `ngn_articles_category` (`category_id`) ON DELETE CASCADE ON UPDATE CASCADE
) ENGINE=InnoDB DEFAULT CHARSET=utf8;

--
-- Dumping data for table `ngn_articles_category_files`
--


--
-- Table structure for table `ngn_articles_category_files_language`
--

CREATE TABLE `ngn_articles_category_files_language` (
  `file_id` int(11) NOT NULL,
  `language_id` int(11) NOT NULL DEFAULT 0,
  `editdate` datetime NOT NULL,
  `enable` int(11) NOT NULL,
  `approved` int(1) NOT NULL DEFAULT 0,
  `language_name` varchar(200) DEFAULT NULL,
  `language_description` text DEFAULT NULL,
  `language_meta` text DEFAULT NULL,
  `language_keywords` varchar(100) DEFAULT NULL,
  `language_url` varchar(100) DEFAULT NULL,
  `language_photo` varchar(100) NOT NULL DEFAULT '',
  PRIMARY KEY (`file_id`,`language_id`),
  KEY `language_id` (`language_id`),
  KEY `editdate` (`editdate`),
  CONSTRAINT `ngn_articles_category_files_language_ibfk_1` FOREIGN KEY (`file_id`) REFERENCES `ngn_articles_category_files` (`file_id`) ON DELETE CASCADE ON UPDATE CASCADE,
  CONSTRAINT `ngn_articles_category_files_languageibfk_1` FOREIGN KEY (`file_id`) REFERENCES `ngn_articles_category_files` (`file_id`) ON DELETE CASCADE ON UPDATE CASCADE
) ENGINE=InnoDB DEFAULT CHARSET=utf8;

--
-- Dumping data for table `ngn_articles_category_files_language`
--


--
-- Table structure for table `ngn_articles_category_groups`
--

CREATE TABLE `ngn_articles_category_groups` (
  `id` int(11) NOT NULL AUTO_INCREMENT,
  `category_id` int(11) NOT NULL,
  `group_id` int(11) NOT NULL,
  `position` int(11) NOT NULL,
  `transfer` int(11) NOT NULL DEFAULT 1,
  `category` int(11) NOT NULL DEFAULT 0,
  PRIMARY KEY (`id`),
  UNIQUE KEY `category_id_2` (`category_id`,`group_id`),
  KEY `group_id` (`group_id`),
  KEY `category_id` (`category_id`),
  KEY `position` (`position`),
  CONSTRAINT `ngn_articles_category_groups_ibfk_1` FOREIGN KEY (`category_id`) REFERENCES `ngn_articles_category` (`category_id`) ON DELETE CASCADE ON UPDATE CASCADE,
  CONSTRAINT `ngn_articles_category_groups_ibfk_2` FOREIGN KEY (`group_id`) REFERENCES `ngn_articles_groups` (`group_id`) ON DELETE CASCADE ON UPDATE CASCADE
) ENGINE=InnoDB AUTO_INCREMENT=56 DEFAULT CHARSET=utf8;

--
-- Dumping data for table `ngn_articles_category_groups`
--

INSERT INTO `ngn_articles_category_groups` VALUES (20,1,18,9,1,0),(21,1,17,8,1,0),(22,1,16,7,1,0),(23,1,15,6,1,0),(24,1,14,5,1,0),(27,1,11,4,1,0),(28,1,10,3,1,1),(31,13,20,0,1,0),(32,1,20,2,1,0),(33,1,19,10,0,0),(34,1,50,0,1,1),(35,185,51,0,0,1),(36,188,51,0,0,1),(37,189,51,0,0,1),(38,190,51,0,0,1),(39,192,51,0,0,1),(40,191,51,0,0,1),(41,193,51,0,0,1),(44,1,52,1,1,0),(45,1,53,11,1,0),(46,186,51,0,0,1),(47,187,51,0,0,1),(48,195,51,0,0,1),(49,194,51,0,0,1),(50,196,51,0,0,1),(51,186,54,1,0,1),(52,185,54,1,0,1),(53,187,54,1,0,1),(54,198,54,1,0,1),(55,198,51,0,0,1);

--
-- Table structure for table `ngn_articles_category_groups_atribute`
--

CREATE TABLE `ngn_articles_category_groups_atribute` (
  `cgid` int(11) NOT NULL,
  `gaid` int(11) NOT NULL,
  `language_id` int(11) NOT NULL,
  `valueInt` int(11) NOT NULL DEFAULT 0,
  `valueFloat` double NOT NULL DEFAULT 0,
  `valueText` text NOT NULL,
  PRIMARY KEY (`cgid`,`gaid`,`language_id`),
  KEY `language_id` (`language_id`),
  KEY `gaid` (`gaid`),
  KEY `cgid` (`cgid`),
  KEY `valueInt` (`valueInt`)
) ENGINE=InnoDB DEFAULT CHARSET=utf8;

--
-- Dumping data for table `ngn_articles_category_groups_atribute`
--

INSERT INTO `ngn_articles_category_groups_atribute` VALUES (7,101,1,12,0,''),(21,45,1,0,0,''),(21,46,1,0,0,''),(21,47,1,0,0,''),(26,128,1,0,0,'users:37'),(28,21,1,0,0,'articles:1'),(28,33,1,0,0,''),(28,35,1,0,0,''),(28,36,1,0,0,''),(28,38,1,0,0,''),(28,39,1,0,0,''),(28,40,1,0,0,''),(28,41,1,0,0,''),(28,151,1,0,0,'users:37'),(28,164,1,0,0,''),(28,165,1,0,0,''),(28,172,1,0,0,''),(28,173,1,0,0,''),(28,174,1,0,0,''),(28,175,1,0,0,''),(28,176,1,0,0,''),(32,101,1,12,0,''),(34,1000,1,0,0,''),(34,1001,1,0,0,''),(34,1005,1,0,0,''),(34,1007,1,0,0,''),(34,1010,1,0,0,''),(34,1015,1,0,0,''),(34,1020,1,0,0,''),(34,1021,1,0,0,'articles:197'),(35,129,1,0,0,'articles:1'),(35,1002,1,0,0,''),(35,1003,1,0,0,''),(35,1004,1,1,0,''),(35,1006,1,0,0,''),(35,1006,2,0,0,''),(35,1011,1,1,0,''),(35,1012,1,0,0,''),(35,1018,1,0,0,''),(35,1019,1,1,0,''),(36,122,1,1429,0,''),(36,1002,1,0,0,''),(36,1003,1,0,0,''),(36,1004,1,1,0,''),(36,1006,1,0,0,''),(36,1006,2,0,0,''),(36,1011,1,1,0,''),(36,1012,1,0,0,''),(36,1018,1,0,0,''),(36,1019,1,1,0,''),(37,1002,1,0,0,''),(37,1003,1,0,0,''),(37,1004,1,0,0,''),(37,1006,1,0,0,'&lt;p&gt;nega&lt;strong&gt;telesa&lt;/strong&gt;&lt;/p&gt;'),(37,1006,2,0,0,'&lt;p&gt;&lt;strong&gt;body&lt;/strong&gt;care&lt;/p&gt;'),(37,1011,1,0,0,''),(37,1012,1,0,0,''),(37,1018,1,0,0,''),(37,1019,1,0,0,''),(38,130,1,100,0,''),(38,140,1,0,0,'articles:8'),(38,141,1,0,0,'users:35'),(38,1002,1,0,0,''),(38,1003,1,0,0,''),(38,1004,1,0,0,''),(38,1006,1,0,0,'&lt;p&gt;nega&lt;b&gt;rok&lt;/b&gt;&lt;/p&gt;'),(38,1006,2,0,0,'&lt;p&gt;&lt;strong&gt;hand&lt;/strong&gt;care&lt;/p&gt;'),(38,1011,1,0,0,''),(38,1012,1,0,0,''),(38,1018,1,0,0,''),(38,1019,1,0,0,''),(39,1002,1,0,0,''),(39,1003,1,0,0,''),(39,1004,1,0,0,''),(39,1006,1,0,0,'&lt;p&gt;&lt;strong&gt;darilna&lt;/strong&gt;embalaža&lt;/p&gt;'),(39,1006,2,0,0,'&lt;p&gt;&lt;strong&gt;gift&lt;/strong&gt;packaging&lt;/p&gt;'),(39,1011,1,0,0,''),(39,1012,1,0,0,''),(39,1018,1,0,0,''),(39,1019,1,0,0,''),(40,1002,1,0,0,''),(40,1003,1,0,0,''),(40,1004,1,0,0,''),(40,1006,1,0,0,'&lt;p&gt;nega&lt;strong&gt;las&lt;/strong&gt;&lt;/p&gt;'),(40,1006,2,0,0,'&lt;p&gt;&lt;strong&gt;hair&lt;/strong&gt;care&lt;/p&gt;'),(40,1011,1,0,0,''),(40,1012,1,0,0,''),(40,1018,1,0,0,''),(40,1019,1,0,0,''),(41,1002,1,0,0,''),(41,1003,1,0,0,''),(41,1004,1,0,0,''),(41,1006,1,0,0,'&lt;p&gt;nega&lt;strong&gt;obraza&lt;/strong&gt;&lt;/p&gt;'),(41,1006,2,0,0,'&lt;p&gt;&lt;strong&gt;face&lt;/strong&gt;care&lt;/p&gt;'),(41,1011,1,0,0,''),(41,1012,1,0,0,''),(41,1018,1,0,0,''),(41,1019,1,0,0,''),(46,1002,1,0,0,''),(46,1003,1,0,0,''),(46,1004,1,0,0,''),(46,1006,1,0,0,''),(46,1006,2,0,0,''),(46,1011,1,0,0,''),(46,1012,1,0,0,''),(46,1018,1,0,0,''),(46,1019,1,0,0,''),(47,1002,1,0,0,''),(47,1003,1,0,0,''),(47,1004,1,0,0,''),(47,1006,1,0,0,''),(47,1006,2,0,0,''),(47,1011,1,0,0,''),(47,1012,1,0,0,''),(47,1018,1,0,0,''),(47,1019,1,0,0,''),(48,1002,1,0,0,''),(48,1003,1,0,0,''),(48,1004,1,0,0,''),(48,1006,1,0,0,''),(48,1006,2,0,0,''),(48,1011,1,0,0,''),(48,1012,1,0,0,''),(48,1018,1,1,0,''),(48,1019,1,1,0,''),(49,1002,1,0,0,''),(49,1003,1,0,0,''),(49,1004,1,0,0,''),(49,1006,1,0,0,''),(49,1006,2,0,0,''),(49,1011,1,0,0,''),(49,1012,1,0,0,''),(49,1018,1,0,0,''),(49,1019,1,1,0,''),(50,1002,1,0,0,''),(50,1003,1,0,0,''),(50,1004,1,0,0,''),(50,1006,1,0,0,''),(50,1006,2,0,0,''),(50,1011,1,0,0,''),(50,1012,1,0,0,''),(50,1018,1,0,0,''),(50,1019,1,1,0,''),(51,1023,1,0,0,'ekstra devi&scaron;ko oljčno olje'),(51,1023,2,0,0,'extra virgin olive oil'),(52,1023,1,0,0,'ekstradevi&scaron;kooljčnoolje'),(52,1023,2,0,0,'ekstradevi&scaron;kooljčnoolje'),(53,1023,1,0,0,'ekstra devi&scaron;ko oljčno olje'),(53,1023,2,0,0,'extra virgin olive oil'),(54,1023,1,0,0,'ekstra devi&scaron;ko oljčno olje'),(54,1023,2,0,0,'extra virgin olive oil'),(55,1002,1,0,0,''),(55,1003,1,0,0,''),(55,1004,1,0,0,''),(55,1006,1,0,0,''),(55,1006,2,0,0,''),(55,1011,1,0,0,''),(55,1012,1,0,0,''),(55,1018,1,0,0,''),(55,1019,1,0,0,'');

--
-- Table structure for table `ngn_articles_category_groups_atribute_multi`
--

CREATE TABLE `ngn_articles_category_groups_atribute_multi` (
  `cgid` int(11) NOT NULL,
  `category_id` int(11) NOT NULL,
  `gaid` int(11) NOT NULL,
  `language_id` int(11) NOT NULL,
  `valueInt` int(11) NOT NULL,
  `item_order` int(11) NOT NULL,
  PRIMARY KEY (`cgid`,`gaid`,`language_id`),
  KEY `item_order` (`item_order`)
) ENGINE=InnoDB DEFAULT CHARSET=utf8;

--
-- Dumping data for table `ngn_articles_category_groups_atribute_multi`
--

INSERT INTO `ngn_articles_category_groups_atribute_multi` VALUES (28,1,21,1,0,1),(28,1,151,1,0,1),(34,1,1021,1,0,1);

--
-- Table structure for table `ngn_articles_category_language`
--

CREATE TABLE `ngn_articles_category_language` (
  `category_id` int(11) NOT NULL,
  `language_id` int(11) NOT NULL DEFAULT 0,
  `editdate` datetime NOT NULL,
  `enable` int(11) NOT NULL,
  `approved` int(1) NOT NULL DEFAULT 0,
  `language_name` varchar(200) DEFAULT NULL,
  `language_description` text DEFAULT NULL,
  `language_meta` text DEFAULT NULL,
  `language_keywords` varchar(100) DEFAULT NULL,
  `language_url` varchar(100) DEFAULT NULL,
  `photo1` int(11) NOT NULL,
  `photo2` int(11) NOT NULL,
  `language_photo` varchar(100) NOT NULL DEFAULT '',
  `language_photo2` varchar(100) NOT NULL,
  `language_html` text NOT NULL,
  PRIMARY KEY (`category_id`,`language_id`),
  KEY `language_id` (`language_id`),
  KEY `editdate` (`editdate`),
  FULLTEXT KEY `language_html` (`language_html`),
  CONSTRAINT `ngn_articles_category_language_ibfk_1` FOREIGN KEY (`category_id`) REFERENCES `ngn_articles_category` (`category_id`) ON DELETE CASCADE ON UPDATE CASCADE
) ENGINE=InnoDB DEFAULT CHARSET=utf8;

--
-- Dumping data for table `ngn_articles_category_language`
--

INSERT INTO `ngn_articles_category_language` VALUES (1,1,'2023-01-16 09:04:28',0,1,'Produkti','','','','produkti',0,0,'','',''),(1,2,'2022-04-08 13:13:38',0,1,'Produkti','','','','produkti',0,0,'','',''),(13,1,'0000-00-00 00:00:00',0,0,'Ceniki','','','','ceniki',0,0,'','',''),(13,2,'0000-00-00 00:00:00',0,0,'Ceniki','','','','ceniki',0,0,'','',''),(15,1,'0000-00-00 00:00:00',1,1,'Skupina artiklov','','','','skupina-artiklov',0,0,'','',''),(15,2,'0000-00-00 00:00:00',1,1,'Skupina artiklov','','','','skupina-artiklov',0,0,'','',''),(16,1,'0000-00-00 00:00:00',0,0,'Skupina cenikov','','','','skupina-cenikov',0,0,'','',''),(16,2,'0000-00-00 00:00:00',0,0,'Skupina cenikov','','','','skupina-cenikov',0,0,'','',''),(22,1,'0000-00-00 00:00:00',0,0,'Slovenija','','','','slovenija',0,0,'','',''),(22,2,'0000-00-00 00:00:00',0,0,'Slovenija','','','','slovenija',0,0,'','',''),(26,1,'0000-00-00 00:00:00',1,1,'Trgovina','','','','26-trgovina',0,0,'','',''),(26,2,'0000-00-00 00:00:00',1,1,'Trgovina','','','','26-trgovina',0,0,'','',''),(35,1,'0000-00-00 00:00:00',0,0,'Zaposleni 3','','','','zaposleni-3',0,0,'','',''),(35,2,'0000-00-00 00:00:00',0,0,'Zaposleni 3','','','','zaposleni-3',0,0,'','',''),(52,1,'2022-09-22 11:44:08',1,1,'Spletna trgovina','','','','spletna-trgovina',0,0,'','',''),(52,2,'2022-09-22 11:44:12',1,1,'Shop','','','','shop',0,0,'','',''),(132,1,'0000-00-00 00:00:00',1,1,'Spletna trgovina - skrito','','','','spletna-trgovina--skrito',0,0,'','',''),(132,2,'0000-00-00 00:00:00',1,1,'Spletna trgovina - skrito','','','','spletna-trgovina--skrito',0,0,'','',''),(136,1,'0000-00-00 00:00:00',1,1,'Blagajna','','','','blagajna',0,0,'','',''),(136,2,'0000-00-00 00:00:00',1,1,'Blagajna','','','','blagajna',0,0,'','',''),(137,1,'0000-00-00 00:00:00',1,1,'Vstopnice','','','','137-vstopnice',0,0,'','',''),(137,2,'0000-00-00 00:00:00',1,1,'Vstopnice','','','','137-vstopnice',0,0,'','',''),(139,1,'0000-00-00 00:00:00',1,1,'Statistike','','','','statistike',0,0,'','',''),(139,2,'0000-00-00 00:00:00',1,1,'Statistike','','','','statistike',0,0,'','',''),(140,1,'0000-00-00 00:00:00',1,1,'Karte','','','','',0,0,'','',''),(140,2,'0000-00-00 00:00:00',1,1,'Karte','','','','',0,0,'','',''),(141,1,'0000-00-00 00:00:00',1,1,'Storitve','','','','',0,0,'','',''),(141,2,'0000-00-00 00:00:00',1,1,'Storitve','','','','',0,0,'','',''),(142,1,'0000-00-00 00:00:00',1,1,'Trgovina','','','','trgovina',0,0,'','',''),(142,2,'0000-00-00 00:00:00',1,1,'Trgovina','','','','trgovina',0,0,'','',''),(144,1,'0000-00-00 00:00:00',1,1,'Izdelki','','','','izdelki',0,0,'','',''),(144,2,'0000-00-00 00:00:00',1,1,'Izdelki','','','','izdelki',0,0,'','',''),(146,1,'0000-00-00 00:00:00',1,1,'Storitve','','','','146-storitve',0,0,'','',''),(146,2,'0000-00-00 00:00:00',1,1,'Storitve','','','','146-storitve',0,0,'','',''),(149,1,'0000-00-00 00:00:00',1,1,'Akontacije','','','','akontacije',0,0,'','',''),(149,2,'0000-00-00 00:00:00',1,1,'Akontacije','','','','akontacije',0,0,'','',''),(154,1,'0000-00-00 00:00:00',1,1,'Skupinski obiski','','','','',0,0,'','',''),(154,2,'0000-00-00 00:00:00',1,1,'Skupinski obiski','','','','',0,0,'','',''),(154,3,'0000-00-00 00:00:00',1,1,'Skupinski obiski','','','','skupinski-obiski',0,0,'','',''),(154,4,'0000-00-00 00:00:00',1,1,'Skupinski obiski','','','','skupinski-obiski',0,0,'','',''),(154,5,'0000-00-00 00:00:00',1,1,'Skupinski obiski','','','','skupinski-obiski',0,0,'','',''),(155,1,'0000-00-00 00:00:00',1,1,'Dnevne statistike','','','','dnevne-statistike',0,0,'','',''),(155,2,'0000-00-00 00:00:00',1,1,'Dnevne statistike','','','','dnevne-statistike',0,0,'','',''),(156,1,'0000-00-00 00:00:00',1,1,'Vstopnice','','','','vstopnice',0,0,'','',''),(156,2,'0000-00-00 00:00:00',1,1,'Vstopnice','','','','vstopnice',0,0,'','',''),(157,1,'0000-00-00 00:00:00',1,1,'DILEMMA','','','','dilemma',0,0,'','',''),(157,2,'0000-00-00 00:00:00',1,1,'DILEMMA','','','','dilemma',0,0,'','',''),(158,1,'0000-00-00 00:00:00',1,1,'Spominki','','','','spominki',0,0,'','',''),(158,2,'0000-00-00 00:00:00',1,1,'Spominki','','','','spominki',0,0,'','',''),(159,1,'0000-00-00 00:00:00',1,1,'Rojstni dan','','','','rojstni-dan',0,0,'','',''),(159,2,'0000-00-00 00:00:00',1,1,'Rojstni dan','','','','rojstni-dan',0,0,'','',''),(160,1,'0000-00-00 00:00:00',1,1,'Članska kartica','','','','clanska-kartica',0,0,'','',''),(160,2,'0000-00-00 00:00:00',1,1,'Članska kartica','','','','clanska-kartica',0,0,'','',''),(161,1,'0000-00-00 00:00:00',1,1,'Poročilo - Prodaja po postavkah ','','','','porocilo--prodaja-po-postavkah-',0,0,'','',''),(161,2,'0000-00-00 00:00:00',1,1,'Poročilo - Prodaja po postavkah ','','','','porocilo--prodaja-po-postavkah-',0,0,'','',''),(162,1,'0000-00-00 00:00:00',1,1,'Ostalo','','','','ostalo',0,0,'','',''),(162,2,'0000-00-00 00:00:00',1,1,'Ostalo','','','','ostalo',0,0,'','',''),(163,1,'0000-00-00 00:00:00',1,1,'Poročilo - Promet za izbrani dan/obdobje','','','','porocilo--promet-za-izbrani-danobdobje',0,0,'','',''),(163,2,'0000-00-00 00:00:00',1,1,'Poročilo - Promet za izbrani dan/obdobje','','','','porocilo--promet-za-izbrani-danobdobje',0,0,'','',''),(164,1,'0000-00-00 00:00:00',1,1,'Prodaja po postavkah','','','','prodaja-po-postavkah',0,0,'','',''),(164,2,'0000-00-00 00:00:00',1,1,'Prodaja po postavkah','','','','prodaja-po-postavkah',0,0,'','',''),(165,1,'0000-00-00 00:00:00',1,1,'vstopnic po izvoru kupca','','','','vstopnic-po-izvoru-kupca',0,0,'','',''),(165,2,'0000-00-00 00:00:00',1,1,'vstopnic po izvoru kupca','','','','vstopnic-po-izvoru-kupca',0,0,'','',''),(166,1,'0000-00-00 00:00:00',1,1,'slik po izvoru kupca ','','','','slik-po-izvoru-kupca-',0,0,'','',''),(166,2,'0000-00-00 00:00:00',1,1,'slik po izvoru kupca ','','','','slik-po-izvoru-kupca-',0,0,'','',''),(167,1,'0000-00-00 00:00:00',1,1,'Poročilo - Dnevna prodaja','','','','porocilo--dnevna-prodaja',0,0,'','',''),(167,2,'0000-00-00 00:00:00',1,1,'Poročilo - Dnevna prodaja','','','','porocilo--dnevna-prodaja',0,0,'','',''),(168,1,'0000-00-00 00:00:00',1,1,'Slike','','','','slike',0,0,'','',''),(168,2,'0000-00-00 00:00:00',1,1,'Slike','','','','slike',0,0,'','',''),(169,1,'0000-00-00 00:00:00',1,1,'Poročilo - Prodaja po prodajalcu','','','','porocilo--prodaja-po-prodajalcu',0,0,'','',''),(169,2,'0000-00-00 00:00:00',1,1,'Poročilo - Prodaja po prodajalcu','','','','porocilo--prodaja-po-prodajalcu',0,0,'','',''),(170,1,'0000-00-00 00:00:00',1,1,'Št. kombo slushy','','','','st-kombo-slushy',0,0,'','',''),(170,2,'0000-00-00 00:00:00',1,1,'Št. kombo slushy','','','','st-kombo-slushy',0,0,'','',''),(171,1,'0000-00-00 00:00:00',1,1,'Št. prodanih kart','','','','st-prodanih-kart',0,0,'','',''),(171,2,'0000-00-00 00:00:00',1,1,'Št. prodanih kart','','','','st-prodanih-kart',0,0,'','',''),(172,1,'0000-00-00 00:00:00',1,1,'Vstopnice','','','','172-vstopnice',0,0,'','',''),(172,2,'0000-00-00 00:00:00',1,1,'Vstopnice','','','','172-vstopnice',0,0,'','',''),(173,1,'0000-00-00 00:00:00',1,1,'Poročilo - Promet za izbrano obdobje po urah','','','','porocilo--promet-za-izbrano-obdobje-po-urah',0,0,'','',''),(173,2,'0000-00-00 00:00:00',1,1,'Poročilo - Promet za izbrano obdobje po urah','','','','porocilo--promet-za-izbrano-obdobje-po-urah',0,0,'','',''),(174,1,'0000-00-00 00:00:00',1,1,'odrasla vstopnica','','','','odrasla-vstopnica',0,0,'','',''),(174,2,'0000-00-00 00:00:00',1,1,'odrasla vstopnica','','','','odrasla-vstopnica',0,0,'','',''),(175,1,'0000-00-00 00:00:00',1,1,'družinska vstopnica','','','','druzinska-vstopnica',0,0,'','',''),(175,2,'0000-00-00 00:00:00',1,1,'družinska vstopnica','','','','druzinska-vstopnica',0,0,'','',''),(176,1,'0000-00-00 00:00:00',1,1,'otroška vstopnica','','','','otroska-vstopnica',0,0,'','',''),(176,2,'0000-00-00 00:00:00',1,1,'otroška vstopnica','','','','otroska-vstopnica',0,0,'','',''),(181,1,'0000-00-00 00:00:00',1,1,'Slushy','','','','slushy',0,0,'','',''),(181,2,'0000-00-00 00:00:00',1,1,'Slushy','','','','slushy',0,0,'','',''),(182,1,'0000-00-00 00:00:00',1,1,'Vstopnice - Dnevna prodaja','','','','vstopnice--dnevna-prodaja',0,0,'','',''),(182,2,'0000-00-00 00:00:00',1,1,'Vstopnice - Dnevna prodaja','','','','vstopnice--dnevna-prodaja',0,0,'','',''),(183,1,'0000-00-00 00:00:00',1,1,'Št. kombo slika','','','','st-kombo-slika',0,0,'','',''),(183,2,'0000-00-00 00:00:00',1,1,'Št. kombo slika','','','','st-kombo-slika',0,0,'','',''),(184,1,'0000-00-00 00:00:00',1,1,'Št. kombo slushy + slika','','','','st-kombo-slushy--slika',0,0,'','',''),(184,2,'0000-00-00 00:00:00',1,1,'Št. kombo slushy + slika','','','','st-kombo-slushy--slika',0,0,'','',''),(185,1,'2023-06-06 15:15:59',1,1,'oljčno olje','','','olivno olje, oljčno olje, ekstra devi&scaron;ko oljčno olje, olivno olje cena','oljcno-olje',0,0,'','',''),(185,2,'2023-06-06 15:16:37',1,1,'olive oil','','','olive oil, extra virgin olive oil, olive oil price, olive oil for cooking, best olive oil','olive-oil',0,0,'','',''),(186,1,'2023-06-06 13:33:14',1,1,'SELEKCIJA','','','olivno olje, oljčno olje, ekstra devi&scaron;ko oljčno olje, olivno olje cena','selekcija',0,0,'','',''),(186,2,'2023-06-06 13:33:20',1,1,'SELECTION','','','extra virgin olive oil, extra virgin, virgin olive oil, extra virgin olive oil for cooking, best ext','selection',0,0,'','',''),(187,1,'2023-06-06 13:33:28',1,1,'OLJA Z AROMO','','','oljčno olje, olivno olje z aromo, oljčno olje z aromo, olivno olje z okusom, oljčno olje z okusom','olja-z-aromo',0,0,'','',''),(187,2,'2023-06-06 13:33:56',1,1,'FLAVOURED OILS','','','infused olive oil, infused oil, flavoured oils, infused oils, flavoured olive oil','flavoured-oils',0,0,'','',''),(188,1,'2023-06-05 09:42:22',1,1,'kozmetika','','','kozmetika, naravna kozmetika, veganska kozmetika, kozmetika z oljčnim oljem','kozmetika',0,0,'','',''),(188,2,'2023-06-05 09:42:10',1,1,'cosmetics','','','olive cosmetics, olive oil cosmetics, olive oil for skin, best olive oil for skin','cosmetics',0,0,'','',''),(189,1,'2023-01-16 12:36:41',1,1,'Nega telesa','','','koža, nega telesa, nega kože, krema za telo, krema za telo za suho kožo','nega-telesa',0,0,'','',''),(189,2,'2023-01-16 12:36:49',1,1,'Body care','','','Olive oil for skin, olive oil for body, olive oil for body massage, best olive oil for skin, olive o','body-care',0,0,'','',''),(190,1,'2023-01-16 12:38:52',1,1,'Nega rok','','','krema za roke, razpokana koža na rokah, nega rok, najbolj&scaron;a krema za roke','nega-rok',0,0,'','',''),(190,2,'2023-01-16 12:38:57',1,1,'Hand care','','','olive oil hand cream, hand cream, olive hand cream, olive oil hand cream, hand cream olive','hand-care',0,0,'','',''),(191,1,'2023-01-16 12:40:21',1,1,'Nega las','','','nega las, &scaron;ampon za lase, balzam za lase, naravni &scaron;ampon za lase, naravni &scaron;ampo','nega-las',0,0,'','',''),(191,2,'2023-01-16 12:40:26',1,1,'Hair care','','','olive oil hair products, olive shampoo, olive conditioner, olive oil shampoo, olive oil conditioner,','hair-care',0,0,'','',''),(192,1,'2023-01-16 12:42:26',1,1,'Darilna embalaža','','','darilo ,darilna embalaža, darila za rojstni dan, darilo za rojsnti dan, ideje za darila','darilna-embalaza',0,0,'','',''),(192,2,'2023-01-16 12:42:31',1,1,'Gift packaging','','','olive gift basket, olive gift set, best olive oil gift, gift box','gift-packaging',0,0,'','',''),(193,1,'2023-01-16 12:38:27',1,1,'Nega obraza','','','nega obraza, kreme za obraz, kreme proti gubam, naravne kreme za obraz','nega-obraza',0,0,'','',''),(193,2,'2023-01-16 12:38:32',1,1,'Face care','','','olive oil for face, olive oil face, face cream, olive face cream, olive oil face cream','face-care',0,0,'','',''),(194,1,'2023-06-06 08:49:10',1,1,'Les','','','','les',0,0,'','',''),(194,2,'2023-06-06 08:49:14',1,1,'wood','','','olive wood, olive wood for sale, olive tree wood, olive wood products, olivewood','wood',0,0,'','',''),(195,1,'2023-02-28 15:03:51',1,1,'poslovna darila','','','','poslovna-darila',0,0,'','',''),(195,2,'2023-01-12 11:38:18',1,1,'business gifts','','','corporate gifts, corporate gift idea, company gift, business gifts, corporate gift items','business-gifts',0,0,'','',''),(196,1,'2023-06-06 14:38:29',1,1,'vina in destilerija','','','','vina-in-destilerija',0,0,'','',''),(196,2,'2023-06-06 14:38:31',1,1,'Wine &amp; distillery','','','wine, sparkling wine, distillery, gin','wine-distillery',0,0,'','',''),(197,1,'2023-01-16 09:01:19',0,1,'Darilna embalaža','','','','197-darilna-embalaza',0,0,'','',''),(197,2,'2023-01-16 09:01:17',0,1,'Darilna embalaža','','','','darilna-embalaza',0,0,'','',''),(198,1,'2023-06-02 13:36:43',1,1,'PREMIUM','','','','premium',0,0,'','',''),(198,2,'2023-06-02 13:36:51',1,1,'PREMIUM','','','','premium',0,0,'','','');

--
-- Table structure for table `ngn_articles_category_links`
--

CREATE TABLE `ngn_articles_category_links` (
  `category_id` int(11) NOT NULL,
  `link_id` int(11) NOT NULL,
  `category_position` int(11) NOT NULL DEFAULT 0,
  `link_position` int(11) NOT NULL,
  `link_date` int(11) NOT NULL,
  PRIMARY KEY (`category_id`,`link_id`),
  KEY `link_position` (`link_position`),
  KEY `link_id` (`link_id`),
  KEY `category_position` (`category_position`)
) ENGINE=InnoDB DEFAULT CHARSET=utf8;

--
-- Dumping data for table `ngn_articles_category_links`
--

INSERT INTO `ngn_articles_category_links` VALUES (161,156,0,2,1571218632),(161,157,0,0,1571218632),(161,162,0,1,1571218632);

--
-- Table structure for table `ngn_articles_category_multi`
--

CREATE TABLE `ngn_articles_category_multi` (
  `news_id` int(11) NOT NULL,
  `category_id` int(11) NOT NULL,
  `position` int(11) NOT NULL DEFAULT 0,
  PRIMARY KEY (`news_id`,`category_id`),
  KEY `category_id` (`category_id`),
  CONSTRAINT `ngn_articles_category_multi_ibfk_2` FOREIGN KEY (`category_id`) REFERENCES `ngn_articles_category` (`category_id`) ON DELETE CASCADE ON UPDATE CASCADE
) ENGINE=InnoDB DEFAULT CHARSET=utf8;

--
-- Dumping data for table `ngn_articles_category_multi`
--

INSERT INTO `ngn_articles_category_multi` VALUES (1,52,0),(1,185,1),(1,186,2),(2,52,0),(2,185,1),(2,198,2),(3,52,0),(3,185,1),(3,198,2),(4,52,0),(4,185,1),(4,187,2),(5,52,0),(5,185,1),(5,187,2),(6,52,0),(6,185,1),(6,187,2),(7,52,0),(7,185,1),(7,187,2),(8,52,0),(8,185,1),(8,186,2),(9,52,0),(9,185,1),(9,186,2),(11,52,0),(11,188,1),(11,189,2),(12,52,0),(12,188,1),(12,192,2),(13,52,0),(13,188,1),(13,189,2),(14,52,0),(14,188,1),(14,189,2),(15,52,0),(15,188,1),(15,189,2),(16,52,0),(16,188,1),(16,189,2),(17,52,0),(17,188,1),(17,193,2),(18,52,0),(18,188,1),(18,193,2),(19,52,0),(19,188,1),(19,193,2),(20,52,0),(20,188,1),(20,193,2),(21,52,0),(21,188,1),(21,190,2),(22,52,0),(22,188,1),(22,190,2),(23,52,0),(23,188,1),(23,190,2),(24,52,0),(24,188,1),(24,189,2),(25,52,0),(25,188,1),(25,189,2),(26,52,0),(26,188,1),(26,191,2),(27,52,0),(27,188,1),(27,191,2),(28,52,0),(28,188,1),(28,191,2),(29,52,0),(29,188,1),(29,191,2),(30,52,0),(30,188,1),(30,191,2),(31,52,0),(31,188,1),(31,191,2),(32,52,0),(32,188,1),(32,191,2),(33,52,0),(33,188,1),(33,191,2),(34,52,0),(34,185,1),(34,198,2),(35,52,0),(35,185,1),(35,198,2),(36,52,0),(36,185,1),(36,198,2),(37,52,0),(37,185,1),(37,186,2),(38,52,0),(38,185,1),(38,186,2),(39,52,0),(39,185,1),(39,186,2),(40,52,0),(40,185,1),(40,198,2),(41,52,0),(41,185,1),(41,198,2),(42,52,0),(42,185,1),(42,198,2),(43,52,0),(43,185,1),(43,187,2),(44,52,0),(44,185,1),(44,187,2),(45,52,0),(45,185,1),(45,187,2),(46,52,0),(46,185,1),(46,187,2),(47,52,0),(47,185,1),(47,187,2),(48,52,0),(48,185,1),(48,187,2),(49,52,0),(49,185,1),(49,187,2),(50,52,0),(50,185,1),(50,187,2),(51,52,0),(51,185,1),(51,187,2),(52,52,0),(52,185,1),(52,187,2),(53,52,0),(53,185,1),(53,187,2),(54,52,0),(54,185,1),(54,187,2),(55,52,0),(55,185,1),(55,187,2),(56,52,0),(56,185,1),(56,187,2),(57,52,0),(57,185,1),(57,187,2),(58,52,0),(58,185,1),(58,186,2),(59,52,0),(59,185,1),(59,186,2),(60,52,0),(60,185,1),(60,186,2),(61,52,0),(61,185,1),(61,186,2),(62,52,0),(62,185,1),(62,187,2),(63,52,0),(63,185,1),(63,187,2),(64,52,0),(64,185,1),(64,198,2),(65,52,0),(65,185,1),(65,198,2),(66,52,0),(66,185,1),(66,198,2),(67,52,0),(67,185,1),(67,198,2),(68,52,0),(68,185,1),(68,187,2),(69,52,0),(69,185,1),(69,187,2),(70,52,0),(70,185,1),(70,187,2),(71,52,0),(71,185,1),(71,187,2),(72,132,0),(72,197,1),(73,132,0),(74,132,0),(74,197,1),(75,26,0),(75,194,1),(76,26,0),(76,194,1),(77,26,0),(77,194,1),(78,26,0),(78,194,1),(79,26,0),(79,194,1),(80,26,0),(80,194,1),(80,195,2),(81,26,0),(81,194,1),(81,195,2),(82,52,0),(82,187,1),(82,195,2),(83,52,0),(83,195,1),(83,196,2),(84,195,0),(85,52,0),(85,194,1),(85,195,2),(86,52,0),(86,194,1),(86,195,2),(87,52,0),(87,194,1),(88,52,0),(88,194,1),(89,52,0),(89,194,1),(90,52,0),(90,194,1),(91,52,0),(91,194,1),(92,52,0),(92,194,1),(93,52,0),(93,194,1),(94,52,0),(94,194,1),(95,52,0),(95,194,1),(96,52,0),(96,194,1),(97,52,0),(97,194,1),(98,52,0),(98,185,1),(99,52,0),(99,196,1),(100,52,0),(100,194,1),(101,26,0),(102,52,0),(102,188,1),(102,189,2),(103,26,0),(103,52,1),(103,186,2),(104,26,0),(104,52,1),(104,185,2),(104,187,3),(105,52,0),(105,194,1),(106,52,0),(106,188,1),(106,189,2),(107,26,0),(107,194,1),(108,26,0),(108,194,1),(109,26,0),(109,194,1);

--
-- Table structure for table `ngn_articles_category_pages`
--

CREATE TABLE `ngn_articles_category_pages` (
  `category_id` int(11) NOT NULL,
  `link_id` int(11) NOT NULL,
  `language_id` int(11) NOT NULL,
  `category_position` int(11) NOT NULL DEFAULT 0,
  `link_position` int(11) NOT NULL,
  `link_date` int(11) NOT NULL,
  PRIMARY KEY (`category_id`,`link_id`,`language_id`),
  KEY `link_position` (`link_position`),
  KEY `link_id` (`link_id`),
  KEY `category_position` (`category_position`)
) ENGINE=InnoDB DEFAULT CHARSET=utf8;

--
-- Dumping data for table `ngn_articles_category_pages`
--

INSERT INTO `ngn_articles_category_pages` VALUES (185,274,1,0,0,1686057359),(185,275,2,0,0,1686057397),(188,66,1,0,1,1685950942),(188,66,2,0,1,1685950919),(188,67,1,0,2,1685950942),(188,67,2,0,2,1685950919),(188,68,1,0,3,1685950942),(188,68,2,0,3,1685950919),(188,69,1,0,4,1685950942),(188,69,2,0,4,1685950919),(188,70,1,0,5,1685950942),(188,70,2,0,5,1685950919),(188,71,1,0,6,1685950942),(188,71,2,0,6,1685950919),(188,250,1,0,0,1685950942),(188,250,2,0,0,1685950919),(194,252,1,0,1,1686034157),(195,116,2,0,0,1673519898),(196,273,1,0,0,1686055109);

--
-- Table structure for table `ngn_articles_category_photo`
--

CREATE TABLE `ngn_articles_category_photo` (
  `photo_id` int(11) NOT NULL AUTO_INCREMENT,
  `category_id` int(11) DEFAULT NULL,
  `photo_order` int(11) NOT NULL,
  `photo_gallery` int(11) NOT NULL DEFAULT 1,
  `photo_photo` varchar(100) DEFAULT NULL,
  `photo_path` varchar(200) NOT NULL,
  `photo_owner` int(11) NOT NULL,
  `photo_date` datetime NOT NULL,
  `photo_source` varchar(255) NOT NULL,
  PRIMARY KEY (`photo_id`),
  KEY `category_id` (`category_id`),
  KEY `photo_date` (`photo_date`),
  KEY `photo_owner` (`photo_owner`),
  KEY `photo_source` (`photo_source`),
  CONSTRAINT `ngn_articles_category_photo_ibfk_1` FOREIGN KEY (`category_id`) REFERENCES `ngn_articles_category` (`category_id`) ON DELETE CASCADE ON UPDATE CASCADE
) ENGINE=InnoDB DEFAULT CHARSET=utf8;

--
-- Dumping data for table `ngn_articles_category_photo`
--


--
-- Table structure for table `ngn_articles_category_photo_gallery`
--

CREATE TABLE `ngn_articles_category_photo_gallery` (
  `photo_id` int(11) NOT NULL,
  `category_id` int(11) NOT NULL,
  `photo_gallery` int(11) NOT NULL,
  `photo_order` int(11) NOT NULL,
  PRIMARY KEY (`category_id`,`photo_id`)
) ENGINE=InnoDB DEFAULT CHARSET=utf8;

--
-- Dumping data for table `ngn_articles_category_photo_gallery`
--


--
-- Table structure for table `ngn_articles_category_photo_gallery_language`
--

CREATE TABLE `ngn_articles_category_photo_gallery_language` (
  `photo_id` int(11) NOT NULL,
  `category_id` int(11) NOT NULL,
  `language_id` int(11) NOT NULL,
  `editdate` datetime NOT NULL,
  `enable` int(11) NOT NULL,
  PRIMARY KEY (`photo_id`,`category_id`,`language_id`),
  KEY `editdate` (`editdate`)
) ENGINE=InnoDB DEFAULT CHARSET=utf8;

--
-- Dumping data for table `ngn_articles_category_photo_gallery_language`
--


--
-- Table structure for table `ngn_articles_category_photo_language`
--

CREATE TABLE `ngn_articles_category_photo_language` (
  `photo_id` int(11) NOT NULL,
  `language_id` int(11) NOT NULL DEFAULT 0,
  `editdate` datetime NOT NULL,
  `enable` int(11) NOT NULL,
  `approved` int(1) NOT NULL DEFAULT 0,
  `language_name` varchar(200) DEFAULT NULL,
  `language_description` text DEFAULT NULL,
  `language_meta` text DEFAULT NULL,
  `language_keywords` varchar(100) DEFAULT NULL,
  `language_url` varchar(100) DEFAULT NULL,
  `language_photo` varchar(100) NOT NULL DEFAULT '',
  PRIMARY KEY (`photo_id`,`language_id`),
  KEY `language_id` (`language_id`),
  KEY `editdate` (`editdate`),
  CONSTRAINT `ngn_articles_category_photo_language_ibfk_1` FOREIGN KEY (`photo_id`) REFERENCES `ngn_articles_category_photo` (`photo_id`) ON DELETE CASCADE ON UPDATE CASCADE
) ENGINE=InnoDB DEFAULT CHARSET=utf8;

--
-- Dumping data for table `ngn_articles_category_photo_language`
--


--
-- Table structure for table `ngn_articles_category_roles`
--

CREATE TABLE `ngn_articles_category_roles` (
  `role_id` int(11) NOT NULL,
  `category_id` int(11) NOT NULL,
  `childs` int(11) NOT NULL,
  `exclude` int(11) NOT NULL,
  PRIMARY KEY (`role_id`,`category_id`),
  KEY `category_id` (`category_id`)
) ENGINE=InnoDB DEFAULT CHARSET=utf8;

--
-- Dumping data for table `ngn_articles_category_roles`
--

INSERT INTO `ngn_articles_category_roles` VALUES (2,52,1,0);

--
-- Table structure for table `ngn_articles_category_videos`
--

CREATE TABLE `ngn_articles_category_videos` (
  `file_id` int(11) NOT NULL AUTO_INCREMENT,
  `category_id` int(11) NOT NULL DEFAULT 0,
  `file_photo` varchar(200) NOT NULL,
  `file_size` int(11) NOT NULL DEFAULT 0,
  `file_file` varchar(100) NOT NULL DEFAULT '',
  `file_original_name` varchar(200) NOT NULL DEFAULT '0',
  PRIMARY KEY (`file_id`),
  KEY `category_id` (`category_id`),
  CONSTRAINT `ngn_articles_category_videos_ibfk_1` FOREIGN KEY (`category_id`) REFERENCES `ngn_articles_category` (`category_id`) ON DELETE CASCADE ON UPDATE CASCADE
) ENGINE=InnoDB DEFAULT CHARSET=utf8;

--
-- Dumping data for table `ngn_articles_category_videos`
--


--
-- Table structure for table `ngn_articles_category_videos_language`
--

CREATE TABLE `ngn_articles_category_videos_language` (
  `file_id` int(11) NOT NULL,
  `language_id` int(11) NOT NULL DEFAULT 0,
  `enable` int(11) NOT NULL,
  `language_name` varchar(200) DEFAULT NULL,
  `language_description` text DEFAULT NULL,
  `language_meta` text DEFAULT NULL,
  `language_keywords` varchar(100) DEFAULT NULL,
  `language_url` varchar(100) DEFAULT NULL,
  `language_photo` varchar(100) NOT NULL DEFAULT '',
  PRIMARY KEY (`file_id`,`language_id`),
  KEY `language_id` (`language_id`),
  CONSTRAINT `ngn_articles_category_videos_language_ibfk_1` FOREIGN KEY (`file_id`) REFERENCES `ngn_articles_category_videos` (`file_id`) ON DELETE CASCADE ON UPDATE CASCADE
) ENGINE=InnoDB DEFAULT CHARSET=utf8;

--
-- Dumping data for table `ngn_articles_category_videos_language`
--


--
-- Table structure for table `ngn_articles_comments`
--

CREATE TABLE `ngn_articles_comments` (
  `comment_id` int(11) NOT NULL AUTO_INCREMENT,
  `parent_id` int(11) NOT NULL DEFAULT 0,
  `user_id` int(11) NOT NULL DEFAULT 0,
  `category_id` int(11) NOT NULL DEFAULT 0,
  `user_ip` varchar(60) NOT NULL,
  `date` datetime NOT NULL,
  `votes` int(11) NOT NULL,
  `reported` int(11) NOT NULL,
  `enable` int(11) NOT NULL DEFAULT 1,
  `owner_id` int(11) NOT NULL,
  PRIMARY KEY (`comment_id`),
  KEY `news_id` (`parent_id`),
  KEY `user_id` (`user_id`),
  KEY `category_id` (`category_id`),
  KEY `owner_id` (`owner_id`)
) ENGINE=InnoDB DEFAULT CHARSET=utf8;

--
-- Dumping data for table `ngn_articles_comments`
--


--
-- Table structure for table `ngn_articles_comments_admin`
--

CREATE TABLE `ngn_articles_comments_admin` (
  `comment_id` int(11) NOT NULL,
  `role_id` int(11) NOT NULL,
  PRIMARY KEY (`comment_id`,`role_id`),
  KEY `role_id` (`role_id`)
) ENGINE=InnoDB DEFAULT CHARSET=utf8;

--
-- Dumping data for table `ngn_articles_comments_admin`
--


--
-- Table structure for table `ngn_articles_comments_files`
--

CREATE TABLE `ngn_articles_comments_files` (
  `file_id` int(11) NOT NULL AUTO_INCREMENT,
  `comment_id` int(11) NOT NULL DEFAULT 0,
  `file_type` int(11) NOT NULL DEFAULT 0,
  `file_group` int(11) NOT NULL,
  `file_size` int(11) NOT NULL DEFAULT 0,
  `file_list` int(11) NOT NULL DEFAULT 1,
  `file_file` varchar(100) NOT NULL DEFAULT '',
  `file_original_name` varchar(200) NOT NULL DEFAULT '0',
  `file_createdate` datetime NOT NULL,
  `file_showdate` datetime NOT NULL,
  `file_hidedate` datetime NOT NULL,
  `file_hide` smallint(1) NOT NULL,
  `file_owner` int(11) NOT NULL,
  `file_order` int(11) NOT NULL,
  PRIMARY KEY (`file_id`),
  KEY `comment_id` (`comment_id`),
  KEY `file_type` (`file_type`),
  KEY `file_createdate` (`file_createdate`),
  KEY `file_owner` (`file_owner`),
  KEY `file_group` (`file_group`),
  KEY `file_showdate` (`file_showdate`),
  KEY `file_hidedate` (`file_hidedate`),
  KEY `file_hide` (`file_hide`),
  KEY `file_order` (`file_order`)
) ENGINE=InnoDB DEFAULT CHARSET=utf8;

--
-- Dumping data for table `ngn_articles_comments_files`
--


--
-- Table structure for table `ngn_articles_comments_files_language`
--

CREATE TABLE `ngn_articles_comments_files_language` (
  `file_id` int(11) NOT NULL,
  `language_id` int(11) NOT NULL DEFAULT 0,
  `editdate` datetime NOT NULL,
  `enable` int(11) NOT NULL,
  `approved` int(1) NOT NULL DEFAULT 0,
  `language_name` varchar(200) DEFAULT NULL,
  `language_description` text DEFAULT NULL,
  `language_meta` text DEFAULT NULL,
  `language_keywords` varchar(100) DEFAULT NULL,
  `language_url` varchar(100) DEFAULT NULL,
  `language_photo` varchar(100) NOT NULL DEFAULT '',
  PRIMARY KEY (`file_id`,`language_id`),
  KEY `language_id` (`language_id`),
  KEY `editdate` (`editdate`),
  CONSTRAINT `ngn_articles_comments_files_language_ibfk_1` FOREIGN KEY (`file_id`) REFERENCES `ngn_articles_comments_files` (`file_id`) ON DELETE CASCADE ON UPDATE CASCADE
) ENGINE=InnoDB DEFAULT CHARSET=utf8;

--
-- Dumping data for table `ngn_articles_comments_files_language`
--


--
-- Table structure for table `ngn_articles_comments_language`
--

CREATE TABLE `ngn_articles_comments_language` (
  `comment_id` int(11) NOT NULL,
  `language_id` int(11) NOT NULL DEFAULT 0,
  `editdate` datetime NOT NULL,
  `enable` int(11) NOT NULL,
  `approved` int(1) NOT NULL DEFAULT 0,
  `language_name` varchar(200) DEFAULT NULL,
  `language_description` text DEFAULT NULL,
  `language_meta` text DEFAULT NULL,
  `language_keywords` varchar(100) DEFAULT NULL,
  `language_url` varchar(100) DEFAULT NULL,
  `language_photo` varchar(100) NOT NULL DEFAULT '',
  PRIMARY KEY (`comment_id`,`language_id`),
  KEY `language_id` (`language_id`),
  KEY `comment_id` (`comment_id`),
  KEY `editdate` (`editdate`),
  CONSTRAINT `ngn_articles_comments_language_ibfk_1` FOREIGN KEY (`comment_id`) REFERENCES `ngn_articles_comments` (`comment_id`) ON DELETE CASCADE ON UPDATE CASCADE
) ENGINE=InnoDB DEFAULT CHARSET=utf8;

--
-- Dumping data for table `ngn_articles_comments_language`
--


--
-- Table structure for table `ngn_articles_comments_votes`
--

CREATE TABLE `ngn_articles_comments_votes` (
  `comment_id` int(11) NOT NULL,
  `vote_date` datetime DEFAULT NULL,
  `vote_ip` varchar(50) NOT NULL,
  `vote_value` int(11) NOT NULL,
  PRIMARY KEY (`comment_id`,`vote_ip`),
  CONSTRAINT `ngn_articles_comments_votes_ibfk_1` FOREIGN KEY (`comment_id`) REFERENCES `ngn_articles_comments` (`comment_id`) ON DELETE CASCADE ON UPDATE CASCADE
) ENGINE=InnoDB DEFAULT CHARSET=utf8;

--
-- Dumping data for table `ngn_articles_comments_votes`
--


--
-- Table structure for table `ngn_articles_custom_values`
--

CREATE TABLE `ngn_articles_custom_values` (
  `news_id` int(11) NOT NULL,
  `category_id` int(11) NOT NULL,
  `gaid` int(11) NOT NULL,
  `language_id` int(11) NOT NULL,
  `valueAutomatic` int(11) NOT NULL DEFAULT 0,
  `valueInt` int(11) NOT NULL,
  `valueFloat` double NOT NULL,
  `valueText` text NOT NULL,
  PRIMARY KEY (`news_id`,`category_id`,`gaid`,`language_id`),
  KEY `category_id` (`category_id`),
  KEY `gaid` (`gaid`),
  KEY `language_id` (`language_id`),
  KEY `valueInt` (`valueInt`)
) ENGINE=InnoDB DEFAULT CHARSET=utf8;

--
-- Dumping data for table `ngn_articles_custom_values`
--

INSERT INTO `ngn_articles_custom_values` VALUES (1,1,1,1,0,943916400,0,''),(1,1,3,1,0,943916400,0,''),(1,1,21,1,0,0,0,''),(1,1,33,1,0,0,0,''),(1,1,35,1,0,0,0,''),(1,1,36,1,0,1,0,''),(1,1,38,1,0,1,0,''),(1,1,39,1,0,0,0,''),(1,1,40,1,0,0,0,''),(1,1,41,1,0,1,0,''),(1,1,42,1,0,0,0,''),(1,1,43,1,0,0,0,''),(1,1,44,1,0,0,0,''),(1,1,45,1,0,0,0,''),(1,1,46,1,0,0,0,''),(1,1,47,1,0,0,0,''),(1,1,48,1,0,0,0,''),(1,1,49,1,0,0,0,''),(1,1,50,1,0,0,0,''),(1,1,51,1,0,0,0,''),(1,1,52,1,0,0,0,''),(1,1,53,1,0,0,0,''),(1,1,54,1,0,0,0,''),(1,1,55,1,0,0,0,''),(1,1,56,1,0,0,0,''),(1,1,57,1,0,0,0,''),(1,1,58,1,0,0,0,''),(1,1,59,1,0,0,0,''),(1,1,60,1,0,0,0,''),(1,1,61,1,0,0,0,''),(1,1,62,1,0,0,0,''),(1,1,63,1,0,0,0,''),(1,1,65,1,0,0,0,''),(1,1,66,1,0,0,0,''),(1,1,67,1,0,0,0,''),(1,1,68,1,0,0,0,''),(1,1,69,1,0,0,0,''),(1,1,70,1,0,0,0,''),(1,1,73,1,0,0,0,'OIL-IBE'),(1,1,100,1,0,0,0,''),(1,1,101,1,0,44,0,''),(1,1,102,1,0,1,0,''),(1,1,103,1,0,34,0,''),(1,1,104,1,0,13,0,''),(1,1,116,1,0,0,0,''),(1,1,117,1,0,0,0,''),(1,1,118,1,0,3533,0,''),(1,1,119,1,0,23,0,''),(1,1,124,1,0,0,0,''),(1,1,125,1,0,0,0,''),(1,1,126,1,0,0,0,''),(1,1,127,1,0,0,0,''),(1,1,142,1,0,22,0,''),(1,1,143,1,0,0,0,''),(1,1,148,1,0,0,0,''),(1,1,151,1,0,0,0,''),(1,1,156,1,0,0,0,''),(1,1,157,1,0,0,0,''),(1,1,158,1,0,47,0,''),(1,1,159,1,0,0,0,''),(1,1,160,1,0,0,9.132420091324201,''),(1,1,161,1,0,0,0,''),(1,1,162,1,0,0,0,''),(1,1,163,1,0,0,0,''),(1,1,164,1,0,0,0,''),(1,1,165,1,0,0,0,''),(1,1,166,1,0,0,0,''),(1,1,167,1,0,0,0,''),(1,1,168,1,0,0,0,''),(1,1,171,1,0,65,0,''),(1,1,172,1,0,0,0,''),(1,1,173,1,0,1,0,''),(1,1,174,1,0,0,0,'#578ebe'),(1,1,175,1,0,0,0,'users'),(1,1,176,1,0,0,0,'#ffffff'),(1,1,177,1,0,80,0,''),(1,1,178,1,0,0,0,''),(1,1,179,1,0,0,0,''),(1,1,180,1,0,0,0,''),(1,1,1000,1,0,0,0,''),(1,1,1001,1,0,0,0,''),(1,1,1005,1,0,0,0,''),(1,1,1005,2,0,0,0,''),(1,1,1007,1,0,0,0,''),(1,1,1008,1,0,0,0,''),(1,1,1008,2,0,0,0,''),(1,1,1009,1,0,0,0,''),(1,1,1010,1,0,0,0,''),(1,1,1010,2,0,0,0,'&lt;p&gt;&lt;strong&gt;olive&lt;/strong&gt;oil&lt;strong&gt;&lt;span class=&quot;cuvee&quot;&gt;istrskaBelica&lt;/span&gt;&lt;/strong&gt;&lt;/p&gt;'),(1,1,1013,1,0,112,0,''),(1,1,1014,1,0,0,0,'100,101'),(1,1,1015,1,0,0,0,''),(1,1,1016,1,0,0,0,''),(1,1,1017,1,0,1,0,''),(1,1,1020,1,0,0,0,''),(1,1,1022,1,0,0,0,''),(2,1,21,1,0,0,0,''),(2,1,33,1,0,0,0,''),(2,1,35,1,0,0,0,''),(2,1,36,1,0,1,0,''),(2,1,38,1,0,1,0,''),(2,1,39,1,0,0,0,''),(2,1,40,1,0,0,0,''),(2,1,41,1,0,0,0,''),(2,1,42,1,0,0,0,''),(2,1,43,1,0,0,0,''),(2,1,44,1,0,0,0,''),(2,1,45,1,0,0,0,''),(2,1,46,1,0,0,0,''),(2,1,47,1,0,0,0,''),(2,1,48,1,0,0,0,''),(2,1,49,1,0,0,0,''),(2,1,50,1,0,0,0,''),(2,1,51,1,0,0,0,''),(2,1,52,1,0,0,0,''),(2,1,53,1,0,0,0,''),(2,1,54,1,0,0,0,''),(2,1,55,1,0,0,0,''),(2,1,56,1,0,0,0,''),(2,1,57,1,0,0,0,''),(2,1,58,1,0,0,0,''),(2,1,59,1,0,0,0,''),(2,1,60,1,0,0,0,''),(2,1,61,1,0,0,0,''),(2,1,62,1,0,0,0,''),(2,1,63,1,0,0,0,''),(2,1,65,1,0,0,0,''),(2,1,66,1,0,0,0,''),(2,1,67,1,0,0,0,''),(2,1,68,1,0,0,0,''),(2,1,69,1,0,0,0,''),(2,1,70,1,0,0,0,''),(2,1,73,1,0,0,0,'OIL-CUV'),(2,1,101,1,0,44,0,''),(2,1,102,1,0,2,0,''),(2,1,103,1,0,34,0,''),(2,1,104,1,0,13,0,''),(2,1,118,1,0,3523,0,''),(2,1,119,1,0,13,0,''),(2,1,124,1,0,0,0,''),(2,1,125,1,0,0,0,''),(2,1,126,1,0,0,0,''),(2,1,127,1,0,0,0,''),(2,1,142,1,0,12,0,''),(2,1,148,1,0,0,0,''),(2,1,151,1,0,0,0,''),(2,1,156,1,0,0,0,''),(2,1,157,1,0,0,0,''),(2,1,158,1,0,47,0,''),(2,1,159,1,0,0,0,''),(2,1,160,1,0,0,7.305936073059361,''),(2,1,161,1,0,0,0,''),(2,1,162,1,0,0,0,''),(2,1,163,1,0,0,0,''),(2,1,164,1,0,0,0,''),(2,1,165,1,0,0,0,''),(2,1,166,1,0,0,0,''),(2,1,167,1,0,0,0,''),(2,1,168,1,0,0,0,''),(2,1,171,1,0,65,0,''),(2,1,172,1,0,0,0,''),(2,1,173,1,0,1,0,''),(2,1,174,1,0,0,0,'#578ebe'),(2,1,175,1,0,0,0,'users'),(2,1,176,1,0,0,0,'#ffffff'),(2,1,177,1,0,80,0,''),(2,1,178,1,0,0,0,''),(2,1,179,1,0,0,0,''),(2,1,180,1,0,0,0,''),(2,1,1000,1,0,0,0,''),(2,1,1001,1,0,0,0,''),(2,1,1005,1,0,0,0,''),(2,1,1005,2,0,0,0,''),(2,1,1007,1,0,0,0,''),(2,1,1008,1,0,0,0,''),(2,1,1008,2,0,0,0,''),(2,1,1009,1,0,0,0,''),(2,1,1010,1,0,0,0,''),(2,1,1010,2,0,0,0,''),(2,1,1013,1,0,110,0,''),(2,1,1014,1,0,0,0,'87,91,92,93'),(2,1,1015,1,0,115,0,''),(2,1,1016,1,0,0,0,'125,126'),(2,1,1017,1,0,1,0,''),(2,1,1020,1,0,0,0,''),(2,1,1022,1,0,0,0,''),(3,1,21,1,0,0,0,''),(3,1,33,1,0,0,0,''),(3,1,35,1,0,0,0,''),(3,1,36,1,0,1,0,''),(3,1,38,1,0,1,0,''),(3,1,39,1,0,0,0,''),(3,1,40,1,0,0,0,''),(3,1,41,1,0,0,0,''),(3,1,42,1,0,0,0,''),(3,1,43,1,0,0,0,''),(3,1,44,1,0,0,0,''),(3,1,45,1,0,0,0,''),(3,1,46,1,0,0,0,''),(3,1,47,1,0,0,0,''),(3,1,48,1,0,0,0,''),(3,1,49,1,0,0,0,''),(3,1,50,1,0,0,0,''),(3,1,51,1,0,0,0,''),(3,1,52,1,0,0,0,''),(3,1,53,1,0,0,0,''),(3,1,54,1,0,0,0,''),(3,1,55,1,0,0,0,''),(3,1,56,1,0,0,0,''),(3,1,57,1,0,0,0,''),(3,1,58,1,0,0,0,''),(3,1,59,1,0,0,0,''),(3,1,60,1,0,0,0,''),(3,1,61,1,0,0,0,''),(3,1,62,1,0,0,0,''),(3,1,63,1,0,0,0,''),(3,1,65,1,0,0,0,''),(3,1,66,1,0,0,0,''),(3,1,67,1,0,0,0,''),(3,1,68,1,0,0,0,''),(3,1,69,1,0,0,0,''),(3,1,70,1,0,0,0,''),(3,1,73,1,0,0,0,'OIL-GOL'),(3,1,101,1,0,44,0,''),(3,1,102,1,0,3,0,''),(3,1,103,1,0,34,0,''),(3,1,104,1,0,13,0,''),(3,1,118,1,0,3526,0,''),(3,1,119,1,0,16,0,''),(3,1,124,1,0,0,0,''),(3,1,125,1,0,0,0,''),(3,1,126,1,0,0,0,''),(3,1,127,1,0,0,0,''),(3,1,142,1,0,15,0,''),(3,1,148,1,0,0,0,''),(3,1,151,1,0,0,0,''),(3,1,156,1,0,0,0,''),(3,1,157,1,0,0,0,''),(3,1,158,1,0,47,0,''),(3,1,159,1,0,0,0,''),(3,1,160,1,0,0,9.132420091324201,''),(3,1,161,1,0,0,0,''),(3,1,162,1,0,0,0,''),(3,1,163,1,0,0,0,''),(3,1,164,1,0,0,0,''),(3,1,165,1,0,0,0,''),(3,1,166,1,0,0,0,''),(3,1,167,1,0,0,0,''),(3,1,168,1,0,0,0,''),(3,1,171,1,0,65,0,''),(3,1,172,1,0,0,0,''),(3,1,173,1,0,1,0,''),(3,1,174,1,0,0,0,'#578ebe'),(3,1,175,1,0,0,0,'users'),(3,1,176,1,0,0,0,'#ffffff'),(3,1,177,1,0,80,0,''),(3,1,178,1,0,0,0,''),(3,1,179,1,0,0,0,''),(3,1,180,1,0,0,0,''),(3,1,1000,1,0,0,0,''),(3,1,1001,1,0,0,0,''),(3,1,1005,1,0,0,0,''),(3,1,1005,2,0,0,0,''),(3,1,1007,1,0,0,0,''),(3,1,1008,1,0,0,0,''),(3,1,1008,2,0,0,0,''),(3,1,1009,1,0,0,0,''),(3,1,1010,1,0,0,0,''),(3,1,1010,2,0,0,0,''),(3,1,1013,1,0,110,0,''),(3,1,1014,1,0,0,0,'87,88,89,90,91,92'),(3,1,1015,1,0,114,0,''),(3,1,1016,1,0,0,0,'124,125,126'),(3,1,1017,1,0,1,0,''),(3,1,1020,1,0,0,0,''),(3,1,1022,1,0,0,0,''),(4,1,21,1,0,0,0,''),(4,1,33,1,0,0,0,''),(4,1,35,1,0,0,0,''),(4,1,36,1,0,1,0,''),(4,1,38,1,0,1,0,''),(4,1,39,1,0,0,0,''),(4,1,40,1,0,0,0,''),(4,1,41,1,0,0,0,''),(4,1,42,1,0,0,0,''),(4,1,43,1,0,0,0,''),(4,1,44,1,0,0,0,''),(4,1,45,1,0,0,0,''),(4,1,46,1,0,0,0,''),(4,1,47,1,0,0,0,''),(4,1,48,1,0,0,0,''),(4,1,49,1,0,0,0,''),(4,1,50,1,0,0,0,''),(4,1,51,1,0,0,0,''),(4,1,52,1,0,0,0,''),(4,1,53,1,0,0,0,''),(4,1,54,1,0,0,0,''),(4,1,55,1,0,0,0,''),(4,1,56,1,0,0,0,''),(4,1,57,1,0,0,0,''),(4,1,58,1,0,0,0,''),(4,1,59,1,0,0,0,''),(4,1,60,1,0,0,0,''),(4,1,61,1,0,0,0,''),(4,1,62,1,0,0,0,''),(4,1,63,1,0,0,0,''),(4,1,65,1,0,0,0,''),(4,1,66,1,0,0,0,''),(4,1,67,1,0,0,0,''),(4,1,68,1,0,0,0,''),(4,1,69,1,0,0,0,''),(4,1,70,1,0,0,0,''),(4,1,73,1,0,0,0,'OIL-TRU'),(4,1,101,1,0,44,0,''),(4,1,102,1,0,4,0,''),(4,1,103,1,0,34,0,''),(4,1,104,1,0,13,0,''),(4,1,118,1,0,3515,0,''),(4,1,119,1,0,5,0,''),(4,1,124,1,0,0,0,''),(4,1,125,1,0,0,0,''),(4,1,126,1,0,0,0,''),(4,1,127,1,0,0,0,''),(4,1,142,1,0,4,0,''),(4,1,148,1,0,0,0,''),(4,1,151,1,0,0,0,''),(4,1,156,1,0,0,0,''),(4,1,157,1,0,0,0,''),(4,1,158,1,0,47,0,''),(4,1,159,1,0,0,0,''),(4,1,160,1,0,0,11.87214611872146,''),(4,1,161,1,0,0,0,''),(4,1,162,1,0,0,0,''),(4,1,163,1,0,0,0,''),(4,1,164,1,0,0,0,''),(4,1,165,1,0,0,0,''),(4,1,166,1,0,0,0,''),(4,1,167,1,0,0,0,''),(4,1,168,1,0,0,0,''),(4,1,171,1,0,65,0,''),(4,1,172,1,0,0,0,''),(4,1,173,1,0,1,0,''),(4,1,174,1,0,0,0,'#578ebe'),(4,1,175,1,0,0,0,'users'),(4,1,176,1,0,0,0,'#ffffff'),(4,1,177,1,0,80,0,''),(4,1,178,1,0,0,0,''),(4,1,179,1,0,0,0,''),(4,1,180,1,0,0,0,''),(4,1,1000,1,0,0,0,''),(4,1,1001,1,0,0,0,''),(4,1,1005,1,0,0,0,''),(4,1,1005,2,0,0,0,''),(4,1,1007,1,0,0,0,''),(4,1,1008,1,0,0,0,''),(4,1,1008,2,0,0,0,''),(4,1,1009,1,0,0,0,''),(4,1,1010,1,0,0,0,''),(4,1,1010,2,0,0,0,''),(4,1,1013,1,0,109,0,''),(4,1,1014,1,0,0,0,'89,93,100,101,107'),(4,1,1015,1,0,122,0,''),(4,1,1016,1,0,0,0,'124,126'),(4,1,1017,1,0,1,0,''),(4,1,1020,1,0,0,0,''),(4,1,1022,1,0,0,0,''),(5,1,21,1,0,0,0,''),(5,1,33,1,0,0,0,''),(5,1,35,1,0,0,0,''),(5,1,36,1,0,1,0,''),(5,1,38,1,0,1,0,''),(5,1,39,1,0,0,0,''),(5,1,40,1,0,0,0,''),(5,1,41,1,0,0,0,''),(5,1,42,1,0,0,0,''),(5,1,43,1,0,0,0,''),(5,1,44,1,0,0,0,''),(5,1,45,1,0,0,0,''),(5,1,46,1,0,0,0,''),(5,1,47,1,0,0,0,''),(5,1,48,1,0,0,0,''),(5,1,49,1,0,0,0,''),(5,1,50,1,0,0,0,''),(5,1,51,1,0,0,0,''),(5,1,52,1,0,0,0,''),(5,1,53,1,0,0,0,''),(5,1,54,1,0,0,0,''),(5,1,55,1,0,0,0,''),(5,1,56,1,0,0,0,''),(5,1,57,1,0,0,0,''),(5,1,58,1,0,0,0,''),(5,1,59,1,0,0,0,''),(5,1,60,1,0,0,0,''),(5,1,61,1,0,0,0,''),(5,1,62,1,0,0,0,''),(5,1,63,1,0,0,0,''),(5,1,65,1,0,0,0,''),(5,1,66,1,0,0,0,''),(5,1,67,1,0,0,0,''),(5,1,68,1,0,0,0,''),(5,1,69,1,0,0,0,''),(5,1,70,1,0,0,0,''),(5,1,73,1,0,0,0,'OIL-LEM'),(5,1,101,1,0,44,0,''),(5,1,102,1,0,5,0,''),(5,1,103,1,0,34,0,''),(5,1,104,1,0,13,0,''),(5,1,118,1,0,3516,0,''),(5,1,119,1,0,6,0,''),(5,1,124,1,0,0,0,''),(5,1,125,1,0,0,0,''),(5,1,126,1,0,0,0,''),(5,1,127,1,0,0,0,''),(5,1,142,1,0,5,0,''),(5,1,148,1,0,0,0,''),(5,1,151,1,0,0,0,''),(5,1,156,1,0,0,0,''),(5,1,157,1,0,0,0,''),(5,1,158,1,0,47,0,''),(5,1,159,1,0,0,0,''),(5,1,160,1,0,0,11.87214611872146,''),(5,1,161,1,0,0,0,''),(5,1,162,1,0,0,0,''),(5,1,163,1,0,0,0,''),(5,1,164,1,0,0,0,''),(5,1,165,1,0,0,0,''),(5,1,166,1,0,0,0,''),(5,1,167,1,0,0,0,''),(5,1,168,1,0,0,0,''),(5,1,171,1,0,65,0,''),(5,1,172,1,0,0,0,''),(5,1,173,1,0,1,0,''),(5,1,174,1,0,0,0,'#578ebe'),(5,1,175,1,0,0,0,'users'),(5,1,176,1,0,0,0,'#ffffff'),(5,1,177,1,0,80,0,''),(5,1,178,1,0,0,0,''),(5,1,179,1,0,0,0,''),(5,1,180,1,0,0,0,''),(5,1,1000,1,0,0,0,''),(5,1,1001,1,0,0,0,''),(5,1,1005,1,0,0,0,''),(5,1,1005,2,0,0,0,''),(5,1,1007,1,0,0,0,''),(5,1,1008,1,0,0,0,''),(5,1,1008,2,0,0,0,''),(5,1,1009,1,0,0,0,''),(5,1,1010,1,0,0,0,''),(5,1,1010,2,0,0,0,''),(5,1,1013,1,0,109,0,''),(5,1,1014,1,0,0,0,'96,99,103,104,105'),(5,1,1015,1,0,119,0,''),(5,1,1016,1,0,0,0,'124,125,126'),(5,1,1017,1,0,1,0,''),(5,1,1020,1,0,0,0,''),(5,1,1022,1,0,0,0,''),(6,1,21,1,0,0,0,''),(6,1,33,1,0,0,0,''),(6,1,35,1,0,0,0,''),(6,1,36,1,0,1,0,''),(6,1,38,1,0,1,0,''),(6,1,39,1,0,0,0,''),(6,1,40,1,0,0,0,''),(6,1,41,1,0,0,0,''),(6,1,42,1,0,0,0,''),(6,1,43,1,0,0,0,''),(6,1,44,1,0,0,0,''),(6,1,45,1,0,0,0,''),(6,1,46,1,0,0,0,''),(6,1,47,1,0,0,0,''),(6,1,48,1,0,0,0,''),(6,1,49,1,0,0,0,''),(6,1,50,1,0,0,0,''),(6,1,51,1,0,0,0,''),(6,1,52,1,0,0,0,''),(6,1,53,1,0,0,0,''),(6,1,54,1,0,0,0,''),(6,1,55,1,0,0,0,''),(6,1,56,1,0,0,0,''),(6,1,57,1,0,0,0,''),(6,1,58,1,0,0,0,''),(6,1,59,1,0,0,0,''),(6,1,60,1,0,0,0,''),(6,1,61,1,0,0,0,''),(6,1,62,1,0,0,0,''),(6,1,63,1,0,0,0,''),(6,1,65,1,0,0,0,''),(6,1,66,1,0,0,0,''),(6,1,67,1,0,0,0,''),(6,1,68,1,0,0,0,''),(6,1,69,1,0,0,0,''),(6,1,70,1,0,0,0,''),(6,1,73,1,0,0,0,'OIL-CHI'),(6,1,101,1,0,44,0,''),(6,1,102,1,0,6,0,''),(6,1,103,1,0,34,0,''),(6,1,104,1,0,13,0,''),(6,1,118,1,0,3524,0,''),(6,1,119,1,0,14,0,''),(6,1,124,1,0,0,0,''),(6,1,125,1,0,0,0,''),(6,1,126,1,0,0,0,''),(6,1,127,1,0,0,0,''),(6,1,142,1,0,13,0,''),(6,1,148,1,0,0,0,''),(6,1,151,1,0,0,0,''),(6,1,156,1,0,0,0,''),(6,1,157,1,0,0,0,''),(6,1,158,1,0,47,0,''),(6,1,159,1,0,0,0,''),(6,1,160,1,0,0,9.132420091324201,''),(6,1,161,1,0,0,0,''),(6,1,162,1,0,0,0,''),(6,1,163,1,0,0,0,''),(6,1,164,1,0,0,0,''),(6,1,165,1,0,0,0,''),(6,1,166,1,0,0,0,''),(6,1,167,1,0,0,0,''),(6,1,168,1,0,0,0,''),(6,1,171,1,0,65,0,''),(6,1,172,1,0,0,0,''),(6,1,173,1,0,1,0,''),(6,1,174,1,0,0,0,'#578ebe'),(6,1,175,1,0,0,0,'users'),(6,1,176,1,0,0,0,'#ffffff'),(6,1,177,1,0,80,0,''),(6,1,178,1,0,0,0,''),(6,1,179,1,0,0,0,''),(6,1,180,1,0,0,0,''),(6,1,1000,1,0,0,0,''),(6,1,1001,1,0,0,0,''),(6,1,1005,1,0,0,0,''),(6,1,1005,2,0,0,0,''),(6,1,1007,1,0,0,0,''),(6,1,1008,1,0,0,0,''),(6,1,1008,2,0,0,0,''),(6,1,1009,1,0,0,0,''),(6,1,1010,1,0,0,0,''),(6,1,1010,2,0,0,0,''),(6,1,1013,1,0,112,0,''),(6,1,1014,1,0,0,0,'87,93,100,101,102'),(6,1,1015,1,0,118,0,''),(6,1,1016,1,0,0,0,'124,125,126'),(6,1,1017,1,0,1,0,''),(6,1,1020,1,0,0,0,''),(6,1,1022,1,0,0,0,''),(7,1,21,1,0,0,0,''),(7,1,33,1,0,0,0,''),(7,1,35,1,0,0,0,''),(7,1,36,1,0,1,0,''),(7,1,38,1,0,1,0,''),(7,1,39,1,0,0,0,''),(7,1,40,1,0,0,0,''),(7,1,41,1,0,0,0,''),(7,1,42,1,0,0,0,''),(7,1,43,1,0,0,0,''),(7,1,44,1,0,0,0,''),(7,1,45,1,0,0,0,''),(7,1,46,1,0,0,0,''),(7,1,47,1,0,0,0,''),(7,1,48,1,0,0,0,''),(7,1,49,1,0,0,0,''),(7,1,50,1,0,0,0,''),(7,1,51,1,0,0,0,''),(7,1,52,1,0,0,0,''),(7,1,53,1,0,0,0,''),(7,1,54,1,0,0,0,''),(7,1,55,1,0,0,0,''),(7,1,56,1,0,0,0,''),(7,1,57,1,0,0,0,''),(7,1,58,1,0,0,0,''),(7,1,59,1,0,0,0,''),(7,1,60,1,0,0,0,''),(7,1,61,1,0,0,0,''),(7,1,62,1,0,0,0,''),(7,1,63,1,0,0,0,''),(7,1,65,1,0,0,0,''),(7,1,66,1,0,0,0,''),(7,1,67,1,0,0,0,''),(7,1,68,1,0,0,0,''),(7,1,69,1,0,0,0,''),(7,1,70,1,0,0,0,''),(7,1,73,1,0,0,0,'OIL-GAR'),(7,1,101,1,0,44,0,''),(7,1,102,1,0,7,0,''),(7,1,103,1,0,34,0,''),(7,1,104,1,0,13,0,''),(7,1,118,1,0,3525,0,''),(7,1,119,1,0,15,0,''),(7,1,124,1,0,0,0,''),(7,1,125,1,0,0,0,''),(7,1,126,1,0,0,0,''),(7,1,127,1,0,0,0,''),(7,1,142,1,0,14,0,''),(7,1,148,1,0,0,0,''),(7,1,151,1,0,0,0,''),(7,1,156,1,0,0,0,''),(7,1,157,1,0,0,0,''),(7,1,158,1,0,47,0,''),(7,1,159,1,0,0,0,''),(7,1,160,1,0,0,11.87214611872146,''),(7,1,161,1,0,0,0,''),(7,1,162,1,0,0,0,''),(7,1,163,1,0,0,0,''),(7,1,164,1,0,0,0,''),(7,1,165,1,0,0,0,''),(7,1,166,1,0,0,0,''),(7,1,167,1,0,0,0,''),(7,1,168,1,0,0,0,''),(7,1,171,1,0,65,0,''),(7,1,172,1,0,0,0,''),(7,1,173,1,0,1,0,''),(7,1,174,1,0,0,0,'#578ebe'),(7,1,175,1,0,0,0,'users'),(7,1,176,1,0,0,0,'#ffffff'),(7,1,177,1,0,80,0,''),(7,1,178,1,0,0,0,''),(7,1,179,1,0,0,0,''),(7,1,180,1,0,0,0,''),(7,1,1000,1,0,0,0,''),(7,1,1001,1,0,0,0,''),(7,1,1005,1,0,0,0,''),(7,1,1005,2,0,0,0,''),(7,1,1007,1,0,0,0,''),(7,1,1008,1,0,0,0,''),(7,1,1008,2,0,0,0,''),(7,1,1009,1,0,0,0,''),(7,1,1010,1,0,0,0,''),(7,1,1010,2,0,0,0,''),(7,1,1013,1,0,112,0,''),(7,1,1014,1,0,0,0,'87,93,100,101,102,127'),(7,1,1015,1,0,121,0,''),(7,1,1016,1,0,0,0,'124,125,126'),(7,1,1017,1,0,1,0,''),(7,1,1020,1,0,0,0,''),(7,1,1022,1,0,0,0,''),(8,1,21,1,0,0,0,''),(8,1,33,1,0,0,0,''),(8,1,35,1,0,0,0,''),(8,1,36,1,0,1,0,''),(8,1,38,1,0,1,0,''),(8,1,39,1,0,0,0,''),(8,1,40,1,0,0,0,''),(8,1,41,1,0,0,0,''),(8,1,42,1,0,0,0,''),(8,1,43,1,0,0,0,''),(8,1,44,1,0,0,0,''),(8,1,45,1,0,0,0,''),(8,1,46,1,0,0,0,''),(8,1,47,1,0,0,0,''),(8,1,48,1,0,0,0,''),(8,1,49,1,0,0,0,''),(8,1,50,1,0,0,0,''),(8,1,51,1,0,0,0,''),(8,1,52,1,0,0,0,''),(8,1,53,1,0,0,0,''),(8,1,54,1,0,0,0,''),(8,1,55,1,0,0,0,''),(8,1,56,1,0,0,0,''),(8,1,57,1,0,0,0,''),(8,1,58,1,0,0,0,''),(8,1,59,1,0,0,0,''),(8,1,60,1,0,0,0,''),(8,1,61,1,0,0,0,''),(8,1,62,1,0,0,0,''),(8,1,63,1,0,0,0,''),(8,1,65,1,0,0,0,''),(8,1,66,1,0,0,0,''),(8,1,67,1,0,0,0,''),(8,1,68,1,0,0,0,''),(8,1,69,1,0,0,0,''),(8,1,70,1,0,0,0,''),(8,1,73,1,0,0,0,'OIL-KID'),(8,1,101,1,0,11,0,''),(8,1,102,1,0,8,0,''),(8,1,103,1,0,34,0,''),(8,1,104,1,0,13,0,''),(8,1,118,1,0,3519,0,''),(8,1,119,1,0,9,0,''),(8,1,124,1,0,0,0,''),(8,1,125,1,0,0,0,''),(8,1,126,1,0,0,0,''),(8,1,127,1,0,0,0,''),(8,1,142,1,0,8,0,''),(8,1,148,1,0,0,0,''),(8,1,151,1,0,0,0,''),(8,1,156,1,0,0,0,''),(8,1,157,1,0,0,0,''),(8,1,158,1,0,48,0,''),(8,1,159,1,0,0,0,''),(8,1,160,1,0,0,0,''),(8,1,161,1,0,0,0,''),(8,1,162,1,0,0,0,''),(8,1,163,1,0,0,0,''),(8,1,164,1,0,0,0,''),(8,1,165,1,0,0,0,''),(8,1,166,1,0,0,0,''),(8,1,167,1,0,0,0,''),(8,1,168,1,0,0,0,''),(8,1,171,1,0,65,0,''),(8,1,172,1,0,0,0,''),(8,1,173,1,0,1,0,''),(8,1,174,1,0,0,0,'#578ebe'),(8,1,175,1,0,0,0,'users'),(8,1,176,1,0,0,0,'#ffffff'),(8,1,177,1,0,80,0,''),(8,1,178,1,0,0,0,''),(8,1,179,1,0,0,0,''),(8,1,180,1,0,0,0,''),(8,1,1000,1,0,0,0,''),(8,1,1001,1,0,0,0,''),(8,1,1005,2,0,0,0,''),(8,1,1007,1,0,0,0,''),(8,1,1008,2,0,0,0,''),(8,1,1009,1,0,0,0,''),(8,1,1010,2,0,0,0,''),(9,1,21,1,0,0,0,''),(9,1,33,1,0,0,0,''),(9,1,35,1,0,0,0,''),(9,1,36,1,0,1,0,''),(9,1,38,1,0,1,0,''),(9,1,39,1,0,0,0,''),(9,1,40,1,0,0,0,''),(9,1,41,1,0,0,0,''),(9,1,42,1,0,0,0,''),(9,1,43,1,0,0,0,''),(9,1,44,1,0,0,0,''),(9,1,45,1,0,0,0,''),(9,1,46,1,0,0,0,''),(9,1,47,1,0,0,0,''),(9,1,48,1,0,0,0,''),(9,1,49,1,0,0,0,''),(9,1,50,1,0,0,0,''),(9,1,51,1,0,0,0,''),(9,1,52,1,0,0,0,''),(9,1,53,1,0,0,0,''),(9,1,54,1,0,0,0,''),(9,1,55,1,0,0,0,''),(9,1,56,1,0,0,0,''),(9,1,57,1,0,0,0,''),(9,1,58,1,0,0,0,''),(9,1,59,1,0,0,0,''),(9,1,60,1,0,0,0,''),(9,1,61,1,0,0,0,''),(9,1,62,1,0,0,0,''),(9,1,63,1,0,0,0,''),(9,1,65,1,0,0,0,''),(9,1,66,1,0,0,0,''),(9,1,67,1,0,0,0,''),(9,1,68,1,0,0,0,''),(9,1,69,1,0,0,0,''),(9,1,70,1,0,0,0,''),(9,1,73,1,0,0,0,'OIL-EVO'),(9,1,101,1,0,70,0,''),(9,1,102,1,0,9,0,''),(9,1,103,1,0,34,0,''),(9,1,104,1,0,13,0,''),(9,1,118,1,0,3520,0,''),(9,1,119,1,0,10,0,''),(9,1,124,1,0,0,0,''),(9,1,125,1,0,0,0,''),(9,1,126,1,0,0,0,''),(9,1,127,1,0,0,0,''),(9,1,142,1,0,9,0,''),(9,1,148,1,0,0,0,''),(9,1,151,1,0,0,0,''),(9,1,156,1,0,0,0,''),(9,1,157,1,0,0,0,''),(9,1,158,1,0,48,0,''),(9,1,159,1,0,0,0,''),(9,1,160,1,0,0,1,''),(9,1,161,1,0,0,0,''),(9,1,162,1,0,0,0,''),(9,1,163,1,0,0,0,''),(9,1,164,1,0,0,0,''),(9,1,165,1,0,0,0,''),(9,1,166,1,0,0,0,''),(9,1,167,1,0,0,0,''),(9,1,168,1,0,0,0,''),(9,1,171,1,0,65,0,''),(9,1,172,1,0,0,0,''),(9,1,173,1,0,1,0,''),(9,1,174,1,0,0,0,'#578ebe'),(9,1,175,1,0,0,0,'users'),(9,1,176,1,0,0,0,'#ffffff'),(9,1,177,1,0,80,0,''),(9,1,178,1,0,0,0,''),(9,1,179,1,0,0,0,''),(9,1,180,1,0,0,0,''),(9,1,1000,1,0,0,0,''),(9,1,1001,1,0,0,0,''),(9,1,1005,1,0,0,0,''),(9,1,1005,2,0,0,0,'&lt;p&gt;&lt;strong&gt;Evoo&lt;/strong&gt;2021&lt;/p&gt;'),(9,1,1007,1,0,0,0,''),(9,1,1008,1,0,0,0,''),(9,1,1008,2,0,0,0,''),(9,1,1009,1,0,0,0,''),(9,1,1010,1,0,0,0,''),(9,1,1010,2,0,0,0,'&lt;p&gt;&lt;strong&gt;Evoo&lt;/strong&gt;2021&lt;strong&gt;oliveoil&lt;/strong&gt;cuvee&lt;/p&gt;'),(9,1,1013,1,0,110,0,''),(9,1,1014,1,0,0,0,'87,91,92,93'),(9,1,1015,1,0,0,0,''),(9,1,1016,1,0,0,0,''),(9,1,1017,1,0,0,0,''),(11,1,21,1,0,0,0,''),(11,1,33,1,0,0,0,''),(11,1,35,1,0,1,0,''),(11,1,36,1,0,0,0,''),(11,1,38,1,0,1,0,''),(11,1,39,1,0,0,0,''),(11,1,40,1,0,0,0,''),(11,1,41,1,0,0,0,''),(11,1,42,1,0,0,0,''),(11,1,43,1,0,0,0,''),(11,1,44,1,0,0,0,''),(11,1,45,1,0,0,0,''),(11,1,46,1,0,0,0,''),(11,1,47,1,0,0,0,''),(11,1,48,1,0,0,0,''),(11,1,49,1,0,0,0,''),(11,1,50,1,0,0,0,''),(11,1,51,1,0,0,0,''),(11,1,52,1,0,0,0.25,''),(11,1,53,1,0,0,0,''),(11,1,54,1,0,0,0,''),(11,1,55,1,0,0,0,''),(11,1,56,1,0,0,0,''),(11,1,57,1,0,0,0,''),(11,1,58,1,0,0,0,''),(11,1,59,1,0,0,0,''),(11,1,60,1,0,0,0,''),(11,1,61,1,0,0,0,''),(11,1,62,1,0,0,0,''),(11,1,63,1,0,0,0,''),(11,1,65,1,0,0,0,''),(11,1,66,1,0,0,0,''),(11,1,67,1,0,0,0,''),(11,1,68,1,0,0,0,''),(11,1,69,1,0,0,0,''),(11,1,70,1,0,0,0,''),(11,1,73,1,0,0,0,'BOCR-NEU'),(11,1,101,1,0,11,0,''),(11,1,102,1,0,22,0,''),(11,1,103,1,0,34,0,''),(11,1,104,1,0,13,0,''),(11,1,118,1,0,3555,0,''),(11,1,119,1,0,45,0,''),(11,1,124,1,0,0,0,''),(11,1,125,1,0,0,0,''),(11,1,126,1,0,0,0,''),(11,1,127,1,0,0,0,''),(11,1,142,1,0,44,0,''),(11,1,148,1,0,0,0,''),(11,1,151,1,0,0,0,''),(11,1,156,1,0,0,0,''),(11,1,157,1,0,0,0,''),(11,1,158,1,0,48,0,''),(11,1,159,1,0,0,0,''),(11,1,160,1,0,0,0,''),(11,1,161,1,0,0,0,''),(11,1,162,1,0,0,0,''),(11,1,163,1,0,0,0,''),(11,1,164,1,0,0,0,''),(11,1,165,1,0,0,0,''),(11,1,166,1,0,0,0,''),(11,1,167,1,0,0,0,''),(11,1,168,1,0,0,0,''),(11,1,171,1,0,65,0,''),(11,1,172,1,0,0,0,''),(11,1,173,1,0,1,0,''),(11,1,174,1,0,0,0,'#578ebe'),(11,1,175,1,0,0,0,'users'),(11,1,176,1,0,0,0,'#ffffff'),(11,1,177,1,0,80,0,''),(11,1,178,1,0,0,0,''),(11,1,179,1,0,0,0,''),(11,1,180,1,0,0,0,''),(11,1,1000,1,0,0,0,''),(11,1,1001,1,0,0,0,''),(11,1,1005,1,0,0,0,'&lt;p&gt;&lt;strong&gt;krema&lt;/strong&gt;zatelo&lt;strong&gt;neutrum&lt;/strong&gt;&lt;/p&gt;'),(11,1,1005,2,0,0,0,'&lt;p&gt;&lt;strong&gt;body&lt;/strong&gt;cream&lt;strong&gt;neutrum&lt;/strong&gt;&lt;/p&gt;'),(11,1,1007,1,0,0,0,''),(11,1,1008,1,0,0,0,'&lt;p style=&quot;text-align: justify;&quot;&gt;AQUA, OLEA EUROPAEA FRUIT OIL, CETEARYL ALCOHOL, ISOAMYL LAURATE, GLYCERYL STEARATE, SODIUM HYALURONATE, PSEUDOALTEROMONAS FERMENT EXTRACT, GLYCOPROTEINS, HYDROLYZED GLYCOSAMINOGLYCANS, PROLINE, ALANINE, SERINE, SODIUM PCA, POTASSIUM PALMITOYL HYDROLYZED WHEAT PROTEIN, GLYCERIN, ISOAMYL COCOATE, SODIUM HYDROXIDE, PARFUM, BENZOIC ACID, XANTHAN GUM, DEHYDROACETIC ACID, ETHYLHEXYLGLYCERIN, LECITHIN, CAPRYLYL GLYCOL, HEXYL CINNAMAL, TOCOPHEROL, ASCORBYL PALMITATE, LINALOOL, SODIUM PHOSPHATE, BUTYLPHENYL METHYLPROPIONAL, COPPER GLUCONATE, CARBOMER, PHENOXYETHANOL, HYDROXYISOHEXYL 3-CYCLOHEXENE CARBOXALDEHYDE, GERANIOL, CITRIC ACID&lt;/p&gt;\r\n&lt;p style=&quot;text-align: justify;&quot;&gt;*&lt;strong&gt;ne vsebuje&lt;/strong&gt;: UV filtrov, ni testirano na živalih, ne vsebuje silikonov in umetnih barvil, ne vsebuje GMO sestavin, ne vsebuje mikroplastik, ne vsebuje sintetičnih olj.&lt;/p&gt;'),(11,1,1008,2,0,0,0,'&lt;p style=&quot;text-align: justify;&quot;&gt;AQUA, OLEA EUROPAEA FRUIT OIL, CETEARYL ALCOHOL, ISOAMYL LAURATE, GLYCERYL STEARATE, SODIUM HYALURONATE, PSEUDOALTEROMONAS FERMENT EXTRACT, GLYCOPROTEINS, HYDROLYZED GLYCOSAMINOGLYCANS, PROLINE, ALANINE, SERINE, SODIUM PCA, POTASSIUM PALMITOYL HYDROLYZED WHEAT PROTEIN, GLYCERIN, ISOAMYL COCOATE, SODIUM HYDROXIDE, PARFUM, BENZOIC ACID, XANTHAN GUM, DEHYDROACETIC ACID, ETHYLHEXYLGLYCERIN, LECITHIN, CAPRYLYL GLYCOL, HEXYL CINNAMAL, TOCOPHEROL, ASCORBYL PALMITATE, LINALOOL, SODIUM PHOSPHATE, BUTYLPHENYL METHYLPROPIONAL, COPPER GLUCONATE, CARBOMER, PHENOXYETHANOL, HYDROXYISOHEXYL 3-CYCLOHEXENE CARBOXALDEHYDE, GERANIOL, CITRIC ACID&lt;/p&gt;\r\n&lt;p style=&quot;text-align: justify;&quot;&gt;*&lt;strong&gt;Does not contain&lt;/strong&gt;: UV filters, silicones and artificial dyes, GMO ingredients, microplastics, and synthetic oils. Not tested on animals.&lt;/p&gt;'),(11,1,1009,1,0,0,0,'200 ml'),(11,1,1010,1,0,0,0,'&lt;p style=&quot;text-align: justify;&quot;&gt;&lt;strong&gt;Krema za telo OLIVE GARDEN NEUTRUM&lt;/strong&gt;&lt;/p&gt;'),(11,1,1010,2,0,0,0,'&lt;p&gt;&lt;strong&gt;Body cream OLIVE GARDEN NEUTRUM&lt;/strong&gt;&lt;/p&gt;'),(11,1,1013,1,0,0,0,''),(11,1,1014,1,0,0,0,''),(11,1,1015,1,0,0,0,''),(11,1,1016,1,0,0,0,''),(11,1,1017,1,0,0,0,''),(11,1,1020,1,0,0,0,''),(12,1,21,1,0,0,0,''),(12,1,33,1,0,0,0,''),(12,1,35,1,0,0,0,''),(12,1,36,1,0,1,0,''),(12,1,38,1,0,1,0,''),(12,1,39,1,0,0,0,''),(12,1,40,1,0,0,0,''),(12,1,41,1,0,0,0,''),(12,1,42,1,0,0,0,''),(12,1,43,1,0,0,0,''),(12,1,44,1,0,0,0,''),(12,1,45,1,0,0,0,''),(12,1,46,1,0,0,0,''),(12,1,47,1,0,0,0,''),(12,1,48,1,0,0,0,''),(12,1,49,1,0,0,0,''),(12,1,50,1,0,0,0,''),(12,1,51,1,0,0,0,''),(12,1,52,1,0,0,0.05,''),(12,1,53,1,0,0,0,''),(12,1,54,1,0,0,0,''),(12,1,55,1,0,0,0,''),(12,1,56,1,0,0,0,''),(12,1,57,1,0,0,0,''),(12,1,58,1,0,0,0,''),(12,1,59,1,0,0,0,''),(12,1,60,1,0,0,0,''),(12,1,61,1,0,0,0,''),(12,1,62,1,0,0,0,''),(12,1,63,1,0,0,0,''),(12,1,65,1,0,0,0,''),(12,1,66,1,0,0,0,''),(12,1,67,1,0,0,0,''),(12,1,68,1,0,0,0,''),(12,1,69,1,0,0,0,''),(12,1,70,1,0,0,0,''),(12,1,73,1,0,0,0,'GIFT-BOX'),(12,1,101,1,0,11,0,''),(12,1,102,1,0,10,0,''),(12,1,103,1,0,34,0,''),(12,1,104,1,0,13,0,''),(12,1,118,1,0,3529,0,''),(12,1,119,1,0,19,0,''),(12,1,124,1,0,0,0,''),(12,1,125,1,0,0,0,''),(12,1,126,1,0,0,0,''),(12,1,127,1,0,0,0,''),(12,1,142,1,0,18,0,''),(12,1,148,1,0,0,0,''),(12,1,151,1,0,0,0,''),(12,1,156,1,0,0,0,''),(12,1,157,1,0,0,0,''),(12,1,158,1,0,48,0,''),(12,1,159,1,0,0,0,''),(12,1,160,1,0,0,0,''),(12,1,161,1,0,0,0,''),(12,1,162,1,0,0,0,''),(12,1,163,1,0,0,0,''),(12,1,164,1,0,0,0,''),(12,1,165,1,0,0,0,''),(12,1,166,1,0,0,0,''),(12,1,167,1,0,0,0,''),(12,1,168,1,0,0,0,''),(12,1,171,1,0,65,0,''),(12,1,172,1,0,0,0,''),(12,1,173,1,0,1,0,''),(12,1,174,1,0,0,0,'#578ebe'),(12,1,175,1,0,0,0,'users'),(12,1,176,1,0,0,0,'#ffffff'),(12,1,177,1,0,80,0,''),(12,1,178,1,0,0,0,''),(12,1,179,1,0,0,0,''),(12,1,180,1,0,0,0,''),(12,1,1000,1,0,0,0,''),(12,1,1001,1,0,0,0,''),(12,1,1005,1,0,0,0,'&lt;p&gt;&lt;strong&gt;darilna&lt;/strong&gt;embalaža&lt;/p&gt;'),(12,1,1005,2,0,0,0,'&lt;p&gt;&lt;strong&gt;gift&lt;/strong&gt;box&lt;/p&gt;'),(12,1,1007,1,0,0,0,''),(12,1,1008,1,0,0,0,''),(12,1,1008,2,0,0,0,''),(12,1,1009,1,0,0,0,''),(12,1,1010,1,0,0,0,''),(12,1,1010,2,0,0,0,''),(12,1,1013,1,0,0,0,''),(12,1,1014,1,0,0,0,''),(12,1,1015,1,0,0,0,''),(12,1,1016,1,0,0,0,''),(12,1,1017,1,0,0,0,''),(12,1,1020,1,0,0,0,''),(13,1,21,1,0,0,0,''),(13,1,33,1,0,0,0,''),(13,1,35,1,0,0,0,''),(13,1,36,1,0,1,0,''),(13,1,38,1,0,1,0,''),(13,1,39,1,0,0,0,''),(13,1,40,1,0,0,0,''),(13,1,41,1,0,0,0,''),(13,1,42,1,0,0,0,''),(13,1,43,1,0,0,0,''),(13,1,44,1,0,0,0,''),(13,1,45,1,0,0,0,''),(13,1,46,1,0,0,0,''),(13,1,47,1,0,0,0,''),(13,1,48,1,0,0,0,''),(13,1,49,1,0,0,0,''),(13,1,50,1,0,0,0,''),(13,1,51,1,0,0,0,''),(13,1,52,1,0,0,0.25,''),(13,1,53,1,0,0,0,''),(13,1,54,1,0,0,0,''),(13,1,55,1,0,0,0,''),(13,1,56,1,0,0,0,''),(13,1,57,1,0,0,0,''),(13,1,58,1,0,0,0,''),(13,1,59,1,0,0,0,''),(13,1,60,1,0,0,0,''),(13,1,61,1,0,0,0,''),(13,1,62,1,0,0,0,''),(13,1,63,1,0,0,0,''),(13,1,65,1,0,0,0,''),(13,1,66,1,0,0,0,''),(13,1,67,1,0,0,0,''),(13,1,68,1,0,0,0,''),(13,1,69,1,0,0,0,''),(13,1,70,1,0,0,0,''),(13,1,73,1,0,0,0,'MAOI-NEU'),(13,1,101,1,0,11,0,''),(13,1,102,1,0,11,0,''),(13,1,103,1,0,34,0,''),(13,1,104,1,0,13,0,''),(13,1,118,1,0,3530,0,''),(13,1,119,1,0,20,0,''),(13,1,124,1,0,0,0,''),(13,1,125,1,0,0,0,''),(13,1,126,1,0,0,0,''),(13,1,127,1,0,0,0,''),(13,1,142,1,0,19,0,''),(13,1,148,1,0,0,0,''),(13,1,151,1,0,0,0,''),(13,1,156,1,0,0,0,''),(13,1,157,1,0,0,0,''),(13,1,158,1,0,48,0,''),(13,1,159,1,0,0,0,''),(13,1,160,1,0,0,0,''),(13,1,161,1,0,0,0,''),(13,1,162,1,0,0,0,''),(13,1,163,1,0,0,0,''),(13,1,164,1,0,0,0,''),(13,1,165,1,0,0,0,''),(13,1,166,1,0,0,0,''),(13,1,167,1,0,0,0,''),(13,1,168,1,0,0,0,''),(13,1,171,1,0,65,0,''),(13,1,172,1,0,0,0,''),(13,1,173,1,0,1,0,''),(13,1,174,1,0,0,0,'#578ebe'),(13,1,175,1,0,0,0,'users'),(13,1,176,1,0,0,0,'#ffffff'),(13,1,177,1,0,80,0,''),(13,1,178,1,0,0,0,''),(13,1,179,1,0,0,0,''),(13,1,180,1,0,0,0,''),(13,1,1000,1,0,0,0,''),(13,1,1001,1,0,0,0,''),(13,1,1005,1,0,0,0,'&lt;p&gt;&lt;strong&gt;masažno&lt;/strong&gt;olje&lt;strong&gt;neutrum&lt;/strong&gt;&lt;/p&gt;'),(13,1,1005,2,0,0,0,'&lt;p&gt;&lt;strong&gt;olive&lt;/strong&gt;oil&lt;strong&gt;for&lt;/strong&gt;skin&lt;/p&gt;'),(13,1,1007,1,0,0,0,''),(13,1,1008,1,0,0,0,'&lt;p style=&quot;text-align: justify;&quot;&gt;OLEA EUROPAEA FRUIT OIL, VITIS VINIFERA SEED OIL, HELIANTHUS ANNUUS SEED OIL, PRUNUS AMYGDALUS DULCIS OIL, TRITICUM VULGARE GERM OIL, LECITHIN, TOCOPHEROL, ASCORBYL PALMITATE, CITRIC ACID&lt;/p&gt;\r\n&lt;p style=&quot;text-align: justify;&quot;&gt;*&lt;strong&gt;ne vsebuje&lt;/strong&gt;: UV filtrov, ni testirano na živalih, ne vsebuje silikonov in umetnih barvil, ne vsebuje GMO sestavin, ne vsebuje mikroplastik, ne vsebuje sintetičnih olj.&lt;/p&gt;'),(13,1,1008,2,0,0,0,'&lt;p style=&quot;text-align: justify;&quot;&gt;OLEA EUROPAEA FRUIT OIL, VITIS VINIFERA SEED OIL, HELIANTHUS ANNUUS SEED OIL, PRUNUS AMYGDALUS DULCIS OIL, TRITICUM VULGARE GERM OIL, LECITHIN, TOCOPHEROL, ASCORBYL PALMITATE, CITRIC ACID&lt;/p&gt;\r\n&lt;p style=&quot;text-align: justify;&quot;&gt;*&lt;strong&gt;Does not contain&lt;/strong&gt;: UV filters, silicones and artificial dyes, GMO ingredients, microplastics, and synthetic oils. Not tested on animals.&lt;/p&gt;'),(13,1,1009,1,0,0,0,'200 ml'),(13,1,1010,1,0,0,0,'&lt;p&gt;&lt;strong&gt;Masažno in / ali in-shower olje OLIVE GARDEN NEUTRUM&lt;/strong&gt;&lt;/p&gt;'),(13,1,1010,2,0,0,0,'&lt;p&gt;&lt;strong&gt;Massage and/or in-shower oil OLIVE GARDEN NEUTRUM&lt;/strong&gt;&lt;/p&gt;'),(13,1,1013,1,0,0,0,''),(13,1,1014,1,0,0,0,''),(13,1,1015,1,0,0,0,''),(13,1,1016,1,0,0,0,''),(13,1,1017,1,0,0,0,''),(13,1,1020,1,0,0,0,''),(14,1,21,1,0,0,0,''),(14,1,33,1,0,0,0,''),(14,1,35,1,0,0,0,''),(14,1,36,1,0,1,0,''),(14,1,38,1,0,1,0,''),(14,1,39,1,0,0,0,''),(14,1,40,1,0,0,0,''),(14,1,41,1,0,0,0,''),(14,1,42,1,0,0,0,''),(14,1,43,1,0,0,0,''),(14,1,44,1,0,0,0,''),(14,1,45,1,0,0,0,''),(14,1,46,1,0,0,0,''),(14,1,47,1,0,0,0,''),(14,1,48,1,0,0,0,''),(14,1,49,1,0,0,0,''),(14,1,50,1,0,0,0,''),(14,1,51,1,0,0,0,''),(14,1,52,1,0,0,0.25,''),(14,1,53,1,0,0,0,''),(14,1,54,1,0,0,0,''),(14,1,55,1,0,0,0,''),(14,1,56,1,0,0,0,''),(14,1,57,1,0,0,0,''),(14,1,58,1,0,0,0,''),(14,1,59,1,0,0,0,''),(14,1,60,1,0,0,0,''),(14,1,61,1,0,0,0,''),(14,1,62,1,0,0,0,''),(14,1,63,1,0,0,0,''),(14,1,65,1,0,0,0,''),(14,1,66,1,0,0,0,''),(14,1,67,1,0,0,0,''),(14,1,68,1,0,0,0,''),(14,1,69,1,0,0,0,''),(14,1,70,1,0,0,0,''),(14,1,73,1,0,0,0,'MAOI-ORC'),(14,1,101,1,0,11,0,''),(14,1,102,1,0,12,0,''),(14,1,103,1,0,34,0,''),(14,1,104,1,0,13,0,''),(14,1,118,1,0,3564,0,''),(14,1,119,1,0,54,0,''),(14,1,124,1,0,0,0,''),(14,1,125,1,0,0,0,''),(14,1,126,1,0,0,0,''),(14,1,127,1,0,0,0,''),(14,1,142,1,0,53,0,''),(14,1,148,1,0,0,0,''),(14,1,151,1,0,0,0,''),(14,1,156,1,0,0,0,''),(14,1,157,1,0,0,0,''),(14,1,158,1,0,48,0,''),(14,1,159,1,0,0,0,''),(14,1,160,1,0,0,0,''),(14,1,161,1,0,0,0,''),(14,1,162,1,0,0,0,''),(14,1,163,1,0,0,0,''),(14,1,164,1,0,0,0,''),(14,1,165,1,0,0,0,''),(14,1,166,1,0,0,0,''),(14,1,167,1,0,0,0,''),(14,1,168,1,0,0,0,''),(14,1,171,1,0,65,0,''),(14,1,172,1,0,0,0,''),(14,1,173,1,0,1,0,''),(14,1,174,1,0,0,0,'#578ebe'),(14,1,175,1,0,0,0,'users'),(14,1,176,1,0,0,0,'#ffffff'),(14,1,177,1,0,80,0,''),(14,1,178,1,0,0,0,''),(14,1,179,1,0,0,0,''),(14,1,180,1,0,0,0,''),(14,1,1000,1,0,0,0,''),(14,1,1001,1,0,0,0,''),(14,1,1005,1,0,0,0,'&lt;p&gt;&lt;strong&gt;masažno&lt;/strong&gt;olje&lt;span class=&quot;purple&quot;&gt;&lt;strong&gt;orchid&lt;/strong&gt;&lt;/span&gt;&lt;/p&gt;'),(14,1,1005,2,0,0,0,'&lt;p&gt;&lt;strong&gt;olive&lt;/strong&gt;oil&lt;strong&gt;for&lt;/strong&gt;skin&lt;span class=&quot;purple&quot;&gt;&lt;strong&gt;orchid&lt;/strong&gt;&lt;/span&gt;&lt;/p&gt;'),(14,1,1007,1,0,83,0,''),(14,1,1008,1,0,0,0,'&lt;p style=&quot;text-align: justify;&quot;&gt;OLEA EUROPAEA FRUIT OIL, VITIS VINIFERA SEED OIL, HELIANTHUS ANNUUS SEED OIL, PRUNUS AMYGDALUS DULCIS OIL, TRITICUM VULGARE GERM OIL, PARFUM, LECITHIN, CITRONELLOL, GERANIOL, HYDROXYCITRONELLAL, TOCOPHEROL, ALPHA-ISOMETHYL IONONE, ASCORBYL PALMITATE, FARNESOL, LINALOOL, CITRIC ACID&lt;/p&gt;\r\n&lt;p style=&quot;text-align: justify;&quot;&gt;*&lt;strong&gt;ne vsebuje&lt;/strong&gt;: UV filtrov, ni testirano na živalih, ne vsebuje silikonov in umetnih barvil, ne vsebuje GMO sestavin, ne vsebuje mikroplastik, ne vsebuje sintetičnih olj.&lt;/p&gt;'),(14,1,1008,2,0,0,0,'&lt;p style=&quot;text-align: justify;&quot;&gt;OLEA EUROPAEA FRUIT OIL, VITIS VINIFERA SEED OIL, HELIANTHUS ANNUUS SEED OIL, PRUNUS AMYGDALUS DULCIS OIL, TRITICUM VULGARE GERM OIL, PARFUM, LECITHIN, CITRONELLOL, GERANIOL, HYDROXYCITRONELLAL, TOCOPHEROL, ALPHA-ISOMETHYL IONONE, ASCORBYL PALMITATE, FARNESOL, LINALOOL, CITRIC ACID&lt;/p&gt;\r\n&lt;p style=&quot;text-align: justify;&quot;&gt;*&lt;strong&gt;Does not contain&lt;/strong&gt;: UV filters, silicones and artificial dyes, GMO ingredients, microplastics, and synthetic oils. Not tested on animals.&lt;/p&gt;'),(14,1,1009,1,0,0,0,'200 ml'),(14,1,1010,1,0,0,0,'&lt;p&gt;&lt;strong&gt;Masažno in / ali in-shower olje OLIVE GARDEN &lt;span class=&quot;purple&quot;&gt;ORHIDELIA&lt;/span&gt;&lt;/strong&gt;&lt;/p&gt;'),(14,1,1010,2,0,0,0,'&lt;p&gt;&lt;strong&gt;Massage and/or in-shower oil OLIVE GARDEN &lt;span class=&quot;purple&quot;&gt;ORHIDELIA&lt;/span&gt;&lt;/strong&gt;&lt;/p&gt;'),(14,1,1013,1,0,0,0,''),(14,1,1014,1,0,0,0,''),(14,1,1015,1,0,0,0,''),(14,1,1016,1,0,0,0,''),(14,1,1017,1,0,0,0,''),(14,1,1020,1,0,0,0,''),(15,1,21,1,0,0,0,''),(15,1,33,1,0,0,0,''),(15,1,35,1,0,0,0,''),(15,1,36,1,0,1,0,''),(15,1,38,1,0,1,0,''),(15,1,39,1,0,0,0,''),(15,1,40,1,0,0,0,''),(15,1,41,1,0,0,0,''),(15,1,42,1,0,0,0,''),(15,1,43,1,0,0,0,''),(15,1,44,1,0,0,0,''),(15,1,45,1,0,0,0,''),(15,1,46,1,0,0,0,''),(15,1,47,1,0,0,0,''),(15,1,48,1,0,0,0,''),(15,1,49,1,0,0,0,''),(15,1,50,1,0,0,0,''),(15,1,51,1,0,0,0,''),(15,1,52,1,0,0,0.25,''),(15,1,53,1,0,0,0,''),(15,1,54,1,0,0,0,''),(15,1,55,1,0,0,0,''),(15,1,56,1,0,0,0,''),(15,1,57,1,0,0,0,''),(15,1,58,1,0,0,0,''),(15,1,59,1,0,0,0,''),(15,1,60,1,0,0,0,''),(15,1,61,1,0,0,0,''),(15,1,62,1,0,0,0,''),(15,1,63,1,0,0,0,''),(15,1,65,1,0,0,0,''),(15,1,66,1,0,0,0,''),(15,1,67,1,0,0,0,''),(15,1,68,1,0,0,0,''),(15,1,69,1,0,0,0,''),(15,1,70,1,0,0,0,''),(15,1,73,1,0,0,0,'MAOI-ROS'),(15,1,101,1,0,11,0,''),(15,1,102,1,0,13,0,''),(15,1,103,1,0,34,0,''),(15,1,104,1,0,13,0,''),(15,1,118,1,0,3565,0,''),(15,1,119,1,0,55,0,''),(15,1,124,1,0,0,0,''),(15,1,125,1,0,0,0,''),(15,1,126,1,0,0,0,''),(15,1,127,1,0,0,0,''),(15,1,142,1,0,54,0,''),(15,1,148,1,0,0,0,''),(15,1,151,1,0,0,0,''),(15,1,156,1,0,0,0,''),(15,1,157,1,0,0,0,''),(15,1,158,1,0,48,0,''),(15,1,159,1,0,0,0,''),(15,1,160,1,0,0,0,''),(15,1,161,1,0,0,0,''),(15,1,162,1,0,0,0,''),(15,1,163,1,0,0,0,''),(15,1,164,1,0,0,0,''),(15,1,165,1,0,0,0,''),(15,1,166,1,0,0,0,''),(15,1,167,1,0,0,0,''),(15,1,168,1,0,0,0,''),(15,1,171,1,0,65,0,''),(15,1,172,1,0,0,0,''),(15,1,173,1,0,1,0,''),(15,1,174,1,0,0,0,'#578ebe'),(15,1,175,1,0,0,0,'users'),(15,1,176,1,0,0,0,'#ffffff'),(15,1,177,1,0,80,0,''),(15,1,178,1,0,0,0,''),(15,1,179,1,0,0,0,''),(15,1,180,1,0,0,0,''),(15,1,1000,1,0,0,0,''),(15,1,1001,1,0,0,0,''),(15,1,1005,1,0,0,0,'&lt;p&gt;&lt;strong&gt;masažno&lt;/strong&gt;olje&lt;span class=&quot;pink&quot;&gt;&lt;strong&gt;vrtnica&lt;/strong&gt;&lt;/span&gt;&lt;/p&gt;'),(15,1,1005,2,0,0,0,'&lt;p&gt;&lt;strong&gt;olive&lt;/strong&gt;oil&lt;strong&gt;for&lt;/strong&gt;skin&lt;span class=&quot;pink&quot;&gt;&lt;strong&gt;rose&lt;/strong&gt;&lt;/span&gt;&lt;/p&gt;'),(15,1,1007,1,0,84,0,''),(15,1,1008,1,0,0,0,'&lt;p style=&quot;text-align: justify;&quot;&gt;OLEA EUROPAEA FRUIT OIL, VITIS VINIFERA SEED OIL, HELIANTHUS ANNUUS SEED OIL, PRUNUS AMYGDALUS DULCIS OIL, TRITICUM VULGARE GERM OIL, PARFUM, LECITHIN, CITRONELLOL, GERANIOL, HYDROXYCITRONELLAL, TOCOPHEROL, ALPHA-ISOMETHYL IONONE, ASCORBYL PALMITATE, FARNESOL, LINALOOL, CITRIC ACID&lt;/p&gt;\r\n&lt;p style=&quot;text-align: justify;&quot;&gt;*&lt;strong&gt;ne vsebuje&lt;/strong&gt;: UV filtrov, ni testirano na živalih, ne vsebuje silikonov in umetnih barvil, ne vsebuje GMO sestavin, ne vsebuje mikroplastik, ne vsebuje sintetičnih olj.&lt;/p&gt;'),(15,1,1008,2,0,0,0,'&lt;p style=&quot;text-align: justify;&quot;&gt;OLEA EUROPAEA FRUIT OIL, VITIS VINIFERA SEED OIL, HELIANTHUS ANNUUS SEED OIL, PRUNUS AMYGDALUS DULCIS OIL, TRITICUM VULGARE GERM OIL, PARFUM, LECITHIN, CITRONELLOL, GERANIOL, HYDROXYCITRONELLAL, TOCOPHEROL, ALPHA-ISOMETHYL IONONE, ASCORBYL PALMITATE, FARNESOL, LINALOOL, CITRIC ACID&lt;/p&gt;\r\n&lt;p style=&quot;text-align: justify;&quot;&gt;*&lt;strong&gt;Does not contain&lt;/strong&gt;: UV filters, silicones and artificial dyes, GMO ingredients, microplastics, and synthetic oils. Not tested on animals.&lt;/p&gt;'),(15,1,1009,1,0,0,0,'200 ml'),(15,1,1010,1,0,0,0,'&lt;p&gt;&lt;strong&gt;Masažno in / ali in-shower olje OLIVE GARDEN &lt;span class=&quot;pink&quot;&gt;ROSE&lt;/span&gt;&lt;/strong&gt;&lt;/p&gt;'),(15,1,1010,2,0,0,0,'&lt;p style=&quot;text-align: justify;&quot;&gt;&lt;strong&gt;Massage and/or in-shower oil OLIVE GARDEN &lt;span class=&quot;pink&quot;&gt;ROSE&lt;/span&gt;&lt;/strong&gt;&lt;/p&gt;'),(15,1,1013,1,0,0,0,''),(15,1,1014,1,0,0,0,''),(15,1,1015,1,0,0,0,''),(15,1,1016,1,0,0,0,''),(15,1,1017,1,0,0,0,''),(15,1,1020,1,0,0,0,''),(16,1,21,1,0,0,0,''),(16,1,33,1,0,0,0,''),(16,1,35,1,0,0,0,''),(16,1,36,1,0,1,0,''),(16,1,38,1,0,1,0,''),(16,1,39,1,0,0,0,''),(16,1,40,1,0,0,0,''),(16,1,41,1,0,0,0,''),(16,1,42,1,0,0,0,''),(16,1,43,1,0,0,0,''),(16,1,44,1,0,0,0,''),(16,1,45,1,0,0,0,''),(16,1,46,1,0,0,0,''),(16,1,47,1,0,0,0,''),(16,1,48,1,0,0,0,''),(16,1,49,1,0,0,0,''),(16,1,50,1,0,0,0,''),(16,1,51,1,0,0,0,''),(16,1,52,1,0,0,0.3,''),(16,1,53,1,0,0,0,''),(16,1,54,1,0,0,0,''),(16,1,55,1,0,0,0,''),(16,1,56,1,0,0,0,''),(16,1,57,1,0,0,0,''),(16,1,58,1,0,0,0,''),(16,1,59,1,0,0,0,''),(16,1,60,1,0,0,0,''),(16,1,61,1,0,0,0,''),(16,1,62,1,0,0,0,''),(16,1,63,1,0,0,0,''),(16,1,65,1,0,0,0,''),(16,1,66,1,0,0,0,''),(16,1,67,1,0,0,0,''),(16,1,68,1,0,0,0,''),(16,1,69,1,0,0,0,''),(16,1,70,1,0,0,0,''),(16,1,73,1,0,0,0,'BODY-SCR'),(16,1,101,1,0,11,0,''),(16,1,102,1,0,14,0,''),(16,1,103,1,0,34,0,''),(16,1,104,1,0,13,0,''),(16,1,118,1,0,3534,0,''),(16,1,119,1,0,24,0,''),(16,1,124,1,0,0,0,''),(16,1,125,1,0,0,0,''),(16,1,126,1,0,0,0,''),(16,1,127,1,0,0,0,''),(16,1,142,1,0,23,0,''),(16,1,148,1,0,0,0,''),(16,1,151,1,0,0,0,''),(16,1,156,1,0,0,0,''),(16,1,157,1,0,0,0,''),(16,1,158,1,0,48,0,''),(16,1,159,1,0,0,0,''),(16,1,160,1,0,0,0,''),(16,1,161,1,0,0,0,''),(16,1,162,1,0,0,0,''),(16,1,163,1,0,0,0,''),(16,1,164,1,0,0,0,''),(16,1,165,1,0,0,0,''),(16,1,166,1,0,0,0,''),(16,1,167,1,0,0,0,''),(16,1,168,1,0,0,0,''),(16,1,171,1,0,65,0,''),(16,1,172,1,0,0,0,''),(16,1,173,1,0,1,0,''),(16,1,174,1,0,0,0,'#578ebe'),(16,1,175,1,0,0,0,'users'),(16,1,176,1,0,0,0,'#ffffff'),(16,1,177,1,0,80,0,''),(16,1,178,1,0,0,0,''),(16,1,179,1,0,0,0,''),(16,1,180,1,0,0,0,''),(16,1,1000,1,0,0,0,''),(16,1,1001,1,0,0,0,''),(16,1,1005,1,0,0,0,'&lt;p&gt;&lt;strong&gt;piling&lt;/strong&gt;zatelo&lt;/p&gt;'),(16,1,1005,2,0,0,0,'&lt;p&gt;&lt;strong&gt;body&lt;/strong&gt;scrub&lt;/p&gt;'),(16,1,1007,1,0,0,0,''),(16,1,1008,1,0,0,0,'&lt;p style=&quot;text-align: justify;&quot;&gt;AQUA, VITIS VINIFERA SEED OIL, PRUNUS AMYGDALUS DULCIS OIL, OLEA EUROPAEA SEED POWDER, GLYCERIN, CETEARYL GLUCOSIDE, CETEARYL ALCOHOL, JUGLANS REGIA SHELL POWDER, OLEA EUROPAEA FRUIT OIL, BUTYROSPERMUM PARKII BUTTER, PHENOXYETHANOL, CARBOMER, PARFUM, BENZOIC ACID, SODIUM HYDROXIDE, DEHYDROACETIC ACID, LECITHIN, ETHYLHEXYLGLYCERIN, HEXYL CINNAMAL, TOCOPHEROL, ASCORBYL PALMITATE, LINALOOL, HYDROXYISOHEXYL 3-CYCLOHEXENE CARBOXALDEHYDE, BUTYLPHENYL METHYLPROPIONAL, GERANIOL, ALPHA-ISOMETHYL IONONE, CITRIC ACID&lt;/p&gt;\r\n&lt;p style=&quot;text-align: justify;&quot;&gt;*&lt;strong&gt;ne vsebuje&lt;/strong&gt;: UV filtrov, ni testirano na živalih, ne vsebuje silikonov in umetnih barvil, ne vsebuje GMO sestavin, ne vsebuje mikroplastik, ne vsebuje sintetičnih olj.&lt;/p&gt;'),(16,1,1008,2,0,0,0,'&lt;p style=&quot;text-align: justify;&quot;&gt;AQUA, VITIS VINIFERA SEED OIL, PRUNUS AMYGDALUS DULCIS OIL, OLEA EUROPAEA SEED POWDER, GLYCER- IN, CETEARYL GLUCOSIDE, CETEARYL ALCOHOL, JUGLANS REGIA SHELL POWDER, OLEA EUROPAEA FRUIT OIL, BUTYROSPERMUM PARKII BUTTER, PHENOXYETHANOL, CARBOMER, PARFUM, BENZOIC ACID, SODIUM HYDROXIDE, DEHYDROACETIC ACID, LECITHIN, ETHYLHEXYLGLYCERIN, HEXYL CINNAMAL, TOCOPHEROL, ASCORBYL PALMITATE, LINALOOL, HYDROXYISOHEXYL 3-CYCLOHEXENE CARBOXALDEHYDE, BUTYLPHENYL METHYLPROPIONAL, GERANIOL, ALPHA-ISOMETHYL IONONE, CITRIC ACID&lt;/p&gt;\r\n&lt;p style=&quot;text-align: justify;&quot;&gt;*&lt;strong&gt;Does not contain&lt;/strong&gt;: UV filters, silicones and artificial dyes, GMO ingredients, microplastics, and synthetic oils. Not tested on animals.&lt;/p&gt;'),(16,1,1009,1,0,0,0,'200 ml'),(16,1,1010,1,0,0,0,'&lt;p&gt;&lt;strong&gt;Piling za telo OLIVE GARDEN NEUTRUM&lt;/strong&gt;&lt;/p&gt;'),(16,1,1010,2,0,0,0,'&lt;p&gt;&lt;strong&gt;Body scrub OLIVE GARDEN NEUTRUM&lt;/strong&gt;&lt;/p&gt;'),(16,1,1013,1,0,0,0,''),(16,1,1014,1,0,0,0,''),(16,1,1015,1,0,0,0,''),(16,1,1016,1,0,0,0,''),(16,1,1017,1,0,0,0,''),(16,1,1020,1,0,0,0,''),(17,1,21,1,0,0,0,''),(17,1,33,1,0,0,0,''),(17,1,35,1,0,1,0,''),(17,1,36,1,0,0,0,''),(17,1,38,1,0,1,0,''),(17,1,39,1,0,0,0,''),(17,1,40,1,0,0,0,''),(17,1,41,1,0,0,0,''),(17,1,42,1,0,0,0,''),(17,1,43,1,0,0,0,''),(17,1,44,1,0,0,0,''),(17,1,45,1,0,0,0,''),(17,1,46,1,0,0,0,''),(17,1,47,1,0,0,0,''),(17,1,48,1,0,0,0,''),(17,1,49,1,0,0,0,''),(17,1,50,1,0,0,0,''),(17,1,51,1,0,0,0,''),(17,1,52,1,0,0,0.15,''),(17,1,53,1,0,0,0,''),(17,1,54,1,0,0,0,''),(17,1,55,1,0,0,0,''),(17,1,56,1,0,0,0,''),(17,1,57,1,0,0,0,''),(17,1,58,1,0,0,0,''),(17,1,59,1,0,0,0,''),(17,1,60,1,0,0,0,''),(17,1,61,1,0,0,0,''),(17,1,62,1,0,0,0,''),(17,1,63,1,0,0,0,''),(17,1,65,1,0,0,0,''),(17,1,66,1,0,0,0,''),(17,1,67,1,0,0,0,''),(17,1,68,1,0,0,0,''),(17,1,69,1,0,0,0,''),(17,1,70,1,0,0,0,''),(17,1,73,1,0,0,0,'FACE-NEU'),(17,1,101,1,0,11,0,''),(17,1,102,1,0,15,0,''),(17,1,103,1,0,34,0,''),(17,1,104,1,0,13,0,''),(17,1,118,1,0,3535,0,''),(17,1,119,1,0,25,0,''),(17,1,124,1,0,0,0,''),(17,1,125,1,0,0,0,''),(17,1,126,1,0,0,0,''),(17,1,127,1,0,0,0,''),(17,1,142,1,0,24,0,''),(17,1,148,1,0,0,0,''),(17,1,151,1,0,0,0,''),(17,1,156,1,0,0,0,''),(17,1,157,1,0,0,0,''),(17,1,158,1,0,48,0,''),(17,1,159,1,0,0,0,''),(17,1,160,1,0,0,0,''),(17,1,161,1,0,0,0,''),(17,1,162,1,0,0,0,''),(17,1,163,1,0,0,0,''),(17,1,164,1,0,0,0,''),(17,1,165,1,0,0,0,''),(17,1,166,1,0,0,0,''),(17,1,167,1,0,0,0,''),(17,1,168,1,0,0,0,''),(17,1,171,1,0,65,0,''),(17,1,172,1,0,0,0,''),(17,1,173,1,0,1,0,''),(17,1,174,1,0,0,0,'#578ebe'),(17,1,175,1,0,0,0,'users'),(17,1,176,1,0,0,0,'#ffffff'),(17,1,177,1,0,80,0,''),(17,1,178,1,0,0,0,''),(17,1,179,1,0,0,0,''),(17,1,180,1,0,0,0,''),(17,1,1000,1,0,0,0,''),(17,1,1001,1,0,0,0,''),(17,1,1005,1,0,0,0,'&lt;p&gt;&lt;strong&gt;krema&lt;/strong&gt;zaobraz&lt;strong&gt;neutrum&lt;/strong&gt;&lt;/p&gt;'),(17,1,1005,2,0,0,0,'&lt;p&gt;&lt;strong&gt;face&lt;/strong&gt;cream&lt;strong&gt;neutrum&lt;/strong&gt;&lt;/p&gt;'),(17,1,1007,1,0,81,0,''),(17,1,1008,1,0,0,0,'&lt;p style=&quot;text-align: justify;&quot;&gt;AQUA, GLYCERYL STEARATE SE, OLEA EUROPAEA FRUIT OIL, CETEARYL ALCOHOL, CERA ALBA, CAPRYLIC/CAPRIC TRIGLYCERIDE, GLYCERIN, HYDROLYZED OLIVE FRUIT, ISOAMYL LAURATE, ARGANIA SPINOSA KERNEL OIL, CHONDRUS CRISPUS EXTRACT, RETINYL PALMITATE, TOCOPHERYL ACETATE, CERATONIA SILIQUA GUM, PHENOXYETHANOL, ISOAMYL COCOATE, PARFUM, CITRIC ACID, HELIANTHUS ANNUUS SEED OIL, BENZOIC ACID, DEHYDROACETIC ACID, LECITHIN, ETHYLHEXYLGLYCERIN, TOCOPHEROL, BUTYLPHENYL METHYLPROPIONAL, ASCORBYL PALMITATE, SODIUM BENZOATE, POTASSIUM SORBATE, LINALOOL, COUMARIN&lt;/p&gt;\r\n&lt;p style=&quot;text-align: justify;&quot;&gt;*&lt;strong&gt;ne vsebuje&lt;/strong&gt;: UV filtrov, silikonov in umetnih barvil, GMO sestavin, mikroplastik in sintetičnih olj. Ni testirano na živalih&lt;/p&gt;'),(17,1,1008,2,0,0,0,'&lt;p style=&quot;text-align: justify;&quot;&gt;AQUA, GLYCERYL STEARATE SE, OLEA EUROPAEA FRUIT OIL, CETEARYL ALCOHOL, CERA ALBA, CAPRYLIC/CAPRIC TRIGLYCERIDE, GLYCERIN, HYDROLYZED OLIVE FRUIT, ISOAMYL LAURATE, ARGANIA SPINOSA KERNEL OIL, CHONDRUS CRISPUS EXTRACT, RETINYL PALMITATE, TOCOPHERYL ACETATE, CERATONIA SILIQUA GUM, PHENOXYETHANOL, ISOAMYL COCOATE, PARFUM, CITRIC ACID, HELIANTHUS ANNUUS SEED OIL, BENZOIC ACID, DEHYDROACETIC ACID, LECITHIN, ETHYLHEXYLGLYCERIN, TOCOPHEROL, BUTYLPHENYL METHYLPROPIONAL, ASCORBYL PALMITATE, SODIUM BENZOATE, POTASSIUM SORBATE, LINALOOL, COUMARIN&lt;/p&gt;\r\n&lt;p style=&quot;text-align: justify;&quot;&gt;*&lt;strong&gt;Does not contain&lt;/strong&gt;: UV filters, silicones and artificial dyes, GMO ingredients, microplastics, and synthetic oils. Not tested on animals&lt;/p&gt;'),(17,1,1009,1,0,0,0,'50 ml'),(17,1,1010,1,0,0,0,'&lt;p&gt;&lt;strong&gt;Krema za obraz OLIVE GARDEN NEUTRUM&amp;nbsp;ANTIAGING&lt;/strong&gt;&lt;/p&gt;'),(17,1,1010,2,0,0,0,'&lt;p&gt;&lt;strong&gt;Face cream OLIVE GARDEN NEUTRUM ANTIAGING&lt;/strong&gt;&lt;/p&gt;'),(17,1,1013,1,0,0,0,''),(17,1,1014,1,0,0,0,''),(17,1,1015,1,0,0,0,''),(17,1,1016,1,0,0,0,''),(17,1,1017,1,0,0,0,''),(17,1,1020,1,0,0,0,''),(18,1,21,1,0,0,0,''),(18,1,33,1,0,0,0,''),(18,1,35,1,0,0,0,''),(18,1,36,1,0,1,0,''),(18,1,38,1,0,1,0,''),(18,1,39,1,0,0,0,''),(18,1,40,1,0,0,0,''),(18,1,41,1,0,0,0,''),(18,1,42,1,0,0,0,''),(18,1,43,1,0,0,0,''),(18,1,44,1,0,0,0,''),(18,1,45,1,0,0,0,''),(18,1,46,1,0,0,0,''),(18,1,47,1,0,0,0,''),(18,1,48,1,0,0,0,''),(18,1,49,1,0,0,0,''),(18,1,50,1,0,0,0,''),(18,1,51,1,0,0,0,''),(18,1,52,1,0,0,0.15,''),(18,1,53,1,0,0,0,''),(18,1,54,1,0,0,0,''),(18,1,55,1,0,0,0,''),(18,1,56,1,0,0,0,''),(18,1,57,1,0,0,0,''),(18,1,58,1,0,0,0,''),(18,1,59,1,0,0,0,''),(18,1,60,1,0,0,0,''),(18,1,61,1,0,0,0,''),(18,1,62,1,0,0,0,''),(18,1,63,1,0,0,0,''),(18,1,65,1,0,0,0,''),(18,1,66,1,0,0,0,''),(18,1,67,1,0,0,0,''),(18,1,68,1,0,0,0,''),(18,1,69,1,0,0,0,''),(18,1,70,1,0,0,0,''),(18,1,73,1,0,0,0,'FACE-CIT'),(18,1,101,1,0,11,0,''),(18,1,102,1,0,16,0,''),(18,1,103,1,0,34,0,''),(18,1,104,1,0,13,0,''),(18,1,118,1,0,3536,0,''),(18,1,119,1,0,26,0,''),(18,1,124,1,0,0,0,''),(18,1,125,1,0,0,0,''),(18,1,126,1,0,0,0,''),(18,1,127,1,0,0,0,''),(18,1,142,1,0,25,0,''),(18,1,148,1,0,0,0,''),(18,1,151,1,0,0,0,''),(18,1,156,1,0,0,0,''),(18,1,157,1,0,0,0,''),(18,1,158,1,0,48,0,''),(18,1,159,1,0,0,0,''),(18,1,160,1,0,0,0,''),(18,1,161,1,0,0,0,''),(18,1,162,1,0,0,0,''),(18,1,163,1,0,0,0,''),(18,1,164,1,0,0,0,''),(18,1,165,1,0,0,0,''),(18,1,166,1,0,0,0,''),(18,1,167,1,0,0,0,''),(18,1,168,1,0,0,0,''),(18,1,171,1,0,65,0,''),(18,1,172,1,0,0,0,''),(18,1,173,1,0,1,0,''),(18,1,174,1,0,0,0,'#578ebe'),(18,1,175,1,0,0,0,'users'),(18,1,176,1,0,0,0,'#ffffff'),(18,1,177,1,0,80,0,''),(18,1,178,1,0,0,0,''),(18,1,179,1,0,0,0,''),(18,1,180,1,0,0,0,''),(18,1,1000,1,0,0,0,''),(18,1,1001,1,0,0,0,''),(18,1,1005,1,0,0,0,'&lt;p&gt;&lt;strong&gt;krema&lt;/strong&gt;zaobraz&lt;span class=&quot;yellow&quot;&gt;&lt;strong&gt;citreum&lt;/strong&gt;&lt;/span&gt;&lt;/p&gt;'),(18,1,1005,2,0,0,0,'&lt;p&gt;&lt;strong&gt;face&lt;/strong&gt;cream&lt;span class=&quot;yellow&quot;&gt;&lt;strong&gt;citreum&lt;/strong&gt;&lt;/span&gt;&lt;/p&gt;'),(18,1,1007,1,0,82,0,''),(18,1,1008,1,0,0,0,'&lt;p style=&quot;text-align: justify;&quot;&gt;AQUA, GLYCERYL STEARATE SE, OLEA EUROPAEA FRUIT OIL, CETEARYL ALCOHOL, CERA ALBA, CAPRYLIC/CAPRIC TRIGLYCERIDE, GLYCERIN, HYDROLYZED OLIVE FRUIT, ISOAMYL LAURATE, ARGANIA SPINOSA KERNEL OIL, CHONDRUS CRISPUS EXTRACT, RETINYL PALMITATE, TOCOPHERYL ACETATE, CERATONIA SILIQUA GUM, PHENOXYETHANOL, ISOAMYL COCOATE, PARFUM, CITRIC ACID, HELIANTHUS ANNUUS SEED OIL, BENZOIC ACID, DEHYDROACETIC ACID, LECITHIN, ETHYLHEXYLGLYCERIN, TOCOPHEROL, BUTYLPHENYL METHYLPROPIONAL, ASCORBYL PALMITATE, SODIUM BENZOATE, POTASSIUM SORBATE, LINALOOL, COUMARIN&lt;/p&gt;\r\n&lt;p style=&quot;text-align: justify;&quot;&gt;*&lt;strong&gt;ne vsebuje&lt;/strong&gt;: UV filtrov, ni testirano na živalih, ne vsebuje silikonov in umetnih barvil, ne vsebuje GMO sestavin, ne vsebuje mikroplastik, ne vsebuje sintetičnih olj.&lt;/p&gt;'),(18,1,1008,2,0,0,0,'&lt;p style=&quot;text-align: justify;&quot;&gt;AQUA, GLYCERYL STEARATE SE, OLEA EUROPAEA FRUIT OIL, CETEARYL ALCOHOL, CERA ALBA, CAPRYLIC/CAPRIC TRIGLYCERIDE, GLYCERIN, HYDROLYZED OLIVE FRUIT, ISOAMYL LAURATE, ARGANIA SPINOSA KERNEL OIL, CHONDRUS CRISPUS EXTRACT, RETINYL PALMITATE, TOCOPHERYL ACETATE, CERATONIA SILIQUA GUM, PHENOXYETHANOL, ISOAMYL COCOATE, PARFUM, CITRIC ACID, HELIANTHUS ANNUUS SEED OIL, BENZOIC ACID, DEHYDROACETIC ACID, LECITHIN, ETHYLHEXYLGLYCERIN, TOCOPHEROL, BUTYLPHENYL METHYLPROPIONAL, ASCORBYL PALMITATE, SODIUM BENZOATE, POTASSIUM SORBATE, LINALOOL, COUMARIN&lt;/p&gt;\r\n&lt;p style=&quot;text-align: justify;&quot;&gt;*&lt;strong&gt;Does not contain&lt;/strong&gt;: UV filters, silicones and artificial dyes, GMO ingredients, microplastics, and synthetic oils. Not tested on animals.&lt;/p&gt;'),(18,1,1009,1,0,0,0,'50 ml'),(18,1,1010,1,0,0,0,'&lt;p style=&quot;text-align: justify;&quot;&gt;&lt;strong&gt;Krema za obraz OLIVE GARDEN &lt;span class=&quot;yellow&quot;&gt;CITREUM&lt;/span&gt; z BIO limonami iz Sicilije ANTIAGING&lt;/strong&gt;&lt;/p&gt;'),(18,1,1010,2,0,0,0,'&lt;p style=&quot;text-align: justify;&quot;&gt;&lt;strong&gt;Face cream OLIVE GARDEN &lt;span class=&quot;yellow&quot;&gt;CITREUM&lt;/span&gt; with BIO lemons from Sicily ANTIAGING&lt;/strong&gt;&lt;/p&gt;'),(18,1,1013,1,0,0,0,''),(18,1,1014,1,0,0,0,''),(18,1,1015,1,0,0,0,''),(18,1,1016,1,0,0,0,''),(18,1,1017,1,0,0,0,''),(18,1,1020,1,0,0,0,''),(19,1,21,1,0,0,0,''),(19,1,33,1,0,0,0,''),(19,1,35,1,0,1,0,''),(19,1,36,1,0,0,0,''),(19,1,38,1,0,1,0,''),(19,1,39,1,0,0,0,''),(19,1,40,1,0,0,0,''),(19,1,41,1,0,0,0,''),(19,1,42,1,0,0,0,''),(19,1,43,1,0,0,0,''),(19,1,44,1,0,0,0,''),(19,1,45,1,0,0,0,''),(19,1,46,1,0,0,0,''),(19,1,47,1,0,0,0,''),(19,1,48,1,0,0,0,''),(19,1,49,1,0,0,0,''),(19,1,50,1,0,0,0,''),(19,1,51,1,0,0,0,''),(19,1,52,1,0,0,0.15,''),(19,1,53,1,0,0,0,''),(19,1,54,1,0,0,0,''),(19,1,55,1,0,0,0,''),(19,1,56,1,0,0,0,''),(19,1,57,1,0,0,0,''),(19,1,58,1,0,0,0,''),(19,1,59,1,0,0,0,''),(19,1,60,1,0,0,0,''),(19,1,61,1,0,0,0,''),(19,1,62,1,0,0,0,''),(19,1,63,1,0,0,0,''),(19,1,65,1,0,0,0,''),(19,1,66,1,0,0,0,''),(19,1,67,1,0,0,0,''),(19,1,68,1,0,0,0,''),(19,1,69,1,0,0,0,''),(19,1,70,1,0,0,0,''),(19,1,73,1,0,0,0,'FACE-ARA'),(19,1,101,1,0,11,0,''),(19,1,102,1,0,17,0,''),(19,1,103,1,0,34,0,''),(19,1,104,1,0,13,0,''),(19,1,118,1,0,3537,0,''),(19,1,119,1,0,27,0,''),(19,1,124,1,0,0,0,''),(19,1,125,1,0,0,0,''),(19,1,126,1,0,0,0,''),(19,1,127,1,0,0,0,''),(19,1,142,1,0,26,0,''),(19,1,148,1,0,0,0,''),(19,1,151,1,0,0,0,''),(19,1,156,1,0,0,0,''),(19,1,157,1,0,0,0,''),(19,1,158,1,0,48,0,''),(19,1,159,1,0,0,0,''),(19,1,160,1,0,0,0,''),(19,1,161,1,0,0,0,''),(19,1,162,1,0,0,0,''),(19,1,163,1,0,0,0,''),(19,1,164,1,0,0,0,''),(19,1,165,1,0,0,0,''),(19,1,166,1,0,0,0,''),(19,1,167,1,0,0,0,''),(19,1,168,1,0,0,0,''),(19,1,171,1,0,65,0,''),(19,1,172,1,0,0,0,''),(19,1,173,1,0,1,0,''),(19,1,174,1,0,0,0,'#578ebe'),(19,1,175,1,0,0,0,'users'),(19,1,176,1,0,0,0,'#ffffff'),(19,1,177,1,0,80,0,''),(19,1,178,1,0,0,0,''),(19,1,179,1,0,0,0,''),(19,1,180,1,0,0,0,''),(19,1,1000,1,0,0,0,''),(19,1,1001,1,0,0,0,''),(19,1,1005,1,0,0,0,'&lt;p&gt;&lt;strong&gt;krema&lt;/strong&gt;zaobraz&lt;span class=&quot;brown&quot;&gt;&lt;strong&gt;arantium&lt;/strong&gt;&lt;/span&gt;&lt;/p&gt;'),(19,1,1005,2,0,0,0,'&lt;p&gt;&lt;strong&gt;face&lt;/strong&gt;cream&lt;span class=&quot;brown&quot;&gt;&lt;strong&gt;arantium&lt;/strong&gt;&lt;/span&gt;&lt;/p&gt;'),(19,1,1007,1,0,85,0,''),(19,1,1008,1,0,0,0,'&lt;p style=&quot;text-align: justify;&quot;&gt;AQUA, GLYCERYL STEARATE SE, OLEA EUROPAEA FRUIT OIL, CETEARYL ALCOHOL, CERA ALBA, CAPRYLIC/CAPRIC TRIGLYCERIDE, GLYCERIN, HYDROLYZED OLIVE FRUIT, ISOAMYL LAURATE, ARGANIA SPINOSA KERNEL OIL, CHONDRUS CRISPUS EXTRACT, RETINYL PALMITATE, TOCOPHERYL ACETATE, CERATONIA SILIQUA GUM, PHENOXYETHANOL, ISOAMYL COCOATE, PARFUM, CITRIC ACID, HELIANTHUS ANNUUS SEED OIL, BENZOIC ACID, DEHYDROACETIC ACID, LECITHIN, ETHYLHEXYLGLYCERIN, TOCOPHEROL, BUTYLPHENYL METHYLPROPIONAL, ASCORBYL PALMITATE, SODIUM BENZOATE, POTASSIUM SORBATE, LINALOOL, COUMARIN&lt;/p&gt;\r\n&lt;p style=&quot;text-align: justify;&quot;&gt;*&lt;strong&gt;ne vsebuje&lt;/strong&gt;: UV filtrov, ni testirano na živalih, ne vsebuje silikonov in umetnih barvil, ne vsebuje GMO sestavin, ne vsebuje mikroplastik, ne vsebuje sintetičnih olj.&lt;/p&gt;'),(19,1,1008,2,0,0,0,'&lt;p style=&quot;text-align: justify;&quot;&gt;AQUA, GLYCERYL STEARATE SE, OLEA EUROPAEA FRUIT OIL, CETEARYL ALCOHOL, CERA ALBA, CAPRYLIC/CAPRIC TRIGLYCERIDE, GLYCERIN, HYDROLYZED OLIVE FRUIT, ISOAMYL LAURATE, ARGANIA SPINOSA KERNEL OIL, CHONDRUS CRISPUS EXTRACT, RETINYL PALMITATE, TOCOPHERYL ACETATE, CERATONIA SILIQUA GUM, PHENOXYETHANOL, ISOAMYL COCOATE, PARFUM, CITRIC ACID, HELIANTHUS ANNUUS SEED OIL, BENZOIC ACID, DEHYDROACETIC ACID, LECITHIN, ETHYLHEXYLGLYCERIN, TOCOPHEROL, BUTYLPHENYL METHYLPROPIONAL, ASCORBYL PALMITATE, SODIUM BENZOATE, POTASSIUM SORBATE, LINALOOL, COUMARIN&lt;/p&gt;\r\n&lt;p style=&quot;text-align: justify;&quot;&gt;*&lt;strong&gt;Does not contain&lt;/strong&gt;: UV filters, silicones and artificial dyes, GMO ingredients, microplastics, and synthetic oils. Not tested on animals.&lt;/p&gt;'),(19,1,1009,1,0,0,0,'50 ml'),(19,1,1010,1,0,0,0,'&lt;p style=&quot;text-align: justify;&quot;&gt;&lt;strong&gt;Krema za obraz OLIVE GARDEN &lt;span class=&quot;brown&quot;&gt;ARANTIUM&lt;/span&gt; z BIO pomarančami iz Sicilije ANTIAGING&lt;/strong&gt;&lt;/p&gt;'),(19,1,1010,2,0,0,0,'&lt;p&gt;&lt;strong&gt;Face cream OLIVE GARDEN &lt;span class=&quot;brown&quot;&gt;ARANTIUM&lt;/span&gt; with BIO oranges from Sicily ANTIAGING&lt;/strong&gt;&lt;/p&gt;'),(19,1,1013,1,0,0,0,''),(19,1,1014,1,0,0,0,''),(19,1,1015,1,0,0,0,''),(19,1,1016,1,0,0,0,''),(19,1,1017,1,0,0,0,''),(19,1,1020,1,0,0,0,''),(20,1,21,1,0,0,0,''),(20,1,33,1,0,0,0,''),(20,1,35,1,0,0,0,''),(20,1,36,1,0,1,0,''),(20,1,38,1,0,1,0,''),(20,1,39,1,0,0,0,''),(20,1,40,1,0,0,0,''),(20,1,41,1,0,0,0,''),(20,1,42,1,0,0,0,''),(20,1,43,1,0,0,0,''),(20,1,44,1,0,0,0,''),(20,1,45,1,0,0,0,''),(20,1,46,1,0,0,0,''),(20,1,47,1,0,0,0,''),(20,1,48,1,0,0,0,''),(20,1,49,1,0,0,0,''),(20,1,50,1,0,0,0,''),(20,1,51,1,0,0,0,''),(20,1,52,1,0,0,0.15,''),(20,1,53,1,0,0,0,''),(20,1,54,1,0,0,0,''),(20,1,55,1,0,0,0,''),(20,1,56,1,0,0,0,''),(20,1,57,1,0,0,0,''),(20,1,58,1,0,0,0,''),(20,1,59,1,0,0,0,''),(20,1,60,1,0,0,0,''),(20,1,61,1,0,0,0,''),(20,1,62,1,0,0,0,''),(20,1,63,1,0,0,0,''),(20,1,65,1,0,0,0,''),(20,1,66,1,0,0,0,''),(20,1,67,1,0,0,0,''),(20,1,68,1,0,0,0,''),(20,1,69,1,0,0,0,''),(20,1,70,1,0,0,0,''),(20,1,73,1,0,0,0,'FACE-SCR'),(20,1,101,1,0,11,0,''),(20,1,102,1,0,18,0,''),(20,1,103,1,0,34,0,''),(20,1,104,1,0,13,0,''),(20,1,118,1,0,3538,0,''),(20,1,119,1,0,28,0,''),(20,1,124,1,0,0,0,''),(20,1,125,1,0,0,0,''),(20,1,126,1,0,0,0,''),(20,1,127,1,0,0,0,''),(20,1,142,1,0,27,0,''),(20,1,148,1,0,0,0,''),(20,1,151,1,0,0,0,''),(20,1,156,1,0,0,0,''),(20,1,157,1,0,0,0,''),(20,1,158,1,0,48,0,''),(20,1,159,1,0,0,0,''),(20,1,160,1,0,0,0,''),(20,1,161,1,0,0,0,''),(20,1,162,1,0,0,0,''),(20,1,163,1,0,0,0,''),(20,1,164,1,0,0,0,''),(20,1,165,1,0,0,0,''),(20,1,166,1,0,0,0,''),(20,1,167,1,0,0,0,''),(20,1,168,1,0,0,0,''),(20,1,171,1,0,65,0,''),(20,1,172,1,0,0,0,''),(20,1,173,1,0,1,0,''),(20,1,174,1,0,0,0,'#578ebe'),(20,1,175,1,0,0,0,'users'),(20,1,176,1,0,0,0,'#ffffff'),(20,1,177,1,0,80,0,''),(20,1,178,1,0,0,0,''),(20,1,179,1,0,0,0,''),(20,1,180,1,0,0,0,''),(20,1,1000,1,0,0,0,''),(20,1,1001,1,0,0,0,''),(20,1,1005,1,0,0,0,'&lt;p&gt;&lt;strong&gt;piling&lt;/strong&gt;zaobraz&lt;/p&gt;'),(20,1,1005,2,0,0,0,'&lt;p&gt;&lt;strong&gt;face&lt;/strong&gt;scrub&lt;/p&gt;'),(20,1,1007,1,0,0,0,''),(20,1,1008,1,0,0,0,'&lt;p style=&quot;text-align: justify;&quot;&gt;AQUA, VITIS VINIFERA SEED OIL, PRUNUS AMYGDALUS DULCIS OIL, GLYCERIN, CETEARYL GLUCOSIDE, CETEARYL ALCOHOL, OLEA EUROPAEA SEED POWDER, JUGLANS REGIA SHELL POWDER, OLEA EUROPAEA FRUIT OIL, BUTYROSPERMUM PARKII BUTTER, PHENOXYETHANOL, CARBOMER, PARFUM, BENZOIC ACID, SODIUM HYDROXIDE, DEHYDROACETIC ACID, LECITHIN, ETHYLHEXYLGLYCERIN, BUTYLPHENYL METHYLPROPIONAL, LINALOOL, TOCOPHEROL, ASCORBYL PALMITATE, CITRIC ACID&lt;/p&gt;\r\n&lt;p style=&quot;text-align: justify;&quot;&gt;*&lt;strong&gt;ne vsebuje&lt;/strong&gt;: UV filtrov, ni testirano na živalih, ne vsebuje silikonov in umetnih barvil, ne vsebuje GMO sestavin, ne vsebuje mikroplastik, ne vsebuje sintetičnih olj.&lt;/p&gt;'),(20,1,1008,2,0,0,0,'&lt;p style=&quot;text-align: justify;&quot;&gt;AQUA, VITIS VINIFERA SEED OIL, PRUNUS AMYGDALUS DULCIS OIL, GLYCERIN, CETEARYL GLUCOSIDE, CETEARYL ALCOHOL, OLEA EUROPAEA SEED POWDER, JUGLANS REGIA SHELL POWDER, OLEA EUROPAEA FRUIT OIL, BUTYROSPERMUM PARKII BUTTER, PHENOXYETHANOL, CARBOMER, PARFUM, BENZOIC ACID, SODIUM HYDROXIDE, DEHYDROACETIC ACID, LECITHIN, ETHYLHEXYLGLYCERIN, BUTYLPHENYL METHYLPROPIONAL, LINALOOL, TOCOPHEROL, ASCORBYL PALMITATE, CITRIC ACID&lt;/p&gt;\r\n&lt;p style=&quot;text-align: justify;&quot;&gt;*&lt;strong&gt;Does not contain&lt;/strong&gt;: UV filters, silicones and artificial dyes, GMO ingredients, microplastics, and synthetic oils. Not tested on animals.&lt;/p&gt;'),(20,1,1009,1,0,0,0,'50 ml'),(20,1,1010,1,0,0,0,'&lt;p&gt;&lt;strong&gt;Piling za obraz OLIVE GARDEN NEUTRUM&lt;/strong&gt;&lt;/p&gt;'),(20,1,1010,2,0,0,0,'&lt;p&gt;&lt;strong&gt;Face scrub OLIVE GARDEN NEUTRUM&lt;/strong&gt;&lt;/p&gt;'),(20,1,1013,1,0,0,0,''),(20,1,1014,1,0,0,0,''),(20,1,1015,1,0,0,0,''),(20,1,1016,1,0,0,0,''),(20,1,1017,1,0,0,0,''),(20,1,1020,1,0,0,0,''),(20,1,1022,1,0,0,0,''),(21,1,21,1,0,0,0,''),(21,1,33,1,0,0,0,''),(21,1,35,1,0,0,0,''),(21,1,36,1,0,1,0,''),(21,1,38,1,0,1,0,''),(21,1,39,1,0,0,0,''),(21,1,40,1,0,0,0,''),(21,1,41,1,0,0,0,''),(21,1,42,1,0,0,0,''),(21,1,43,1,0,0,0,''),(21,1,44,1,0,0,0,''),(21,1,45,1,0,0,0,''),(21,1,46,1,0,0,0,''),(21,1,47,1,0,0,0,''),(21,1,48,1,0,0,0,''),(21,1,49,1,0,0,0,''),(21,1,50,1,0,0,0,''),(21,1,51,1,0,0,0,''),(21,1,52,1,0,0,0.15,''),(21,1,53,1,0,0,0,''),(21,1,54,1,0,0,0,''),(21,1,55,1,0,0,0,''),(21,1,56,1,0,0,0,''),(21,1,57,1,0,0,0,''),(21,1,58,1,0,0,0,''),(21,1,59,1,0,0,0,''),(21,1,60,1,0,0,0,''),(21,1,61,1,0,0,0,''),(21,1,62,1,0,0,0,''),(21,1,63,1,0,0,0,''),(21,1,65,1,0,0,0,''),(21,1,66,1,0,0,0,''),(21,1,67,1,0,0,0,''),(21,1,68,1,0,0,0,''),(21,1,69,1,0,0,0,''),(21,1,70,1,0,0,0,''),(21,1,73,1,0,0,0,'HAND-NEU'),(21,1,101,1,0,11,0,''),(21,1,102,1,0,19,0,''),(21,1,103,1,0,34,0,''),(21,1,104,1,0,13,0,''),(21,1,118,1,0,3539,0,''),(21,1,119,1,0,29,0,''),(21,1,124,1,0,0,0,''),(21,1,125,1,0,0,0,''),(21,1,126,1,0,0,0,''),(21,1,127,1,0,0,0,''),(21,1,142,1,0,28,0,''),(21,1,148,1,0,0,0,''),(21,1,151,1,0,0,0,''),(21,1,156,1,0,0,0,''),(21,1,157,1,0,0,0,''),(21,1,158,1,0,48,0,''),(21,1,159,1,0,0,0,''),(21,1,160,1,0,0,0,''),(21,1,161,1,0,0,0,''),(21,1,162,1,0,0,0,''),(21,1,163,1,0,0,0,''),(21,1,164,1,0,0,0,''),(21,1,165,1,0,0,0,''),(21,1,166,1,0,0,0,''),(21,1,167,1,0,0,0,''),(21,1,168,1,0,0,0,''),(21,1,171,1,0,65,0,''),(21,1,172,1,0,0,0,''),(21,1,173,1,0,1,0,''),(21,1,174,1,0,0,0,'#578ebe'),(21,1,175,1,0,0,0,'users'),(21,1,176,1,0,0,0,'#ffffff'),(21,1,177,1,0,80,0,''),(21,1,178,1,0,0,0,''),(21,1,179,1,0,0,0,''),(21,1,180,1,0,0,0,''),(21,1,1000,1,0,0,0,''),(21,1,1001,1,0,0,0,''),(21,1,1005,1,0,0,0,'&lt;p&gt;&lt;strong&gt;krema&lt;/strong&gt;zaroke&lt;strong&gt;neutrum&lt;/strong&gt;&lt;/p&gt;'),(21,1,1005,2,0,0,0,'&lt;p&gt;&lt;strong&gt;hand&lt;/strong&gt;cream&lt;strong&gt;neutrum&lt;/strong&gt;&lt;/p&gt;'),(21,1,1007,1,0,0,0,''),(21,1,1008,1,0,0,0,'&lt;p style=&quot;text-align: justify;&quot;&gt;AQUA, OLEA EUROPAEA FRUIT OIL, CETEARYL ALCOHOL, ISOAMYL LAURATE, GLYCERYL STEARATE, CALENDULA OFFICINALIS FLOWER EXTRACT, ALLANTOIN, POTASSIUM PALMITOYL HYDROLYZED WHEAT PROTEIN, GLYCERIN, CARBOMER, PHENOXYETHANOL, ISOAMYL COCOATE, SODIUM HYDROXIDE, PARFUM, BENZOIC ACID, DEHYDROACETIC ACID, LECITHIN, ETHYLHEXYLGLYCERIN, LIMONENE, HEXYL CINNAMAL, TOCOPHEROL, ASCORBYL PALMITATE, LINALOOL, GERANIOL, CITRIC ACID&lt;/p&gt;\r\n&lt;p style=&quot;text-align: justify;&quot;&gt;*&lt;strong&gt;ne vsebuje&lt;/strong&gt;: UV filtrov, ni testirano na živalih, ne vsebuje silikonov in umetnih barvil, ne vsebuje GMO sestavin, ne vsebuje mikroplastik, ne vsebuje sintetičnih olj.&lt;/p&gt;'),(21,1,1008,2,0,0,0,'&lt;p style=&quot;text-align: justify;&quot;&gt;AQUA, OLEA EUROPAEA FRUIT OIL, CETEARYL ALCOHOL, ISOAMYL LAURATE, GLYCERYL STEARATE, CALENDULA OFFICINALIS FLOWER EXTRACT, ALLANTOIN, POTASSIUM PALMITOYL HYDROLYZED WHEAT PROTEIN, GLYCERIN, CARBOMER, PHENOXYETHANOL, ISOAMYL COCOATE, SODIUM HYDROXIDE, PARFUM, BENZOIC ACID, DEHYDROACETIC ACID, LECITHIN, ETHYLHEXYLGLYCERIN, LIMONENE, HEXYL CINNAMAL, TOCOPHEROL, ASCORBYL PALMITATE, LINALOOL, GERANIOL, CITRIC ACID&lt;/p&gt;\r\n&lt;p style=&quot;text-align: justify;&quot;&gt;*&lt;strong&gt;Does not contain&lt;/strong&gt;: UV filters, silicones and artificial dyes, GMO ingredients, microplastics, and synthetic oils. Not tested on animals.&lt;/p&gt;'),(21,1,1009,1,0,0,0,'50 ml'),(21,1,1010,1,0,0,0,'&lt;p style=&quot;text-align: justify;&quot;&gt;&lt;strong&gt;Krema za roke OLIVE GARDEN NEUTRUM&lt;/strong&gt;&lt;/p&gt;'),(21,1,1010,2,0,0,0,'&lt;p&gt;&lt;strong&gt;Hand cream OLIVE GARDEN NEUTRUM&lt;/strong&gt;&lt;/p&gt;'),(21,1,1013,1,0,0,0,''),(21,1,1014,1,0,0,0,''),(21,1,1015,1,0,0,0,''),(21,1,1016,1,0,0,0,''),(21,1,1017,1,0,0,0,''),(21,1,1020,1,0,0,0,''),(21,1,1022,1,0,0,0,''),(22,1,21,1,0,0,0,''),(22,1,33,1,0,0,0,''),(22,1,35,1,0,1,0,''),(22,1,36,1,0,0,0,''),(22,1,38,1,0,1,0,''),(22,1,39,1,0,0,0,''),(22,1,40,1,0,0,0,''),(22,1,41,1,0,0,0,''),(22,1,42,1,0,0,0,''),(22,1,43,1,0,0,0,''),(22,1,44,1,0,0,0,''),(22,1,45,1,0,0,0,''),(22,1,46,1,0,0,0,''),(22,1,47,1,0,0,0,''),(22,1,48,1,0,0,0,''),(22,1,49,1,0,0,0,''),(22,1,50,1,0,0,0,''),(22,1,51,1,0,0,0,''),(22,1,52,1,0,0,0.15,''),(22,1,53,1,0,0,0,''),(22,1,54,1,0,0,0,''),(22,1,55,1,0,0,0,''),(22,1,56,1,0,0,0,''),(22,1,57,1,0,0,0,''),(22,1,58,1,0,0,0,''),(22,1,59,1,0,0,0,''),(22,1,60,1,0,0,0,''),(22,1,61,1,0,0,0,''),(22,1,62,1,0,0,0,''),(22,1,63,1,0,0,0,''),(22,1,65,1,0,0,0,''),(22,1,66,1,0,0,0,''),(22,1,67,1,0,0,0,''),(22,1,68,1,0,0,0,''),(22,1,69,1,0,0,0,''),(22,1,70,1,0,0,0,''),(22,1,73,1,0,0,0,'HANDS-CIT'),(22,1,101,1,0,11,0,''),(22,1,102,1,0,20,0,''),(22,1,103,1,0,34,0,''),(22,1,104,1,0,13,0,''),(22,1,118,1,0,3571,0,''),(22,1,119,1,0,61,0,''),(22,1,124,1,0,0,0,''),(22,1,125,1,0,0,0,''),(22,1,126,1,0,0,0,''),(22,1,127,1,0,0,0,''),(22,1,142,1,0,60,0,''),(22,1,148,1,0,0,0,''),(22,1,151,1,0,0,0,''),(22,1,156,1,0,0,0,''),(22,1,157,1,0,0,0,''),(22,1,158,1,0,48,0,''),(22,1,159,1,0,0,0,''),(22,1,160,1,0,0,0,''),(22,1,161,1,0,0,0,''),(22,1,162,1,0,0,0,''),(22,1,163,1,0,0,0,''),(22,1,164,1,0,0,0,''),(22,1,165,1,0,0,0,''),(22,1,166,1,0,0,0,''),(22,1,167,1,0,0,0,''),(22,1,168,1,0,0,0,''),(22,1,171,1,0,65,0,''),(22,1,172,1,0,0,0,''),(22,1,173,1,0,1,0,''),(22,1,174,1,0,0,0,'#578ebe'),(22,1,175,1,0,0,0,'users'),(22,1,176,1,0,0,0,'#ffffff'),(22,1,177,1,0,80,0,''),(22,1,178,1,0,0,0,''),(22,1,179,1,0,0,0,''),(22,1,180,1,0,0,0,''),(22,1,1000,1,0,0,0,''),(22,1,1001,1,0,0,0,''),(22,1,1005,1,0,0,0,'&lt;p&gt;&lt;strong&gt;krema&lt;/strong&gt;zaroke&lt;span class=&quot;yellow&quot;&gt;&lt;strong&gt;citreum&lt;/strong&gt;&lt;/span&gt;&lt;/p&gt;'),(22,1,1005,2,0,0,0,'&lt;p&gt;&lt;strong&gt;hand&lt;/strong&gt;cream&lt;span class=&quot;yellow&quot;&gt;&lt;strong&gt;citreum&lt;/strong&gt;&lt;/span&gt;&lt;/p&gt;'),(22,1,1007,1,0,82,0,''),(22,1,1008,1,0,0,0,'&lt;p style=&quot;text-align: justify;&quot;&gt;AQUA, OLEA EUROPAEA FRUIT OIL, CETEARYL ALCOHOL, ISOAMYL LAURATE, GLYCERYL STEARATE, CALENDULA OFFICINALIS FLOWER EXTRACT, CITRUS LIMON PEEL OIL, ALLANTOIN, POTASSIUM PALMITOYL HYDROLYZED WHEAT PROTEIN, CARBOMER, GLYCERIN, PHENOXYETHANOL, ISOAMYL COCOATE, SODIUM HYDROXIDE, BENZOIC ACID, LIMONENE, DEHYDROACETIC ACID, LECITHIN, ETHYLHEXYLGLYCERIN, TOCOPHEROL, ASCORBYL PALMITATE, CITRAL, CITRIC ACID&lt;/p&gt;\r\n&lt;p style=&quot;text-align: justify;&quot;&gt;*&lt;strong&gt;ne vsebuje&lt;/strong&gt;: UV filtrov, ni testirano na živalih, ne vsebuje silikonov in umetnih barvil, ne vsebuje GMO sestavin, ne vsebuje mikroplastik, ne vsebuje sintetičnih olj.&lt;/p&gt;'),(22,1,1008,2,0,0,0,'&lt;p style=&quot;text-align: justify;&quot;&gt;AQUA, OLEA EUROPAEA FRUIT OIL, CETEARYL ALCOHOL, ISOAMYL LAURATE, GLYCERYL STEARATE, CALENDULA OFFICINALIS FLOWER EXTRACT, CITRUS LIMON PEEL OIL, ALLANTOIN, POTASSIUM PALMITOYL HYDROLYZED WHEAT PROTEIN, CARBOMER, GLYCERIN, PHENOXYETHANOL, ISOAMYL COCOATE, SODIUM HYDROXIDE, BENZOIC ACID, LIMONENE, DEHYDROACETIC ACID, LECITHIN, ETHYLHEXYLGLYCERIN, TOCOPHEROL, ASCORBYL PALMITATE, CITRAL, CITRIC ACID&lt;/p&gt;\r\n&lt;p style=&quot;text-align: justify;&quot;&gt;*&lt;strong&gt;Does not contain&lt;/strong&gt;: UV filters, silicones and artificial dyes, GMO ingredients, microplastics, and synthetic oils. Not tested on animals.&lt;/p&gt;'),(22,1,1009,1,0,0,0,'50 ml'),(22,1,1010,1,0,0,0,'&lt;p&gt;&lt;strong&gt;Krema za roke OLIVE GARDEN &lt;span class=&quot;yellow&quot;&gt;CITREUM&lt;/span&gt;&lt;/strong&gt;&lt;/p&gt;'),(22,1,1010,2,0,0,0,'&lt;p&gt;&lt;strong&gt;Hand cream OLIVE GARDEN &lt;span class=&quot;yellow&quot;&gt;CITREUM&lt;/span&gt;&lt;/strong&gt;&lt;/p&gt;'),(22,1,1013,1,0,0,0,''),(22,1,1014,1,0,0,0,''),(22,1,1015,1,0,0,0,''),(22,1,1016,1,0,0,0,''),(22,1,1017,1,0,0,0,''),(22,1,1020,1,0,0,0,''),(22,1,1022,1,0,0,0,''),(23,1,21,1,0,0,0,''),(23,1,33,1,0,0,0,''),(23,1,35,1,0,0,0,''),(23,1,36,1,0,1,0,''),(23,1,38,1,0,1,0,''),(23,1,39,1,0,0,0,''),(23,1,40,1,0,0,0,''),(23,1,41,1,0,0,0,''),(23,1,42,1,0,0,0,''),(23,1,43,1,0,0,0,''),(23,1,44,1,0,0,0,''),(23,1,45,1,0,0,0,''),(23,1,46,1,0,0,0,''),(23,1,47,1,0,0,0,''),(23,1,48,1,0,0,0,''),(23,1,49,1,0,0,0,''),(23,1,50,1,0,0,0,''),(23,1,51,1,0,0,0,''),(23,1,52,1,0,0,0.15,''),(23,1,53,1,0,0,0,''),(23,1,54,1,0,0,0,''),(23,1,55,1,0,0,0,''),(23,1,56,1,0,0,0,''),(23,1,57,1,0,0,0,''),(23,1,58,1,0,0,0,''),(23,1,59,1,0,0,0,''),(23,1,60,1,0,0,0,''),(23,1,61,1,0,0,0,''),(23,1,62,1,0,0,0,''),(23,1,63,1,0,0,0,''),(23,1,65,1,0,0,0,''),(23,1,66,1,0,0,0,''),(23,1,67,1,0,0,0,''),(23,1,68,1,0,0,0,''),(23,1,69,1,0,0,0,''),(23,1,70,1,0,0,0,''),(23,1,73,1,0,0,0,'HAND-ARA'),(23,1,101,1,0,11,0,''),(23,1,102,1,0,21,0,''),(23,1,103,1,0,34,0,''),(23,1,104,1,0,13,0,''),(23,1,118,1,0,3543,0,''),(23,1,119,1,0,33,0,''),(23,1,124,1,0,0,0,''),(23,1,125,1,0,0,0,''),(23,1,126,1,0,0,0,''),(23,1,127,1,0,0,0,''),(23,1,142,1,0,32,0,''),(23,1,148,1,0,0,0,''),(23,1,151,1,0,0,0,''),(23,1,156,1,0,0,0,''),(23,1,157,1,0,0,0,''),(23,1,158,1,0,48,0,''),(23,1,159,1,0,0,0,''),(23,1,160,1,0,0,0,''),(23,1,161,1,0,0,0,''),(23,1,162,1,0,0,0,''),(23,1,163,1,0,0,0,''),(23,1,164,1,0,0,0,''),(23,1,165,1,0,0,0,''),(23,1,166,1,0,0,0,''),(23,1,167,1,0,0,0,''),(23,1,168,1,0,0,0,''),(23,1,171,1,0,65,0,''),(23,1,172,1,0,0,0,''),(23,1,173,1,0,1,0,''),(23,1,174,1,0,0,0,'#578ebe'),(23,1,175,1,0,0,0,'users'),(23,1,176,1,0,0,0,'#ffffff'),(23,1,177,1,0,80,0,''),(23,1,178,1,0,0,0,''),(23,1,179,1,0,0,0,''),(23,1,180,1,0,0,0,''),(23,1,1000,1,0,0,0,''),(23,1,1001,1,0,0,0,''),(23,1,1005,1,0,0,0,'&lt;p&gt;&lt;strong&gt;krema&lt;/strong&gt;zaroke&lt;span class=&quot;brown&quot;&gt;&lt;strong&gt;arantium&lt;/strong&gt;&lt;/span&gt;&lt;/p&gt;'),(23,1,1005,2,0,0,0,'&lt;p&gt;&lt;strong&gt;hand&lt;/strong&gt;cream&lt;span class=&quot;brown&quot;&gt;&lt;strong&gt;arantium&lt;/strong&gt;&lt;/span&gt;&lt;/p&gt;'),(23,1,1007,1,0,85,0,''),(23,1,1008,1,0,0,0,'&lt;p style=&quot;text-align: justify;&quot;&gt;AQUA, OLEA EUROPAEA FRUIT OIL, CETEARYL ALCOHOL, ISOAMYL LAURATE, GLYCERYL STEARATE, CALENDULA OFFICINALIS FLOWER EXTRACT, CITRUS AURANTIUM DULCIS PEEL OIL, ALLANTOIN, POTASSIUM PALMITOYL HYDROLYZED WHEAT PROTEIN, CARBOMER, GLYCERIN, PHENOXYETHANOL, ISOAMYL COCOATE, SODIUM HYDROXIDE, LIMONENE, BENZOIC ACID, DEHYDROACETIC ACID, LECITHIN, ETHYLHEXYLGLYCERIN, TOCOPHEROL, ASCORBYL PALMITATE, CITRIC ACID&lt;/p&gt;\r\n&lt;p style=&quot;text-align: justify;&quot;&gt;*&lt;strong&gt;ne vsebuje&lt;/strong&gt;: UV filtrov, ni testirano na živalih, ne vsebuje silikonov in umetnih barvil, ne vsebuje GMO sestavin, ne vsebuje mikroplastik, ne vsebuje sintetičnih olj.&lt;/p&gt;'),(23,1,1008,2,0,0,0,'&lt;p style=&quot;text-align: justify;&quot;&gt;AQUA, OLEA EUROPAEA FRUIT OIL, CETEARYL ALCOHOL, ISOAMYL LAURATE, GLYCERYL STEARATE, CALENDU- LA OFFICINALIS FLOWER EXTRACT, CITRUS AURANTIUM DULCIS PEEL OIL, ALLANTOIN, POTASSIUM PALMITOYL HYDROLYZED WHEAT PROTEIN, CARBOMER, GLYCERIN, PHENOXYETHANOL, ISOAMYL COCOATE, SODIUM HYDROXIDE, LIMONENE, BENZOIC ACID, DEHYDROACETIC ACID, LECITHIN, ETHYLHEXYLGLYCERIN, TOCOPHEROL, ASCORBYL PALMITATE, CITRIC ACID&lt;/p&gt;\r\n&lt;p style=&quot;text-align: justify;&quot;&gt;*&lt;strong&gt;Does not contain&lt;/strong&gt;: UV filters, silicones and artificial dyes, GMO ingredients, microplastics, and synthetic oils. Not tested on animals.&lt;/p&gt;'),(23,1,1009,1,0,0,0,'50 ml'),(23,1,1010,1,0,0,0,'&lt;p&gt;&lt;strong&gt;Krema za roke OLIVE GARDEN &lt;span class=&quot;brown&quot;&gt;ARANTIUM&lt;/span&gt;&lt;/strong&gt;&lt;/p&gt;'),(23,1,1010,2,0,0,0,'&lt;p&gt;&lt;strong&gt;Hand cream OLIVE GARDEN &lt;span class=&quot;brown&quot;&gt;ARANTIUM&lt;/span&gt;&lt;/strong&gt;&lt;/p&gt;'),(23,1,1013,1,0,0,0,''),(23,1,1014,1,0,0,0,''),(23,1,1015,1,0,0,0,''),(23,1,1016,1,0,0,0,''),(23,1,1017,1,0,0,0,''),(23,1,1020,1,0,0,0,''),(23,1,1022,1,0,0,0,''),(24,1,21,1,0,0,0,''),(24,1,33,1,0,0,0,''),(24,1,35,1,0,0,0,''),(24,1,36,1,0,1,0,''),(24,1,38,1,0,1,0,''),(24,1,39,1,0,0,0,''),(24,1,40,1,0,0,0,''),(24,1,41,1,0,0,0,''),(24,1,42,1,0,0,0,''),(24,1,43,1,0,0,0,''),(24,1,44,1,0,0,0,''),(24,1,45,1,0,0,0,''),(24,1,46,1,0,0,0,''),(24,1,47,1,0,0,0,''),(24,1,48,1,0,0,0,''),(24,1,49,1,0,0,0,''),(24,1,50,1,0,0,0,''),(24,1,51,1,0,0,0,''),(24,1,52,1,0,0,0.25,''),(24,1,53,1,0,0,0,''),(24,1,54,1,0,0,0,''),(24,1,55,1,0,0,0,''),(24,1,56,1,0,0,0,''),(24,1,57,1,0,0,0,''),(24,1,58,1,0,0,0,''),(24,1,59,1,0,0,0,''),(24,1,60,1,0,0,0,''),(24,1,61,1,0,0,0,''),(24,1,62,1,0,0,0,''),(24,1,63,1,0,0,0,''),(24,1,65,1,0,0,0,''),(24,1,66,1,0,0,0,''),(24,1,67,1,0,0,0,''),(24,1,68,1,0,0,0,''),(24,1,69,1,0,0,0,''),(24,1,70,1,0,0,0,''),(24,1,73,1,0,0,0,'BOCR-CIT'),(24,1,101,1,0,11,0,''),(24,1,102,1,0,23,0,''),(24,1,103,1,0,34,0,''),(24,1,104,1,0,13,0,''),(24,1,118,1,0,3562,0,''),(24,1,119,1,0,52,0,''),(24,1,124,1,0,0,0,''),(24,1,125,1,0,0,0,''),(24,1,126,1,0,0,0,''),(24,1,127,1,0,0,0,''),(24,1,142,1,0,51,0,''),(24,1,148,1,0,0,0,''),(24,1,151,1,0,0,0,''),(24,1,156,1,0,0,0,''),(24,1,157,1,0,0,0,''),(24,1,158,1,0,48,0,''),(24,1,159,1,0,0,0,''),(24,1,160,1,0,0,0,''),(24,1,161,1,0,0,0,''),(24,1,162,1,0,0,0,''),(24,1,163,1,0,0,0,''),(24,1,164,1,0,0,0,''),(24,1,165,1,0,0,0,''),(24,1,166,1,0,0,0,''),(24,1,167,1,0,0,0,''),(24,1,168,1,0,0,0,''),(24,1,171,1,0,65,0,''),(24,1,172,1,0,0,0,''),(24,1,173,1,0,1,0,''),(24,1,174,1,0,0,0,'#578ebe'),(24,1,175,1,0,0,0,'users'),(24,1,176,1,0,0,0,'#ffffff'),(24,1,177,1,0,80,0,''),(24,1,178,1,0,0,0,''),(24,1,179,1,0,0,0,''),(24,1,180,1,0,0,0,''),(24,1,1000,1,0,0,0,''),(24,1,1001,1,0,0,0,''),(24,1,1005,1,0,0,0,'&lt;p&gt;&lt;strong&gt;krema&lt;/strong&gt;zatelo&lt;span class=&quot;yellow&quot;&gt;&lt;strong&gt;citreum&lt;/strong&gt;&lt;/span&gt;&lt;/p&gt;'),(24,1,1005,2,0,0,0,'&lt;p&gt;&lt;strong&gt;body&lt;/strong&gt;cream&lt;span class=&quot;yellow&quot;&gt;&lt;strong&gt;citreum&lt;/strong&gt;&lt;/span&gt;&lt;/p&gt;'),(24,1,1007,1,0,82,0,''),(24,1,1008,1,0,0,0,'&lt;p style=&quot;text-align: justify;&quot;&gt;AQUA, OLEA EUROPAEA FRUIT OIL, CETEARYL ALCOHOL, ISOAMYL LAURATE, GLYCERYL STEARATE, SODIUM HYALURONATE, PSEUDOALTEROMONAS FERMENT EXTRACT, GLYCOPROTEINS, HYDROLYZED GLYCOSAMINOGLYCANS, PROLINE, ALANINE, SERINE, SODIUM PCA, POTASSIUM PALMITOYL HYDROLYZED WHEAT PROTEIN, GLYCERIN, ISOAMYL COCOATE, SODIUM HYDROXIDE, PARFUM, BENZOIC ACID, XANTHAN GUM, DEHYDROACETIC ACID, ETHYLHEXYLGLYCERIN, LECITHIN, CAPRYLYL GLYCOL, HEXYL CINNAMAL, TOCOPHEROL, ASCORBYL PALMITATE, LINALOOL, SODIUM PHOSPHATE, BUTYLPHENYL METHYLPROPIONAL, COPPER GLUCONATE, CARBOMER, PHENOXYETHANOL, HYDROXYISOHEXYL 3-CYCLOHEXENE CARBOXALDEHYDE, GERANIOL, CITRIC ACID&lt;/p&gt;\r\n&lt;p style=&quot;text-align: justify;&quot;&gt;*&lt;strong&gt;ne vsebuje&lt;/strong&gt;: UV filtrov, ni testirano na živalih, ne vsebuje silikonov in umetnih barvil, ne vsebuje GMO sestavin, ne vsebuje mikroplastik, ne vsebuje sintetičnih olj.&lt;/p&gt;'),(24,1,1008,2,0,0,0,'&lt;p style=&quot;text-align: justify;&quot;&gt;AQUA, OLEA EUROPAEA FRUIT OIL, CETEARYL ALCOHOL, ISOAMYL LAURATE, GLYCERYL STEARATE, SODIUM HYALURONATE, PSEUDOALTEROMONAS FERMENT EXTRACT, GLYCOPROTEINS, HYDROLYZED GLYCOSAMINOGLYCANS, PROLINE, ALANINE, SERINE, SODIUM PCA, POTASSIUM PALMITOYL HYDROLYZED WHEAT PROTEIN, GLYCERIN, ISOAMYL COCOATE, SODIUM HYDROXIDE, PARFUM, BENZOIC ACID, XANTHAN GUM, DEHYDROACETIC ACID, ETHYLHEXYLGLYCERIN, LECITHIN, CAPRYLYL GLYCOL, HEXYL CINNAMAL, TOCOPHEROL, ASCORBYL PALMITATE, LINALOOL, SODIUM PHOSPHATE, BUTYLPHENYL METHYLPROPIONAL, COPPER GLUCONATE, CARBOMER, PHENOXYETHANOL, HYDROXYISOHEXYL 3-CYCLOHEXENE CARBOXALDEHYDE, GERANIOL, CITRIC ACID&lt;/p&gt;\r\n&lt;p style=&quot;text-align: justify;&quot;&gt;*&lt;strong&gt;Does not contain&lt;/strong&gt;: UV filters, silicones and artificial dyes, GMO ingredients, microplastics, and synthetic oils. Not tested on animals.&lt;/p&gt;'),(24,1,1009,1,0,0,0,'200 ml'),(24,1,1010,1,0,0,0,'&lt;p&gt;&lt;strong&gt;Krema za telo OLIVE GARDEN &lt;span class=&quot;yellow&quot;&gt;CITREUM&lt;/span&gt; z BIO limonami iz Sicilije&lt;/strong&gt;&lt;/p&gt;'),(24,1,1010,2,0,0,0,'&lt;p&gt;&lt;strong&gt;Body cream OLIVE GARDEN &lt;span class=&quot;yellow&quot;&gt;CITREUM&lt;/span&gt; with BIO lemons from Sicily&lt;/strong&gt;&lt;/p&gt;'),(24,1,1013,1,0,0,0,''),(24,1,1014,1,0,0,0,''),(24,1,1015,1,0,0,0,''),(24,1,1016,1,0,0,0,''),(24,1,1017,1,0,0,0,''),(24,1,1020,1,0,0,0,''),(25,1,21,1,0,0,0,''),(25,1,33,1,0,0,0,''),(25,1,35,1,0,0,0,''),(25,1,36,1,0,1,0,''),(25,1,38,1,0,1,0,''),(25,1,39,1,0,0,0,''),(25,1,40,1,0,0,0,''),(25,1,41,1,0,0,0,''),(25,1,42,1,0,0,0,''),(25,1,43,1,0,0,0,''),(25,1,44,1,0,0,0,''),(25,1,45,1,0,0,0,''),(25,1,46,1,0,0,0,''),(25,1,47,1,0,0,0,''),(25,1,48,1,0,0,0,''),(25,1,49,1,0,0,0,''),(25,1,50,1,0,0,0,''),(25,1,51,1,0,0,0,''),(25,1,52,1,0,0,0.25,''),(25,1,53,1,0,0,0,''),(25,1,54,1,0,0,0,''),(25,1,55,1,0,0,0,''),(25,1,56,1,0,0,0,''),(25,1,57,1,0,0,0,''),(25,1,58,1,0,0,0,''),(25,1,59,1,0,0,0,''),(25,1,60,1,0,0,0,''),(25,1,61,1,0,0,0,''),(25,1,62,1,0,0,0,''),(25,1,63,1,0,0,0,''),(25,1,65,1,0,0,0,''),(25,1,66,1,0,0,0,''),(25,1,67,1,0,0,0,''),(25,1,68,1,0,0,0,''),(25,1,69,1,0,0,0,''),(25,1,70,1,0,0,0,''),(25,1,73,1,0,0,0,'BOCR-ARA'),(25,1,101,1,0,11,0,''),(25,1,102,1,0,24,0,''),(25,1,103,1,0,34,0,''),(25,1,104,1,0,13,0,''),(25,1,118,1,0,3566,0,''),(25,1,119,1,0,56,0,''),(25,1,124,1,0,0,0,''),(25,1,125,1,0,0,0,''),(25,1,126,1,0,0,0,''),(25,1,127,1,0,0,0,''),(25,1,142,1,0,55,0,''),(25,1,148,1,0,0,0,''),(25,1,151,1,0,0,0,''),(25,1,156,1,0,0,0,''),(25,1,157,1,0,0,0,''),(25,1,158,1,0,48,0,''),(25,1,159,1,0,0,0,''),(25,1,160,1,0,0,0,''),(25,1,161,1,0,0,0,''),(25,1,162,1,0,0,0,''),(25,1,163,1,0,0,0,''),(25,1,164,1,0,0,0,''),(25,1,165,1,0,0,0,''),(25,1,166,1,0,0,0,''),(25,1,167,1,0,0,0,''),(25,1,168,1,0,0,0,''),(25,1,171,1,0,65,0,''),(25,1,172,1,0,0,0,''),(25,1,173,1,0,1,0,''),(25,1,174,1,0,0,0,'#578ebe'),(25,1,175,1,0,0,0,'users'),(25,1,176,1,0,0,0,'#ffffff'),(25,1,177,1,0,80,0,''),(25,1,178,1,0,0,0,''),(25,1,179,1,0,0,0,''),(25,1,180,1,0,0,0,''),(25,1,1000,1,0,0,0,''),(25,1,1001,1,0,0,0,''),(25,1,1005,1,0,0,0,'&lt;p&gt;&lt;strong&gt;krema&lt;/strong&gt;zatelo&lt;strong&gt;&lt;span class=&quot;brown&quot;&gt;arantium&lt;/span&gt;&lt;/strong&gt;&lt;/p&gt;'),(25,1,1005,2,0,0,0,'&lt;p&gt;&lt;strong&gt;body&lt;/strong&gt;cream&lt;span class=&quot;brown&quot;&gt;&lt;strong&gt;arantium&lt;/strong&gt;&lt;/span&gt;&lt;/p&gt;'),(25,1,1007,1,0,85,0,''),(25,1,1008,1,0,0,0,'&lt;p style=&quot;text-align: justify;&quot;&gt;AQUA, OLEA EUROPAEA FRUIT OIL, CETEARYL ALCOHOL, ISOAMYL LAURATE, GLYCERYL STEARATE, SODIUM HYALURONATE, PSEUDOALTEROMONAS FERMENT EXTRACT, GLYCOPROTEINS, HYDROLYZED GLYCOSAMINOGLYCANS, PROLINE, ALANINE, SERINE, SODIUM PCA, POTASSIUM PALMITOYL HYDROLYZED WHEAT PROTEIN, GLYCERIN, ISOAMYL COCOATE, SODIUM HYDROXIDE, PARFUM, BENZOIC ACID, XANTHAN GUM, DEHYDROACETIC ACID, ETHYLHEXYLGLYCERIN, LECITHIN, CAPRYLYL GLYCOL, HEXYL CINNAMAL, TOCOPHEROL, ASCORBYL PALMITATE, LINALOOL, SODIUM PHOSPHATE, BUTYLPHENYL METHYLPROPIONAL, COPPER GLUCONATE, CARBOMER, PHENOXYETHANOL, HYDROXYISOHEXYL 3-CYCLOHEXENE CARBOXALDEHYDE, GERANIOL, CITRIC ACID&lt;/p&gt;\r\n&lt;p style=&quot;text-align: justify;&quot;&gt;*&lt;strong&gt;ne vsebuje&lt;/strong&gt;: UV filtrov, ni testirano na živalih, ne vsebuje silikonov in umetnih barvil, ne vsebuje GMO sestavin, ne vsebuje mikroplastik, ne vsebuje sintetičnih olj.&lt;/p&gt;'),(25,1,1008,2,0,0,0,'&lt;p style=&quot;text-align: justify;&quot;&gt;AQUA, OLEA EUROPAEA FRUIT OIL, CETEARYL ALCOHOL, ISOAMYL LAURATE, GLYCERYL STEARATE, SODIUM HYALURONATE, PSEUDOALTEROMONAS FERMENT EXTRACT, GLYCOPROTEINS, HYDROLYZED GLYCOSAMINOGLYCANS, PROLINE, ALANINE, SERINE, SODIUM PCA, POTASSIUM PALMITOYL HYDROLYZED WHEAT PROTEIN, GLYCERIN, ISOAMYL COCOATE, SODIUM HYDROXIDE, PARFUM, BENZOIC ACID, XANTHAN GUM, DEHYDROACETIC ACID, ETHYLHEXYLGLYCERIN, LECITHIN, CAPRYLYL GLYCOL, HEXYL CINNAMAL, TOCOPHEROL, ASCORBYL PALMITATE, LINALOOL, SODIUM PHOSPHATE, BUTYLPHENYL METHYLPROPIONAL, COPPER GLUCONATE, CARBOMER, PHENOXYETHANOL, HYDROXYISOHEXYL 3-CYCLOHEXENE CARBOXALDEHYDE, GERANIOL, CITRIC ACID&lt;/p&gt;\r\n&lt;p style=&quot;text-align: justify;&quot;&gt;*&lt;strong&gt;Does not contain&lt;/strong&gt;: UV filters, silicones and artificial dyes, GMO ingredients, microplastics, and synthetic oils. Not tested on animals.&lt;/p&gt;'),(25,1,1009,1,0,0,0,'200 ml'),(25,1,1010,1,0,0,0,'&lt;p&gt;&lt;strong&gt;Krema za telo OLIVE GARDEN &lt;span class=&quot;brown&quot;&gt;ARANTIUM&lt;/span&gt; z BIO pomarančami iz Sicilije&lt;/strong&gt;&lt;/p&gt;'),(25,1,1010,2,0,0,0,'&lt;p&gt;&lt;strong&gt;Body cream OLIVE GARDEN &lt;span class=&quot;brown&quot;&gt;ARANTIUM&lt;/span&gt; with BIO oranges from Sicily&lt;/strong&gt;&lt;/p&gt;'),(25,1,1013,1,0,0,0,''),(25,1,1014,1,0,0,0,''),(25,1,1015,1,0,0,0,''),(25,1,1016,1,0,0,0,''),(25,1,1017,1,0,0,0,''),(25,1,1020,1,0,0,0,''),(26,1,21,1,0,0,0,''),(26,1,33,1,0,0,0,''),(26,1,35,1,0,0,0,''),(26,1,36,1,0,1,0,''),(26,1,38,1,0,1,0,''),(26,1,39,1,0,0,0,''),(26,1,40,1,0,0,0,''),(26,1,41,1,0,0,0,''),(26,1,42,1,0,0,0,''),(26,1,43,1,0,0,0,''),(26,1,44,1,0,0,0,''),(26,1,45,1,0,0,0,''),(26,1,46,1,0,0,0,''),(26,1,47,1,0,0,0,''),(26,1,48,1,0,0,0,''),(26,1,49,1,0,0,0,''),(26,1,50,1,0,0,0,''),(26,1,51,1,0,0,0,''),(26,1,52,1,0,0,0.25,''),(26,1,53,1,0,0,0,''),(26,1,54,1,0,0,0,''),(26,1,55,1,0,0,0,''),(26,1,56,1,0,0,0,''),(26,1,57,1,0,0,0,''),(26,1,58,1,0,0,0,''),(26,1,59,1,0,0,0,''),(26,1,60,1,0,0,0,''),(26,1,61,1,0,0,0,''),(26,1,62,1,0,0,0,''),(26,1,63,1,0,0,0,''),(26,1,65,1,0,0,0,''),(26,1,66,1,0,0,0,''),(26,1,67,1,0,0,0,''),(26,1,68,1,0,0,0,''),(26,1,69,1,0,0,0,''),(26,1,70,1,0,0,0,''),(26,1,73,1,0,0,0,'HASH-NEU'),(26,1,101,1,0,11,0,''),(26,1,102,1,0,25,0,''),(26,1,103,1,0,34,0,''),(26,1,104,1,0,13,0,''),(26,1,118,1,0,3574,0,''),(26,1,119,1,0,64,0,''),(26,1,124,1,0,0,0,''),(26,1,125,1,0,0,0,''),(26,1,126,1,0,0,0,''),(26,1,127,1,0,0,0,''),(26,1,142,1,0,63,0,''),(26,1,148,1,0,0,0,''),(26,1,151,1,0,0,0,''),(26,1,156,1,0,0,0,''),(26,1,157,1,0,0,0,''),(26,1,158,1,0,48,0,''),(26,1,159,1,0,0,0,''),(26,1,160,1,0,0,0,''),(26,1,161,1,0,0,0,''),(26,1,162,1,0,0,0,''),(26,1,163,1,0,0,0,''),(26,1,164,1,0,0,0,''),(26,1,165,1,0,0,0,''),(26,1,166,1,0,0,0,''),(26,1,167,1,0,0,0,''),(26,1,168,1,0,0,0,''),(26,1,171,1,0,65,0,''),(26,1,172,1,0,0,0,''),(26,1,173,1,0,1,0,''),(26,1,174,1,0,0,0,'#578ebe'),(26,1,175,1,0,0,0,'users'),(26,1,176,1,0,0,0,'#ffffff'),(26,1,177,1,0,80,0,''),(26,1,178,1,0,0,0,''),(26,1,179,1,0,0,0,''),(26,1,180,1,0,0,0,''),(26,1,1000,1,0,0,0,''),(26,1,1001,1,0,0,0,''),(26,1,1005,1,0,0,0,'&lt;p&gt;&lt;strong&gt;&amp;scaron;ampon&lt;/strong&gt;zalase&lt;strong&gt;neutrum&lt;/strong&gt;&lt;/p&gt;'),(26,1,1005,2,0,0,0,'&lt;p&gt;&lt;strong&gt;hair&lt;/strong&gt;shampoo&lt;strong&gt;neutrum&lt;/strong&gt;&lt;/p&gt;'),(26,1,1007,1,0,0,0,''),(26,1,1008,1,0,0,0,'&lt;p style=&quot;text-align: justify;&quot;&gt;AQUA, SODIUM MYRETH SULFATE, COCAMIDE DEA, SODIUM CHLORIDE, CAPRYLYL/CAPRYL GLUCOSIDE, COCAMIDOPROPYL BETAINE, OLEA EUROPAEA FRUIT OIL, PHENOXYETHANOL, PARFUM, CETRIMONIUM CHLORIDE, SODIUM HYDROXIDE, BENZOIC ACID, DEHYDROACETIC ACID, D-LIMONENE, ETHYLHEXYLGLYCERIN, LINALOOL&lt;/p&gt;\r\n&lt;p style=&quot;text-align: justify;&quot;&gt;*&lt;strong&gt;ne vsebuje&lt;/strong&gt;: UV filtrov, ni testirano na živalih, ne vsebuje silikonov in umetnih barvil, ne vsebuje GMO sestavin, ne vsebuje mikroplastik, ne vsebuje sintetičnih olj.&lt;/p&gt;'),(26,1,1008,2,0,0,0,'&lt;p style=&quot;text-align: justify;&quot;&gt;AQUA, SODIUM MYRETH SULFATE, COCAMIDE DEA, SODIUM CHLORIDE, CAPRYLYL/CAPRYL GLUCOSIDE, COCAMIDOPROPYL BETAINE, OLEA EUROPAEA FRUIT OIL, PHENOXYETHANOL, PARFUM, CETRIMONIUM CHLORIDE, SODIUM HYDROXIDE, BENZOIC ACID, DEHYDROACETIC ACID, D-LIMONENE, ETHYLHEXYLGLYCERIN, LINALOOL&lt;/p&gt;\r\n&lt;p style=&quot;text-align: justify;&quot;&gt;*&lt;strong&gt;Does not contain&lt;/strong&gt;: UV filters, silicones and artificial dyes, GMO ingredients, microplastics, and synthetic oils. Not tested on animals.&lt;/p&gt;'),(26,1,1009,1,0,0,0,'200 ml'),(26,1,1010,1,0,0,0,'&lt;p&gt;&lt;strong&gt;&amp;Scaron;ampon za lase OLIVE GARDEN NEUTRUM&lt;/strong&gt;&lt;/p&gt;'),(26,1,1010,2,0,0,0,'&lt;p&gt;&lt;strong&gt;Hair shampoo OLIVE GARDEN NEUTRUM&lt;/strong&gt;&lt;/p&gt;'),(26,1,1013,1,0,0,0,''),(26,1,1014,1,0,0,0,''),(26,1,1015,1,0,0,0,''),(26,1,1016,1,0,0,0,''),(26,1,1017,1,0,0,0,''),(26,1,1020,1,0,0,0,''),(27,1,21,1,0,0,0,''),(27,1,33,1,0,0,0,''),(27,1,35,1,0,0,0,''),(27,1,36,1,0,1,0,''),(27,1,38,1,0,1,0,''),(27,1,39,1,0,0,0,''),(27,1,40,1,0,0,0,''),(27,1,41,1,0,0,0,''),(27,1,42,1,0,0,0,''),(27,1,43,1,0,0,0,''),(27,1,44,1,0,0,0,''),(27,1,45,1,0,0,0,''),(27,1,46,1,0,0,0,''),(27,1,47,1,0,0,0,''),(27,1,48,1,0,0,0,''),(27,1,49,1,0,0,0,''),(27,1,50,1,0,0,0,''),(27,1,51,1,0,0,0,''),(27,1,52,1,0,0,0.25,''),(27,1,53,1,0,0,0,''),(27,1,54,1,0,0,0,''),(27,1,55,1,0,0,0,''),(27,1,56,1,0,0,0,''),(27,1,57,1,0,0,0,''),(27,1,58,1,0,0,0,''),(27,1,59,1,0,0,0,''),(27,1,60,1,0,0,0,''),(27,1,61,1,0,0,0,''),(27,1,62,1,0,0,0,''),(27,1,63,1,0,0,0,''),(27,1,65,1,0,0,0,''),(27,1,66,1,0,0,0,''),(27,1,67,1,0,0,0,''),(27,1,68,1,0,0,0,''),(27,1,69,1,0,0,0,''),(27,1,70,1,0,0,0,''),(27,1,73,1,0,0,0,'HASH-CIT'),(27,1,101,1,0,11,0,''),(27,1,102,1,0,26,0,''),(27,1,103,1,0,34,0,''),(27,1,104,1,0,13,0,''),(27,1,118,1,0,3572,0,''),(27,1,119,1,0,62,0,''),(27,1,124,1,0,0,0,''),(27,1,125,1,0,0,0,''),(27,1,126,1,0,0,0,''),(27,1,127,1,0,0,0,''),(27,1,142,1,0,61,0,''),(27,1,148,1,0,0,0,''),(27,1,151,1,0,0,0,''),(27,1,156,1,0,0,0,''),(27,1,157,1,0,0,0,''),(27,1,158,1,0,48,0,''),(27,1,159,1,0,0,0,''),(27,1,160,1,0,0,0,''),(27,1,161,1,0,0,0,''),(27,1,162,1,0,0,0,''),(27,1,163,1,0,0,0,''),(27,1,164,1,0,0,0,''),(27,1,165,1,0,0,0,''),(27,1,166,1,0,0,0,''),(27,1,167,1,0,0,0,''),(27,1,168,1,0,0,0,''),(27,1,171,1,0,65,0,''),(27,1,172,1,0,0,0,''),(27,1,173,1,0,1,0,''),(27,1,174,1,0,0,0,'#578ebe'),(27,1,175,1,0,0,0,'users'),(27,1,176,1,0,0,0,'#ffffff'),(27,1,177,1,0,80,0,''),(27,1,178,1,0,0,0,''),(27,1,179,1,0,0,0,''),(27,1,180,1,0,0,0,''),(27,1,1000,1,0,0,0,''),(27,1,1001,1,0,0,0,''),(27,1,1005,1,0,0,0,'&lt;p&gt;&lt;strong&gt;&amp;scaron;ampon&lt;/strong&gt;zalase&lt;span class=&quot;yellow&quot;&gt;&lt;strong&gt;citreum&lt;/strong&gt;&lt;/span&gt;&lt;/p&gt;'),(27,1,1005,2,0,0,0,'&lt;p&gt;&lt;strong&gt;hair&lt;/strong&gt;shampoo&lt;span class=&quot;yellow&quot;&gt;&lt;strong&gt;citreum&lt;/strong&gt;&lt;/span&gt;&lt;/p&gt;'),(27,1,1007,1,0,82,0,''),(27,1,1008,1,0,0,0,'&lt;p style=&quot;text-align: justify;&quot;&gt;AQUA, SODIUM MYRETH SULFATE, COCAMIDE DEA, SODIUM CHLORIDE, CAPRYLYL/CAPRYL GLUCOSIDE, COCAMIDOPROPYL BETAINE, OLEA EUROPAEA FRUIT OIL, CITRUS LIMON PEEL OIL, PHENOXYETHANOL, LIMONENE, CETRIMONIUM CHLORIDE, SODIUM HYDROXIDE, BENZOIC ACID, DEHYDROACETIC ACID, ETHYLHEXYLGLYCERIN&lt;/p&gt;\r\n&lt;p style=&quot;text-align: justify;&quot;&gt;*&lt;strong&gt;ne vsebuje&lt;/strong&gt;: UV filtrov, ni testirano na živalih, ne vsebuje silikonov in umetnih barvil, ne vsebuje GMO sestavin, ne vsebuje mikroplastik, ne vsebuje sintetičnih olj.&lt;/p&gt;'),(27,1,1008,2,0,0,0,'&lt;p style=&quot;text-align: justify;&quot;&gt;AQUA, SODIUM MYRETH SULFATE, COCAMIDE DEA, SODIUM CHLORIDE, CAPRYLYL/CAPRYL GLUCOSIDE, COCAMIDOPROPYL BETAINE, OLEA EUROPAEA FRUIT OIL, CITRUS LIMON PEEL OIL, PHENOXYETHANOL, LIMONENE, CETRIMONIUM CHLORIDE, SODIUM HYDROXIDE, BENZOIC ACID, DEHYDROACETIC ACID, ETHYLHEXYLGLYCERIN&lt;/p&gt;\r\n&lt;p style=&quot;text-align: justify;&quot;&gt;*&lt;strong&gt;Does not contain&lt;/strong&gt;: UV filters, silicones and artificial dyes, GMO ingredients, microplastics, and synthetic oils. Not tested on animals.&lt;/p&gt;'),(27,1,1009,1,0,0,0,'200 ml'),(27,1,1010,1,0,0,0,'&lt;p&gt;&lt;strong&gt;&amp;Scaron;ampon za lase OLIVE GARDEN &lt;span class=&quot;yellow&quot;&gt;CITREUM&lt;/span&gt;&lt;/strong&gt;&lt;/p&gt;'),(27,1,1010,2,0,0,0,'&lt;p&gt;&lt;strong&gt;Hair shampoo OLIVE GARDEN &lt;span class=&quot;yellow&quot;&gt;CITREUM&lt;/span&gt;&lt;/strong&gt;&lt;/p&gt;'),(27,1,1013,1,0,0,0,''),(27,1,1014,1,0,0,0,''),(27,1,1015,1,0,0,0,''),(27,1,1016,1,0,0,0,''),(27,1,1017,1,0,0,0,''),(27,1,1020,1,0,0,0,''),(28,1,21,1,0,0,0,''),(28,1,33,1,0,0,0,''),(28,1,35,1,0,0,0,''),(28,1,36,1,0,1,0,''),(28,1,38,1,0,1,0,''),(28,1,39,1,0,0,0,''),(28,1,40,1,0,0,0,''),(28,1,41,1,0,0,0,''),(28,1,42,1,0,0,0,''),(28,1,43,1,0,0,0,''),(28,1,44,1,0,0,0,''),(28,1,45,1,0,0,0,''),(28,1,46,1,0,0,0,''),(28,1,47,1,0,0,0,''),(28,1,48,1,0,0,0,''),(28,1,49,1,0,0,0,''),(28,1,50,1,0,0,0,''),(28,1,51,1,0,0,0,''),(28,1,52,1,0,0,0.25,''),(28,1,53,1,0,0,0,''),(28,1,54,1,0,0,0,''),(28,1,55,1,0,0,0,''),(28,1,56,1,0,0,0,''),(28,1,57,1,0,0,0,''),(28,1,58,1,0,0,0,''),(28,1,59,1,0,0,0,''),(28,1,60,1,0,0,0,''),(28,1,61,1,0,0,0,''),(28,1,62,1,0,0,0,''),(28,1,63,1,0,0,0,''),(28,1,65,1,0,0,0,''),(28,1,66,1,0,0,0,''),(28,1,67,1,0,0,0,''),(28,1,68,1,0,0,0,''),(28,1,69,1,0,0,0,''),(28,1,70,1,0,0,0,''),(28,1,73,1,0,0,0,'HASH-ARA'),(28,1,101,1,0,11,0,''),(28,1,102,1,0,27,0,''),(28,1,103,1,0,34,0,''),(28,1,104,1,0,13,0,''),(28,1,118,1,0,3575,0,''),(28,1,119,1,0,65,0,''),(28,1,124,1,0,0,0,''),(28,1,125,1,0,0,0,''),(28,1,126,1,0,0,0,''),(28,1,127,1,0,0,0,''),(28,1,142,1,0,64,0,''),(28,1,148,1,0,0,0,''),(28,1,151,1,0,0,0,''),(28,1,156,1,0,0,0,''),(28,1,157,1,0,0,0,''),(28,1,158,1,0,48,0,''),(28,1,159,1,0,0,0,''),(28,1,160,1,0,0,0,''),(28,1,161,1,0,0,0,''),(28,1,162,1,0,0,0,''),(28,1,163,1,0,0,0,''),(28,1,164,1,0,0,0,''),(28,1,165,1,0,0,0,''),(28,1,166,1,0,0,0,''),(28,1,167,1,0,0,0,''),(28,1,168,1,0,0,0,''),(28,1,171,1,0,65,0,''),(28,1,172,1,0,0,0,''),(28,1,173,1,0,1,0,''),(28,1,174,1,0,0,0,'#578ebe'),(28,1,175,1,0,0,0,'users'),(28,1,176,1,0,0,0,'#ffffff'),(28,1,177,1,0,80,0,''),(28,1,178,1,0,0,0,''),(28,1,179,1,0,0,0,''),(28,1,180,1,0,0,0,''),(28,1,1000,1,0,0,0,''),(28,1,1001,1,0,0,0,''),(28,1,1005,1,0,0,0,'&lt;p&gt;&lt;strong&gt;&amp;scaron;ampon&lt;/strong&gt;zalase&lt;span class=&quot;brown&quot;&gt;&lt;strong&gt;arantium&lt;/strong&gt;&lt;/span&gt;&lt;/p&gt;'),(28,1,1005,2,0,0,0,'&lt;p&gt;&lt;strong&gt;hair&lt;/strong&gt;shampoo&lt;span class=&quot;brown&quot;&gt;&lt;strong&gt;arantium&lt;/strong&gt;&lt;/span&gt;&lt;/p&gt;'),(28,1,1007,1,0,85,0,''),(28,1,1008,1,0,0,0,'&lt;p style=&quot;text-align: justify;&quot;&gt;AQUA, SODIUM MYRETH SULFATE, COCAMIDE DEA, SODIUM CHLORIDE, CAPRYLYL/CAPRYL GLUCOSIDE, COCAMIDOPROPYL BETAINE, OLEA EUROPAEA FRUIT OIL, CITRUS AURANTIUM DULCIS PEEL OIL PHENOXYETHANOL, LIMONENE, CETRIMONIUM CHLORIDE, SODIUM HYDROXIDE, BENZOIC ACID, DEHYDROACETIC ACID, ETHYLHEXYLGLYCERIN&lt;/p&gt;\r\n&lt;p style=&quot;text-align: justify;&quot;&gt;*&lt;strong&gt;ne vsebuje&lt;/strong&gt;: UV filtrov, ni testirano na živalih, ne vsebuje silikonov in umetnih barvil, ne vsebuje GMO sestavin, ne vsebuje mikroplastik, ne vsebuje sintetičnih olj.&lt;/p&gt;'),(28,1,1008,2,0,0,0,'&lt;p style=&quot;text-align: justify;&quot;&gt;AQUA, SODIUM MYRETH SULFATE, COCAMIDE DEA, SODIUM CHLORIDE, CAPRYLYL/CAPRYL GLUCOSIDE, COCAMIDOPROPYL BETAINE, OLEA EUROPAEA FRUIT OIL, CITRUS AURANTIUM DULCIS PEEL OIL PHENOXYETHANOL, LIMONENE, CETRIMONIUM CHLORIDE, SODIUM HYDROXIDE, BENZOIC ACID, DEHYDROACETIC ACID, ETHYLHEXYLGLYCERIN&lt;/p&gt;\r\n&lt;p style=&quot;text-align: justify;&quot;&gt;*&lt;strong&gt;Does not contain&lt;/strong&gt;: UV filters, silicones and artificial dyes, GMO ingredients, microplastics, and synthetic oils. Not tested on animals.&lt;/p&gt;'),(28,1,1009,1,0,0,0,'200 ml'),(28,1,1010,1,0,0,0,'&lt;p&gt;&lt;strong&gt;&amp;Scaron;ampon za lase OLIVE GARDEN &lt;span class=&quot;brown&quot;&gt;ARANTIUM&lt;/span&gt;&lt;/strong&gt;&lt;/p&gt;'),(28,1,1010,2,0,0,0,'&lt;p style=&quot;text-align: justify;&quot;&gt;&lt;strong&gt;Hair shampoo OLIVE GARDEN &lt;span class=&quot;brown&quot;&gt;ARANTIUM&lt;/span&gt;&lt;/strong&gt;&lt;/p&gt;'),(28,1,1013,1,0,0,0,''),(28,1,1014,1,0,0,0,''),(28,1,1015,1,0,0,0,''),(28,1,1016,1,0,0,0,''),(28,1,1017,1,0,0,0,''),(28,1,1020,1,0,0,0,''),(29,1,21,1,0,0,0,''),(29,1,33,1,0,0,0,''),(29,1,35,1,0,0,0,''),(29,1,36,1,0,1,0,''),(29,1,38,1,0,1,0,''),(29,1,39,1,0,0,0,''),(29,1,40,1,0,0,0,''),(29,1,41,1,0,0,0,''),(29,1,42,1,0,0,0,''),(29,1,43,1,0,0,0,''),(29,1,44,1,0,0,0,''),(29,1,45,1,0,0,0,''),(29,1,46,1,0,0,0,''),(29,1,47,1,0,0,0,''),(29,1,48,1,0,0,0,''),(29,1,49,1,0,0,0,''),(29,1,50,1,0,0,0,''),(29,1,51,1,0,0,0,''),(29,1,52,1,0,0,0.25,''),(29,1,53,1,0,0,0,''),(29,1,54,1,0,0,0,''),(29,1,55,1,0,0,0,''),(29,1,56,1,0,0,0,''),(29,1,57,1,0,0,0,''),(29,1,58,1,0,0,0,''),(29,1,59,1,0,0,0,''),(29,1,60,1,0,0,0,''),(29,1,61,1,0,0,0,''),(29,1,62,1,0,0,0,''),(29,1,63,1,0,0,0,''),(29,1,65,1,0,0,0,''),(29,1,66,1,0,0,0,''),(29,1,67,1,0,0,0,''),(29,1,68,1,0,0,0,''),(29,1,69,1,0,0,0,''),(29,1,70,1,0,0,0,''),(29,1,73,1,0,0,0,'HASH-CHI'),(29,1,101,1,0,11,0,''),(29,1,102,1,0,28,0,''),(29,1,103,1,0,34,0,''),(29,1,104,1,0,13,0,''),(29,1,118,1,0,3573,0,''),(29,1,119,1,0,63,0,''),(29,1,124,1,0,0,0,''),(29,1,125,1,0,0,0,''),(29,1,126,1,0,0,0,''),(29,1,127,1,0,0,0,''),(29,1,142,1,0,62,0,''),(29,1,148,1,0,0,0,''),(29,1,151,1,0,0,0,''),(29,1,156,1,0,0,0,''),(29,1,157,1,0,0,0,''),(29,1,158,1,0,48,0,''),(29,1,159,1,0,0,0,''),(29,1,160,1,0,0,0,''),(29,1,161,1,0,0,0,''),(29,1,162,1,0,0,0,''),(29,1,163,1,0,0,0,''),(29,1,164,1,0,0,0,''),(29,1,165,1,0,0,0,''),(29,1,166,1,0,0,0,''),(29,1,167,1,0,0,0,''),(29,1,168,1,0,0,0,''),(29,1,171,1,0,65,0,''),(29,1,172,1,0,0,0,''),(29,1,173,1,0,1,0,''),(29,1,174,1,0,0,0,'#578ebe'),(29,1,175,1,0,0,0,'users'),(29,1,176,1,0,0,0,'#ffffff'),(29,1,177,1,0,80,0,''),(29,1,178,1,0,0,0,''),(29,1,179,1,0,0,0,''),(29,1,180,1,0,0,0,''),(29,1,1000,1,0,0,0,''),(29,1,1001,1,0,0,0,''),(29,1,1005,1,0,0,0,'&lt;p&gt;&lt;strong&gt;&amp;scaron;ampon&lt;/strong&gt;zalase&lt;/p&gt;\r\n&lt;p&gt;&lt;span class=&quot;red&quot;&gt;&lt;strong&gt;chilli&lt;/strong&gt;&lt;/span&gt;&lt;/p&gt;'),(29,1,1005,2,0,0,0,'&lt;p&gt;&lt;strong&gt;hair&lt;/strong&gt;shampoo&lt;span class=&quot;red&quot;&gt;&lt;strong&gt;chilli&lt;/strong&gt;&lt;/span&gt;&lt;/p&gt;'),(29,1,1007,1,0,86,0,''),(29,1,1008,1,0,0,0,'&lt;p style=&quot;text-align: justify;&quot;&gt;AQUA, SODIUM MYRETH SULFATE, SODIUM CHLORIDE, COCAMIDE DEA, COCAMIDOPROPYL BETAINE, CAPRYLYL/CAPRYL GLUCOSIDE, MENTHOL, OLEA EUROPAEA FRUIT OIL, CETRIMONIUM CHLORIDE, DEHYDROACETIC ACID, ALCOHOL DENAT., SODIUM LAURYL SULPHATE, BENZOIC ACID, PHENOXYETHANOL, STYRENE/ACRYLATES COPOLYMER, ETHYLHEXYLGLYCERIN, TRIDECETH-50, SODIUM HYDROXIDE&lt;/p&gt;\r\n&lt;p style=&quot;text-align: justify;&quot;&gt;*&lt;strong&gt;ne vsebuje&lt;/strong&gt;: UV filtrov, ni testirano na živalih, ne vsebuje silikonov in umetnih barvil, ne vsebuje GMO sestavin, ne vsebuje mikroplastik, ne vsebuje sintetičnih olj.&lt;/p&gt;'),(29,1,1008,2,0,0,0,'&lt;p style=&quot;text-align: justify;&quot;&gt;AQUA, SODIUM MYRETH SULFATE, SODIUM CHLORIDE, COCAMIDE DEA, COCAMIDOPROPYL BETAINE, CAPRYLYL/CAPRYL GLUCOSIDE, MENTHOL, OLEA EUROPAEA FRUIT OIL, CETRIMONIUM CHLORIDE, DEHYDROACETIC ACID, ALCOHOL DENAT., SODIUM LAURYL SULPHATE, BENZOIC ACID, PHENOXYETHANOL, STYRENE/ACRYLATES COPOLYMER, ETHYLHEXYLGLYCERIN, TRIDECETH-50, SODIUM HYDROXIDE&lt;/p&gt;\r\n&lt;p style=&quot;text-align: justify;&quot;&gt;*&lt;strong&gt;Does not contain&lt;/strong&gt;: UV filters, silicones and artificial dyes, GMO ingredients, microplastics, and synthetic oils. Not tested on animals.&lt;/p&gt;'),(29,1,1009,1,0,0,0,'200 ml'),(29,1,1010,1,0,0,0,'&lt;p&gt;&lt;strong&gt;&amp;Scaron;ampon za lase OLIVE GARDEN &lt;span class=&quot;red&quot;&gt;CHILI za mastne lase&lt;/span&gt;&lt;/strong&gt;&lt;/p&gt;'),(29,1,1010,2,0,0,0,'&lt;p&gt;&lt;strong&gt;Hair shampoo OLIVE GARDEN &lt;span class=&quot;red&quot;&gt;CHILI for greasy hair&lt;/span&gt;&lt;/strong&gt;&lt;/p&gt;'),(29,1,1013,1,0,0,0,''),(29,1,1014,1,0,0,0,''),(29,1,1015,1,0,0,0,''),(29,1,1016,1,0,0,0,''),(29,1,1017,1,0,0,0,''),(29,1,1020,1,0,0,0,''),(30,1,21,1,0,0,0,''),(30,1,33,1,0,0,0,''),(30,1,35,1,0,0,0,''),(30,1,36,1,0,1,0,''),(30,1,38,1,0,1,0,''),(30,1,39,1,0,0,0,''),(30,1,40,1,0,0,0,''),(30,1,41,1,0,0,0,''),(30,1,42,1,0,0,0,''),(30,1,43,1,0,0,0,''),(30,1,44,1,0,0,0,''),(30,1,45,1,0,0,0,''),(30,1,46,1,0,0,0,''),(30,1,47,1,0,0,0,''),(30,1,48,1,0,0,0,''),(30,1,49,1,0,0,0,''),(30,1,50,1,0,0,0,''),(30,1,51,1,0,0,0,''),(30,1,52,1,0,0,0.25,''),(30,1,53,1,0,0,0,''),(30,1,54,1,0,0,0,''),(30,1,55,1,0,0,0,''),(30,1,56,1,0,0,0,''),(30,1,57,1,0,0,0,''),(30,1,58,1,0,0,0,''),(30,1,59,1,0,0,0,''),(30,1,60,1,0,0,0,''),(30,1,61,1,0,0,0,''),(30,1,62,1,0,0,0,''),(30,1,63,1,0,0,0,''),(30,1,65,1,0,0,0,''),(30,1,66,1,0,0,0,''),(30,1,67,1,0,0,0,''),(30,1,68,1,0,0,0,''),(30,1,69,1,0,0,0,''),(30,1,70,1,0,0,0,''),(30,1,73,1,0,0,0,'HACO-NEU'),(30,1,101,1,0,11,0,''),(30,1,102,1,0,29,0,''),(30,1,103,1,0,34,0,''),(30,1,104,1,0,13,0,''),(30,1,118,1,0,3576,0,''),(30,1,119,1,0,66,0,''),(30,1,124,1,0,0,0,''),(30,1,125,1,0,0,0,''),(30,1,126,1,0,0,0,''),(30,1,127,1,0,0,0,''),(30,1,142,1,0,65,0,''),(30,1,148,1,0,0,0,''),(30,1,151,1,0,0,0,''),(30,1,156,1,0,0,0,''),(30,1,157,1,0,0,0,''),(30,1,158,1,0,48,0,''),(30,1,159,1,0,0,0,''),(30,1,160,1,0,0,0,''),(30,1,161,1,0,0,0,''),(30,1,162,1,0,0,0,''),(30,1,163,1,0,0,0,''),(30,1,164,1,0,0,0,''),(30,1,165,1,0,0,0,''),(30,1,166,1,0,0,0,''),(30,1,167,1,0,0,0,''),(30,1,168,1,0,0,0,''),(30,1,171,1,0,65,0,''),(30,1,172,1,0,0,0,''),(30,1,173,1,0,1,0,''),(30,1,174,1,0,0,0,'#578ebe'),(30,1,175,1,0,0,0,'users'),(30,1,176,1,0,0,0,'#ffffff'),(30,1,177,1,0,80,0,''),(30,1,178,1,0,0,0,''),(30,1,179,1,0,0,0,''),(30,1,180,1,0,0,0,''),(30,1,1000,1,0,0,0,''),(30,1,1001,1,0,0,0,''),(30,1,1005,1,0,0,0,'&lt;p&gt;&lt;strong&gt;balzam&lt;/strong&gt;zalase&lt;strong&gt;neutrum&lt;/strong&gt;&lt;/p&gt;'),(30,1,1005,2,0,0,0,'&lt;p&gt;&lt;strong&gt;hair&lt;/strong&gt;conditioner&lt;strong&gt;neutrum&lt;/strong&gt;&lt;/p&gt;'),(30,1,1007,1,0,0,0,''),(30,1,1008,1,0,0,0,'&lt;p style=&quot;text-align: justify;&quot;&gt;AQUA, CYCLOPENTASILOXANE, CETEARYL ALCOHOL, BEHENTRIMONIUM CHLORIDE, OLEA EUROPAEA FRUIT OIL, VITIS VINIFERA SEED OIL, C12-15 ALKYL BENZOATE, DIMETHICONE, PHENOXYETHANOL, AMODIMETHICONE, PARFUM, SCLEROTIUM GUM, CETRIMONIUM CHLORIDE, BENZOIC ACID, D-LIMONENE, DEHYDROACETIC ACID, TRIETHANOLAMINE, LECITHIN, LINALOOL, TRIDECETH-10, ETHYLHEXYLGLYCERIN, TOCOPHEROL, ASCORBYL PALMITATE, CITRIC ACID&lt;/p&gt;\r\n&lt;p style=&quot;text-align: justify;&quot;&gt;*&lt;strong&gt;ne vsebuje&lt;/strong&gt;: UV filtrov, ni testirano na živalih, ne vsebuje silikonov in umetnih barvil, ne vsebuje GMO sestavin, ne vsebuje mikroplastik, ne vsebuje sintetičnih olj.&lt;/p&gt;'),(30,1,1008,2,0,0,0,'&lt;p style=&quot;text-align: justify;&quot;&gt;AQUA, CYCLOPENTASILOXANE, CETEARYL ALCOHOL, BEHENTRIMONIUM CHLORIDE, OLEA EUROPAEA FRUITOIL, VITIS VINIFERA SEED OIL, C12-15 ALKYL BENZOATE, DIMETHICONE, PHENOXYETHANOL, AMODIMETHICONE, PARFUM, SCLEROTIUM GUM, CETRIMONIUM CHLORIDE, BENZOIC ACID, D-LIMONENE, DEHYDROACETIC ACID, TRIETHANOLAMINE, LECITHIN, LINALOOL, TRIDECETH-10, ETHYLHEXYLGLYCERIN, TOCOPHEROL, ASCORBYL PALMITATE, CITRIC ACID&lt;/p&gt;\r\n&lt;p style=&quot;text-align: justify;&quot;&gt;*&lt;strong&gt;Does not contain&lt;/strong&gt;: UV filters, silicones and artificial dyes, GMO ingredients, microplastics, and synthetic oils. Not tested on animals.&lt;/p&gt;'),(30,1,1009,1,0,0,0,'200 ml'),(30,1,1010,1,0,0,0,'&lt;p&gt;&lt;strong&gt;Balsam za lase OLIVE GARDEN NEUTRUM&lt;/strong&gt;&lt;/p&gt;'),(30,1,1010,2,0,0,0,'&lt;p&gt;&lt;strong&gt;Hair conditioner OLIVE GARDEN NEUTRUM&lt;/strong&gt;&lt;/p&gt;'),(30,1,1013,1,0,0,0,''),(30,1,1014,1,0,0,0,''),(30,1,1015,1,0,0,0,''),(30,1,1016,1,0,0,0,''),(30,1,1017,1,0,0,0,''),(30,1,1020,1,0,0,0,''),(31,1,21,1,0,0,0,''),(31,1,33,1,0,0,0,''),(31,1,35,1,0,0,0,''),(31,1,36,1,0,1,0,''),(31,1,38,1,0,1,0,''),(31,1,39,1,0,0,0,''),(31,1,40,1,0,0,0,''),(31,1,41,1,0,0,0,''),(31,1,42,1,0,0,0,''),(31,1,43,1,0,0,0,''),(31,1,44,1,0,0,0,''),(31,1,45,1,0,0,0,''),(31,1,46,1,0,0,0,''),(31,1,47,1,0,0,0,''),(31,1,48,1,0,0,0,''),(31,1,49,1,0,0,0,''),(31,1,50,1,0,0,0,''),(31,1,51,1,0,0,0,''),(31,1,52,1,0,0,0.25,''),(31,1,53,1,0,0,0,''),(31,1,54,1,0,0,0,''),(31,1,55,1,0,0,0,''),(31,1,56,1,0,0,0,''),(31,1,57,1,0,0,0,''),(31,1,58,1,0,0,0,''),(31,1,59,1,0,0,0,''),(31,1,60,1,0,0,0,''),(31,1,61,1,0,0,0,''),(31,1,62,1,0,0,0,''),(31,1,63,1,0,0,0,''),(31,1,65,1,0,0,0,''),(31,1,66,1,0,0,0,''),(31,1,67,1,0,0,0,''),(31,1,68,1,0,0,0,''),(31,1,69,1,0,0,0,''),(31,1,70,1,0,0,0,''),(31,1,73,1,0,0,0,'HACO-CIT'),(31,1,101,1,0,11,0,''),(31,1,102,1,0,30,0,''),(31,1,103,1,0,34,0,''),(31,1,104,1,0,13,0,''),(31,1,118,1,0,3550,0,''),(31,1,119,1,0,40,0,''),(31,1,124,1,0,0,0,''),(31,1,125,1,0,0,0,''),(31,1,126,1,0,0,0,''),(31,1,127,1,0,0,0,''),(31,1,142,1,0,39,0,''),(31,1,148,1,0,0,0,''),(31,1,151,1,0,0,0,''),(31,1,156,1,0,0,0,''),(31,1,157,1,0,0,0,''),(31,1,158,1,0,48,0,''),(31,1,159,1,0,0,0,''),(31,1,160,1,0,0,0,''),(31,1,161,1,0,0,0,''),(31,1,162,1,0,0,0,''),(31,1,163,1,0,0,0,''),(31,1,164,1,0,0,0,''),(31,1,165,1,0,0,0,''),(31,1,166,1,0,0,0,''),(31,1,167,1,0,0,0,''),(31,1,168,1,0,0,0,''),(31,1,171,1,0,65,0,''),(31,1,172,1,0,0,0,''),(31,1,173,1,0,1,0,''),(31,1,174,1,0,0,0,'#578ebe'),(31,1,175,1,0,0,0,'users'),(31,1,176,1,0,0,0,'#ffffff'),(31,1,177,1,0,80,0,''),(31,1,178,1,0,0,0,''),(31,1,179,1,0,0,0,''),(31,1,180,1,0,0,0,''),(31,1,1000,1,0,0,0,''),(31,1,1001,1,0,0,0,''),(31,1,1005,1,0,0,0,'&lt;p&gt;&lt;strong&gt;balzam&lt;/strong&gt;zalase&lt;span class=&quot;orange&quot;&gt;&lt;span class=&quot;yellow&quot;&gt;&lt;strong&gt;citreum&lt;/strong&gt;&lt;/span&gt;&lt;/span&gt;&lt;/p&gt;'),(31,1,1005,2,0,0,0,'&lt;p&gt;&lt;strong&gt;hair&lt;/strong&gt;conditioner&lt;span class=&quot;yellow&quot;&gt;&lt;strong&gt;citreum&lt;/strong&gt;&lt;/span&gt;&lt;/p&gt;'),(31,1,1007,1,0,82,0,''),(31,1,1008,1,0,0,0,'&lt;p style=&quot;text-align: justify;&quot;&gt;AQUA, CYCLOPENTASILOXANE, CETEARYL ALCOHOL, BEHENTRIMONIUM CHLORIDE, OLEA EUROPAEA FRUIT OIL, VITIS VINIFERA SEED OIL, C12-15 ALKYL BENZOATE, CITRUS LIMON PEEL OIL, DIMETHICONE, PHENOXYETHANOL, POLYGLYCERYL-4 CAPRATE, LIMONENE, AMODIMETHICONE, SCLEROTIUM GUM, CETRIMONIUM CHLORIDE, BENZOIC ACID, POLYGLYCERYL-3 RICINOLEATE, DEHYDROACETIC ACID, TRIETHANOLAMINE, LECITHIN, TRIDECETH-10, ETHYLHEXYLGLYCERIN, CITRAL, TOCOPHEROL, ASCORBYL PALMITATE, CITRIC ACID&lt;/p&gt;\r\n&lt;p style=&quot;text-align: justify;&quot;&gt;*&lt;strong&gt;ne vsebuje&lt;/strong&gt;: UV filtrov, ni testirano na živalih, ne vsebuje silikonov in umetnih barvil, ne vsebuje GMO sestavin, ne vsebuje mikroplastik, ne vsebuje sintetičnih olj.&lt;/p&gt;'),(31,1,1008,2,0,0,0,'&lt;p style=&quot;text-align: justify;&quot;&gt;AQUA, CYCLOPENTASILOXANE, CETEARYL ALCOHOL, BEHENTRIMONIUM CHLORIDE, OLEA EUROPAEA FRUIT OIL, VITIS VINIFERA SEED OIL, C12-15 ALKYL BENZOATE, CITRUS LIMON PEEL OIL, DIMETHICONE, PHENOXYETHANOL, POLYGLYCERYL-4 CAPRATE, LIMONENE, AMODIMETHICONE, SCLEROTIUM GUM, CETRIMONIUM CHLORIDE, BENZOIC ACID, POLYGLYCERYL-3 RICINOLEATE, DEHYDROACETIC ACID, TRIETHANOLAMINE, LECITHIN, TRIDECETH-10, ETHYLHEXYLGLYCERIN, CITRAL, TOCOPHEROL, ASCORBYL PALMITATE, CITRIC ACID&lt;/p&gt;\r\n&lt;p style=&quot;text-align: justify;&quot;&gt;*&lt;strong&gt;Does not contain:&lt;/strong&gt; UV filters, silicones and artificial dyes, GMO ingredients, microplastics, and synthetic oils. Not tested on animals.&lt;/p&gt;'),(31,1,1009,1,0,0,0,'200 ml'),(31,1,1010,1,0,0,0,'&lt;p&gt;&lt;strong&gt;Balsam za lase OLIVE GARDEN &lt;span class=&quot;yellow&quot;&gt;CITREUM&lt;/span&gt;&lt;/strong&gt;&lt;/p&gt;'),(31,1,1010,2,0,0,0,'&lt;p&gt;&lt;strong&gt;Hair conditioner OLIVE GARDEN &lt;span class=&quot;yellow&quot;&gt;CITREUM&lt;/span&gt;&lt;/strong&gt;&lt;/p&gt;'),(31,1,1013,1,0,0,0,''),(31,1,1014,1,0,0,0,''),(31,1,1015,1,0,0,0,''),(31,1,1016,1,0,0,0,''),(31,1,1017,1,0,0,0,''),(31,1,1020,1,0,0,0,''),(32,1,21,1,0,0,0,''),(32,1,33,1,0,0,0,''),(32,1,35,1,0,0,0,''),(32,1,36,1,0,0,0,''),(32,1,38,1,0,1,0,''),(32,1,39,1,0,0,0,''),(32,1,40,1,0,0,0,''),(32,1,41,1,0,0,0,''),(32,1,42,1,0,0,0,''),(32,1,43,1,0,0,0,''),(32,1,44,1,0,0,0,''),(32,1,45,1,0,0,0,''),(32,1,46,1,0,0,0,''),(32,1,47,1,0,0,0,''),(32,1,48,1,0,0,0,''),(32,1,49,1,0,0,0,''),(32,1,50,1,0,0,0,''),(32,1,51,1,0,0,0,''),(32,1,52,1,0,0,0.25,''),(32,1,53,1,0,0,0,''),(32,1,54,1,0,0,0,''),(32,1,55,1,0,0,0,''),(32,1,56,1,0,0,0,''),(32,1,57,1,0,0,0,''),(32,1,58,1,0,0,0,''),(32,1,59,1,0,0,0,''),(32,1,60,1,0,0,0,''),(32,1,61,1,0,0,0,''),(32,1,62,1,0,0,0,''),(32,1,63,1,0,0,0,''),(32,1,65,1,0,0,0,''),(32,1,66,1,0,0,0,''),(32,1,67,1,0,0,0,''),(32,1,68,1,0,0,0,''),(32,1,69,1,0,0,0,''),(32,1,70,1,0,0,0,''),(32,1,73,1,0,0,0,'HACO-ARA'),(32,1,101,1,0,11,0,''),(32,1,102,1,0,31,0,''),(32,1,103,1,0,34,0,''),(32,1,104,1,0,13,0,''),(32,1,118,1,0,3551,0,''),(32,1,119,1,0,41,0,''),(32,1,124,1,0,0,0,''),(32,1,125,1,0,0,0,''),(32,1,126,1,0,0,0,''),(32,1,127,1,0,0,0,''),(32,1,142,1,0,40,0,''),(32,1,148,1,0,0,0,''),(32,1,151,1,0,0,0,''),(32,1,156,1,0,0,0,''),(32,1,157,1,0,0,0,''),(32,1,158,1,0,48,0,''),(32,1,159,1,0,0,0,''),(32,1,160,1,0,0,0,''),(32,1,161,1,0,0,0,''),(32,1,162,1,0,0,0,''),(32,1,163,1,0,0,0,''),(32,1,164,1,0,0,0,''),(32,1,165,1,0,0,0,''),(32,1,166,1,0,0,0,''),(32,1,167,1,0,0,0,''),(32,1,168,1,0,0,0,''),(32,1,171,1,0,65,0,''),(32,1,172,1,0,0,0,''),(32,1,173,1,0,1,0,''),(32,1,174,1,0,0,0,'#578ebe'),(32,1,175,1,0,0,0,'users'),(32,1,176,1,0,0,0,'#ffffff'),(32,1,177,1,0,80,0,''),(32,1,178,1,0,0,0,''),(32,1,179,1,0,0,0,''),(32,1,180,1,0,0,0,''),(32,1,1000,1,0,0,0,''),(32,1,1001,1,0,0,0,''),(32,1,1005,1,0,0,0,'&lt;p&gt;&lt;strong&gt;balzam&lt;/strong&gt;zalase&lt;span class=&quot;brown&quot;&gt;&lt;strong&gt;arantium&lt;/strong&gt;&lt;/span&gt;&lt;/p&gt;'),(32,1,1005,2,0,0,0,'&lt;p&gt;&lt;strong&gt;hair&lt;/strong&gt;conditioner&lt;span class=&quot;brown&quot;&gt;&lt;strong&gt;arantium&lt;/strong&gt;&lt;/span&gt;&lt;/p&gt;'),(32,1,1007,1,0,85,0,''),(32,1,1008,1,0,0,0,'&lt;p style=&quot;text-align: justify;&quot;&gt;AQUA, CYCLOPENTASILOXANE, CETEARYL ALCOHOL, BEHENTRIMONIUM CHLORIDE, OLEA EUROPAEA FRUIT OIL, VITIS VINIFERA SEED OIL, C12-15 ALKYL BENZOATE, CITRUS AURANTIUM DULCIS PEEL OIL, PHENOXYETHANOL, POLYGLYCERYL-4 CAPRATE, LIMONENE, AMODIMETHICONE, SCLEROTIUM GUM, CETRIMONIUM CHLORIDE, BENZOIC ACID, DIMETHICONE, POLYGLYCERYL-3 RICINOLEATE, DEHYDROACETIC ACID, TRIETHANOLAMINE, LECITHIN, TRIDECETH-10, ETHYLHEXYLGLYCERIN, TOCOPHEROL, ASCORBYL PALMITATE, CITRIC ACID&lt;/p&gt;\r\n&lt;p style=&quot;text-align: justify;&quot;&gt;*&lt;strong&gt;ne vsebuje&lt;/strong&gt;: UV filtrov, ni testirano na živalih, ne vsebuje silikonov in umetnih barvil, ne vsebuje GMO sestavin, ne vsebuje mikroplastik, ne vsebuje sintetičnih olj.&lt;/p&gt;'),(32,1,1008,2,0,0,0,'&lt;p style=&quot;text-align: justify;&quot;&gt;AQUA, CYCLOPENTASILOXANE, CETEARYL ALCOHOL, BEHENTRIMONIUM CHLORIDE, OLEA EUROPAEA FRUIT OIL, VITIS VINIFERA SEED OIL, C12-15 ALKYL BENZOATE, CITRUS AURANTIUM DULCIS PEEL OIL, PHENOXYETHANOL, POLYGLYCERYL-4 CAPRATE, LIMONENE, AMODIMETHICONE, SCLEROTIUM GUM, CETRIMONIUM CHLORIDE, BENZOIC ACID, DIMETHICONE, POLYGLYCERYL-3 RICINOLEATE, DEHYDROACETIC ACID, TRIETHANOLAMINE, LECITHIN, TRIDECETH-10, ETHYLHEXYLGLYCERIN, TOCOPHEROL, ASCORBYL PALMITATE, CITRIC ACID&lt;/p&gt;\r\n&lt;p style=&quot;text-align: justify;&quot;&gt;*&lt;strong&gt;Does not contain&lt;/strong&gt;: UV filters, silicones and artificial dyes, GMO ingredients, microplastics, and synthetic oils. Not tested on animals.&lt;/p&gt;'),(32,1,1009,1,0,0,0,'200 ml'),(32,1,1010,1,0,0,0,'&lt;p style=&quot;text-align: justify;&quot;&gt;&lt;strong&gt;Balsam za lase OLIVE GARDEN &lt;span class=&quot;brown&quot;&gt;ARANTIUM&lt;/span&gt;&lt;/strong&gt;&lt;/p&gt;'),(32,1,1010,2,0,0,0,'&lt;p&gt;&lt;strong&gt;Hair conditioner OLIVE GARDEN &lt;span class=&quot;brown&quot;&gt;ARANTIUM&lt;/span&gt;&lt;/strong&gt;&lt;/p&gt;'),(32,1,1013,1,0,0,0,''),(32,1,1014,1,0,0,0,''),(32,1,1015,1,0,0,0,''),(32,1,1016,1,0,0,0,''),(32,1,1017,1,0,0,0,''),(32,1,1020,1,0,0,0,''),(33,1,21,1,0,0,0,''),(33,1,33,1,0,0,0,''),(33,1,35,1,0,0,0,''),(33,1,36,1,0,1,0,''),(33,1,38,1,0,1,0,''),(33,1,39,1,0,0,0,''),(33,1,40,1,0,0,0,''),(33,1,41,1,0,0,0,''),(33,1,42,1,0,0,0,''),(33,1,43,1,0,0,0,''),(33,1,44,1,0,0,0,''),(33,1,45,1,0,0,0,''),(33,1,46,1,0,0,0,''),(33,1,47,1,0,0,0,''),(33,1,48,1,0,0,0,''),(33,1,49,1,0,0,0,''),(33,1,50,1,0,0,0,''),(33,1,51,1,0,0,0,''),(33,1,52,1,0,0,0.25,''),(33,1,53,1,0,0,0,''),(33,1,54,1,0,0,0,''),(33,1,55,1,0,0,0,''),(33,1,56,1,0,0,0,''),(33,1,57,1,0,0,0,''),(33,1,58,1,0,0,0,''),(33,1,59,1,0,0,0,''),(33,1,60,1,0,0,0,''),(33,1,61,1,0,0,0,''),(33,1,62,1,0,0,0,''),(33,1,63,1,0,0,0,''),(33,1,65,1,0,0,0,''),(33,1,66,1,0,0,0,''),(33,1,67,1,0,0,0,''),(33,1,68,1,0,0,0,''),(33,1,69,1,0,0,0,''),(33,1,70,1,0,0,0,''),(33,1,73,1,0,0,0,'HACO-CHI'),(33,1,101,1,0,11,0,''),(33,1,102,1,0,32,0,''),(33,1,103,1,0,34,0,''),(33,1,104,1,0,13,0,''),(33,1,118,1,0,3552,0,''),(33,1,119,1,0,42,0,''),(33,1,124,1,0,0,0,''),(33,1,125,1,0,0,0,''),(33,1,126,1,0,0,0,''),(33,1,127,1,0,0,0,''),(33,1,142,1,0,41,0,''),(33,1,148,1,0,0,0,''),(33,1,151,1,0,0,0,''),(33,1,156,1,0,0,0,''),(33,1,157,1,0,0,0,''),(33,1,158,1,0,48,0,''),(33,1,159,1,0,0,0,''),(33,1,160,1,0,0,0,''),(33,1,161,1,0,0,0,''),(33,1,162,1,0,0,0,''),(33,1,163,1,0,0,0,''),(33,1,164,1,0,0,0,''),(33,1,165,1,0,0,0,''),(33,1,166,1,0,0,0,''),(33,1,167,1,0,0,0,''),(33,1,168,1,0,0,0,''),(33,1,171,1,0,65,0,''),(33,1,172,1,0,0,0,''),(33,1,173,1,0,1,0,''),(33,1,174,1,0,0,0,'#578ebe'),(33,1,175,1,0,0,0,'users'),(33,1,176,1,0,0,0,'#ffffff'),(33,1,177,1,0,80,0,''),(33,1,178,1,0,0,0,''),(33,1,179,1,0,0,0,''),(33,1,180,1,0,0,0,''),(33,1,1000,1,0,0,0,''),(33,1,1001,1,0,0,0,''),(33,1,1005,1,0,0,0,'&lt;p&gt;&lt;strong&gt;balzam&lt;/strong&gt;zalase&lt;span class=&quot;red&quot;&gt;&lt;strong&gt;chilli&lt;/strong&gt;&lt;/span&gt;&lt;/p&gt;'),(33,1,1005,2,0,0,0,'&lt;p&gt;&lt;strong&gt;hair&lt;/strong&gt;conditioner&lt;span class=&quot;red&quot;&gt;&lt;strong&gt;chilli&lt;/strong&gt;&lt;/span&gt;&lt;/p&gt;'),(33,1,1007,1,0,86,0,''),(33,1,1008,1,0,0,0,'&lt;p style=&quot;text-align: justify;&quot;&gt;AQUA, CYCLOPENTASILOXANE, CETEARYL ALCOHOL, BEHENTRIMONIUM CHLORIDE, OLEA EUROPAEA FRUIT OIL, VITIS VINIFERA SEED OIL, MENTHOL, SCLEROTIUM GUM, CETRIMONIUM CHLORIDE, C12-15 ALKYL BENZOATE, LECITHIN, BENZOIC ACID, DEHYDROACETIC ACID, TRIETHANOLAMINE, TRIDECETH-10, ETHYLHEXYLGLYCERIN, PHENOXYETHA- NOL, AMODIMETHICONE, TOCOPHEROL, ALCOHOL DENAT., ASCORBYL PALMITATE, DIMETHICONE, CITRIC ACID&lt;/p&gt;\r\n&lt;p style=&quot;text-align: justify;&quot;&gt;*&lt;strong&gt;ne vsebuje&lt;/strong&gt;: UV filtrov, ni testirano na živalih, ne vsebuje silikonov in umetnih barvil, ne vsebuje GMO sestavin, ne vsebuje mikroplastik, ne vsebuje sintetičnih olj.&lt;/p&gt;'),(33,1,1008,2,0,0,0,'&lt;p style=&quot;text-align: justify;&quot;&gt;AQUA, CYCLOPENTASILOXANE, CETEARYL ALCOHOL, BEHENTRIMONIUM CHLORIDE, OLEA EUROPAEA FRUIT OIL, VITIS VINIFERA SEED OIL, MENTHOL, SCLEROTIUM GUM, CETRIMONIUM CHLORIDE, C12-15 ALKYL BENZOATE, LECITHIN, BENZOIC ACID, DEHYDROACETIC ACID, TRIETHANOLAMINE, TRIDECETH-10, ETHYLHEXYLGLYCERIN, PHENOXYETHA- NOL, AMODIMETHICONE, TOCOPHEROL, ALCOHOL DENAT., ASCORBYL PALMITATE, DIMETHICONE, CITRIC ACID&lt;/p&gt;\r\n&lt;p style=&quot;text-align: justify;&quot;&gt;*&lt;strong&gt;Does not contain&lt;/strong&gt;: UV filters, silicones and artificial dyes, GMO ingredients, microplastics, and synthetic oils. Not tested on animals.&lt;/p&gt;'),(33,1,1009,1,0,0,0,'200 ml'),(33,1,1010,1,0,0,0,'&lt;p&gt;&lt;strong&gt;Balsam za lase OLIVE GARDEN &lt;span class=&quot;red&quot;&gt;CHILLI za mastne lase&lt;/span&gt;&lt;/strong&gt;&lt;/p&gt;'),(33,1,1010,2,0,0,0,'&lt;p style=&quot;text-align: justify;&quot;&gt;&lt;strong&gt;Hair conditioner OLIVE GARDEN &lt;span class=&quot;red&quot;&gt;CHILI&amp;nbsp;for greasy hair&lt;/span&gt;&lt;/strong&gt;&lt;/p&gt;'),(33,1,1013,1,0,0,0,''),(33,1,1014,1,0,0,0,''),(33,1,1015,1,0,0,0,''),(33,1,1016,1,0,0,0,''),(33,1,1017,1,0,0,0,''),(33,1,1020,1,0,0,0,''),(34,1,21,1,0,0,0,''),(34,1,33,1,0,0,0,''),(34,1,35,1,0,0,0,''),(34,1,36,1,0,1,0,''),(34,1,38,1,0,1,0,''),(34,1,39,1,0,0,0,''),(34,1,40,1,0,0,0,''),(34,1,41,1,0,0,0,''),(34,1,42,1,0,0,0,''),(34,1,43,1,0,0,0,''),(34,1,44,1,0,0,0,''),(34,1,45,1,0,0,0,''),(34,1,46,1,0,0,0,''),(34,1,47,1,0,0,0,''),(34,1,48,1,0,0,0,''),(34,1,49,1,0,0,0,''),(34,1,50,1,0,0,0,''),(34,1,51,1,0,0,0,''),(34,1,52,1,0,0,0.35,''),(34,1,53,1,0,0,0,''),(34,1,54,1,0,0,0,''),(34,1,55,1,0,0,0,''),(34,1,56,1,0,0,0,''),(34,1,57,1,0,0,0,''),(34,1,58,1,0,0,0,''),(34,1,59,1,0,0,0,''),(34,1,60,1,0,0,0,''),(34,1,61,1,0,0,0,''),(34,1,62,1,0,0,0,''),(34,1,63,1,0,0,0,''),(34,1,65,1,0,0,0,''),(34,1,66,1,0,0,0,''),(34,1,67,1,0,0,0,''),(34,1,68,1,0,0,0,''),(34,1,69,1,0,0,0,''),(34,1,70,1,0,0,0,''),(34,1,73,1,0,0,0,'OIL-GOL-0100'),(34,1,101,1,0,11,0,''),(34,1,102,1,0,33,0,''),(34,1,103,1,0,34,0,''),(34,1,104,1,0,13,0,''),(34,1,118,1,0,3556,0,''),(34,1,119,1,0,46,0,''),(34,1,124,1,0,0,0,''),(34,1,125,1,0,0,0,''),(34,1,126,1,0,0,0,''),(34,1,127,1,0,0,0,''),(34,1,142,1,0,45,0,''),(34,1,148,1,0,0,0,''),(34,1,151,1,0,0,0,''),(34,1,156,1,0,0,0,''),(34,1,157,1,0,0,0,''),(34,1,158,1,0,47,0,''),(34,1,159,1,0,0,0,''),(34,1,160,1,0,0,0,''),(34,1,161,1,0,0,0,''),(34,1,162,1,0,0,0,''),(34,1,163,1,0,0,0,''),(34,1,164,1,0,0,0,''),(34,1,165,1,0,0,0,''),(34,1,166,1,0,0,0,''),(34,1,167,1,0,0,0,''),(34,1,168,1,0,0,0,''),(34,1,171,1,0,65,0,''),(34,1,172,1,0,0,0,''),(34,1,173,1,0,0,0,''),(34,1,174,1,0,0,0,'#578ebe'),(34,1,175,1,0,0,0,'users'),(34,1,176,1,0,0,0,'#ffffff'),(34,1,177,1,0,80,0,''),(34,1,178,1,0,0,0,''),(34,1,179,1,0,0,0,''),(34,1,180,1,0,0,0,''),(34,1,1000,1,0,0,0,''),(34,1,1001,1,0,0,0,''),(34,1,1005,1,0,0,0,''),(34,1,1005,2,0,0,0,''),(34,1,1007,1,0,0,0,''),(34,1,1008,1,0,0,0,''),(34,1,1008,2,0,0,0,''),(34,1,1009,1,0,0,0,'0,1L'),(34,1,1010,1,0,0,0,''),(34,1,1010,2,0,0,0,''),(34,1,1013,1,0,0,0,''),(34,1,1014,1,0,0,0,''),(34,1,1015,1,0,0,0,''),(34,1,1016,1,0,0,0,''),(34,1,1017,1,0,0,0,''),(34,1,1020,1,0,0,0,''),(34,1,1022,1,0,0,0,''),(35,1,21,1,0,0,0,''),(35,1,33,1,0,0,0,''),(35,1,35,1,0,0,0,''),(35,1,36,1,0,1,0,''),(35,1,38,1,0,1,0,''),(35,1,39,1,0,0,0,''),(35,1,40,1,0,0,0,''),(35,1,41,1,0,0,0,''),(35,1,42,1,0,0,0,''),(35,1,43,1,0,0,0,''),(35,1,44,1,0,0,0,''),(35,1,45,1,0,0,0,''),(35,1,46,1,0,0,0,''),(35,1,47,1,0,0,0,''),(35,1,48,1,0,0,0,''),(35,1,49,1,0,0,0,''),(35,1,50,1,0,0,0,''),(35,1,51,1,0,0,0,''),(35,1,52,1,0,0,0.5,''),(35,1,53,1,0,0,0,''),(35,1,54,1,0,0,0,''),(35,1,55,1,0,0,0,''),(35,1,56,1,0,0,0,''),(35,1,57,1,0,0,0,''),(35,1,58,1,0,0,0,''),(35,1,59,1,0,0,0,''),(35,1,60,1,0,0,0,''),(35,1,61,1,0,0,0,''),(35,1,62,1,0,0,0,''),(35,1,63,1,0,0,0,''),(35,1,65,1,0,0,0,''),(35,1,66,1,0,0,0,''),(35,1,67,1,0,0,0,''),(35,1,68,1,0,0,0,''),(35,1,69,1,0,0,0,''),(35,1,70,1,0,0,0,''),(35,1,73,1,0,0,0,'OIL-GOL-0250'),(35,1,101,1,0,11,0,''),(35,1,102,1,0,34,0,''),(35,1,103,1,0,34,0,''),(35,1,104,1,0,13,0,''),(35,1,118,1,0,3557,0,''),(35,1,119,1,0,47,0,''),(35,1,124,1,0,0,0,''),(35,1,125,1,0,0,0,''),(35,1,126,1,0,0,0,''),(35,1,127,1,0,0,0,''),(35,1,142,1,0,46,0,''),(35,1,148,1,0,0,0,''),(35,1,151,1,0,0,0,''),(35,1,156,1,0,0,0,''),(35,1,157,1,0,0,0,''),(35,1,158,1,0,47,0,''),(35,1,159,1,0,0,0,''),(35,1,160,1,0,0,0,''),(35,1,161,1,0,0,0,''),(35,1,162,1,0,0,0,''),(35,1,163,1,0,0,0,''),(35,1,164,1,0,0,0,''),(35,1,165,1,0,0,0,''),(35,1,166,1,0,0,0,''),(35,1,167,1,0,0,0,''),(35,1,168,1,0,0,0,''),(35,1,171,1,0,65,0,''),(35,1,172,1,0,0,0,''),(35,1,173,1,0,0,0,''),(35,1,174,1,0,0,0,'#578ebe'),(35,1,175,1,0,0,0,'users'),(35,1,176,1,0,0,0,'#ffffff'),(35,1,177,1,0,80,0,''),(35,1,178,1,0,0,0,''),(35,1,179,1,0,0,0,''),(35,1,180,1,0,0,0,''),(35,1,1000,1,0,0,0,''),(35,1,1001,1,0,0,0,''),(35,1,1005,1,0,0,0,''),(35,1,1005,2,0,0,0,''),(35,1,1007,1,0,0,0,''),(35,1,1008,1,0,0,0,''),(35,1,1008,2,0,0,0,''),(35,1,1009,1,0,0,0,'0,25L'),(35,1,1010,1,0,0,0,''),(35,1,1010,2,0,0,0,''),(35,1,1013,1,0,0,0,''),(35,1,1014,1,0,0,0,''),(35,1,1015,1,0,0,0,''),(35,1,1016,1,0,0,0,''),(35,1,1017,1,0,0,0,''),(35,1,1020,1,0,0,0,''),(35,1,1022,1,0,0,0,''),(36,1,21,1,0,0,0,''),(36,1,33,1,0,0,0,''),(36,1,35,1,0,0,0,''),(36,1,36,1,0,1,0,''),(36,1,38,1,0,1,0,''),(36,1,39,1,0,0,0,''),(36,1,40,1,0,0,0,''),(36,1,41,1,0,0,0,''),(36,1,42,1,0,0,0,''),(36,1,43,1,0,0,0,''),(36,1,44,1,0,0,0,''),(36,1,45,1,0,0,0,''),(36,1,46,1,0,0,0,''),(36,1,47,1,0,0,0,''),(36,1,48,1,0,0,0,''),(36,1,49,1,0,0,0,''),(36,1,50,1,0,0,0,''),(36,1,51,1,0,0,0,''),(36,1,52,1,0,0,0.75,''),(36,1,53,1,0,0,0,''),(36,1,54,1,0,0,0,''),(36,1,55,1,0,0,0,''),(36,1,56,1,0,0,0,''),(36,1,57,1,0,0,0,''),(36,1,58,1,0,0,0,''),(36,1,59,1,0,0,0,''),(36,1,60,1,0,0,0,''),(36,1,61,1,0,0,0,''),(36,1,62,1,0,0,0,''),(36,1,63,1,0,0,0,''),(36,1,65,1,0,0,0,''),(36,1,66,1,0,0,0,''),(36,1,67,1,0,0,0,''),(36,1,68,1,0,0,0,''),(36,1,69,1,0,0,0,''),(36,1,70,1,0,0,0,''),(36,1,73,1,0,0,0,'OIL-GOL-0500'),(36,1,101,1,0,11,0,''),(36,1,102,1,0,35,0,''),(36,1,103,1,0,34,0,''),(36,1,104,1,0,13,0,''),(36,1,118,1,0,3558,0,''),(36,1,119,1,0,48,0,''),(36,1,124,1,0,0,0,''),(36,1,125,1,0,0,0,''),(36,1,126,1,0,0,0,''),(36,1,127,1,0,0,0,''),(36,1,142,1,0,47,0,''),(36,1,148,1,0,0,0,''),(36,1,151,1,0,0,0,''),(36,1,156,1,0,0,0,''),(36,1,157,1,0,0,0,''),(36,1,158,1,0,47,0,''),(36,1,159,1,0,0,0,''),(36,1,160,1,0,0,0,''),(36,1,161,1,0,0,0,''),(36,1,162,1,0,0,0,''),(36,1,163,1,0,0,0,''),(36,1,164,1,0,0,0,''),(36,1,165,1,0,0,0,''),(36,1,166,1,0,0,0,''),(36,1,167,1,0,0,0,''),(36,1,168,1,0,0,0,''),(36,1,171,1,0,65,0,''),(36,1,172,1,0,0,0,''),(36,1,173,1,0,0,0,''),(36,1,174,1,0,0,0,'#578ebe'),(36,1,175,1,0,0,0,'users'),(36,1,176,1,0,0,0,'#ffffff'),(36,1,177,1,0,80,0,''),(36,1,178,1,0,0,0,''),(36,1,179,1,0,0,0,''),(36,1,180,1,0,0,0,''),(36,1,1000,1,0,0,0,''),(36,1,1001,1,0,0,0,''),(36,1,1005,1,0,0,0,''),(36,1,1005,2,0,0,0,''),(36,1,1007,1,0,0,0,''),(36,1,1008,1,0,0,0,''),(36,1,1008,2,0,0,0,''),(36,1,1009,1,0,0,0,'0,25L'),(36,1,1010,1,0,0,0,''),(36,1,1010,2,0,0,0,''),(36,1,1013,1,0,0,0,''),(36,1,1014,1,0,0,0,''),(36,1,1015,1,0,0,0,''),(36,1,1016,1,0,0,0,''),(36,1,1017,1,0,0,0,''),(36,1,1020,1,0,0,0,''),(36,1,1022,1,0,0,0,''),(37,1,21,1,0,0,0,''),(37,1,33,1,0,0,0,''),(37,1,35,1,0,0,0,''),(37,1,36,1,0,1,0,''),(37,1,38,1,0,1,0,''),(37,1,39,1,0,0,0,''),(37,1,40,1,0,0,0,''),(37,1,41,1,0,0,0,''),(37,1,42,1,0,0,0,''),(37,1,43,1,0,0,0,''),(37,1,44,1,0,0,0,''),(37,1,45,1,0,0,0,''),(37,1,46,1,0,0,0,''),(37,1,47,1,0,0,0,''),(37,1,48,1,0,0,0,''),(37,1,49,1,0,0,0,''),(37,1,50,1,0,0,0,''),(37,1,51,1,0,0,0,''),(37,1,52,1,0,0,0.35,''),(37,1,53,1,0,0,0,''),(37,1,54,1,0,0,0,''),(37,1,55,1,0,0,0,''),(37,1,56,1,0,0,0,''),(37,1,57,1,0,0,0,''),(37,1,58,1,0,0,0,''),(37,1,59,1,0,0,0,''),(37,1,60,1,0,0,0,''),(37,1,61,1,0,0,0,''),(37,1,62,1,0,0,0,''),(37,1,63,1,0,0,0,''),(37,1,65,1,0,0,0,''),(37,1,66,1,0,0,0,''),(37,1,67,1,0,0,0,''),(37,1,68,1,0,0,0,''),(37,1,69,1,0,0,0,''),(37,1,70,1,0,0,0,''),(37,1,73,1,0,0,0,'OIL-IBE-0100'),(37,1,101,1,0,11,0,''),(37,1,102,1,0,36,0,''),(37,1,103,1,0,34,0,''),(37,1,104,1,0,13,0,''),(37,1,118,1,0,3577,0,''),(37,1,119,1,0,67,0,''),(37,1,124,1,0,0,0,''),(37,1,125,1,0,0,0,''),(37,1,126,1,0,0,0,''),(37,1,127,1,0,0,0,''),(37,1,142,1,0,66,0,''),(37,1,148,1,0,0,0,''),(37,1,151,1,0,0,0,''),(37,1,156,1,0,0,0,''),(37,1,157,1,0,0,0,''),(37,1,158,1,0,47,0,''),(37,1,159,1,0,0,0,''),(37,1,160,1,0,0,0,''),(37,1,161,1,0,0,0,''),(37,1,162,1,0,0,0,''),(37,1,163,1,0,0,0,''),(37,1,164,1,0,0,0,''),(37,1,165,1,0,0,0,''),(37,1,166,1,0,0,0,''),(37,1,167,1,0,0,0,''),(37,1,168,1,0,0,0,''),(37,1,171,1,0,65,0,''),(37,1,172,1,0,0,0,''),(37,1,173,1,0,0,0,''),(37,1,174,1,0,0,0,'#578ebe'),(37,1,175,1,0,0,0,'users'),(37,1,176,1,0,0,0,'#ffffff'),(37,1,177,1,0,80,0,''),(37,1,178,1,0,0,0,''),(37,1,179,1,0,0,0,''),(37,1,180,1,0,0,0,''),(37,1,1000,1,0,0,0,''),(37,1,1001,1,0,0,0,''),(37,1,1005,2,0,0,0,''),(37,1,1007,1,0,0,0,''),(37,1,1008,2,0,0,0,''),(37,1,1009,1,0,0,0,'0,1L'),(37,1,1010,2,0,0,0,''),(37,1,1013,1,0,0,0,''),(37,1,1014,1,0,0,0,''),(37,1,1015,1,0,0,0,''),(37,1,1016,1,0,0,0,''),(37,1,1017,1,0,0,0,''),(37,1,1020,1,0,0,0,''),(38,1,21,1,0,0,0,''),(38,1,33,1,0,0,0,''),(38,1,35,1,0,0,0,''),(38,1,36,1,0,1,0,''),(38,1,38,1,0,1,0,''),(38,1,39,1,0,0,0,''),(38,1,40,1,0,0,0,''),(38,1,41,1,0,0,0,''),(38,1,42,1,0,0,0,''),(38,1,43,1,0,0,0,''),(38,1,44,1,0,0,0,''),(38,1,45,1,0,0,0,''),(38,1,46,1,0,0,0,''),(38,1,47,1,0,0,0,''),(38,1,48,1,0,0,0,''),(38,1,49,1,0,0,0,''),(38,1,50,1,0,0,0,''),(38,1,51,1,0,0,0,''),(38,1,52,1,0,0,0.5,''),(38,1,53,1,0,0,0,''),(38,1,54,1,0,0,0,''),(38,1,55,1,0,0,0,''),(38,1,56,1,0,0,0,''),(38,1,57,1,0,0,0,''),(38,1,58,1,0,0,0,''),(38,1,59,1,0,0,0,''),(38,1,60,1,0,0,0,''),(38,1,61,1,0,0,0,''),(38,1,62,1,0,0,0,''),(38,1,63,1,0,0,0,''),(38,1,65,1,0,0,0,''),(38,1,66,1,0,0,0,''),(38,1,67,1,0,0,0,''),(38,1,68,1,0,0,0,''),(38,1,69,1,0,0,0,''),(38,1,70,1,0,0,0,''),(38,1,73,1,0,0,0,'OIL-IBE-0250'),(38,1,101,1,0,11,0,''),(38,1,102,1,0,37,0,''),(38,1,103,1,0,34,0,''),(38,1,104,1,0,13,0,''),(38,1,118,1,0,3578,0,''),(38,1,119,1,0,68,0,''),(38,1,124,1,0,0,0,''),(38,1,125,1,0,0,0,''),(38,1,126,1,0,0,0,''),(38,1,127,1,0,0,0,''),(38,1,142,1,0,67,0,''),(38,1,148,1,0,0,0,''),(38,1,151,1,0,0,0,''),(38,1,156,1,0,0,0,''),(38,1,157,1,0,0,0,''),(38,1,158,1,0,47,0,''),(38,1,159,1,0,0,0,''),(38,1,160,1,0,0,0,''),(38,1,161,1,0,0,0,''),(38,1,162,1,0,0,0,''),(38,1,163,1,0,0,0,''),(38,1,164,1,0,0,0,''),(38,1,165,1,0,0,0,''),(38,1,166,1,0,0,0,''),(38,1,167,1,0,0,0,''),(38,1,168,1,0,0,0,''),(38,1,171,1,0,65,0,''),(38,1,172,1,0,0,0,''),(38,1,173,1,0,0,0,''),(38,1,174,1,0,0,0,'#578ebe'),(38,1,175,1,0,0,0,'users'),(38,1,176,1,0,0,0,'#ffffff'),(38,1,177,1,0,80,0,''),(38,1,178,1,0,0,0,''),(38,1,179,1,0,0,0,''),(38,1,180,1,0,0,0,''),(38,1,1000,1,0,0,0,''),(38,1,1001,1,0,0,0,''),(38,1,1005,2,0,0,0,''),(38,1,1007,1,0,0,0,''),(38,1,1008,2,0,0,0,''),(38,1,1009,1,0,0,0,'0,25L'),(38,1,1010,2,0,0,0,''),(38,1,1013,1,0,0,0,''),(38,1,1014,1,0,0,0,''),(38,1,1015,1,0,0,0,''),(38,1,1016,1,0,0,0,''),(38,1,1017,1,0,0,0,''),(38,1,1020,1,0,0,0,''),(39,1,21,1,0,0,0,''),(39,1,33,1,0,0,0,''),(39,1,35,1,0,0,0,''),(39,1,36,1,0,1,0,''),(39,1,38,1,0,1,0,''),(39,1,39,1,0,0,0,''),(39,1,40,1,0,0,0,''),(39,1,41,1,0,0,0,''),(39,1,42,1,0,0,0,''),(39,1,43,1,0,0,0,''),(39,1,44,1,0,0,0,''),(39,1,45,1,0,0,0,''),(39,1,46,1,0,0,0,''),(39,1,47,1,0,0,0,''),(39,1,48,1,0,0,0,''),(39,1,49,1,0,0,0,''),(39,1,50,1,0,0,0,''),(39,1,51,1,0,0,0,''),(39,1,52,1,0,0,0.75,''),(39,1,53,1,0,0,0,''),(39,1,54,1,0,0,0,''),(39,1,55,1,0,0,0,''),(39,1,56,1,0,0,0,''),(39,1,57,1,0,0,0,''),(39,1,58,1,0,0,0,''),(39,1,59,1,0,0,0,''),(39,1,60,1,0,0,0,''),(39,1,61,1,0,0,0,''),(39,1,62,1,0,0,0,''),(39,1,63,1,0,0,0,''),(39,1,65,1,0,0,0,''),(39,1,66,1,0,0,0,''),(39,1,67,1,0,0,0,''),(39,1,68,1,0,0,0,''),(39,1,69,1,0,0,0,''),(39,1,70,1,0,0,0,''),(39,1,73,1,0,0,0,'OIL-IBE-0500'),(39,1,101,1,0,11,0,''),(39,1,102,1,0,38,0,''),(39,1,103,1,0,34,0,''),(39,1,104,1,0,13,0,''),(39,1,118,1,0,3579,0,''),(39,1,119,1,0,69,0,''),(39,1,124,1,0,0,0,''),(39,1,125,1,0,0,0,''),(39,1,126,1,0,0,0,''),(39,1,127,1,0,0,0,''),(39,1,142,1,0,68,0,''),(39,1,148,1,0,0,0,''),(39,1,151,1,0,0,0,''),(39,1,156,1,0,0,0,''),(39,1,157,1,0,0,0,''),(39,1,158,1,0,47,0,''),(39,1,159,1,0,0,0,''),(39,1,160,1,0,0,0,''),(39,1,161,1,0,0,0,''),(39,1,162,1,0,0,0,''),(39,1,163,1,0,0,0,''),(39,1,164,1,0,0,0,''),(39,1,165,1,0,0,0,''),(39,1,166,1,0,0,0,''),(39,1,167,1,0,0,0,''),(39,1,168,1,0,0,0,''),(39,1,171,1,0,65,0,''),(39,1,172,1,0,0,0,''),(39,1,173,1,0,0,0,''),(39,1,174,1,0,0,0,'#578ebe'),(39,1,175,1,0,0,0,'users'),(39,1,176,1,0,0,0,'#ffffff'),(39,1,177,1,0,80,0,''),(39,1,178,1,0,0,0,''),(39,1,179,1,0,0,0,''),(39,1,180,1,0,0,0,''),(39,1,1000,1,0,0,0,''),(39,1,1001,1,0,0,0,''),(39,1,1005,2,0,0,0,''),(39,1,1007,1,0,0,0,''),(39,1,1008,2,0,0,0,''),(39,1,1009,1,0,0,0,'0,5L'),(39,1,1010,2,0,0,0,''),(39,1,1013,1,0,0,0,''),(39,1,1014,1,0,0,0,''),(39,1,1015,1,0,0,0,''),(39,1,1016,1,0,0,0,''),(39,1,1017,1,0,0,0,''),(39,1,1020,1,0,0,0,''),(40,1,21,1,0,0,0,''),(40,1,33,1,0,0,0,''),(40,1,35,1,0,0,0,''),(40,1,36,1,0,1,0,''),(40,1,38,1,0,1,0,''),(40,1,39,1,0,0,0,''),(40,1,40,1,0,0,0,''),(40,1,41,1,0,0,0,''),(40,1,42,1,0,0,0,''),(40,1,43,1,0,0,0,''),(40,1,44,1,0,0,0,''),(40,1,45,1,0,0,0,''),(40,1,46,1,0,0,0,''),(40,1,47,1,0,0,0,''),(40,1,48,1,0,0,0,''),(40,1,49,1,0,0,0,''),(40,1,50,1,0,0,0,''),(40,1,51,1,0,0,0,''),(40,1,52,1,0,0,0.35,''),(40,1,53,1,0,0,0,''),(40,1,54,1,0,0,0,''),(40,1,55,1,0,0,0,''),(40,1,56,1,0,0,0,''),(40,1,57,1,0,0,0,''),(40,1,58,1,0,0,0,''),(40,1,59,1,0,0,0,''),(40,1,60,1,0,0,0,''),(40,1,61,1,0,0,0,''),(40,1,62,1,0,0,0,''),(40,1,63,1,0,0,0,''),(40,1,65,1,0,0,0,''),(40,1,66,1,0,0,0,''),(40,1,67,1,0,0,0,''),(40,1,68,1,0,0,0,''),(40,1,69,1,0,0,0,''),(40,1,70,1,0,0,0,''),(40,1,73,1,0,0,0,'OIL-CUV-0100'),(40,1,101,1,0,11,0,''),(40,1,102,1,0,39,0,''),(40,1,103,1,0,34,0,''),(40,1,104,1,0,13,0,''),(40,1,118,1,0,3580,0,''),(40,1,119,1,0,70,0,''),(40,1,124,1,0,0,0,''),(40,1,125,1,0,0,0,''),(40,1,126,1,0,0,0,''),(40,1,127,1,0,0,0,''),(40,1,142,1,0,69,0,''),(40,1,148,1,0,0,0,''),(40,1,151,1,0,0,0,''),(40,1,156,1,0,0,0,''),(40,1,157,1,0,0,0,''),(40,1,158,1,0,47,0,''),(40,1,159,1,0,0,0,''),(40,1,160,1,0,0,0,''),(40,1,161,1,0,0,0,''),(40,1,162,1,0,0,0,''),(40,1,163,1,0,0,0,''),(40,1,164,1,0,0,0,''),(40,1,165,1,0,0,0,''),(40,1,166,1,0,0,0,''),(40,1,167,1,0,0,0,''),(40,1,168,1,0,0,0,''),(40,1,171,1,0,65,0,''),(40,1,172,1,0,0,0,''),(40,1,173,1,0,0,0,''),(40,1,174,1,0,0,0,'#578ebe'),(40,1,175,1,0,0,0,'users'),(40,1,176,1,0,0,0,'#ffffff'),(40,1,177,1,0,80,0,''),(40,1,178,1,0,0,0,''),(40,1,179,1,0,0,0,''),(40,1,180,1,0,0,0,''),(40,1,1000,1,0,0,0,''),(40,1,1001,1,0,0,0,''),(40,1,1005,1,0,0,0,''),(40,1,1005,2,0,0,0,''),(40,1,1007,1,0,0,0,''),(40,1,1008,1,0,0,0,''),(40,1,1008,2,0,0,0,''),(40,1,1009,1,0,0,0,'0,1L'),(40,1,1010,1,0,0,0,''),(40,1,1010,2,0,0,0,''),(40,1,1013,1,0,0,0,''),(40,1,1014,1,0,0,0,''),(40,1,1015,1,0,0,0,''),(40,1,1016,1,0,0,0,''),(40,1,1017,1,0,0,0,''),(40,1,1020,1,0,0,0,''),(40,1,1022,1,0,0,0,''),(41,1,21,1,0,0,0,''),(41,1,33,1,0,0,0,''),(41,1,35,1,0,0,0,''),(41,1,36,1,0,1,0,''),(41,1,38,1,0,1,0,''),(41,1,39,1,0,0,0,''),(41,1,40,1,0,0,0,''),(41,1,41,1,0,0,0,''),(41,1,42,1,0,0,0,''),(41,1,43,1,0,0,0,''),(41,1,44,1,0,0,0,''),(41,1,45,1,0,0,0,''),(41,1,46,1,0,0,0,''),(41,1,47,1,0,0,0,''),(41,1,48,1,0,0,0,''),(41,1,49,1,0,0,0,''),(41,1,50,1,0,0,0,''),(41,1,51,1,0,0,0,''),(41,1,52,1,0,0,0.5,''),(41,1,53,1,0,0,0,''),(41,1,54,1,0,0,0,''),(41,1,55,1,0,0,0,''),(41,1,56,1,0,0,0,''),(41,1,57,1,0,0,0,''),(41,1,58,1,0,0,0,''),(41,1,59,1,0,0,0,''),(41,1,60,1,0,0,0,''),(41,1,61,1,0,0,0,''),(41,1,62,1,0,0,0,''),(41,1,63,1,0,0,0,''),(41,1,65,1,0,0,0,''),(41,1,66,1,0,0,0,''),(41,1,67,1,0,0,0,''),(41,1,68,1,0,0,0,''),(41,1,69,1,0,0,0,''),(41,1,70,1,0,0,0,''),(41,1,73,1,0,0,0,'OIL-CUV-0250'),(41,1,101,1,0,11,0,''),(41,1,102,1,0,40,0,''),(41,1,103,1,0,34,0,''),(41,1,104,1,0,13,0,''),(41,1,118,1,0,3581,0,''),(41,1,119,1,0,71,0,''),(41,1,124,1,0,0,0,''),(41,1,125,1,0,0,0,''),(41,1,126,1,0,0,0,''),(41,1,127,1,0,0,0,''),(41,1,142,1,0,70,0,''),(41,1,148,1,0,0,0,''),(41,1,151,1,0,0,0,''),(41,1,156,1,0,0,0,''),(41,1,157,1,0,0,0,''),(41,1,158,1,0,47,0,''),(41,1,159,1,0,0,0,''),(41,1,160,1,0,0,0,''),(41,1,161,1,0,0,0,''),(41,1,162,1,0,0,0,''),(41,1,163,1,0,0,0,''),(41,1,164,1,0,0,0,''),(41,1,165,1,0,0,0,''),(41,1,166,1,0,0,0,''),(41,1,167,1,0,0,0,''),(41,1,168,1,0,0,0,''),(41,1,171,1,0,65,0,''),(41,1,172,1,0,0,0,''),(41,1,173,1,0,0,0,''),(41,1,174,1,0,0,0,'#578ebe'),(41,1,175,1,0,0,0,'users'),(41,1,176,1,0,0,0,'#ffffff'),(41,1,177,1,0,80,0,''),(41,1,178,1,0,0,0,''),(41,1,179,1,0,0,0,''),(41,1,180,1,0,0,0,''),(41,1,1000,1,0,0,0,''),(41,1,1001,1,0,0,0,''),(41,1,1005,1,0,0,0,''),(41,1,1005,2,0,0,0,''),(41,1,1007,1,0,0,0,''),(41,1,1008,1,0,0,0,''),(41,1,1008,2,0,0,0,''),(41,1,1009,1,0,0,0,'0,25L'),(41,1,1010,1,0,0,0,''),(41,1,1010,2,0,0,0,''),(41,1,1013,1,0,0,0,''),(41,1,1014,1,0,0,0,''),(41,1,1015,1,0,0,0,''),(41,1,1016,1,0,0,0,''),(41,1,1017,1,0,0,0,''),(41,1,1020,1,0,0,0,''),(41,1,1022,1,0,0,0,''),(42,1,21,1,0,0,0,''),(42,1,33,1,0,0,0,''),(42,1,35,1,0,0,0,''),(42,1,36,1,0,1,0,''),(42,1,38,1,0,1,0,''),(42,1,39,1,0,0,0,''),(42,1,40,1,0,0,0,''),(42,1,41,1,0,0,0,''),(42,1,42,1,0,0,0,''),(42,1,43,1,0,0,0,''),(42,1,44,1,0,0,0,''),(42,1,45,1,0,0,0,''),(42,1,46,1,0,0,0,''),(42,1,47,1,0,0,0,''),(42,1,48,1,0,0,0,''),(42,1,49,1,0,0,0,''),(42,1,50,1,0,0,0,''),(42,1,51,1,0,0,0,''),(42,1,52,1,0,0,0.75,''),(42,1,53,1,0,0,0,''),(42,1,54,1,0,0,0,''),(42,1,55,1,0,0,0,''),(42,1,56,1,0,0,0,''),(42,1,57,1,0,0,0,''),(42,1,58,1,0,0,0,''),(42,1,59,1,0,0,0,''),(42,1,60,1,0,0,0,''),(42,1,61,1,0,0,0,''),(42,1,62,1,0,0,0,''),(42,1,63,1,0,0,0,''),(42,1,65,1,0,0,0,''),(42,1,66,1,0,0,0,''),(42,1,67,1,0,0,0,''),(42,1,68,1,0,0,0,''),(42,1,69,1,0,0,0,''),(42,1,70,1,0,0,0,''),(42,1,73,1,0,0,0,'OIL-CUV-0500'),(42,1,101,1,0,11,0,''),(42,1,102,1,0,41,0,''),(42,1,103,1,0,34,0,''),(42,1,104,1,0,13,0,''),(42,1,118,1,0,3582,0,''),(42,1,119,1,0,72,0,''),(42,1,124,1,0,0,0,''),(42,1,125,1,0,0,0,''),(42,1,126,1,0,0,0,''),(42,1,127,1,0,0,0,''),(42,1,142,1,0,71,0,''),(42,1,148,1,0,0,0,''),(42,1,151,1,0,0,0,''),(42,1,156,1,0,0,0,''),(42,1,157,1,0,0,0,''),(42,1,158,1,0,47,0,''),(42,1,159,1,0,0,0,''),(42,1,160,1,0,0,0,''),(42,1,161,1,0,0,0,''),(42,1,162,1,0,0,0,''),(42,1,163,1,0,0,0,''),(42,1,164,1,0,0,0,''),(42,1,165,1,0,0,0,''),(42,1,166,1,0,0,0,''),(42,1,167,1,0,0,0,''),(42,1,168,1,0,0,0,''),(42,1,171,1,0,65,0,''),(42,1,172,1,0,0,0,''),(42,1,173,1,0,0,0,''),(42,1,174,1,0,0,0,'#578ebe'),(42,1,175,1,0,0,0,'users'),(42,1,176,1,0,0,0,'#ffffff'),(42,1,177,1,0,80,0,''),(42,1,178,1,0,0,0,''),(42,1,179,1,0,0,0,''),(42,1,180,1,0,0,0,''),(42,1,1000,1,0,0,0,''),(42,1,1001,1,0,0,0,''),(42,1,1005,1,0,0,0,''),(42,1,1005,2,0,0,0,''),(42,1,1007,1,0,0,0,''),(42,1,1008,1,0,0,0,''),(42,1,1008,2,0,0,0,''),(42,1,1009,1,0,0,0,'0,5L'),(42,1,1010,1,0,0,0,''),(42,1,1010,2,0,0,0,''),(42,1,1013,1,0,0,0,''),(42,1,1014,1,0,0,0,''),(42,1,1015,1,0,0,0,''),(42,1,1016,1,0,0,0,''),(42,1,1017,1,0,0,0,''),(42,1,1020,1,0,0,0,''),(42,1,1022,1,0,0,0,''),(43,1,21,1,0,0,0,''),(43,1,33,1,0,0,0,''),(43,1,35,1,0,0,0,''),(43,1,36,1,0,1,0,''),(43,1,38,1,0,1,0,''),(43,1,39,1,0,0,0,''),(43,1,40,1,0,0,0,''),(43,1,41,1,0,0,0,''),(43,1,42,1,0,0,0,''),(43,1,43,1,0,0,0,''),(43,1,44,1,0,0,0,''),(43,1,45,1,0,0,0,''),(43,1,46,1,0,0,0,''),(43,1,47,1,0,0,0,''),(43,1,48,1,0,0,0,''),(43,1,49,1,0,0,0,''),(43,1,50,1,0,0,0,''),(43,1,51,1,0,0,0,''),(43,1,52,1,0,0,0,''),(43,1,53,1,0,0,0,''),(43,1,54,1,0,0,0,''),(43,1,55,1,0,0,0,''),(43,1,56,1,0,0,0,''),(43,1,57,1,0,0,0,''),(43,1,58,1,0,0,0,''),(43,1,59,1,0,0,0,''),(43,1,60,1,0,0,0,''),(43,1,61,1,0,0,0,''),(43,1,62,1,0,0,0,''),(43,1,63,1,0,0,0,''),(43,1,65,1,0,0,0,''),(43,1,66,1,0,0,0,''),(43,1,67,1,0,0,0,''),(43,1,68,1,0,0,0,''),(43,1,69,1,0,0,0,''),(43,1,70,1,0,0,0,''),(43,1,73,1,0,0,0,'OIL-OLO'),(43,1,101,1,0,44,0,''),(43,1,103,1,0,34,0,''),(43,1,104,1,0,13,0,''),(43,1,118,1,0,3583,0,''),(43,1,119,1,0,73,0,''),(43,1,124,1,0,0,0,''),(43,1,125,1,0,0,0,''),(43,1,126,1,0,0,0,''),(43,1,127,1,0,0,0,''),(43,1,142,1,0,72,0,''),(43,1,148,1,0,0,0,''),(43,1,151,1,0,0,0,''),(43,1,156,1,0,0,0,''),(43,1,157,1,0,0,0,''),(43,1,158,1,0,47,0,''),(43,1,159,1,0,0,0,''),(43,1,160,1,0,0,9.132420091324201,''),(43,1,161,1,0,0,0,''),(43,1,162,1,0,0,0,''),(43,1,163,1,0,0,0,''),(43,1,164,1,0,0,0,''),(43,1,165,1,0,0,0,''),(43,1,166,1,0,0,0,''),(43,1,167,1,0,0,0,''),(43,1,168,1,0,0,0,''),(43,1,171,1,0,65,0,''),(43,1,172,1,0,0,0,''),(43,1,173,1,0,1,0,''),(43,1,174,1,0,0,0,'#578ebe'),(43,1,175,1,0,0,0,'users'),(43,1,176,1,0,0,0,'#ffffff'),(43,1,177,1,0,80,0,''),(43,1,178,1,0,0,0,''),(43,1,179,1,0,0,0,''),(43,1,180,1,0,0,0,''),(43,1,1000,1,0,0,0,''),(43,1,1001,1,0,0,0,''),(43,1,1005,1,0,0,0,''),(43,1,1005,2,0,0,0,''),(43,1,1007,1,0,0,0,''),(43,1,1008,1,0,0,0,''),(43,1,1008,2,0,0,0,''),(43,1,1009,1,0,0,0,''),(43,1,1010,1,0,0,0,''),(43,1,1010,2,0,0,0,'&lt;p&gt;&lt;strong&gt;olive&lt;/strong&gt;oil&lt;strong&gt;&lt;span class=&quot;one_love_dark_green one_love_light_green&quot;&gt;Two&lt;/span&gt;&lt;span class=&quot;one_love_skin&quot;&gt;Oils&lt;/span&gt;&lt;span class=&quot;one_love_dark_green&quot;&gt;One&lt;/span&gt;&lt;span class=&quot;one_love_red&quot;&gt;Love&lt;/span&gt;&lt;/strong&gt;&lt;/p&gt;'),(43,1,1013,1,0,109,0,''),(43,1,1014,1,0,0,0,'91,100,101,128'),(43,1,1015,1,0,0,0,''),(43,1,1016,1,0,0,0,''),(43,1,1017,1,0,1,0,''),(43,1,1020,1,0,0,0,''),(43,1,1022,1,0,0,0,''),(44,1,21,1,0,0,0,''),(44,1,33,1,0,0,0,''),(44,1,35,1,0,0,0,''),(44,1,36,1,0,1,0,''),(44,1,38,1,0,1,0,''),(44,1,39,1,0,0,0,''),(44,1,40,1,0,0,0,''),(44,1,41,1,0,0,0,''),(44,1,42,1,0,0,0,''),(44,1,43,1,0,0,0,''),(44,1,44,1,0,0,0,''),(44,1,45,1,0,0,0,''),(44,1,46,1,0,0,0,''),(44,1,47,1,0,0,0,''),(44,1,48,1,0,0,0,''),(44,1,49,1,0,0,0,''),(44,1,50,1,0,0,0,''),(44,1,51,1,0,0,0,''),(44,1,52,1,0,0,0.35,''),(44,1,53,1,0,0,0,''),(44,1,54,1,0,0,0,''),(44,1,55,1,0,0,0,''),(44,1,56,1,0,0,0,''),(44,1,57,1,0,0,0,''),(44,1,58,1,0,0,0,''),(44,1,59,1,0,0,0,''),(44,1,60,1,0,0,0,''),(44,1,61,1,0,0,0,''),(44,1,62,1,0,0,0,''),(44,1,63,1,0,0,0,''),(44,1,65,1,0,0,0,''),(44,1,66,1,0,0,0,''),(44,1,67,1,0,0,0,''),(44,1,68,1,0,0,0,''),(44,1,69,1,0,0,0,''),(44,1,70,1,0,0,0,''),(44,1,73,1,0,0,0,'OIL-OLO-0100'),(44,1,101,1,0,11,0,''),(44,1,102,1,0,42,0,''),(44,1,103,1,0,34,0,''),(44,1,104,1,0,13,0,''),(44,1,118,1,0,3584,0,''),(44,1,119,1,0,74,0,''),(44,1,124,1,0,0,0,''),(44,1,125,1,0,0,0,''),(44,1,126,1,0,0,0,''),(44,1,127,1,0,0,0,''),(44,1,142,1,0,73,0,''),(44,1,148,1,0,0,0,''),(44,1,151,1,0,0,0,''),(44,1,156,1,0,0,0,''),(44,1,157,1,0,0,0,''),(44,1,158,1,0,47,0,''),(44,1,159,1,0,0,0,''),(44,1,160,1,0,0,0,''),(44,1,161,1,0,0,0,''),(44,1,162,1,0,0,0,''),(44,1,163,1,0,0,0,''),(44,1,164,1,0,0,0,''),(44,1,165,1,0,0,0,''),(44,1,166,1,0,0,0,''),(44,1,167,1,0,0,0,''),(44,1,168,1,0,0,0,''),(44,1,171,1,0,65,0,''),(44,1,172,1,0,0,0,''),(44,1,173,1,0,0,0,''),(44,1,174,1,0,0,0,'#578ebe'),(44,1,175,1,0,0,0,'users'),(44,1,176,1,0,0,0,'#ffffff'),(44,1,177,1,0,80,0,''),(44,1,178,1,0,0,0,''),(44,1,179,1,0,0,0,''),(44,1,180,1,0,0,0,''),(44,1,1000,1,0,0,0,''),(44,1,1001,1,0,0,0,''),(44,1,1005,1,0,0,0,''),(44,1,1005,2,0,0,0,''),(44,1,1007,1,0,0,0,''),(44,1,1008,1,0,0,0,''),(44,1,1008,2,0,0,0,''),(44,1,1009,1,0,0,0,'0,1L'),(44,1,1010,1,0,0,0,''),(44,1,1010,2,0,0,0,''),(44,1,1013,1,0,0,0,''),(44,1,1014,1,0,0,0,''),(44,1,1015,1,0,0,0,''),(44,1,1016,1,0,0,0,''),(44,1,1017,1,0,0,0,''),(44,1,1020,1,0,0,0,''),(45,1,21,1,0,0,0,''),(45,1,33,1,0,0,0,''),(45,1,35,1,0,0,0,''),(45,1,36,1,0,1,0,''),(45,1,38,1,0,1,0,''),(45,1,39,1,0,0,0,''),(45,1,40,1,0,0,0,''),(45,1,41,1,0,0,0,''),(45,1,42,1,0,0,0,''),(45,1,43,1,0,0,0,''),(45,1,44,1,0,0,0,''),(45,1,45,1,0,0,0,''),(45,1,46,1,0,0,0,''),(45,1,47,1,0,0,0,''),(45,1,48,1,0,0,0,''),(45,1,49,1,0,0,0,''),(45,1,50,1,0,0,0,''),(45,1,51,1,0,0,0,''),(45,1,52,1,0,0,0.5,''),(45,1,53,1,0,0,0,''),(45,1,54,1,0,0,0,''),(45,1,55,1,0,0,0,''),(45,1,56,1,0,0,0,''),(45,1,57,1,0,0,0,''),(45,1,58,1,0,0,0,''),(45,1,59,1,0,0,0,''),(45,1,60,1,0,0,0,''),(45,1,61,1,0,0,0,''),(45,1,62,1,0,0,0,''),(45,1,63,1,0,0,0,''),(45,1,65,1,0,0,0,''),(45,1,66,1,0,0,0,''),(45,1,67,1,0,0,0,''),(45,1,68,1,0,0,0,''),(45,1,69,1,0,0,0,''),(45,1,70,1,0,0,0,''),(45,1,73,1,0,0,0,'OIL-OLO-0250'),(45,1,101,1,0,11,0,''),(45,1,102,1,0,43,0,''),(45,1,103,1,0,34,0,''),(45,1,104,1,0,13,0,''),(45,1,118,1,0,3585,0,''),(45,1,119,1,0,75,0,''),(45,1,124,1,0,0,0,''),(45,1,125,1,0,0,0,''),(45,1,126,1,0,0,0,''),(45,1,127,1,0,0,0,''),(45,1,142,1,0,74,0,''),(45,1,148,1,0,0,0,''),(45,1,151,1,0,0,0,''),(45,1,156,1,0,0,0,''),(45,1,157,1,0,0,0,''),(45,1,158,1,0,47,0,''),(45,1,159,1,0,0,0,''),(45,1,160,1,0,0,0,''),(45,1,161,1,0,0,0,''),(45,1,162,1,0,0,0,''),(45,1,163,1,0,0,0,''),(45,1,164,1,0,0,0,''),(45,1,165,1,0,0,0,''),(45,1,166,1,0,0,0,''),(45,1,167,1,0,0,0,''),(45,1,168,1,0,0,0,''),(45,1,171,1,0,65,0,''),(45,1,172,1,0,0,0,''),(45,1,173,1,0,0,0,''),(45,1,174,1,0,0,0,'#578ebe'),(45,1,175,1,0,0,0,'users'),(45,1,176,1,0,0,0,'#ffffff'),(45,1,177,1,0,80,0,''),(45,1,178,1,0,0,0,''),(45,1,179,1,0,0,0,''),(45,1,180,1,0,0,0,''),(45,1,1000,1,0,0,0,''),(45,1,1001,1,0,0,0,''),(45,1,1005,1,0,0,0,''),(45,1,1005,2,0,0,0,''),(45,1,1007,1,0,0,0,''),(45,1,1008,1,0,0,0,''),(45,1,1008,2,0,0,0,''),(45,1,1009,1,0,0,0,''),(45,1,1010,1,0,0,0,''),(45,1,1010,2,0,0,0,''),(45,1,1013,1,0,0,0,''),(45,1,1014,1,0,0,0,''),(45,1,1015,1,0,0,0,''),(45,1,1016,1,0,0,0,''),(45,1,1017,1,0,0,0,''),(45,1,1020,1,0,0,0,''),(46,1,21,1,0,0,0,''),(46,1,33,1,0,0,0,''),(46,1,35,1,0,0,0,''),(46,1,36,1,0,1,0,''),(46,1,38,1,0,1,0,''),(46,1,39,1,0,0,0,''),(46,1,40,1,0,0,0,''),(46,1,41,1,0,0,0,''),(46,1,42,1,0,0,0,''),(46,1,43,1,0,0,0,''),(46,1,44,1,0,0,0,''),(46,1,45,1,0,0,0,''),(46,1,46,1,0,0,0,''),(46,1,47,1,0,0,0,''),(46,1,48,1,0,0,0,''),(46,1,49,1,0,0,0,''),(46,1,50,1,0,0,0,''),(46,1,51,1,0,0,0,''),(46,1,52,1,0,0,0.75,''),(46,1,53,1,0,0,0,''),(46,1,54,1,0,0,0,''),(46,1,55,1,0,0,0,''),(46,1,56,1,0,0,0,''),(46,1,57,1,0,0,0,''),(46,1,58,1,0,0,0,''),(46,1,59,1,0,0,0,''),(46,1,60,1,0,0,0,''),(46,1,61,1,0,0,0,''),(46,1,62,1,0,0,0,''),(46,1,63,1,0,0,0,''),(46,1,65,1,0,0,0,''),(46,1,66,1,0,0,0,''),(46,1,67,1,0,0,0,''),(46,1,68,1,0,0,0,''),(46,1,69,1,0,0,0,''),(46,1,70,1,0,0,0,''),(46,1,73,1,0,0,0,'OIL-OLO-0500'),(46,1,101,1,0,11,0,''),(46,1,102,1,0,44,0,''),(46,1,103,1,0,34,0,''),(46,1,104,1,0,13,0,''),(46,1,118,1,0,3586,0,''),(46,1,119,1,0,76,0,''),(46,1,124,1,0,0,0,''),(46,1,125,1,0,0,0,''),(46,1,126,1,0,0,0,''),(46,1,127,1,0,0,0,''),(46,1,142,1,0,75,0,''),(46,1,148,1,0,0,0,''),(46,1,151,1,0,0,0,''),(46,1,156,1,0,0,0,''),(46,1,157,1,0,0,0,''),(46,1,158,1,0,47,0,''),(46,1,159,1,0,0,0,''),(46,1,160,1,0,0,0,''),(46,1,161,1,0,0,0,''),(46,1,162,1,0,0,0,''),(46,1,163,1,0,0,0,''),(46,1,164,1,0,0,0,''),(46,1,165,1,0,0,0,''),(46,1,166,1,0,0,0,''),(46,1,167,1,0,0,0,''),(46,1,168,1,0,0,0,''),(46,1,171,1,0,65,0,''),(46,1,172,1,0,0,0,''),(46,1,173,1,0,0,0,''),(46,1,174,1,0,0,0,'#578ebe'),(46,1,175,1,0,0,0,'users'),(46,1,176,1,0,0,0,'#ffffff'),(46,1,177,1,0,80,0,''),(46,1,178,1,0,0,0,''),(46,1,179,1,0,0,0,''),(46,1,180,1,0,0,0,''),(46,1,1000,1,0,0,0,''),(46,1,1001,1,0,0,0,''),(46,1,1005,1,0,0,0,''),(46,1,1005,2,0,0,0,''),(46,1,1007,1,0,0,0,''),(46,1,1008,1,0,0,0,''),(46,1,1008,2,0,0,0,''),(46,1,1009,1,0,0,0,'0,5L'),(46,1,1010,1,0,0,0,''),(46,1,1010,2,0,0,0,''),(46,1,1013,1,0,0,0,''),(46,1,1014,1,0,0,0,''),(46,1,1015,1,0,0,0,''),(46,1,1016,1,0,0,0,''),(46,1,1017,1,0,0,0,''),(46,1,1020,1,0,0,0,''),(47,1,21,1,0,0,0,''),(47,1,33,1,0,0,0,''),(47,1,35,1,0,0,0,''),(47,1,36,1,0,1,0,''),(47,1,38,1,0,1,0,''),(47,1,39,1,0,0,0,''),(47,1,40,1,0,0,0,''),(47,1,41,1,0,0,0,''),(47,1,42,1,0,0,0,''),(47,1,43,1,0,0,0,''),(47,1,44,1,0,0,0,''),(47,1,45,1,0,0,0,''),(47,1,46,1,0,0,0,''),(47,1,47,1,0,0,0,''),(47,1,48,1,0,0,0,''),(47,1,49,1,0,0,0,''),(47,1,50,1,0,0,0,''),(47,1,51,1,0,0,0,''),(47,1,52,1,0,0,0.35,''),(47,1,53,1,0,0,0,''),(47,1,54,1,0,0,0,''),(47,1,55,1,0,0,0,''),(47,1,56,1,0,0,0,''),(47,1,57,1,0,0,0,''),(47,1,58,1,0,0,0,''),(47,1,59,1,0,0,0,''),(47,1,60,1,0,0,0,''),(47,1,61,1,0,0,0,''),(47,1,62,1,0,0,0,''),(47,1,63,1,0,0,0,''),(47,1,65,1,0,0,0,''),(47,1,66,1,0,0,0,''),(47,1,67,1,0,0,0,''),(47,1,68,1,0,0,0,''),(47,1,69,1,0,0,0,''),(47,1,70,1,0,0,0,''),(47,1,73,1,0,0,0,'OIL-LEM-0100'),(47,1,101,1,0,11,0,''),(47,1,102,1,0,45,0,''),(47,1,103,1,0,34,0,''),(47,1,104,1,0,13,0,''),(47,1,118,1,0,3587,0,''),(47,1,119,1,0,77,0,''),(47,1,124,1,0,0,0,''),(47,1,125,1,0,0,0,''),(47,1,126,1,0,0,0,''),(47,1,127,1,0,0,0,''),(47,1,142,1,0,76,0,''),(47,1,148,1,0,0,0,''),(47,1,151,1,0,0,0,''),(47,1,156,1,0,0,0,''),(47,1,157,1,0,0,0,''),(47,1,158,1,0,47,0,''),(47,1,159,1,0,0,0,''),(47,1,160,1,0,0,0,''),(47,1,161,1,0,0,0,''),(47,1,162,1,0,0,0,''),(47,1,163,1,0,0,0,''),(47,1,164,1,0,0,0,''),(47,1,165,1,0,0,0,''),(47,1,166,1,0,0,0,''),(47,1,167,1,0,0,0,''),(47,1,168,1,0,0,0,''),(47,1,171,1,0,65,0,''),(47,1,172,1,0,0,0,''),(47,1,173,1,0,0,0,''),(47,1,174,1,0,0,0,'#578ebe'),(47,1,175,1,0,0,0,'users'),(47,1,176,1,0,0,0,'#ffffff'),(47,1,177,1,0,80,0,''),(47,1,178,1,0,0,0,''),(47,1,179,1,0,0,0,''),(47,1,180,1,0,0,0,''),(47,1,1000,1,0,0,0,''),(47,1,1001,1,0,0,0,''),(47,1,1005,2,0,0,0,''),(47,1,1007,1,0,0,0,''),(47,1,1008,2,0,0,0,''),(47,1,1009,1,0,0,0,'0,1L'),(47,1,1010,2,0,0,0,''),(47,1,1013,1,0,0,0,''),(47,1,1014,1,0,0,0,''),(47,1,1015,1,0,0,0,''),(47,1,1016,1,0,0,0,''),(47,1,1017,1,0,0,0,''),(47,1,1020,1,0,0,0,''),(48,1,21,1,0,0,0,''),(48,1,33,1,0,0,0,''),(48,1,35,1,0,0,0,''),(48,1,36,1,0,1,0,''),(48,1,38,1,0,1,0,''),(48,1,39,1,0,0,0,''),(48,1,40,1,0,0,0,''),(48,1,41,1,0,0,0,''),(48,1,42,1,0,0,0,''),(48,1,43,1,0,0,0,''),(48,1,44,1,0,0,0,''),(48,1,45,1,0,0,0,''),(48,1,46,1,0,0,0,''),(48,1,47,1,0,0,0,''),(48,1,48,1,0,0,0,''),(48,1,49,1,0,0,0,''),(48,1,50,1,0,0,0,''),(48,1,51,1,0,0,0,''),(48,1,52,1,0,0,0.5,''),(48,1,53,1,0,0,0,''),(48,1,54,1,0,0,0,''),(48,1,55,1,0,0,0,''),(48,1,56,1,0,0,0,''),(48,1,57,1,0,0,0,''),(48,1,58,1,0,0,0,''),(48,1,59,1,0,0,0,''),(48,1,60,1,0,0,0,''),(48,1,61,1,0,0,0,''),(48,1,62,1,0,0,0,''),(48,1,63,1,0,0,0,''),(48,1,65,1,0,0,0,''),(48,1,66,1,0,0,0,''),(48,1,67,1,0,0,0,''),(48,1,68,1,0,0,0,''),(48,1,69,1,0,0,0,''),(48,1,70,1,0,0,0,''),(48,1,73,1,0,0,0,'OIL-LEM-0250'),(48,1,101,1,0,11,0,''),(48,1,102,1,0,46,0,''),(48,1,103,1,0,34,0,''),(48,1,104,1,0,13,0,''),(48,1,118,1,0,3588,0,''),(48,1,119,1,0,78,0,''),(48,1,124,1,0,0,0,''),(48,1,125,1,0,0,0,''),(48,1,126,1,0,0,0,''),(48,1,127,1,0,0,0,''),(48,1,142,1,0,77,0,''),(48,1,148,1,0,0,0,''),(48,1,151,1,0,0,0,''),(48,1,156,1,0,0,0,''),(48,1,157,1,0,0,0,''),(48,1,158,1,0,47,0,''),(48,1,159,1,0,0,0,''),(48,1,160,1,0,0,0,''),(48,1,161,1,0,0,0,''),(48,1,162,1,0,0,0,''),(48,1,163,1,0,0,0,''),(48,1,164,1,0,0,0,''),(48,1,165,1,0,0,0,''),(48,1,166,1,0,0,0,''),(48,1,167,1,0,0,0,''),(48,1,168,1,0,0,0,''),(48,1,171,1,0,65,0,''),(48,1,172,1,0,0,0,''),(48,1,173,1,0,0,0,''),(48,1,174,1,0,0,0,'#578ebe'),(48,1,175,1,0,0,0,'users'),(48,1,176,1,0,0,0,'#ffffff'),(48,1,177,1,0,80,0,''),(48,1,178,1,0,0,0,''),(48,1,179,1,0,0,0,''),(48,1,180,1,0,0,0,''),(48,1,1000,1,0,0,0,''),(48,1,1001,1,0,0,0,''),(48,1,1005,2,0,0,0,''),(48,1,1007,1,0,0,0,''),(48,1,1008,2,0,0,0,''),(48,1,1009,1,0,0,0,'0,25L'),(48,1,1010,2,0,0,0,''),(48,1,1013,1,0,0,0,''),(48,1,1014,1,0,0,0,''),(48,1,1015,1,0,0,0,''),(48,1,1016,1,0,0,0,''),(48,1,1017,1,0,0,0,''),(48,1,1020,1,0,0,0,''),(49,1,21,1,0,0,0,''),(49,1,33,1,0,0,0,''),(49,1,35,1,0,0,0,''),(49,1,36,1,0,1,0,''),(49,1,38,1,0,1,0,''),(49,1,39,1,0,0,0,''),(49,1,40,1,0,0,0,''),(49,1,41,1,0,0,0,''),(49,1,42,1,0,0,0,''),(49,1,43,1,0,0,0,''),(49,1,44,1,0,0,0,''),(49,1,45,1,0,0,0,''),(49,1,46,1,0,0,0,''),(49,1,47,1,0,0,0,''),(49,1,48,1,0,0,0,''),(49,1,49,1,0,0,0,''),(49,1,50,1,0,0,0,''),(49,1,51,1,0,0,0,''),(49,1,52,1,0,0,0,''),(49,1,53,1,0,0,0,''),(49,1,54,1,0,0,0,''),(49,1,55,1,0,0,0,''),(49,1,56,1,0,0,0,''),(49,1,57,1,0,0,0,''),(49,1,58,1,0,0,0,''),(49,1,59,1,0,0,0,''),(49,1,60,1,0,0,0,''),(49,1,61,1,0,0,0,''),(49,1,62,1,0,0,0,''),(49,1,63,1,0,0,0,''),(49,1,65,1,0,0,0,''),(49,1,66,1,0,0,0,''),(49,1,67,1,0,0,0,''),(49,1,68,1,0,0,0,''),(49,1,69,1,0,0,0,''),(49,1,70,1,0,0,0,''),(49,1,73,1,0,0,0,'OIL-ORA'),(49,1,101,1,0,44,0,''),(49,1,103,1,0,34,0,''),(49,1,104,1,0,13,0,''),(49,1,118,1,0,3589,0,''),(49,1,119,1,0,79,0,''),(49,1,124,1,0,0,0,''),(49,1,125,1,0,0,0,''),(49,1,126,1,0,0,0,''),(49,1,127,1,0,0,0,''),(49,1,142,1,0,78,0,''),(49,1,148,1,0,0,0,''),(49,1,151,1,0,0,0,''),(49,1,156,1,0,0,0,''),(49,1,157,1,0,0,0,''),(49,1,158,1,0,47,0,''),(49,1,159,1,0,0,0,''),(49,1,160,1,0,0,11.87214611872146,''),(49,1,161,1,0,0,0,''),(49,1,162,1,0,0,0,''),(49,1,163,1,0,0,0,''),(49,1,164,1,0,0,0,''),(49,1,165,1,0,0,0,''),(49,1,166,1,0,0,0,''),(49,1,167,1,0,0,0,''),(49,1,168,1,0,0,0,''),(49,1,171,1,0,65,0,''),(49,1,172,1,0,0,0,''),(49,1,173,1,0,1,0,''),(49,1,174,1,0,0,0,'#578ebe'),(49,1,175,1,0,0,0,'users'),(49,1,176,1,0,0,0,'#ffffff'),(49,1,177,1,0,80,0,''),(49,1,178,1,0,0,0,''),(49,1,179,1,0,0,0,''),(49,1,180,1,0,0,0,''),(49,1,1000,1,0,0,0,''),(49,1,1001,1,0,0,0,''),(49,1,1005,1,0,0,0,''),(49,1,1005,2,0,0,0,''),(49,1,1007,1,0,0,0,''),(49,1,1008,1,0,0,0,''),(49,1,1008,2,0,0,0,''),(49,1,1009,1,0,0,0,''),(49,1,1010,1,0,0,0,''),(49,1,1010,2,0,0,0,''),(49,1,1013,1,0,110,0,''),(49,1,1014,1,0,0,0,'88,95,97,99,113'),(49,1,1015,1,0,117,0,''),(49,1,1016,1,0,0,0,'124,125,126'),(49,1,1017,1,0,1,0,''),(49,1,1020,1,0,0,0,''),(49,1,1021,1,0,0,0,'72'),(49,1,1022,1,0,0,0,''),(50,1,21,1,0,0,0,''),(50,1,33,1,0,0,0,''),(50,1,35,1,0,0,0,''),(50,1,36,1,0,1,0,''),(50,1,38,1,0,1,0,''),(50,1,39,1,0,0,0,''),(50,1,40,1,0,0,0,''),(50,1,41,1,0,0,0,''),(50,1,42,1,0,0,0,''),(50,1,43,1,0,0,0,''),(50,1,44,1,0,0,0,''),(50,1,45,1,0,0,0,''),(50,1,46,1,0,0,0,''),(50,1,47,1,0,0,0,''),(50,1,48,1,0,0,0,''),(50,1,49,1,0,0,0,''),(50,1,50,1,0,0,0,''),(50,1,51,1,0,0,0,''),(50,1,52,1,0,0,0.35,''),(50,1,53,1,0,0,0,''),(50,1,54,1,0,0,0,''),(50,1,55,1,0,0,0,''),(50,1,56,1,0,0,0,''),(50,1,57,1,0,0,0,''),(50,1,58,1,0,0,0,''),(50,1,59,1,0,0,0,''),(50,1,60,1,0,0,0,''),(50,1,61,1,0,0,0,''),(50,1,62,1,0,0,0,''),(50,1,63,1,0,0,0,''),(50,1,65,1,0,0,0,''),(50,1,66,1,0,0,0,''),(50,1,67,1,0,0,0,''),(50,1,68,1,0,0,0,''),(50,1,69,1,0,0,0,''),(50,1,70,1,0,0,0,''),(50,1,73,1,0,0,0,'OIL-ORA-0100'),(50,1,101,1,0,11,0,''),(50,1,102,1,0,47,0,''),(50,1,103,1,0,34,0,''),(50,1,104,1,0,13,0,''),(50,1,118,1,0,3590,0,''),(50,1,119,1,0,80,0,''),(50,1,124,1,0,0,0,''),(50,1,125,1,0,0,0,''),(50,1,126,1,0,0,0,''),(50,1,127,1,0,0,0,''),(50,1,142,1,0,79,0,''),(50,1,148,1,0,0,0,''),(50,1,151,1,0,0,0,''),(50,1,156,1,0,0,0,''),(50,1,157,1,0,0,0,''),(50,1,158,1,0,47,0,''),(50,1,159,1,0,0,0,''),(50,1,160,1,0,0,0,''),(50,1,161,1,0,0,0,''),(50,1,162,1,0,0,0,''),(50,1,163,1,0,0,0,''),(50,1,164,1,0,0,0,''),(50,1,165,1,0,0,0,''),(50,1,166,1,0,0,0,''),(50,1,167,1,0,0,0,''),(50,1,168,1,0,0,0,''),(50,1,171,1,0,65,0,''),(50,1,172,1,0,0,0,''),(50,1,173,1,0,0,0,''),(50,1,174,1,0,0,0,'#578ebe'),(50,1,175,1,0,0,0,'users'),(50,1,176,1,0,0,0,'#ffffff'),(50,1,177,1,0,80,0,''),(50,1,178,1,0,0,0,''),(50,1,179,1,0,0,0,''),(50,1,180,1,0,0,0,''),(50,1,1000,1,0,0,0,''),(50,1,1001,1,0,0,0,''),(50,1,1005,1,0,0,0,''),(50,1,1005,2,0,0,0,''),(50,1,1007,1,0,0,0,''),(50,1,1008,1,0,0,0,''),(50,1,1008,2,0,0,0,''),(50,1,1009,1,0,0,0,'0,1L'),(50,1,1010,1,0,0,0,''),(50,1,1010,2,0,0,0,''),(50,1,1013,1,0,0,0,''),(50,1,1014,1,0,0,0,''),(50,1,1015,1,0,0,0,''),(50,1,1016,1,0,0,0,''),(50,1,1017,1,0,0,0,''),(50,1,1020,1,0,0,0,''),(51,1,21,1,0,0,0,''),(51,1,33,1,0,0,0,''),(51,1,35,1,0,0,0,''),(51,1,36,1,0,1,0,''),(51,1,38,1,0,1,0,''),(51,1,39,1,0,0,0,''),(51,1,40,1,0,0,0,''),(51,1,41,1,0,0,0,''),(51,1,42,1,0,0,0,''),(51,1,43,1,0,0,0,''),(51,1,44,1,0,0,0,''),(51,1,45,1,0,0,0,''),(51,1,46,1,0,0,0,''),(51,1,47,1,0,0,0,''),(51,1,48,1,0,0,0,''),(51,1,49,1,0,0,0,''),(51,1,50,1,0,0,0,''),(51,1,51,1,0,0,0,''),(51,1,52,1,0,0,0.5,''),(51,1,53,1,0,0,0,''),(51,1,54,1,0,0,0,''),(51,1,55,1,0,0,0,''),(51,1,56,1,0,0,0,''),(51,1,57,1,0,0,0,''),(51,1,58,1,0,0,0,''),(51,1,59,1,0,0,0,''),(51,1,60,1,0,0,0,''),(51,1,61,1,0,0,0,''),(51,1,62,1,0,0,0,''),(51,1,63,1,0,0,0,''),(51,1,65,1,0,0,0,''),(51,1,66,1,0,0,0,''),(51,1,67,1,0,0,0,''),(51,1,68,1,0,0,0,''),(51,1,69,1,0,0,0,''),(51,1,70,1,0,0,0,''),(51,1,73,1,0,0,0,'OIL-ORA-0250'),(51,1,101,1,0,11,0,''),(51,1,102,1,0,48,0,''),(51,1,103,1,0,34,0,''),(51,1,104,1,0,13,0,''),(51,1,118,1,0,3591,0,''),(51,1,119,1,0,81,0,''),(51,1,124,1,0,0,0,''),(51,1,125,1,0,0,0,''),(51,1,126,1,0,0,0,''),(51,1,127,1,0,0,0,''),(51,1,142,1,0,80,0,''),(51,1,148,1,0,0,0,''),(51,1,151,1,0,0,0,''),(51,1,156,1,0,0,0,''),(51,1,157,1,0,0,0,''),(51,1,158,1,0,47,0,''),(51,1,159,1,0,0,0,''),(51,1,160,1,0,0,0,''),(51,1,161,1,0,0,0,''),(51,1,162,1,0,0,0,''),(51,1,163,1,0,0,0,''),(51,1,164,1,0,0,0,''),(51,1,165,1,0,0,0,''),(51,1,166,1,0,0,0,''),(51,1,167,1,0,0,0,''),(51,1,168,1,0,0,0,''),(51,1,171,1,0,65,0,''),(51,1,172,1,0,0,0,''),(51,1,173,1,0,0,0,''),(51,1,174,1,0,0,0,'#578ebe'),(51,1,175,1,0,0,0,'users'),(51,1,176,1,0,0,0,'#ffffff'),(51,1,177,1,0,80,0,''),(51,1,178,1,0,0,0,''),(51,1,179,1,0,0,0,''),(51,1,180,1,0,0,0,''),(51,1,1000,1,0,0,0,''),(51,1,1001,1,0,0,0,''),(51,1,1005,1,0,0,0,''),(51,1,1005,2,0,0,0,''),(51,1,1007,1,0,0,0,''),(51,1,1008,1,0,0,0,''),(51,1,1008,2,0,0,0,''),(51,1,1009,1,0,0,0,'0,25L'),(51,1,1010,1,0,0,0,''),(51,1,1010,2,0,0,0,''),(51,1,1013,1,0,0,0,''),(51,1,1014,1,0,0,0,''),(51,1,1015,1,0,0,0,''),(51,1,1016,1,0,0,0,''),(51,1,1017,1,0,0,0,''),(51,1,1020,1,0,0,0,''),(52,1,21,1,0,0,0,''),(52,1,33,1,0,0,0,''),(52,1,35,1,0,0,0,''),(52,1,36,1,0,1,0,''),(52,1,38,1,0,1,0,''),(52,1,39,1,0,0,0,''),(52,1,40,1,0,0,0,''),(52,1,41,1,0,0,0,''),(52,1,42,1,0,0,0,''),(52,1,43,1,0,0,0,''),(52,1,44,1,0,0,0,''),(52,1,45,1,0,0,0,''),(52,1,46,1,0,0,0,''),(52,1,47,1,0,0,0,''),(52,1,48,1,0,0,0,''),(52,1,49,1,0,0,0,''),(52,1,50,1,0,0,0,''),(52,1,51,1,0,0,0,''),(52,1,52,1,0,0,0.35,''),(52,1,53,1,0,0,0,''),(52,1,54,1,0,0,0,''),(52,1,55,1,0,0,0,''),(52,1,56,1,0,0,0,''),(52,1,57,1,0,0,0,''),(52,1,58,1,0,0,0,''),(52,1,59,1,0,0,0,''),(52,1,60,1,0,0,0,''),(52,1,61,1,0,0,0,''),(52,1,62,1,0,0,0,''),(52,1,63,1,0,0,0,''),(52,1,65,1,0,0,0,''),(52,1,66,1,0,0,0,''),(52,1,67,1,0,0,0,''),(52,1,68,1,0,0,0,''),(52,1,69,1,0,0,0,''),(52,1,70,1,0,0,0,''),(52,1,73,1,0,0,0,'OIL-CHI-0100'),(52,1,101,1,0,11,0,''),(52,1,102,1,0,49,0,''),(52,1,103,1,0,34,0,''),(52,1,104,1,0,13,0,''),(52,1,118,1,0,3592,0,''),(52,1,119,1,0,82,0,''),(52,1,124,1,0,0,0,''),(52,1,125,1,0,0,0,''),(52,1,126,1,0,0,0,''),(52,1,127,1,0,0,0,''),(52,1,142,1,0,81,0,''),(52,1,148,1,0,0,0,''),(52,1,151,1,0,0,0,''),(52,1,156,1,0,0,0,''),(52,1,157,1,0,0,0,''),(52,1,158,1,0,47,0,''),(52,1,159,1,0,0,0,''),(52,1,160,1,0,0,0,''),(52,1,161,1,0,0,0,''),(52,1,162,1,0,0,0,''),(52,1,163,1,0,0,0,''),(52,1,164,1,0,0,0,''),(52,1,165,1,0,0,0,''),(52,1,166,1,0,0,0,''),(52,1,167,1,0,0,0,''),(52,1,168,1,0,0,0,''),(52,1,171,1,0,65,0,''),(52,1,172,1,0,0,0,''),(52,1,173,1,0,0,0,''),(52,1,174,1,0,0,0,'#578ebe'),(52,1,175,1,0,0,0,'users'),(52,1,176,1,0,0,0,'#ffffff'),(52,1,177,1,0,80,0,''),(52,1,178,1,0,0,0,''),(52,1,179,1,0,0,0,''),(52,1,180,1,0,0,0,''),(52,1,1000,1,0,0,0,''),(52,1,1001,1,0,0,0,''),(52,1,1005,2,0,0,0,''),(52,1,1007,1,0,0,0,''),(52,1,1008,2,0,0,0,''),(52,1,1009,1,0,0,0,'0,1L'),(52,1,1010,2,0,0,0,''),(52,1,1013,1,0,0,0,''),(52,1,1014,1,0,0,0,''),(52,1,1015,1,0,0,0,''),(52,1,1016,1,0,0,0,''),(52,1,1017,1,0,0,0,''),(52,1,1020,1,0,0,0,''),(53,1,21,1,0,0,0,''),(53,1,33,1,0,0,0,''),(53,1,35,1,0,0,0,''),(53,1,36,1,0,1,0,''),(53,1,38,1,0,1,0,''),(53,1,39,1,0,0,0,''),(53,1,40,1,0,0,0,''),(53,1,41,1,0,0,0,''),(53,1,42,1,0,0,0,''),(53,1,43,1,0,0,0,''),(53,1,44,1,0,0,0,''),(53,1,45,1,0,0,0,''),(53,1,46,1,0,0,0,''),(53,1,47,1,0,0,0,''),(53,1,48,1,0,0,0,''),(53,1,49,1,0,0,0,''),(53,1,50,1,0,0,0,''),(53,1,51,1,0,0,0,''),(53,1,52,1,0,0,0.5,''),(53,1,53,1,0,0,0,''),(53,1,54,1,0,0,0,''),(53,1,55,1,0,0,0,''),(53,1,56,1,0,0,0,''),(53,1,57,1,0,0,0,''),(53,1,58,1,0,0,0,''),(53,1,59,1,0,0,0,''),(53,1,60,1,0,0,0,''),(53,1,61,1,0,0,0,''),(53,1,62,1,0,0,0,''),(53,1,63,1,0,0,0,''),(53,1,65,1,0,0,0,''),(53,1,66,1,0,0,0,''),(53,1,67,1,0,0,0,''),(53,1,68,1,0,0,0,''),(53,1,69,1,0,0,0,''),(53,1,70,1,0,0,0,''),(53,1,73,1,0,0,0,'OIL-CHI-0250'),(53,1,101,1,0,11,0,''),(53,1,102,1,0,50,0,''),(53,1,103,1,0,34,0,''),(53,1,104,1,0,13,0,''),(53,1,118,1,0,3593,0,''),(53,1,119,1,0,83,0,''),(53,1,124,1,0,0,0,''),(53,1,125,1,0,0,0,''),(53,1,126,1,0,0,0,''),(53,1,127,1,0,0,0,''),(53,1,142,1,0,82,0,''),(53,1,148,1,0,0,0,''),(53,1,151,1,0,0,0,''),(53,1,156,1,0,0,0,''),(53,1,157,1,0,0,0,''),(53,1,158,1,0,47,0,''),(53,1,159,1,0,0,0,''),(53,1,160,1,0,0,0,''),(53,1,161,1,0,0,0,''),(53,1,162,1,0,0,0,''),(53,1,163,1,0,0,0,''),(53,1,164,1,0,0,0,''),(53,1,165,1,0,0,0,''),(53,1,166,1,0,0,0,''),(53,1,167,1,0,0,0,''),(53,1,168,1,0,0,0,''),(53,1,171,1,0,65,0,''),(53,1,172,1,0,0,0,''),(53,1,173,1,0,0,0,''),(53,1,174,1,0,0,0,'#578ebe'),(53,1,175,1,0,0,0,'users'),(53,1,176,1,0,0,0,'#ffffff'),(53,1,177,1,0,80,0,''),(53,1,178,1,0,0,0,''),(53,1,179,1,0,0,0,''),(53,1,180,1,0,0,0,''),(53,1,1000,1,0,0,0,''),(53,1,1001,1,0,0,0,''),(53,1,1005,2,0,0,0,''),(53,1,1007,1,0,0,0,''),(53,1,1008,2,0,0,0,''),(53,1,1009,1,0,0,0,'0,25L'),(53,1,1010,2,0,0,0,''),(53,1,1013,1,0,0,0,''),(53,1,1014,1,0,0,0,''),(53,1,1015,1,0,0,0,''),(53,1,1016,1,0,0,0,''),(53,1,1017,1,0,0,0,''),(53,1,1020,1,0,0,0,''),(54,1,21,1,0,0,0,''),(54,1,33,1,0,0,0,''),(54,1,35,1,0,0,0,''),(54,1,36,1,0,1,0,''),(54,1,38,1,0,1,0,''),(54,1,39,1,0,0,0,''),(54,1,40,1,0,0,0,''),(54,1,41,1,0,0,0,''),(54,1,42,1,0,0,0,''),(54,1,43,1,0,0,0,''),(54,1,44,1,0,0,0,''),(54,1,45,1,0,0,0,''),(54,1,46,1,0,0,0,''),(54,1,47,1,0,0,0,''),(54,1,48,1,0,0,0,''),(54,1,49,1,0,0,0,''),(54,1,50,1,0,0,0,''),(54,1,51,1,0,0,0,''),(54,1,52,1,0,0,0.35,''),(54,1,53,1,0,0,0,''),(54,1,54,1,0,0,0,''),(54,1,55,1,0,0,0,''),(54,1,56,1,0,0,0,''),(54,1,57,1,0,0,0,''),(54,1,58,1,0,0,0,''),(54,1,59,1,0,0,0,''),(54,1,60,1,0,0,0,''),(54,1,61,1,0,0,0,''),(54,1,62,1,0,0,0,''),(54,1,63,1,0,0,0,''),(54,1,65,1,0,0,0,''),(54,1,66,1,0,0,0,''),(54,1,67,1,0,0,0,''),(54,1,68,1,0,0,0,''),(54,1,69,1,0,0,0,''),(54,1,70,1,0,0,0,''),(54,1,73,1,0,0,0,'OIL-TRU-0100'),(54,1,101,1,0,11,0,''),(54,1,102,1,0,51,0,''),(54,1,103,1,0,34,0,''),(54,1,104,1,0,13,0,''),(54,1,118,1,0,3594,0,''),(54,1,119,1,0,84,0,''),(54,1,124,1,0,0,0,''),(54,1,125,1,0,0,0,''),(54,1,126,1,0,0,0,''),(54,1,127,1,0,0,0,''),(54,1,142,1,0,83,0,''),(54,1,148,1,0,0,0,''),(54,1,151,1,0,0,0,''),(54,1,156,1,0,0,0,''),(54,1,157,1,0,0,0,''),(54,1,158,1,0,47,0,''),(54,1,159,1,0,0,0,''),(54,1,160,1,0,0,0,''),(54,1,161,1,0,0,0,''),(54,1,162,1,0,0,0,''),(54,1,163,1,0,0,0,''),(54,1,164,1,0,0,0,''),(54,1,165,1,0,0,0,''),(54,1,166,1,0,0,0,''),(54,1,167,1,0,0,0,''),(54,1,168,1,0,0,0,''),(54,1,171,1,0,65,0,''),(54,1,172,1,0,0,0,''),(54,1,173,1,0,0,0,''),(54,1,174,1,0,0,0,'#578ebe'),(54,1,175,1,0,0,0,'users'),(54,1,176,1,0,0,0,'#ffffff'),(54,1,177,1,0,80,0,''),(54,1,178,1,0,0,0,''),(54,1,179,1,0,0,0,''),(54,1,180,1,0,0,0,''),(54,1,1000,1,0,0,0,''),(54,1,1001,1,0,0,0,''),(54,1,1005,2,0,0,0,''),(54,1,1007,1,0,0,0,''),(54,1,1008,2,0,0,0,''),(54,1,1009,1,0,0,0,'0,1L'),(54,1,1010,2,0,0,0,''),(54,1,1013,1,0,0,0,''),(54,1,1014,1,0,0,0,''),(54,1,1015,1,0,0,0,''),(54,1,1016,1,0,0,0,''),(54,1,1017,1,0,0,0,''),(54,1,1020,1,0,0,0,''),(55,1,21,1,0,0,0,''),(55,1,33,1,0,0,0,''),(55,1,35,1,0,0,0,''),(55,1,36,1,0,1,0,''),(55,1,38,1,0,1,0,''),(55,1,39,1,0,0,0,''),(55,1,40,1,0,0,0,''),(55,1,41,1,0,0,0,''),(55,1,42,1,0,0,0,''),(55,1,43,1,0,0,0,''),(55,1,44,1,0,0,0,''),(55,1,45,1,0,0,0,''),(55,1,46,1,0,0,0,''),(55,1,47,1,0,0,0,''),(55,1,48,1,0,0,0,''),(55,1,49,1,0,0,0,''),(55,1,50,1,0,0,0,''),(55,1,51,1,0,0,0,''),(55,1,52,1,0,0,0.5,''),(55,1,53,1,0,0,0,''),(55,1,54,1,0,0,0,''),(55,1,55,1,0,0,0,''),(55,1,56,1,0,0,0,''),(55,1,57,1,0,0,0,''),(55,1,58,1,0,0,0,''),(55,1,59,1,0,0,0,''),(55,1,60,1,0,0,0,''),(55,1,61,1,0,0,0,''),(55,1,62,1,0,0,0,''),(55,1,63,1,0,0,0,''),(55,1,65,1,0,0,0,''),(55,1,66,1,0,0,0,''),(55,1,67,1,0,0,0,''),(55,1,68,1,0,0,0,''),(55,1,69,1,0,0,0,''),(55,1,70,1,0,0,0,''),(55,1,73,1,0,0,0,'OIL-TRU-0250'),(55,1,101,1,0,11,0,''),(55,1,102,1,0,52,0,''),(55,1,103,1,0,34,0,''),(55,1,104,1,0,13,0,''),(55,1,118,1,0,3595,0,''),(55,1,119,1,0,85,0,''),(55,1,124,1,0,0,0,''),(55,1,125,1,0,0,0,''),(55,1,126,1,0,0,0,''),(55,1,127,1,0,0,0,''),(55,1,142,1,0,84,0,''),(55,1,148,1,0,0,0,''),(55,1,151,1,0,0,0,''),(55,1,156,1,0,0,0,''),(55,1,157,1,0,0,0,''),(55,1,158,1,0,47,0,''),(55,1,159,1,0,0,0,''),(55,1,160,1,0,0,0,''),(55,1,161,1,0,0,0,''),(55,1,162,1,0,0,0,''),(55,1,163,1,0,0,0,''),(55,1,164,1,0,0,0,''),(55,1,165,1,0,0,0,''),(55,1,166,1,0,0,0,''),(55,1,167,1,0,0,0,''),(55,1,168,1,0,0,0,''),(55,1,171,1,0,65,0,''),(55,1,172,1,0,0,0,''),(55,1,173,1,0,0,0,''),(55,1,174,1,0,0,0,'#578ebe'),(55,1,175,1,0,0,0,'users'),(55,1,176,1,0,0,0,'#ffffff'),(55,1,177,1,0,80,0,''),(55,1,178,1,0,0,0,''),(55,1,179,1,0,0,0,''),(55,1,180,1,0,0,0,''),(55,1,1000,1,0,0,0,''),(55,1,1001,1,0,0,0,''),(55,1,1005,1,0,0,0,''),(55,1,1005,2,0,0,0,''),(55,1,1007,1,0,0,0,''),(55,1,1008,1,0,0,0,''),(55,1,1008,2,0,0,0,''),(55,1,1009,1,0,0,0,'0,25L'),(55,1,1010,1,0,0,0,''),(55,1,1010,2,0,0,0,''),(55,1,1013,1,0,0,0,''),(55,1,1014,1,0,0,0,''),(55,1,1015,1,0,0,0,''),(55,1,1016,1,0,0,0,''),(55,1,1017,1,0,0,0,''),(55,1,1020,1,0,0,0,''),(55,1,1022,1,0,0,0,''),(56,1,21,1,0,0,0,''),(56,1,33,1,0,0,0,''),(56,1,35,1,0,0,0,''),(56,1,36,1,0,1,0,''),(56,1,38,1,0,1,0,''),(56,1,39,1,0,0,0,''),(56,1,40,1,0,0,0,''),(56,1,41,1,0,0,0,''),(56,1,42,1,0,0,0,''),(56,1,43,1,0,0,0,''),(56,1,44,1,0,0,0,''),(56,1,45,1,0,0,0,''),(56,1,46,1,0,0,0,''),(56,1,47,1,0,0,0,''),(56,1,48,1,0,0,0,''),(56,1,49,1,0,0,0,''),(56,1,50,1,0,0,0,''),(56,1,51,1,0,0,0,''),(56,1,52,1,0,0,0.35,''),(56,1,53,1,0,0,0,''),(56,1,54,1,0,0,0,''),(56,1,55,1,0,0,0,''),(56,1,56,1,0,0,0,''),(56,1,57,1,0,0,0,''),(56,1,58,1,0,0,0,''),(56,1,59,1,0,0,0,''),(56,1,60,1,0,0,0,''),(56,1,61,1,0,0,0,''),(56,1,62,1,0,0,0,''),(56,1,63,1,0,0,0,''),(56,1,65,1,0,0,0,''),(56,1,66,1,0,0,0,''),(56,1,67,1,0,0,0,''),(56,1,68,1,0,0,0,''),(56,1,69,1,0,0,0,''),(56,1,70,1,0,0,0,''),(56,1,73,1,0,0,0,'OIL-GAR-0100'),(56,1,101,1,0,11,0,''),(56,1,102,1,0,53,0,''),(56,1,103,1,0,34,0,''),(56,1,104,1,0,13,0,''),(56,1,118,1,0,3596,0,''),(56,1,119,1,0,86,0,''),(56,1,124,1,0,0,0,''),(56,1,125,1,0,0,0,''),(56,1,126,1,0,0,0,''),(56,1,127,1,0,0,0,''),(56,1,142,1,0,85,0,''),(56,1,148,1,0,0,0,''),(56,1,151,1,0,0,0,''),(56,1,156,1,0,0,0,''),(56,1,157,1,0,0,0,''),(56,1,158,1,0,47,0,''),(56,1,159,1,0,0,0,''),(56,1,160,1,0,0,0,''),(56,1,161,1,0,0,0,''),(56,1,162,1,0,0,0,''),(56,1,163,1,0,0,0,''),(56,1,164,1,0,0,0,''),(56,1,165,1,0,0,0,''),(56,1,166,1,0,0,0,''),(56,1,167,1,0,0,0,''),(56,1,168,1,0,0,0,''),(56,1,171,1,0,65,0,''),(56,1,172,1,0,0,0,''),(56,1,173,1,0,0,0,''),(56,1,174,1,0,0,0,'#578ebe'),(56,1,175,1,0,0,0,'users'),(56,1,176,1,0,0,0,'#ffffff'),(56,1,177,1,0,80,0,''),(56,1,178,1,0,0,0,''),(56,1,179,1,0,0,0,''),(56,1,180,1,0,0,0,''),(56,1,1000,1,0,0,0,''),(56,1,1001,1,0,0,0,''),(56,1,1005,2,0,0,0,''),(56,1,1007,1,0,0,0,''),(56,1,1008,2,0,0,0,''),(56,1,1009,1,0,0,0,'0,1L'),(56,1,1010,2,0,0,0,''),(56,1,1013,1,0,0,0,''),(56,1,1014,1,0,0,0,''),(56,1,1015,1,0,0,0,''),(56,1,1016,1,0,0,0,''),(56,1,1017,1,0,0,0,''),(56,1,1020,1,0,0,0,''),(57,1,21,1,0,0,0,''),(57,1,33,1,0,0,0,''),(57,1,35,1,0,0,0,''),(57,1,36,1,0,1,0,''),(57,1,38,1,0,1,0,''),(57,1,39,1,0,0,0,''),(57,1,40,1,0,0,0,''),(57,1,41,1,0,0,0,''),(57,1,42,1,0,0,0,''),(57,1,43,1,0,0,0,''),(57,1,44,1,0,0,0,''),(57,1,45,1,0,0,0,''),(57,1,46,1,0,0,0,''),(57,1,47,1,0,0,0,''),(57,1,48,1,0,0,0,''),(57,1,49,1,0,0,0,''),(57,1,50,1,0,0,0,''),(57,1,51,1,0,0,0,''),(57,1,52,1,0,0,0.5,''),(57,1,53,1,0,0,0,''),(57,1,54,1,0,0,0,''),(57,1,55,1,0,0,0,''),(57,1,56,1,0,0,0,''),(57,1,57,1,0,0,0,''),(57,1,58,1,0,0,0,''),(57,1,59,1,0,0,0,''),(57,1,60,1,0,0,0,''),(57,1,61,1,0,0,0,''),(57,1,62,1,0,0,0,''),(57,1,63,1,0,0,0,''),(57,1,65,1,0,0,0,''),(57,1,66,1,0,0,0,''),(57,1,67,1,0,0,0,''),(57,1,68,1,0,0,0,''),(57,1,69,1,0,0,0,''),(57,1,70,1,0,0,0,''),(57,1,73,1,0,0,0,'OIL-GAR-0250'),(57,1,101,1,0,11,0,''),(57,1,102,1,0,54,0,''),(57,1,103,1,0,34,0,''),(57,1,104,1,0,13,0,''),(57,1,118,1,0,3597,0,''),(57,1,119,1,0,87,0,''),(57,1,124,1,0,0,0,''),(57,1,125,1,0,0,0,''),(57,1,126,1,0,0,0,''),(57,1,127,1,0,0,0,''),(57,1,142,1,0,86,0,''),(57,1,148,1,0,0,0,''),(57,1,151,1,0,0,0,''),(57,1,156,1,0,0,0,''),(57,1,157,1,0,0,0,''),(57,1,158,1,0,47,0,''),(57,1,159,1,0,0,0,''),(57,1,160,1,0,0,0,''),(57,1,161,1,0,0,0,''),(57,1,162,1,0,0,0,''),(57,1,163,1,0,0,0,''),(57,1,164,1,0,0,0,''),(57,1,165,1,0,0,0,''),(57,1,166,1,0,0,0,''),(57,1,167,1,0,0,0,''),(57,1,168,1,0,0,0,''),(57,1,171,1,0,65,0,''),(57,1,172,1,0,0,0,''),(57,1,173,1,0,0,0,''),(57,1,174,1,0,0,0,'#578ebe'),(57,1,175,1,0,0,0,'users'),(57,1,176,1,0,0,0,'#ffffff'),(57,1,177,1,0,80,0,''),(57,1,178,1,0,0,0,''),(57,1,179,1,0,0,0,''),(57,1,180,1,0,0,0,''),(57,1,1000,1,0,0,0,''),(57,1,1001,1,0,0,0,''),(57,1,1005,2,0,0,0,''),(57,1,1007,1,0,0,0,''),(57,1,1008,2,0,0,0,''),(57,1,1009,1,0,0,0,'0,25L'),(57,1,1010,2,0,0,0,''),(57,1,1013,1,0,0,0,''),(57,1,1014,1,0,0,0,''),(57,1,1015,1,0,0,0,''),(57,1,1016,1,0,0,0,''),(57,1,1017,1,0,0,0,''),(57,1,1020,1,0,0,0,''),(58,1,21,1,0,0,0,'9'),(58,1,33,1,0,0,0,''),(58,1,35,1,0,0,0,''),(58,1,36,1,0,1,0,''),(58,1,38,1,0,1,0,''),(58,1,39,1,0,0,0,''),(58,1,40,1,0,0,0,''),(58,1,41,1,0,0,0,''),(58,1,42,1,0,0,0,''),(58,1,43,1,0,0,0,''),(58,1,44,1,0,0,0,''),(58,1,45,1,0,0,0,''),(58,1,46,1,0,0,0,''),(58,1,47,1,0,0,0,''),(58,1,48,1,0,0,0,''),(58,1,49,1,0,0,0,''),(58,1,50,1,0,0,0,''),(58,1,51,1,0,0,0,''),(58,1,52,1,0,0,3.25,''),(58,1,53,1,0,0,0,''),(58,1,54,1,0,0,0,''),(58,1,55,1,0,0,0,''),(58,1,56,1,0,0,0,''),(58,1,57,1,0,0,0,''),(58,1,58,1,0,0,0,''),(58,1,59,1,0,0,0,''),(58,1,60,1,0,0,0,''),(58,1,61,1,0,0,0,''),(58,1,62,1,0,0,0,''),(58,1,63,1,0,0,0,''),(58,1,65,1,0,0,0,''),(58,1,66,1,0,0,0,''),(58,1,67,1,0,0,0,''),(58,1,68,1,0,0,0,''),(58,1,69,1,0,0,0,''),(58,1,70,1,0,0,0,''),(58,1,73,1,0,0,0,'OIL-EVO-3000'),(58,1,101,1,0,11,0,''),(58,1,102,1,0,55,0,''),(58,1,103,1,0,34,0,''),(58,1,104,1,0,13,0,''),(58,1,118,1,0,3598,0,''),(58,1,119,1,0,88,0,''),(58,1,124,1,0,0,0,''),(58,1,125,1,0,0,0,''),(58,1,126,1,0,0,0,''),(58,1,127,1,0,0,0,''),(58,1,142,1,0,87,0,''),(58,1,148,1,0,0,0,''),(58,1,151,1,0,0,0,''),(58,1,156,1,0,0,0,''),(58,1,157,1,0,0,0,''),(58,1,158,1,0,48,0,''),(58,1,159,1,0,0,0,''),(58,1,160,1,0,0,0,''),(58,1,161,1,0,0,0,''),(58,1,162,1,0,0,0,''),(58,1,163,1,0,0,0,''),(58,1,164,1,0,0,0,''),(58,1,165,1,0,0,0,''),(58,1,166,1,0,0,0,''),(58,1,167,1,0,0,0,''),(58,1,168,1,0,0,0,''),(58,1,171,1,0,65,0,''),(58,1,172,1,0,0,0,''),(58,1,173,1,0,0,0,''),(58,1,174,1,0,0,0,'#578ebe'),(58,1,175,1,0,0,0,'users'),(58,1,176,1,0,0,0,'#ffffff'),(58,1,177,1,0,80,0,''),(58,1,178,1,0,0,0,''),(58,1,179,1,0,0,0,''),(58,1,180,1,0,0,0,''),(58,1,1000,1,0,0,0,''),(58,1,1001,1,0,0,0,''),(58,1,1005,2,0,0,0,''),(58,1,1007,1,0,0,0,''),(58,1,1008,2,0,0,0,''),(58,1,1009,1,0,0,0,'3,0L'),(58,1,1010,2,0,0,0,''),(58,1,1013,1,0,0,0,''),(58,1,1014,1,0,0,0,''),(58,1,1015,1,0,0,0,''),(58,1,1016,1,0,0,0,''),(58,1,1017,1,0,0,0,''),(59,1,21,1,0,0,0,''),(59,1,33,1,0,0,0,''),(59,1,35,1,0,0,0,''),(59,1,36,1,0,1,0,''),(59,1,38,1,0,1,0,''),(59,1,39,1,0,0,0,''),(59,1,40,1,0,0,0,''),(59,1,41,1,0,0,0,''),(59,1,42,1,0,0,0,''),(59,1,43,1,0,0,0,''),(59,1,44,1,0,0,0,''),(59,1,45,1,0,0,0,''),(59,1,46,1,0,0,0,''),(59,1,47,1,0,0,0,''),(59,1,48,1,0,0,0,''),(59,1,49,1,0,0,0,''),(59,1,50,1,0,0,0,''),(59,1,51,1,0,0,0,''),(59,1,52,1,0,0,5.25,''),(59,1,53,1,0,0,0,''),(59,1,54,1,0,0,0,''),(59,1,55,1,0,0,0,''),(59,1,56,1,0,0,0,''),(59,1,57,1,0,0,0,''),(59,1,58,1,0,0,0,''),(59,1,59,1,0,0,0,''),(59,1,60,1,0,0,0,''),(59,1,61,1,0,0,0,''),(59,1,62,1,0,0,0,''),(59,1,63,1,0,0,0,''),(59,1,65,1,0,0,0,''),(59,1,66,1,0,0,0,''),(59,1,67,1,0,0,0,''),(59,1,68,1,0,0,0,''),(59,1,69,1,0,0,0,''),(59,1,70,1,0,0,0,''),(59,1,73,1,0,0,0,'OIL-EVO-5000'),(59,1,101,1,0,11,0,''),(59,1,102,1,0,56,0,''),(59,1,103,1,0,34,0,''),(59,1,104,1,0,13,0,''),(59,1,118,1,0,3599,0,''),(59,1,119,1,0,89,0,''),(59,1,124,1,0,0,0,''),(59,1,125,1,0,0,0,''),(59,1,126,1,0,0,0,''),(59,1,127,1,0,0,0,''),(59,1,142,1,0,88,0,''),(59,1,148,1,0,0,0,''),(59,1,151,1,0,0,0,''),(59,1,156,1,0,0,0,''),(59,1,157,1,0,0,0,''),(59,1,158,1,0,47,0,''),(59,1,159,1,0,0,0,''),(59,1,160,1,0,0,0,''),(59,1,161,1,0,0,0,''),(59,1,162,1,0,0,0,''),(59,1,163,1,0,0,0,''),(59,1,164,1,0,0,0,''),(59,1,165,1,0,0,0,''),(59,1,166,1,0,0,0,''),(59,1,167,1,0,0,0,''),(59,1,168,1,0,0,0,''),(59,1,171,1,0,65,0,''),(59,1,172,1,0,0,0,''),(59,1,173,1,0,1,0,''),(59,1,174,1,0,0,0,'#578ebe'),(59,1,175,1,0,0,0,'users'),(59,1,176,1,0,0,0,'#ffffff'),(59,1,177,1,0,80,0,''),(59,1,178,1,0,0,0,''),(59,1,179,1,0,0,0,''),(59,1,180,1,0,0,0,''),(59,1,1000,1,0,0,0,''),(59,1,1001,1,0,0,0,''),(59,1,1005,1,0,0,0,''),(59,1,1005,2,0,0,0,''),(59,1,1007,1,0,0,0,''),(59,1,1008,1,0,0,0,''),(59,1,1008,2,0,0,0,''),(59,1,1009,1,0,0,0,'5,0L'),(59,1,1010,1,0,0,0,''),(59,1,1010,2,0,0,0,''),(59,1,1013,1,0,0,0,''),(59,1,1014,1,0,0,0,''),(59,1,1015,1,0,0,0,''),(59,1,1016,1,0,0,0,''),(59,1,1017,1,0,0,0,''),(59,1,1020,1,0,0,0,''),(59,1,1022,1,0,0,0,''),(60,1,21,1,0,0,0,''),(60,1,33,1,0,0,0,''),(60,1,35,1,0,0,0,''),(60,1,36,1,0,1,0,''),(60,1,38,1,0,1,0,''),(60,1,39,1,0,0,0,''),(60,1,40,1,0,0,0,''),(60,1,41,1,0,0,0,''),(60,1,42,1,0,0,0,''),(60,1,43,1,0,0,0,''),(60,1,44,1,0,0,0,''),(60,1,45,1,0,0,0,''),(60,1,46,1,0,0,0,''),(60,1,47,1,0,0,0,''),(60,1,48,1,0,0,0,''),(60,1,49,1,0,0,0,''),(60,1,50,1,0,0,0,''),(60,1,51,1,0,0,0,''),(60,1,52,1,0,0,0.75,''),(60,1,53,1,0,0,0,''),(60,1,54,1,0,0,0,''),(60,1,55,1,0,0,0,''),(60,1,56,1,0,0,0,''),(60,1,57,1,0,0,0,''),(60,1,58,1,0,0,0,''),(60,1,59,1,0,0,0,''),(60,1,60,1,0,0,0,''),(60,1,61,1,0,0,0,''),(60,1,62,1,0,0,0,''),(60,1,63,1,0,0,0,''),(60,1,65,1,0,0,0,''),(60,1,66,1,0,0,0,''),(60,1,67,1,0,0,0,''),(60,1,68,1,0,0,0,''),(60,1,69,1,0,0,0,''),(60,1,70,1,0,0,0,''),(60,1,73,1,0,0,0,'OIL-POI'),(60,1,101,1,0,44,0,''),(60,1,102,1,0,68,0,''),(60,1,103,1,0,34,0,''),(60,1,104,1,0,13,0,''),(60,1,118,1,0,3600,0,''),(60,1,119,1,0,90,0,''),(60,1,124,1,0,0,0,''),(60,1,125,1,0,0,0,''),(60,1,126,1,0,0,0,''),(60,1,127,1,0,0,0,''),(60,1,142,1,0,89,0,''),(60,1,148,1,0,0,0,''),(60,1,151,1,0,0,0,''),(60,1,156,1,0,0,0,''),(60,1,157,1,0,0,0,''),(60,1,158,1,0,47,0,''),(60,1,159,1,0,0,0,''),(60,1,160,1,0,0,22.8310502283105,''),(60,1,161,1,0,0,0,''),(60,1,162,1,0,0,0,''),(60,1,163,1,0,0,0,''),(60,1,164,1,0,0,0,''),(60,1,165,1,0,0,0,''),(60,1,166,1,0,0,0,''),(60,1,167,1,0,0,0,''),(60,1,168,1,0,0,0,''),(60,1,171,1,0,65,0,''),(60,1,172,1,0,0,0,''),(60,1,173,1,0,1,0,''),(60,1,174,1,0,0,0,'#578ebe'),(60,1,175,1,0,0,0,'users'),(60,1,176,1,0,0,0,'#ffffff'),(60,1,177,1,0,80,0,''),(60,1,178,1,0,0,0,''),(60,1,179,1,0,0,0,''),(60,1,180,1,0,0,0,''),(60,1,1000,1,0,0,0,''),(60,1,1001,1,0,0,0,''),(60,1,1005,1,0,0,0,''),(60,1,1005,2,0,0,0,''),(60,1,1007,1,0,0,0,''),(60,1,1008,1,0,0,0,''),(60,1,1008,2,0,0,0,''),(60,1,1009,1,0,0,0,'0,5L'),(60,1,1010,1,0,0,0,''),(60,1,1010,2,0,0,0,''),(60,1,1013,1,0,112,0,''),(60,1,1014,1,0,0,0,'100,101'),(60,1,1015,1,0,0,0,''),(60,1,1016,1,0,0,0,''),(60,1,1017,1,0,0,0,''),(60,1,1020,1,0,0,0,''),(60,1,1022,1,0,0,0,''),(61,1,21,1,0,0,0,''),(61,1,33,1,0,0,0,''),(61,1,35,1,0,0,0,''),(61,1,36,1,0,1,0,''),(61,1,38,1,0,1,0,''),(61,1,39,1,0,0,0,''),(61,1,40,1,0,0,0,''),(61,1,41,1,0,0,0,''),(61,1,42,1,0,0,0,''),(61,1,43,1,0,0,0,''),(61,1,44,1,0,0,0,''),(61,1,45,1,0,0,0,''),(61,1,46,1,0,0,0,''),(61,1,47,1,0,0,0,''),(61,1,48,1,0,0,0,''),(61,1,49,1,0,0,0,''),(61,1,50,1,0,0,0,''),(61,1,51,1,0,0,0,''),(61,1,52,1,0,0,0.75,''),(61,1,53,1,0,0,0,''),(61,1,54,1,0,0,0,''),(61,1,55,1,0,0,0,''),(61,1,56,1,0,0,0,''),(61,1,57,1,0,0,0,''),(61,1,58,1,0,0,0,''),(61,1,59,1,0,0,0,''),(61,1,60,1,0,0,0,''),(61,1,61,1,0,0,0,''),(61,1,62,1,0,0,0,''),(61,1,63,1,0,0,0,''),(61,1,65,1,0,0,0,''),(61,1,66,1,0,0,0,''),(61,1,67,1,0,0,0,''),(61,1,68,1,0,0,0,''),(61,1,69,1,0,0,0,''),(61,1,70,1,0,0,0,''),(61,1,73,1,0,0,0,'OIL-POB-0500'),(61,1,101,1,0,11,0,''),(61,1,102,1,0,58,0,''),(61,1,103,1,0,34,0,''),(61,1,104,1,0,13,0,''),(61,1,118,1,0,3601,0,''),(61,1,119,1,0,91,0,''),(61,1,124,1,0,0,0,''),(61,1,125,1,0,0,0,''),(61,1,126,1,0,0,0,''),(61,1,127,1,0,0,0,''),(61,1,142,1,0,90,0,''),(61,1,148,1,0,0,0,''),(61,1,151,1,0,0,0,''),(61,1,156,1,0,0,0,''),(61,1,157,1,0,0,0,''),(61,1,158,1,0,48,0,''),(61,1,159,1,0,0,0,''),(61,1,160,1,0,0,0,''),(61,1,161,1,0,0,0,''),(61,1,162,1,0,0,0,''),(61,1,163,1,0,0,0,''),(61,1,164,1,0,0,0,''),(61,1,165,1,0,0,0,''),(61,1,166,1,0,0,0,''),(61,1,167,1,0,0,0,''),(61,1,168,1,0,0,0,''),(61,1,171,1,0,65,0,''),(61,1,172,1,0,0,0,''),(61,1,173,1,0,1,0,''),(61,1,174,1,0,0,0,'#578ebe'),(61,1,175,1,0,0,0,'users'),(61,1,176,1,0,0,0,'#ffffff'),(61,1,177,1,0,80,0,''),(61,1,178,1,0,0,0,''),(61,1,179,1,0,0,0,''),(61,1,180,1,0,0,0,''),(61,1,1000,1,0,0,0,''),(61,1,1001,1,0,0,0,''),(61,1,1005,2,0,0,0,''),(61,1,1007,1,0,0,0,''),(61,1,1008,2,0,0,0,''),(61,1,1009,1,0,0,0,'0,5L'),(61,1,1010,2,0,0,0,''),(61,1,1013,1,0,0,0,''),(61,1,1014,1,0,0,0,''),(61,1,1015,1,0,0,0,''),(61,1,1016,1,0,0,0,''),(61,1,1017,1,0,0,0,''),(62,1,21,1,0,0,0,''),(62,1,33,1,0,0,0,''),(62,1,35,1,0,0,0,''),(62,1,36,1,0,1,0,''),(62,1,38,1,0,1,0,''),(62,1,39,1,0,0,0,''),(62,1,40,1,0,0,0,''),(62,1,41,1,0,0,0,''),(62,1,42,1,0,0,0,''),(62,1,43,1,0,0,0,''),(62,1,44,1,0,0,0,''),(62,1,45,1,0,0,0,''),(62,1,46,1,0,0,0,''),(62,1,47,1,0,0,0,''),(62,1,48,1,0,0,0,''),(62,1,49,1,0,0,0,''),(62,1,50,1,0,0,0,''),(62,1,51,1,0,0,0,''),(62,1,52,1,0,0,0,''),(62,1,53,1,0,0,0,''),(62,1,54,1,0,0,0,''),(62,1,55,1,0,0,0,''),(62,1,56,1,0,0,0,''),(62,1,57,1,0,0,0,''),(62,1,58,1,0,0,0,''),(62,1,59,1,0,0,0,''),(62,1,60,1,0,0,0,''),(62,1,61,1,0,0,0,''),(62,1,62,1,0,0,0,''),(62,1,63,1,0,0,0,''),(62,1,65,1,0,0,0,''),(62,1,66,1,0,0,0,''),(62,1,67,1,0,0,0,''),(62,1,68,1,0,0,0,''),(62,1,69,1,0,0,0,''),(62,1,70,1,0,0,0,''),(62,1,73,1,0,0,0,'OIL-HER'),(62,1,101,1,0,44,0,''),(62,1,103,1,0,34,0,''),(62,1,104,1,0,13,0,''),(62,1,118,1,0,3602,0,''),(62,1,119,1,0,92,0,''),(62,1,124,1,0,0,0,''),(62,1,125,1,0,0,0,''),(62,1,126,1,0,0,0,''),(62,1,127,1,0,0,0,''),(62,1,142,1,0,91,0,''),(62,1,148,1,0,0,0,''),(62,1,151,1,0,0,0,''),(62,1,156,1,0,0,0,''),(62,1,157,1,0,0,0,''),(62,1,158,1,0,47,0,''),(62,1,159,1,0,0,0,''),(62,1,160,1,0,0,11.87214611872146,''),(62,1,161,1,0,0,0,''),(62,1,162,1,0,0,0,''),(62,1,163,1,0,0,0,''),(62,1,164,1,0,0,0,''),(62,1,165,1,0,0,0,''),(62,1,166,1,0,0,0,''),(62,1,167,1,0,0,0,''),(62,1,168,1,0,0,0,''),(62,1,171,1,0,65,0,''),(62,1,172,1,0,0,0,''),(62,1,173,1,0,1,0,''),(62,1,174,1,0,0,0,'#578ebe'),(62,1,175,1,0,0,0,'users'),(62,1,176,1,0,0,0,'#ffffff'),(62,1,177,1,0,80,0,''),(62,1,178,1,0,0,0,''),(62,1,179,1,0,0,0,''),(62,1,180,1,0,0,0,''),(62,1,1000,1,0,0,0,''),(62,1,1001,1,0,0,0,''),(62,1,1005,1,0,0,0,''),(62,1,1005,2,0,0,0,''),(62,1,1007,1,0,0,0,''),(62,1,1008,1,0,0,0,''),(62,1,1008,2,0,0,0,''),(62,1,1009,1,0,0,0,''),(62,1,1010,1,0,0,0,''),(62,1,1010,2,0,0,0,''),(62,1,1013,1,0,110,0,''),(62,1,1014,1,0,0,0,'89,93,100,101,107'),(62,1,1015,1,0,123,0,''),(62,1,1016,1,0,0,0,'124,125,126'),(62,1,1017,1,0,1,0,''),(62,1,1020,1,0,0,0,''),(62,1,1022,1,0,0,0,''),(63,1,1,1,0,943916400,0,''),(63,1,3,1,0,943916400,0,''),(63,1,21,1,0,0,0,''),(63,1,33,1,0,0,0,''),(63,1,35,1,0,0,0,''),(63,1,36,1,0,1,0,''),(63,1,38,1,0,1,0,''),(63,1,39,1,0,0,0,''),(63,1,40,1,0,0,0,''),(63,1,41,1,0,0,0,''),(63,1,42,1,0,0,0,''),(63,1,43,1,0,0,0,''),(63,1,44,1,0,0,0,''),(63,1,45,1,0,0,0,''),(63,1,46,1,0,0,0,''),(63,1,47,1,0,0,0,''),(63,1,48,1,0,0,0,''),(63,1,49,1,0,0,0,''),(63,1,50,1,0,0,0,''),(63,1,51,1,0,0,0,''),(63,1,52,1,0,0,0,''),(63,1,53,1,0,0,0,''),(63,1,54,1,0,0,0,''),(63,1,55,1,0,0,0,''),(63,1,56,1,0,0,0,''),(63,1,57,1,0,0,0,''),(63,1,58,1,0,0,0,''),(63,1,59,1,0,0,0,''),(63,1,60,1,0,0,0,''),(63,1,61,1,0,0,0,''),(63,1,62,1,0,0,0,''),(63,1,63,1,0,0,0,''),(63,1,65,1,0,0,0,''),(63,1,66,1,0,0,0,''),(63,1,67,1,0,0,0,''),(63,1,68,1,0,0,0,''),(63,1,69,1,0,0,0,''),(63,1,70,1,0,0,0,''),(63,1,73,1,0,0,0,'OIL-ONI'),(63,1,100,1,0,0,0,''),(63,1,101,1,0,44,0,''),(63,1,102,1,0,0,0,''),(63,1,103,1,0,34,0,''),(63,1,104,1,0,13,0,''),(63,1,116,1,0,0,0,''),(63,1,117,1,0,0,0,''),(63,1,118,1,0,3612,0,''),(63,1,119,1,0,102,0,''),(63,1,124,1,0,0,0,''),(63,1,125,1,0,0,0,''),(63,1,126,1,0,0,0,''),(63,1,127,1,0,0,0,''),(63,1,142,1,0,101,0,''),(63,1,143,1,0,0,0,''),(63,1,148,1,0,0,0,''),(63,1,151,1,0,0,0,''),(63,1,156,1,0,0,0,''),(63,1,157,1,0,0,0,''),(63,1,158,1,0,47,0,''),(63,1,159,1,0,0,0,''),(63,1,160,1,0,0,11.87214611872146,''),(63,1,161,1,0,0,0,''),(63,1,162,1,0,0,0,''),(63,1,163,1,0,0,0,''),(63,1,164,1,0,0,0,''),(63,1,165,1,0,0,0,''),(63,1,166,1,0,0,0,''),(63,1,167,1,0,0,0,''),(63,1,168,1,0,0,0,''),(63,1,171,1,0,65,0,''),(63,1,172,1,0,0,0,''),(63,1,173,1,0,1,0,''),(63,1,174,1,0,0,0,'#578ebe'),(63,1,175,1,0,0,0,'users'),(63,1,176,1,0,0,0,'#ffffff'),(63,1,177,1,0,80,0,''),(63,1,178,1,0,0,0,''),(63,1,179,1,0,0,0,''),(63,1,180,1,0,0,0,''),(63,1,1000,1,0,0,0,''),(63,1,1001,1,0,0,0,''),(63,1,1005,1,0,0,0,''),(63,1,1005,2,0,0,0,''),(63,1,1007,1,0,0,0,''),(63,1,1008,1,0,0,0,''),(63,1,1008,2,0,0,0,''),(63,1,1009,1,0,0,0,''),(63,1,1010,1,0,0,0,''),(63,1,1010,2,0,0,0,''),(63,1,1013,1,0,110,0,''),(63,1,1014,1,0,0,0,'91,93,98,100,106'),(63,1,1015,1,0,120,0,''),(63,1,1016,1,0,0,0,'124,125,126'),(63,1,1017,1,0,1,0,''),(63,1,1020,1,0,0,0,''),(63,1,1022,1,0,0,0,''),(64,1,21,1,0,0,0,''),(64,1,33,1,0,0,0,''),(64,1,35,1,0,0,0,''),(64,1,36,1,0,1,0,''),(64,1,38,1,0,1,0,''),(64,1,39,1,0,0,0,''),(64,1,40,1,0,0,0,''),(64,1,41,1,0,0,0,''),(64,1,42,1,0,0,0,''),(64,1,43,1,0,0,0,''),(64,1,44,1,0,0,0,''),(64,1,45,1,0,0,0,''),(64,1,46,1,0,0,0,''),(64,1,47,1,0,0,0,''),(64,1,48,1,0,0,0,''),(64,1,49,1,0,0,0,''),(64,1,50,1,0,0,0,''),(64,1,51,1,0,0,0,''),(64,1,52,1,0,0,0,''),(64,1,53,1,0,0,0,''),(64,1,54,1,0,0,0,''),(64,1,55,1,0,0,0,''),(64,1,56,1,0,0,0,''),(64,1,57,1,0,0,0,''),(64,1,58,1,0,0,0,''),(64,1,59,1,0,0,0,''),(64,1,60,1,0,0,0,''),(64,1,61,1,0,0,0,''),(64,1,62,1,0,0,0,''),(64,1,63,1,0,0,0,''),(64,1,65,1,0,0,0,''),(64,1,66,1,0,0,0,''),(64,1,67,1,0,0,0,''),(64,1,68,1,0,0,0,''),(64,1,69,1,0,0,0,''),(64,1,70,1,0,0,0,''),(64,1,73,1,0,0,0,'OIL-AME'),(64,1,101,1,0,44,0,''),(64,1,103,1,0,34,0,''),(64,1,104,1,0,13,0,''),(64,1,118,1,0,3604,0,''),(64,1,119,1,0,94,0,''),(64,1,124,1,0,0,0,''),(64,1,125,1,0,0,0,''),(64,1,126,1,0,0,0,''),(64,1,127,1,0,0,0,''),(64,1,142,1,0,93,0,''),(64,1,148,1,0,0,0,''),(64,1,151,1,0,0,0,''),(64,1,156,1,0,0,0,''),(64,1,157,1,0,0,0,''),(64,1,158,1,0,47,0,''),(64,1,159,1,0,0,0,''),(64,1,160,1,0,0,9.132420091324201,''),(64,1,161,1,0,0,0,''),(64,1,162,1,0,0,0,''),(64,1,163,1,0,0,0,''),(64,1,164,1,0,0,0,''),(64,1,165,1,0,0,0,''),(64,1,166,1,0,0,0,''),(64,1,167,1,0,0,0,''),(64,1,168,1,0,0,0,''),(64,1,171,1,0,65,0,''),(64,1,172,1,0,0,0,''),(64,1,173,1,0,0,0,''),(64,1,174,1,0,0,0,'#578ebe'),(64,1,175,1,0,0,0,'users'),(64,1,176,1,0,0,0,'#ffffff'),(64,1,177,1,0,80,0,''),(64,1,178,1,0,0,0,''),(64,1,179,1,0,0,0,''),(64,1,180,1,0,0,0,''),(64,1,1000,1,0,0,0,''),(64,1,1001,1,0,0,0,''),(64,1,1005,1,0,0,0,''),(64,1,1005,2,0,0,0,'&lt;p&gt;&lt;strong&gt;olive&lt;/strong&gt;oil&lt;span class=&quot;amelie&quot;&gt;&lt;strong&gt;Am&amp;eacute;lie&lt;/strong&gt;&lt;/span&gt;&lt;/p&gt;'),(64,1,1007,1,0,0,0,''),(64,1,1008,1,0,0,0,''),(64,1,1008,2,0,0,0,''),(64,1,1009,1,0,0,0,''),(64,1,1010,1,0,0,0,''),(64,1,1010,2,0,0,0,''),(64,1,1013,1,0,108,0,''),(64,1,1014,1,0,0,0,'88,89,90,94'),(64,1,1015,1,0,116,0,''),(64,1,1016,1,0,0,0,'124,125,126'),(64,1,1017,1,0,1,0,''),(64,1,1020,1,0,0,0,''),(64,1,1022,1,0,0,0,''),(65,1,21,1,0,0,0,''),(65,1,33,1,0,0,0,''),(65,1,35,1,0,0,0,''),(65,1,36,1,0,1,0,''),(65,1,38,1,0,1,0,''),(65,1,39,1,0,0,0,''),(65,1,40,1,0,0,0,''),(65,1,41,1,0,0,0,''),(65,1,42,1,0,0,0,''),(65,1,43,1,0,0,0,''),(65,1,44,1,0,0,0,''),(65,1,45,1,0,0,0,''),(65,1,46,1,0,0,0,''),(65,1,47,1,0,0,0,''),(65,1,48,1,0,0,0,''),(65,1,49,1,0,0,0,''),(65,1,50,1,0,0,0,''),(65,1,51,1,0,0,0,''),(65,1,52,1,0,0,0.35,''),(65,1,53,1,0,0,0,''),(65,1,54,1,0,0,0,''),(65,1,55,1,0,0,0,''),(65,1,56,1,0,0,0,''),(65,1,57,1,0,0,0,''),(65,1,58,1,0,0,0,''),(65,1,59,1,0,0,0,''),(65,1,60,1,0,0,0,''),(65,1,61,1,0,0,0,''),(65,1,62,1,0,0,0,''),(65,1,63,1,0,0,0,''),(65,1,65,1,0,0,0,''),(65,1,66,1,0,0,0,''),(65,1,67,1,0,0,0,''),(65,1,68,1,0,0,0,''),(65,1,69,1,0,0,0,''),(65,1,70,1,0,0,0,''),(65,1,73,1,0,0,0,'OIL-AME-0100'),(65,1,101,1,0,11,0,''),(65,1,102,1,0,59,0,''),(65,1,103,1,0,34,0,''),(65,1,104,1,0,13,0,''),(65,1,118,1,0,3605,0,''),(65,1,119,1,0,95,0,''),(65,1,124,1,0,0,0,''),(65,1,125,1,0,0,0,''),(65,1,126,1,0,0,0,''),(65,1,127,1,0,0,0,''),(65,1,142,1,0,94,0,''),(65,1,148,1,0,0,0,''),(65,1,151,1,0,0,0,''),(65,1,156,1,0,0,0,''),(65,1,157,1,0,0,0,''),(65,1,158,1,0,47,0,''),(65,1,159,1,0,0,0,''),(65,1,160,1,0,0,0,''),(65,1,161,1,0,0,0,''),(65,1,162,1,0,0,0,''),(65,1,163,1,0,0,0,''),(65,1,164,1,0,0,0,''),(65,1,165,1,0,0,0,''),(65,1,166,1,0,0,0,''),(65,1,167,1,0,0,0,''),(65,1,168,1,0,0,0,''),(65,1,171,1,0,65,0,''),(65,1,172,1,0,0,0,''),(65,1,173,1,0,0,0,''),(65,1,174,1,0,0,0,'#578ebe'),(65,1,175,1,0,0,0,'users'),(65,1,176,1,0,0,0,'#ffffff'),(65,1,177,1,0,80,0,''),(65,1,178,1,0,0,0,''),(65,1,179,1,0,0,0,''),(65,1,180,1,0,0,0,''),(65,1,1000,1,0,0,0,''),(65,1,1001,1,0,0,0,''),(65,1,1005,1,0,0,0,''),(65,1,1005,2,0,0,0,''),(65,1,1007,1,0,0,0,''),(65,1,1008,1,0,0,0,''),(65,1,1008,2,0,0,0,''),(65,1,1009,1,0,0,0,'0,1L'),(65,1,1010,1,0,0,0,''),(65,1,1010,2,0,0,0,''),(65,1,1013,1,0,108,0,''),(65,1,1014,1,0,0,0,'88,89,90,94'),(65,1,1015,1,0,116,0,''),(65,1,1016,1,0,0,0,'124,125,126'),(65,1,1017,1,0,0,0,''),(65,1,1020,1,0,0,0,''),(65,1,1022,1,0,0,0,''),(66,1,21,1,0,0,0,''),(66,1,33,1,0,0,0,''),(66,1,35,1,0,0,0,''),(66,1,36,1,0,0,0,''),(66,1,38,1,0,1,0,''),(66,1,39,1,0,0,0,''),(66,1,40,1,0,0,0,''),(66,1,41,1,0,0,0,''),(66,1,42,1,0,0,0,''),(66,1,43,1,0,0,0,''),(66,1,44,1,0,0,0,''),(66,1,45,1,0,0,0,''),(66,1,46,1,0,0,0,''),(66,1,47,1,0,0,0,''),(66,1,48,1,0,0,0,''),(66,1,49,1,0,0,0,''),(66,1,50,1,0,0,0,''),(66,1,51,1,0,0,0,''),(66,1,52,1,0,0,0.5,''),(66,1,53,1,0,0,0,''),(66,1,54,1,0,0,0,''),(66,1,55,1,0,0,0,''),(66,1,56,1,0,0,0,''),(66,1,57,1,0,0,0,''),(66,1,58,1,0,0,0,''),(66,1,59,1,0,0,0,''),(66,1,60,1,0,0,0,''),(66,1,61,1,0,0,0,''),(66,1,62,1,0,0,0,''),(66,1,63,1,0,0,0,''),(66,1,65,1,0,0,0,''),(66,1,66,1,0,0,0,''),(66,1,67,1,0,0,0,''),(66,1,68,1,0,0,0,''),(66,1,69,1,0,0,0,''),(66,1,70,1,0,0,0,''),(66,1,73,1,0,0,0,'OIL-AME-0250'),(66,1,101,1,0,11,0,''),(66,1,102,1,0,60,0,''),(66,1,103,1,0,34,0,''),(66,1,104,1,0,13,0,''),(66,1,118,1,0,3606,0,''),(66,1,119,1,0,96,0,''),(66,1,124,1,0,0,0,''),(66,1,125,1,0,0,0,''),(66,1,126,1,0,0,0,''),(66,1,127,1,0,0,0,''),(66,1,142,1,0,95,0,''),(66,1,148,1,0,0,0,''),(66,1,151,1,0,0,0,''),(66,1,156,1,0,0,0,''),(66,1,157,1,0,0,0,''),(66,1,158,1,0,47,0,''),(66,1,159,1,0,0,0,''),(66,1,160,1,0,0,0,''),(66,1,161,1,0,0,0,''),(66,1,162,1,0,0,0,''),(66,1,163,1,0,0,0,''),(66,1,164,1,0,0,0,''),(66,1,165,1,0,0,0,''),(66,1,166,1,0,0,0,''),(66,1,167,1,0,0,0,''),(66,1,168,1,0,0,0,''),(66,1,171,1,0,65,0,''),(66,1,172,1,0,0,0,''),(66,1,173,1,0,0,0,''),(66,1,174,1,0,0,0,'#578ebe'),(66,1,175,1,0,0,0,'users'),(66,1,176,1,0,0,0,'#ffffff'),(66,1,177,1,0,80,0,''),(66,1,178,1,0,0,0,''),(66,1,179,1,0,0,0,''),(66,1,180,1,0,0,0,''),(66,1,1000,1,0,0,0,''),(66,1,1001,1,0,0,0,''),(66,1,1005,1,0,0,0,''),(66,1,1005,2,0,0,0,''),(66,1,1007,1,0,0,0,''),(66,1,1008,1,0,0,0,''),(66,1,1008,2,0,0,0,''),(66,1,1009,1,0,0,0,'0,25L'),(66,1,1010,1,0,0,0,''),(66,1,1010,2,0,0,0,''),(66,1,1013,1,0,0,0,''),(66,1,1014,1,0,0,0,''),(66,1,1015,1,0,116,0,''),(66,1,1016,1,0,0,0,''),(66,1,1017,1,0,0,0,''),(66,1,1020,1,0,0,0,''),(66,1,1022,1,0,0,0,''),(67,1,21,1,0,0,0,''),(67,1,33,1,0,0,0,''),(67,1,35,1,0,0,0,''),(67,1,36,1,0,1,0,''),(67,1,38,1,0,1,0,''),(67,1,39,1,0,0,0,''),(67,1,40,1,0,0,0,''),(67,1,41,1,0,0,0,''),(67,1,42,1,0,0,0,''),(67,1,43,1,0,0,0,''),(67,1,44,1,0,0,0,''),(67,1,45,1,0,0,0,''),(67,1,46,1,0,0,0,''),(67,1,47,1,0,0,0,''),(67,1,48,1,0,0,0,''),(67,1,49,1,0,0,0,''),(67,1,50,1,0,0,0,''),(67,1,51,1,0,0,0,''),(67,1,52,1,0,0,0.75,''),(67,1,53,1,0,0,0,''),(67,1,54,1,0,0,0,''),(67,1,55,1,0,0,0,''),(67,1,56,1,0,0,0,''),(67,1,57,1,0,0,0,''),(67,1,58,1,0,0,0,''),(67,1,59,1,0,0,0,''),(67,1,60,1,0,0,0,''),(67,1,61,1,0,0,0,''),(67,1,62,1,0,0,0,''),(67,1,63,1,0,0,0,''),(67,1,65,1,0,0,0,''),(67,1,66,1,0,0,0,''),(67,1,67,1,0,0,0,''),(67,1,68,1,0,0,0,''),(67,1,69,1,0,0,0,''),(67,1,70,1,0,0,0,''),(67,1,73,1,0,0,0,'OIL-AME-0500'),(67,1,101,1,0,11,0,''),(67,1,102,1,0,61,0,''),(67,1,103,1,0,34,0,''),(67,1,104,1,0,13,0,''),(67,1,118,1,0,3607,0,''),(67,1,119,1,0,97,0,''),(67,1,124,1,0,0,0,''),(67,1,125,1,0,0,0,''),(67,1,126,1,0,0,0,''),(67,1,127,1,0,0,0,''),(67,1,142,1,0,96,0,''),(67,1,148,1,0,0,0,''),(67,1,151,1,0,0,0,''),(67,1,156,1,0,0,0,''),(67,1,157,1,0,0,0,''),(67,1,158,1,0,47,0,''),(67,1,159,1,0,0,0,''),(67,1,160,1,0,0,0,''),(67,1,161,1,0,0,0,''),(67,1,162,1,0,0,0,''),(67,1,163,1,0,0,0,''),(67,1,164,1,0,0,0,''),(67,1,165,1,0,0,0,''),(67,1,166,1,0,0,0,''),(67,1,167,1,0,0,0,''),(67,1,168,1,0,0,0,''),(67,1,171,1,0,65,0,''),(67,1,172,1,0,0,0,''),(67,1,173,1,0,0,0,''),(67,1,174,1,0,0,0,'#578ebe'),(67,1,175,1,0,0,0,'users'),(67,1,176,1,0,0,0,'#ffffff'),(67,1,177,1,0,80,0,''),(67,1,178,1,0,0,0,''),(67,1,179,1,0,0,0,''),(67,1,180,1,0,0,0,''),(67,1,1000,1,0,0,0,''),(67,1,1001,1,0,0,0,''),(67,1,1005,1,0,0,0,''),(67,1,1005,2,0,0,0,''),(67,1,1007,1,0,0,0,''),(67,1,1008,1,0,0,0,''),(67,1,1008,2,0,0,0,''),(67,1,1009,1,0,0,0,'0,5L'),(67,1,1010,1,0,0,0,''),(67,1,1010,2,0,0,0,''),(67,1,1013,1,0,0,0,''),(67,1,1014,1,0,0,0,''),(67,1,1015,1,0,0,0,''),(67,1,1016,1,0,0,0,''),(67,1,1017,1,0,0,0,''),(67,1,1020,1,0,0,0,''),(67,1,1022,1,0,0,0,''),(68,1,21,1,0,0,0,''),(68,1,33,1,0,0,0,''),(68,1,35,1,0,0,0,''),(68,1,36,1,0,1,0,''),(68,1,38,1,0,1,0,''),(68,1,39,1,0,0,0,''),(68,1,40,1,0,0,0,''),(68,1,41,1,0,0,0,''),(68,1,42,1,0,0,0,''),(68,1,43,1,0,0,0,''),(68,1,44,1,0,0,0,''),(68,1,45,1,0,0,0,''),(68,1,46,1,0,0,0,''),(68,1,47,1,0,0,0,''),(68,1,48,1,0,0,0,''),(68,1,49,1,0,0,0,''),(68,1,50,1,0,0,0,''),(68,1,51,1,0,0,0,''),(68,1,52,1,0,0,0.35,''),(68,1,53,1,0,0,0,''),(68,1,54,1,0,0,0,''),(68,1,55,1,0,0,0,''),(68,1,56,1,0,0,0,''),(68,1,57,1,0,0,0,''),(68,1,58,1,0,0,0,''),(68,1,59,1,0,0,0,''),(68,1,60,1,0,0,0,''),(68,1,61,1,0,0,0,''),(68,1,62,1,0,0,0,''),(68,1,63,1,0,0,0,''),(68,1,65,1,0,0,0,''),(68,1,66,1,0,0,0,''),(68,1,67,1,0,0,0,''),(68,1,68,1,0,0,0,''),(68,1,69,1,0,0,0,''),(68,1,70,1,0,0,0,''),(68,1,73,1,0,0,0,'OIL-HER-0100'),(68,1,101,1,0,11,0,''),(68,1,102,1,0,62,0,''),(68,1,103,1,0,34,0,''),(68,1,104,1,0,13,0,''),(68,1,118,1,0,3608,0,''),(68,1,119,1,0,98,0,''),(68,1,124,1,0,0,0,''),(68,1,125,1,0,0,0,''),(68,1,126,1,0,0,0,''),(68,1,127,1,0,0,0,''),(68,1,142,1,0,97,0,''),(68,1,148,1,0,0,0,''),(68,1,151,1,0,0,0,''),(68,1,156,1,0,0,0,''),(68,1,157,1,0,0,0,''),(68,1,158,1,0,47,0,''),(68,1,159,1,0,0,0,''),(68,1,160,1,0,0,0,''),(68,1,161,1,0,0,0,''),(68,1,162,1,0,0,0,''),(68,1,163,1,0,0,0,''),(68,1,164,1,0,0,0,''),(68,1,165,1,0,0,0,''),(68,1,166,1,0,0,0,''),(68,1,167,1,0,0,0,''),(68,1,168,1,0,0,0,''),(68,1,171,1,0,65,0,''),(68,1,172,1,0,0,0,''),(68,1,173,1,0,0,0,''),(68,1,174,1,0,0,0,'#578ebe'),(68,1,175,1,0,0,0,'users'),(68,1,176,1,0,0,0,'#ffffff'),(68,1,177,1,0,80,0,''),(68,1,178,1,0,0,0,''),(68,1,179,1,0,0,0,''),(68,1,180,1,0,0,0,''),(68,1,1000,1,0,0,0,''),(68,1,1001,1,0,0,0,''),(68,1,1005,1,0,0,0,''),(68,1,1005,2,0,0,0,''),(68,1,1007,1,0,0,0,''),(68,1,1008,1,0,0,0,''),(68,1,1008,2,0,0,0,''),(68,1,1009,1,0,0,0,'0,1L'),(68,1,1010,1,0,0,0,''),(68,1,1010,2,0,0,0,''),(68,1,1013,1,0,0,0,''),(68,1,1014,1,0,0,0,''),(68,1,1015,1,0,0,0,''),(68,1,1016,1,0,0,0,''),(68,1,1017,1,0,0,0,''),(68,1,1020,1,0,0,0,''),(69,1,21,1,0,0,0,''),(69,1,33,1,0,0,0,''),(69,1,35,1,0,0,0,''),(69,1,36,1,0,1,0,''),(69,1,38,1,0,1,0,''),(69,1,39,1,0,0,0,''),(69,1,40,1,0,0,0,''),(69,1,41,1,0,0,0,''),(69,1,42,1,0,0,0,''),(69,1,43,1,0,0,0,''),(69,1,44,1,0,0,0,''),(69,1,45,1,0,0,0,''),(69,1,46,1,0,0,0,''),(69,1,47,1,0,0,0,''),(69,1,48,1,0,0,0,''),(69,1,49,1,0,0,0,''),(69,1,50,1,0,0,0,''),(69,1,51,1,0,0,0,''),(69,1,52,1,0,0,0.5,''),(69,1,53,1,0,0,0,''),(69,1,54,1,0,0,0,''),(69,1,55,1,0,0,0,''),(69,1,56,1,0,0,0,''),(69,1,57,1,0,0,0,''),(69,1,58,1,0,0,0,''),(69,1,59,1,0,0,0,''),(69,1,60,1,0,0,0,''),(69,1,61,1,0,0,0,''),(69,1,62,1,0,0,0,''),(69,1,63,1,0,0,0,''),(69,1,65,1,0,0,0,''),(69,1,66,1,0,0,0,''),(69,1,67,1,0,0,0,''),(69,1,68,1,0,0,0,''),(69,1,69,1,0,0,0,''),(69,1,70,1,0,0,0,''),(69,1,73,1,0,0,0,'OIL-HER-0250'),(69,1,101,1,0,11,0,''),(69,1,102,1,0,63,0,''),(69,1,103,1,0,34,0,''),(69,1,104,1,0,13,0,''),(69,1,118,1,0,3609,0,''),(69,1,119,1,0,99,0,''),(69,1,124,1,0,0,0,''),(69,1,125,1,0,0,0,''),(69,1,126,1,0,0,0,''),(69,1,127,1,0,0,0,''),(69,1,142,1,0,98,0,''),(69,1,148,1,0,0,0,''),(69,1,151,1,0,0,0,''),(69,1,156,1,0,0,0,''),(69,1,157,1,0,0,0,''),(69,1,158,1,0,47,0,''),(69,1,159,1,0,0,0,''),(69,1,160,1,0,0,0,''),(69,1,161,1,0,0,0,''),(69,1,162,1,0,0,0,''),(69,1,163,1,0,0,0,''),(69,1,164,1,0,0,0,''),(69,1,165,1,0,0,0,''),(69,1,166,1,0,0,0,''),(69,1,167,1,0,0,0,''),(69,1,168,1,0,0,0,''),(69,1,171,1,0,65,0,''),(69,1,172,1,0,0,0,''),(69,1,173,1,0,0,0,''),(69,1,174,1,0,0,0,'#578ebe'),(69,1,175,1,0,0,0,'users'),(69,1,176,1,0,0,0,'#ffffff'),(69,1,177,1,0,80,0,''),(69,1,178,1,0,0,0,''),(69,1,179,1,0,0,0,''),(69,1,180,1,0,0,0,''),(69,1,1000,1,0,0,0,''),(69,1,1001,1,0,0,0,''),(69,1,1005,1,0,0,0,''),(69,1,1005,2,0,0,0,''),(69,1,1007,1,0,0,0,''),(69,1,1008,1,0,0,0,''),(69,1,1008,2,0,0,0,''),(69,1,1009,1,0,0,0,'0,25L'),(69,1,1010,1,0,0,0,''),(69,1,1010,2,0,0,0,''),(69,1,1013,1,0,0,0,''),(69,1,1014,1,0,0,0,''),(69,1,1015,1,0,0,0,''),(69,1,1016,1,0,0,0,''),(69,1,1017,1,0,0,0,''),(69,1,1020,1,0,0,0,''),(70,1,21,1,0,0,0,''),(70,1,33,1,0,0,0,''),(70,1,35,1,0,0,0,''),(70,1,36,1,0,1,0,''),(70,1,38,1,0,1,0,''),(70,1,39,1,0,0,0,''),(70,1,40,1,0,0,0,''),(70,1,41,1,0,0,0,''),(70,1,42,1,0,0,0,''),(70,1,43,1,0,0,0,''),(70,1,44,1,0,0,0,''),(70,1,45,1,0,0,0,''),(70,1,46,1,0,0,0,''),(70,1,47,1,0,0,0,''),(70,1,48,1,0,0,0,''),(70,1,49,1,0,0,0,''),(70,1,50,1,0,0,0,''),(70,1,51,1,0,0,0,''),(70,1,52,1,0,0,0.35,''),(70,1,53,1,0,0,0,''),(70,1,54,1,0,0,0,''),(70,1,55,1,0,0,0,''),(70,1,56,1,0,0,0,''),(70,1,57,1,0,0,0,''),(70,1,58,1,0,0,0,''),(70,1,59,1,0,0,0,''),(70,1,60,1,0,0,0,''),(70,1,61,1,0,0,0,''),(70,1,62,1,0,0,0,''),(70,1,63,1,0,0,0,''),(70,1,65,1,0,0,0,''),(70,1,66,1,0,0,0,''),(70,1,67,1,0,0,0,''),(70,1,68,1,0,0,0,''),(70,1,69,1,0,0,0,''),(70,1,70,1,0,0,0,''),(70,1,73,1,0,0,0,'OIL-ONI-0100'),(70,1,101,1,0,11,0,''),(70,1,102,1,0,64,0,''),(70,1,103,1,0,34,0,''),(70,1,104,1,0,13,0,''),(70,1,118,1,0,3610,0,''),(70,1,119,1,0,100,0,''),(70,1,124,1,0,0,0,''),(70,1,125,1,0,0,0,''),(70,1,126,1,0,0,0,''),(70,1,127,1,0,0,0,''),(70,1,142,1,0,99,0,''),(70,1,148,1,0,0,0,''),(70,1,151,1,0,0,0,''),(70,1,156,1,0,0,0,''),(70,1,157,1,0,0,0,''),(70,1,158,1,0,47,0,''),(70,1,159,1,0,0,0,''),(70,1,160,1,0,0,0,''),(70,1,161,1,0,0,0,''),(70,1,162,1,0,0,0,''),(70,1,163,1,0,0,0,''),(70,1,164,1,0,0,0,''),(70,1,165,1,0,0,0,''),(70,1,166,1,0,0,0,''),(70,1,167,1,0,0,0,''),(70,1,168,1,0,0,0,''),(70,1,171,1,0,65,0,''),(70,1,172,1,0,0,0,''),(70,1,173,1,0,0,0,''),(70,1,174,1,0,0,0,'#578ebe'),(70,1,175,1,0,0,0,'users'),(70,1,176,1,0,0,0,'#ffffff'),(70,1,177,1,0,80,0,''),(70,1,178,1,0,0,0,''),(70,1,179,1,0,0,0,''),(70,1,180,1,0,0,0,''),(70,1,1000,1,0,0,0,''),(70,1,1001,1,0,0,0,''),(70,1,1005,1,0,0,0,''),(70,1,1005,2,0,0,0,''),(70,1,1007,1,0,0,0,''),(70,1,1008,1,0,0,0,''),(70,1,1008,2,0,0,0,''),(70,1,1009,1,0,0,0,'0,1L'),(70,1,1010,1,0,0,0,''),(70,1,1010,2,0,0,0,''),(70,1,1013,1,0,0,0,''),(70,1,1014,1,0,0,0,''),(70,1,1015,1,0,0,0,''),(70,1,1016,1,0,0,0,''),(70,1,1017,1,0,0,0,''),(70,1,1020,1,0,0,0,''),(71,1,21,1,0,0,0,''),(71,1,33,1,0,0,0,''),(71,1,35,1,0,0,0,''),(71,1,36,1,0,1,0,''),(71,1,38,1,0,1,0,''),(71,1,39,1,0,0,0,''),(71,1,40,1,0,0,0,''),(71,1,41,1,0,0,0,''),(71,1,42,1,0,0,0,''),(71,1,43,1,0,0,0,''),(71,1,44,1,0,0,0,''),(71,1,45,1,0,0,0,''),(71,1,46,1,0,0,0,''),(71,1,47,1,0,0,0,''),(71,1,48,1,0,0,0,''),(71,1,49,1,0,0,0,''),(71,1,50,1,0,0,0,''),(71,1,51,1,0,0,0,''),(71,1,52,1,0,0,0.5,''),(71,1,53,1,0,0,0,''),(71,1,54,1,0,0,0,''),(71,1,55,1,0,0,0,''),(71,1,56,1,0,0,0,''),(71,1,57,1,0,0,0,''),(71,1,58,1,0,0,0,''),(71,1,59,1,0,0,0,''),(71,1,60,1,0,0,0,''),(71,1,61,1,0,0,0,''),(71,1,62,1,0,0,0,''),(71,1,63,1,0,0,0,''),(71,1,65,1,0,0,0,''),(71,1,66,1,0,0,0,''),(71,1,67,1,0,0,0,''),(71,1,68,1,0,0,0,''),(71,1,69,1,0,0,0,''),(71,1,70,1,0,0,0,''),(71,1,73,1,0,0,0,'OIL-ONI-0250'),(71,1,101,1,0,11,0,''),(71,1,102,1,0,65,0,''),(71,1,103,1,0,34,0,''),(71,1,104,1,0,13,0,''),(71,1,118,1,0,3611,0,''),(71,1,119,1,0,101,0,''),(71,1,124,1,0,0,0,''),(71,1,125,1,0,0,0,''),(71,1,126,1,0,0,0,''),(71,1,127,1,0,0,0,''),(71,1,142,1,0,100,0,''),(71,1,148,1,0,0,0,''),(71,1,151,1,0,0,0,''),(71,1,156,1,0,0,0,''),(71,1,157,1,0,0,0,''),(71,1,158,1,0,47,0,''),(71,1,159,1,0,0,0,''),(71,1,160,1,0,0,0,''),(71,1,161,1,0,0,0,''),(71,1,162,1,0,0,0,''),(71,1,163,1,0,0,0,''),(71,1,164,1,0,0,0,''),(71,1,165,1,0,0,0,''),(71,1,166,1,0,0,0,''),(71,1,167,1,0,0,0,''),(71,1,168,1,0,0,0,''),(71,1,171,1,0,65,0,''),(71,1,172,1,0,0,0,''),(71,1,173,1,0,0,0,''),(71,1,174,1,0,0,0,'#578ebe'),(71,1,175,1,0,0,0,'users'),(71,1,176,1,0,0,0,'#ffffff'),(71,1,177,1,0,80,0,''),(71,1,178,1,0,0,0,''),(71,1,179,1,0,0,0,''),(71,1,180,1,0,0,0,''),(71,1,1000,1,0,0,0,''),(71,1,1001,1,0,0,0,''),(71,1,1005,1,0,0,0,''),(71,1,1005,2,0,0,0,''),(71,1,1007,1,0,0,0,''),(71,1,1008,1,0,0,0,''),(71,1,1008,2,0,0,0,''),(71,1,1009,1,0,0,0,'0,25L'),(71,1,1010,1,0,0,0,''),(71,1,1010,2,0,0,0,''),(71,1,1013,1,0,0,0,''),(71,1,1014,1,0,0,0,''),(71,1,1015,1,0,0,0,''),(71,1,1016,1,0,0,0,''),(71,1,1017,1,0,0,0,''),(71,1,1020,1,0,0,0,''),(72,1,21,1,0,0,0,''),(72,1,33,1,0,0,0,''),(72,1,35,1,0,0,0,''),(72,1,36,1,0,1,0,''),(72,1,38,1,0,1,0,''),(72,1,39,1,0,0,0,''),(72,1,40,1,0,0,0,''),(72,1,41,1,0,0,0,''),(72,1,42,1,0,0,0,''),(72,1,43,1,0,0,0,''),(72,1,44,1,0,0,0,''),(72,1,45,1,0,0,0,''),(72,1,46,1,0,0,0,''),(72,1,47,1,0,0,0,''),(72,1,48,1,0,0,0,''),(72,1,49,1,0,0,0,''),(72,1,50,1,0,0,0,''),(72,1,51,1,0,0,0,''),(72,1,52,1,0,0,0.1,''),(72,1,53,1,0,0,0,''),(72,1,54,1,0,0,0,''),(72,1,55,1,0,0,0,''),(72,1,56,1,0,0,0,''),(72,1,57,1,0,0,0,''),(72,1,58,1,0,0,0,''),(72,1,59,1,0,0,0,''),(72,1,60,1,0,0,0,''),(72,1,61,1,0,0,0,''),(72,1,62,1,0,0,0,''),(72,1,63,1,0,0,0,''),(72,1,65,1,0,0,0,''),(72,1,66,1,0,0,0,''),(72,1,67,1,0,0,0,''),(72,1,68,1,0,0,0,''),(72,1,69,1,0,0,0,''),(72,1,70,1,0,0,0,''),(72,1,73,1,0,0,0,'OIL-GIFTBOX'),(72,1,101,1,0,11,0,''),(72,1,102,1,0,66,0,''),(72,1,103,1,0,34,0,''),(72,1,104,1,0,13,0,''),(72,1,118,1,0,3613,0,''),(72,1,119,1,0,103,0,''),(72,1,124,1,0,0,0,''),(72,1,125,1,0,0,0,''),(72,1,126,1,0,0,0,''),(72,1,127,1,0,0,0,''),(72,1,142,1,0,102,0,''),(72,1,148,1,0,0,0,''),(72,1,151,1,0,0,0,''),(72,1,156,1,0,0,0,''),(72,1,157,1,0,0,0,''),(72,1,158,1,0,47,0,''),(72,1,159,1,0,0,0,''),(72,1,160,1,0,0,0,''),(72,1,161,1,0,0,0,''),(72,1,162,1,0,0,0,''),(72,1,163,1,0,0,0,''),(72,1,164,1,0,0,0,''),(72,1,165,1,0,0,0,''),(72,1,166,1,0,0,0,''),(72,1,167,1,0,0,0,''),(72,1,168,1,0,0,0,''),(72,1,171,1,0,65,0,''),(72,1,172,1,0,0,0,''),(72,1,173,1,0,0,0,''),(72,1,174,1,0,0,0,'#578ebe'),(72,1,175,1,0,0,0,'users'),(72,1,176,1,0,0,0,'#ffffff'),(72,1,177,1,0,80,0,''),(72,1,178,1,0,0,0,''),(72,1,179,1,0,0,0,''),(72,1,180,1,0,0,0,''),(72,1,1000,1,0,0,0,''),(72,1,1001,1,0,0,0,''),(72,1,1005,1,0,0,0,''),(72,1,1005,2,0,0,0,''),(72,1,1007,1,0,0,0,''),(72,1,1008,1,0,0,0,''),(72,1,1008,2,0,0,0,''),(72,1,1009,1,0,0,0,''),(72,1,1010,1,0,0,0,''),(72,1,1010,2,0,0,0,''),(72,1,1013,1,0,0,0,''),(72,1,1014,1,0,0,0,''),(72,1,1015,1,0,0,0,''),(72,1,1016,1,0,0,0,''),(72,1,1017,1,0,0,0,''),(72,1,1020,1,0,0,0,''),(72,1,1021,1,0,0,0,''),(72,1,1022,1,0,0,0,''),(73,1,21,1,0,0,0,''),(73,1,33,1,0,0,0,''),(73,1,35,1,0,0,0,''),(73,1,36,1,0,0,0,''),(73,1,38,1,0,0,0,''),(73,1,39,1,0,0,0,''),(73,1,40,1,0,0,0,''),(73,1,41,1,0,0,0,''),(73,1,42,1,0,0,0,''),(73,1,43,1,0,0,0,''),(73,1,44,1,0,0,0,''),(73,1,45,1,0,0,0,''),(73,1,46,1,0,0,0,''),(73,1,47,1,0,0,0,''),(73,1,48,1,0,0,0,''),(73,1,49,1,0,0,0,''),(73,1,50,1,0,0,0,''),(73,1,51,1,0,0,0,''),(73,1,52,1,0,0,0.75,''),(73,1,53,1,0,0,0,''),(73,1,54,1,0,0,0,''),(73,1,55,1,0,0,0,''),(73,1,56,1,0,0,0,''),(73,1,57,1,0,0,0,''),(73,1,58,1,0,0,0,''),(73,1,59,1,0,0,0,''),(73,1,60,1,0,0,0,''),(73,1,61,1,0,0,0,''),(73,1,62,1,0,0,0,''),(73,1,63,1,0,0,0,''),(73,1,65,1,0,0,0,''),(73,1,66,1,0,0,0,''),(73,1,67,1,0,0,0,''),(73,1,68,1,0,0,0,''),(73,1,69,1,0,0,0,''),(73,1,70,1,0,0,0,''),(73,1,73,1,0,0,0,'OIL-POI-0500'),(73,1,101,1,0,11,0,''),(73,1,102,1,0,67,0,''),(73,1,103,1,0,34,0,''),(73,1,104,1,0,13,0,''),(73,1,118,1,0,3614,0,''),(73,1,119,1,0,104,0,''),(73,1,124,1,0,0,0,''),(73,1,125,1,0,0,0,''),(73,1,126,1,0,0,0,''),(73,1,127,1,0,0,0,''),(73,1,142,1,0,103,0,''),(73,1,148,1,0,0,0,''),(73,1,151,1,0,0,0,''),(73,1,156,1,0,0,0,''),(73,1,157,1,0,0,0,''),(73,1,158,1,0,47,0,''),(73,1,159,1,0,0,0,''),(73,1,160,1,0,0,0,''),(73,1,161,1,0,0,0,''),(73,1,162,1,0,0,0,''),(73,1,163,1,0,0,0,''),(73,1,164,1,0,0,0,''),(73,1,165,1,0,0,0,''),(73,1,166,1,0,0,0,''),(73,1,167,1,0,0,0,''),(73,1,168,1,0,0,0,''),(73,1,171,1,0,65,0,''),(73,1,172,1,0,0,0,''),(73,1,173,1,0,0,0,''),(73,1,174,1,0,0,0,'#578ebe'),(73,1,175,1,0,0,0,'users'),(73,1,176,1,0,0,0,'#ffffff'),(73,1,177,1,0,80,0,''),(73,1,178,1,0,0,0,''),(73,1,179,1,0,0,0,''),(73,1,180,1,0,0,0,''),(73,1,1000,1,0,0,0,''),(73,1,1001,1,0,0,0,''),(73,1,1005,1,0,0,0,''),(73,1,1005,2,0,0,0,''),(73,1,1007,1,0,0,0,''),(73,1,1008,1,0,0,0,''),(73,1,1008,2,0,0,0,''),(73,1,1009,1,0,0,0,''),(73,1,1010,1,0,0,0,''),(73,1,1010,2,0,0,0,''),(73,1,1013,1,0,0,0,''),(73,1,1014,1,0,0,0,''),(73,1,1015,1,0,0,0,''),(73,1,1016,1,0,0,0,''),(73,1,1017,1,0,0,0,''),(73,1,1020,1,0,0,0,''),(73,1,1022,1,0,0,0,''),(74,1,21,1,0,0,0,''),(74,1,33,1,0,0,0,''),(74,1,35,1,0,0,0,''),(74,1,36,1,0,1,0,''),(74,1,38,1,0,1,0,''),(74,1,39,1,0,0,0,''),(74,1,40,1,0,0,0,''),(74,1,41,1,0,0,0,''),(74,1,42,1,0,0,0,''),(74,1,43,1,0,0,0,''),(74,1,44,1,0,0,0,''),(74,1,45,1,0,0,0,''),(74,1,46,1,0,0,0,''),(74,1,47,1,0,0,0,''),(74,1,48,1,0,0,0,''),(74,1,49,1,0,0,0,''),(74,1,50,1,0,0,0,''),(74,1,51,1,0,0,0,''),(74,1,52,1,0,0,0.1,''),(74,1,53,1,0,0,0,''),(74,1,54,1,0,0,0,''),(74,1,55,1,0,0,0,''),(74,1,56,1,0,0,0,''),(74,1,57,1,0,0,0,''),(74,1,58,1,0,0,0,''),(74,1,59,1,0,0,0,''),(74,1,60,1,0,0,0,''),(74,1,61,1,0,0,0,''),(74,1,62,1,0,0,0,''),(74,1,63,1,0,0,0,''),(74,1,65,1,0,0,0,''),(74,1,66,1,0,0,0,''),(74,1,67,1,0,0,0,''),(74,1,68,1,0,0,0,''),(74,1,69,1,0,0,0,''),(74,1,70,1,0,0,0,''),(74,1,73,1,0,0,0,'GIFTBOX-POISON'),(74,1,101,1,0,11,0,''),(74,1,102,1,0,69,0,''),(74,1,103,1,0,34,0,''),(74,1,104,1,0,13,0,''),(74,1,118,1,0,3615,0,''),(74,1,119,1,0,105,0,''),(74,1,124,1,0,0,0,''),(74,1,125,1,0,0,0,''),(74,1,126,1,0,0,0,''),(74,1,127,1,0,0,0,''),(74,1,142,1,0,104,0,''),(74,1,148,1,0,0,0,''),(74,1,151,1,0,0,0,''),(74,1,156,1,0,0,0,''),(74,1,157,1,0,0,0,''),(74,1,158,1,0,47,0,''),(74,1,159,1,0,0,0,''),(74,1,160,1,0,0,0,''),(74,1,161,1,0,0,0,''),(74,1,162,1,0,0,0,''),(74,1,163,1,0,0,0,''),(74,1,164,1,0,0,0,''),(74,1,165,1,0,0,0,''),(74,1,166,1,0,0,0,''),(74,1,167,1,0,0,0,''),(74,1,168,1,0,0,0,''),(74,1,171,1,0,65,0,''),(74,1,172,1,0,0,0,''),(74,1,173,1,0,0,0,''),(74,1,174,1,0,0,0,'#578ebe'),(74,1,175,1,0,0,0,'users'),(74,1,176,1,0,0,0,'#ffffff'),(74,1,177,1,0,80,0,''),(74,1,178,1,0,0,0,''),(74,1,179,1,0,0,0,''),(74,1,180,1,0,0,0,''),(74,1,1000,1,0,0,0,''),(74,1,1001,1,0,0,0,''),(74,1,1005,1,0,0,0,''),(74,1,1005,2,0,0,0,''),(74,1,1007,1,0,0,0,''),(74,1,1008,1,0,0,0,''),(74,1,1008,2,0,0,0,''),(74,1,1009,1,0,0,0,''),(74,1,1010,1,0,0,0,''),(74,1,1010,2,0,0,0,''),(74,1,1013,1,0,0,0,''),(74,1,1014,1,0,0,0,''),(74,1,1015,1,0,0,0,''),(74,1,1016,1,0,0,0,''),(74,1,1017,1,0,0,0,''),(74,1,1020,1,0,0,0,''),(74,1,1021,1,0,0,0,''),(74,1,1022,1,0,0,0,''),(75,1,21,1,0,0,0,''),(75,1,33,1,0,0,0,''),(75,1,35,1,0,0,0,''),(75,1,36,1,0,1,0,''),(75,1,38,1,0,1,0,''),(75,1,39,1,0,0,0,''),(75,1,40,1,0,0,0,''),(75,1,41,1,0,0,0,''),(75,1,42,1,0,0,0,''),(75,1,43,1,0,0,0,''),(75,1,44,1,0,0,0,''),(75,1,45,1,0,0,0,''),(75,1,46,1,0,0,0,''),(75,1,47,1,0,0,0,''),(75,1,48,1,0,0,0,''),(75,1,49,1,0,0,0,''),(75,1,50,1,0,0,0,''),(75,1,51,1,0,0,0,''),(75,1,52,1,0,0,0.3,''),(75,1,53,1,0,0,0,''),(75,1,54,1,0,0,0,''),(75,1,55,1,0,0,0,''),(75,1,56,1,0,0,0,''),(75,1,57,1,0,0,0,''),(75,1,58,1,0,0,0,''),(75,1,59,1,0,0,0,''),(75,1,60,1,0,0,0,''),(75,1,61,1,0,0,0,''),(75,1,62,1,0,0,0,''),(75,1,63,1,0,0,0,''),(75,1,65,1,0,0,0,''),(75,1,66,1,0,0,0,''),(75,1,67,1,0,0,0,''),(75,1,68,1,0,0,0,''),(75,1,69,1,0,0,0,''),(75,1,70,1,0,0,0,''),(75,1,73,1,0,0,0,'WOO-SAL-BOW'),(75,1,101,1,0,11,0,''),(75,1,102,1,0,70,0,''),(75,1,103,1,0,34,0,''),(75,1,104,1,0,13,0,''),(75,1,118,1,0,3616,0,''),(75,1,119,1,0,106,0,''),(75,1,124,1,0,0,0,''),(75,1,125,1,0,0,0,''),(75,1,126,1,0,0,0,''),(75,1,127,1,0,0,0,''),(75,1,142,1,0,105,0,''),(75,1,148,1,0,0,0,''),(75,1,151,1,0,0,0,''),(75,1,156,1,0,0,0,''),(75,1,157,1,0,0,0,''),(75,1,158,1,0,48,0,''),(75,1,159,1,0,0,0,''),(75,1,160,1,0,0,0,''),(75,1,161,1,0,0,0,''),(75,1,162,1,0,0,0,''),(75,1,163,1,0,0,0,''),(75,1,164,1,0,0,0,''),(75,1,165,1,0,0,0,''),(75,1,166,1,0,0,0,''),(75,1,167,1,0,0,0,''),(75,1,168,1,0,0,0,''),(75,1,171,1,0,65,0,''),(75,1,172,1,0,0,0,''),(75,1,173,1,0,1,0,''),(75,1,174,1,0,0,0,'#578ebe'),(75,1,175,1,0,0,0,'users'),(75,1,176,1,0,0,0,'#ffffff'),(75,1,177,1,0,80,0,''),(75,1,178,1,0,0,0,''),(75,1,179,1,0,0,0,''),(75,1,180,1,0,0,0,''),(75,1,1000,1,0,0,0,''),(75,1,1001,1,0,0,0,''),(75,1,1005,1,0,0,0,''),(75,1,1005,2,0,0,0,''),(75,1,1007,1,0,0,0,''),(75,1,1008,1,0,0,0,''),(75,1,1008,2,0,0,0,''),(75,1,1009,1,0,0,0,''),(75,1,1010,1,0,0,0,''),(75,1,1010,2,0,0,0,''),(75,1,1013,1,0,0,0,''),(75,1,1014,1,0,0,0,''),(75,1,1015,1,0,0,0,''),(75,1,1016,1,0,0,0,''),(75,1,1017,1,0,0,0,''),(75,1,1020,1,0,0,0,''),(76,1,21,1,0,0,0,''),(76,1,33,1,0,0,0,''),(76,1,35,1,0,0,0,''),(76,1,36,1,0,1,0,''),(76,1,38,1,0,1,0,''),(76,1,39,1,0,0,0,''),(76,1,40,1,0,0,0,''),(76,1,41,1,0,0,0,''),(76,1,42,1,0,0,0,''),(76,1,43,1,0,0,0,''),(76,1,44,1,0,0,0,''),(76,1,45,1,0,0,0,''),(76,1,46,1,0,0,0,''),(76,1,47,1,0,0,0,''),(76,1,48,1,0,0,0,''),(76,1,49,1,0,0,0,''),(76,1,50,1,0,0,0,''),(76,1,51,1,0,0,0,''),(76,1,52,1,0,0,0.3,''),(76,1,53,1,0,0,0,''),(76,1,54,1,0,0,0,''),(76,1,55,1,0,0,0,''),(76,1,56,1,0,0,0,''),(76,1,57,1,0,0,0,''),(76,1,58,1,0,0,0,''),(76,1,59,1,0,0,0,''),(76,1,60,1,0,0,0,''),(76,1,61,1,0,0,0,''),(76,1,62,1,0,0,0,''),(76,1,63,1,0,0,0,''),(76,1,65,1,0,0,0,''),(76,1,66,1,0,0,0,''),(76,1,67,1,0,0,0,''),(76,1,68,1,0,0,0,''),(76,1,69,1,0,0,0,''),(76,1,70,1,0,0,0,''),(76,1,73,1,0,0,0,'WOO-BEN-BOA'),(76,1,101,1,0,11,0,''),(76,1,102,1,0,71,0,''),(76,1,103,1,0,34,0,''),(76,1,104,1,0,13,0,''),(76,1,118,1,0,3617,0,''),(76,1,119,1,0,107,0,''),(76,1,124,1,0,0,0,''),(76,1,125,1,0,0,0,''),(76,1,126,1,0,0,0,''),(76,1,127,1,0,0,0,''),(76,1,142,1,0,106,0,''),(76,1,148,1,0,0,0,''),(76,1,151,1,0,0,0,''),(76,1,156,1,0,0,0,''),(76,1,157,1,0,0,0,''),(76,1,158,1,0,48,0,''),(76,1,159,1,0,0,0,''),(76,1,160,1,0,0,0,''),(76,1,161,1,0,0,0,''),(76,1,162,1,0,0,0,''),(76,1,163,1,0,0,0,''),(76,1,164,1,0,0,0,''),(76,1,165,1,0,0,0,''),(76,1,166,1,0,0,0,''),(76,1,167,1,0,0,0,''),(76,1,168,1,0,0,0,''),(76,1,171,1,0,65,0,''),(76,1,172,1,0,0,0,''),(76,1,173,1,0,1,0,''),(76,1,174,1,0,0,0,'#578ebe'),(76,1,175,1,0,0,0,'users'),(76,1,176,1,0,0,0,'#ffffff'),(76,1,177,1,0,80,0,''),(76,1,178,1,0,0,0,''),(76,1,179,1,0,0,0,''),(76,1,180,1,0,0,0,''),(76,1,1000,1,0,0,0,''),(76,1,1001,1,0,0,0,''),(76,1,1005,1,0,0,0,''),(76,1,1005,2,0,0,0,''),(76,1,1007,1,0,0,0,''),(76,1,1008,1,0,0,0,''),(76,1,1008,2,0,0,0,''),(76,1,1009,1,0,0,0,''),(76,1,1010,1,0,0,0,''),(76,1,1010,2,0,0,0,''),(76,1,1013,1,0,0,0,''),(76,1,1014,1,0,0,0,''),(76,1,1015,1,0,0,0,''),(76,1,1016,1,0,0,0,''),(76,1,1017,1,0,0,0,''),(76,1,1020,1,0,0,0,''),(77,1,21,1,0,0,0,''),(77,1,33,1,0,0,0,''),(77,1,35,1,0,0,0,''),(77,1,36,1,0,1,0,''),(77,1,38,1,0,1,0,''),(77,1,39,1,0,0,0,''),(77,1,40,1,0,0,0,''),(77,1,41,1,0,0,0,''),(77,1,42,1,0,0,0,''),(77,1,43,1,0,0,0,''),(77,1,44,1,0,0,0,''),(77,1,45,1,0,0,0,''),(77,1,46,1,0,0,0,''),(77,1,47,1,0,0,0,''),(77,1,48,1,0,0,0,''),(77,1,49,1,0,0,0,''),(77,1,50,1,0,0,0,''),(77,1,51,1,0,0,0,''),(77,1,52,1,0,0,0.3,''),(77,1,53,1,0,0,0,''),(77,1,54,1,0,0,0,''),(77,1,55,1,0,0,0,''),(77,1,56,1,0,0,0,''),(77,1,57,1,0,0,0,''),(77,1,58,1,0,0,0,''),(77,1,59,1,0,0,0,''),(77,1,60,1,0,0,0,''),(77,1,61,1,0,0,0,''),(77,1,62,1,0,0,0,''),(77,1,63,1,0,0,0,''),(77,1,65,1,0,0,0,''),(77,1,66,1,0,0,0,''),(77,1,67,1,0,0,0,''),(77,1,68,1,0,0,0,''),(77,1,69,1,0,0,0,''),(77,1,70,1,0,0,0,''),(77,1,73,1,0,0,0,'WOO-PAS-MEA'),(77,1,101,1,0,11,0,''),(77,1,102,1,0,72,0,''),(77,1,103,1,0,34,0,''),(77,1,104,1,0,13,0,''),(77,1,118,1,0,3618,0,''),(77,1,119,1,0,108,0,''),(77,1,124,1,0,0,0,''),(77,1,125,1,0,0,0,''),(77,1,126,1,0,0,0,''),(77,1,127,1,0,0,0,''),(77,1,142,1,0,107,0,''),(77,1,148,1,0,0,0,''),(77,1,151,1,0,0,0,''),(77,1,156,1,0,0,0,''),(77,1,157,1,0,0,0,''),(77,1,158,1,0,48,0,''),(77,1,159,1,0,0,0,''),(77,1,160,1,0,0,0,''),(77,1,161,1,0,0,0,''),(77,1,162,1,0,0,0,''),(77,1,163,1,0,0,0,''),(77,1,164,1,0,0,0,''),(77,1,165,1,0,0,0,''),(77,1,166,1,0,0,0,''),(77,1,167,1,0,0,0,''),(77,1,168,1,0,0,0,''),(77,1,171,1,0,65,0,''),(77,1,172,1,0,0,0,''),(77,1,173,1,0,1,0,''),(77,1,174,1,0,0,0,'#578ebe'),(77,1,175,1,0,0,0,'users'),(77,1,176,1,0,0,0,'#ffffff'),(77,1,177,1,0,80,0,''),(77,1,178,1,0,0,0,''),(77,1,179,1,0,0,0,''),(77,1,180,1,0,0,0,''),(77,1,1000,1,0,0,0,''),(77,1,1001,1,0,0,0,''),(77,1,1005,1,0,0,0,''),(77,1,1005,2,0,0,0,''),(77,1,1007,1,0,0,0,''),(77,1,1008,1,0,0,0,''),(77,1,1008,2,0,0,0,''),(77,1,1009,1,0,0,0,''),(77,1,1010,1,0,0,0,''),(77,1,1010,2,0,0,0,''),(77,1,1013,1,0,0,0,''),(77,1,1014,1,0,0,0,''),(77,1,1015,1,0,0,0,''),(77,1,1016,1,0,0,0,''),(77,1,1017,1,0,0,0,''),(77,1,1020,1,0,0,0,''),(78,1,21,1,0,0,0,''),(78,1,33,1,0,0,0,''),(78,1,35,1,0,0,0,''),(78,1,36,1,0,1,0,''),(78,1,38,1,0,1,0,''),(78,1,39,1,0,0,0,''),(78,1,40,1,0,0,0,''),(78,1,41,1,0,0,0,''),(78,1,42,1,0,0,0,''),(78,1,43,1,0,0,0,''),(78,1,44,1,0,0,0,''),(78,1,45,1,0,0,0,''),(78,1,46,1,0,0,0,''),(78,1,47,1,0,0,0,''),(78,1,48,1,0,0,0,''),(78,1,49,1,0,0,0,''),(78,1,50,1,0,0,0,''),(78,1,51,1,0,0,0,''),(78,1,52,1,0,0,0.3,''),(78,1,53,1,0,0,0,''),(78,1,54,1,0,0,0,''),(78,1,55,1,0,0,0,''),(78,1,56,1,0,0,0,''),(78,1,57,1,0,0,0,''),(78,1,58,1,0,0,0,''),(78,1,59,1,0,0,0,''),(78,1,60,1,0,0,0,''),(78,1,61,1,0,0,0,''),(78,1,62,1,0,0,0,''),(78,1,63,1,0,0,0,''),(78,1,65,1,0,0,0,''),(78,1,66,1,0,0,0,''),(78,1,67,1,0,0,0,''),(78,1,68,1,0,0,0,''),(78,1,69,1,0,0,0,''),(78,1,70,1,0,0,0,''),(78,1,73,1,0,0,0,'WOO-BOW-LON'),(78,1,101,1,0,11,0,''),(78,1,102,1,0,73,0,''),(78,1,103,1,0,34,0,''),(78,1,104,1,0,13,0,''),(78,1,118,1,0,3619,0,''),(78,1,119,1,0,109,0,''),(78,1,124,1,0,0,0,''),(78,1,125,1,0,0,0,''),(78,1,126,1,0,0,0,''),(78,1,127,1,0,0,0,''),(78,1,142,1,0,108,0,''),(78,1,148,1,0,0,0,''),(78,1,151,1,0,0,0,''),(78,1,156,1,0,0,0,''),(78,1,157,1,0,0,0,''),(78,1,158,1,0,48,0,''),(78,1,159,1,0,0,0,''),(78,1,160,1,0,0,0,''),(78,1,161,1,0,0,0,''),(78,1,162,1,0,0,0,''),(78,1,163,1,0,0,0,''),(78,1,164,1,0,0,0,''),(78,1,165,1,0,0,0,''),(78,1,166,1,0,0,0,''),(78,1,167,1,0,0,0,''),(78,1,168,1,0,0,0,''),(78,1,171,1,0,65,0,''),(78,1,172,1,0,0,0,''),(78,1,173,1,0,1,0,''),(78,1,174,1,0,0,0,'#578ebe'),(78,1,175,1,0,0,0,'users'),(78,1,176,1,0,0,0,'#ffffff'),(78,1,177,1,0,80,0,''),(78,1,178,1,0,0,0,''),(78,1,179,1,0,0,0,''),(78,1,180,1,0,0,0,''),(78,1,1000,1,0,0,0,''),(78,1,1001,1,0,0,0,''),(78,1,1005,1,0,0,0,''),(78,1,1005,2,0,0,0,''),(78,1,1007,1,0,0,0,''),(78,1,1008,1,0,0,0,''),(78,1,1008,2,0,0,0,''),(78,1,1009,1,0,0,0,''),(78,1,1010,1,0,0,0,''),(78,1,1010,2,0,0,0,''),(78,1,1013,1,0,0,0,''),(78,1,1014,1,0,0,0,''),(78,1,1015,1,0,0,0,''),(78,1,1016,1,0,0,0,''),(78,1,1017,1,0,0,0,''),(78,1,1020,1,0,0,0,''),(79,1,21,1,0,0,0,''),(79,1,33,1,0,0,0,''),(79,1,35,1,0,0,0,''),(79,1,36,1,0,1,0,''),(79,1,38,1,0,1,0,''),(79,1,39,1,0,0,0,''),(79,1,40,1,0,0,0,''),(79,1,41,1,0,0,0,''),(79,1,42,1,0,0,0,''),(79,1,43,1,0,0,0,''),(79,1,44,1,0,0,0,''),(79,1,45,1,0,0,0,''),(79,1,46,1,0,0,0,''),(79,1,47,1,0,0,0,''),(79,1,48,1,0,0,0,''),(79,1,49,1,0,0,0,''),(79,1,50,1,0,0,0,''),(79,1,51,1,0,0,0,''),(79,1,52,1,0,0,0.3,''),(79,1,53,1,0,0,0,''),(79,1,54,1,0,0,0,''),(79,1,55,1,0,0,0,''),(79,1,56,1,0,0,0,''),(79,1,57,1,0,0,0,''),(79,1,58,1,0,0,0,''),(79,1,59,1,0,0,0,''),(79,1,60,1,0,0,0,''),(79,1,61,1,0,0,0,''),(79,1,62,1,0,0,0,''),(79,1,63,1,0,0,0,''),(79,1,65,1,0,0,0,''),(79,1,66,1,0,0,0,''),(79,1,67,1,0,0,0,''),(79,1,68,1,0,0,0,''),(79,1,69,1,0,0,0,''),(79,1,70,1,0,0,0,''),(79,1,73,1,0,0,0,'WOO-SAL-CON'),(79,1,101,1,0,11,0,''),(79,1,102,1,0,74,0,''),(79,1,103,1,0,34,0,''),(79,1,104,1,0,13,0,''),(79,1,118,1,0,3620,0,''),(79,1,119,1,0,110,0,''),(79,1,124,1,0,0,0,''),(79,1,125,1,0,0,0,''),(79,1,126,1,0,0,0,''),(79,1,127,1,0,0,0,''),(79,1,142,1,0,109,0,''),(79,1,148,1,0,0,0,''),(79,1,151,1,0,0,0,''),(79,1,156,1,0,0,0,''),(79,1,157,1,0,0,0,''),(79,1,158,1,0,48,0,''),(79,1,159,1,0,0,0,''),(79,1,160,1,0,0,0,''),(79,1,161,1,0,0,0,''),(79,1,162,1,0,0,0,''),(79,1,163,1,0,0,0,''),(79,1,164,1,0,0,0,''),(79,1,165,1,0,0,0,''),(79,1,166,1,0,0,0,''),(79,1,167,1,0,0,0,''),(79,1,168,1,0,0,0,''),(79,1,171,1,0,65,0,''),(79,1,172,1,0,0,0,''),(79,1,173,1,0,1,0,''),(79,1,174,1,0,0,0,'#578ebe'),(79,1,175,1,0,0,0,'users'),(79,1,176,1,0,0,0,'#ffffff'),(79,1,177,1,0,80,0,''),(79,1,178,1,0,0,0,''),(79,1,179,1,0,0,0,''),(79,1,180,1,0,0,0,''),(79,1,1000,1,0,0,0,''),(79,1,1001,1,0,0,0,''),(79,1,1005,1,0,0,0,''),(79,1,1005,2,0,0,0,''),(79,1,1007,1,0,0,0,''),(79,1,1008,1,0,0,0,''),(79,1,1008,2,0,0,0,''),(79,1,1009,1,0,0,0,''),(79,1,1010,1,0,0,0,''),(79,1,1010,2,0,0,0,''),(79,1,1013,1,0,0,0,''),(79,1,1014,1,0,0,0,''),(79,1,1015,1,0,0,0,''),(79,1,1016,1,0,0,0,''),(79,1,1017,1,0,0,0,''),(79,1,1020,1,0,0,0,''),(80,1,21,1,0,0,0,''),(80,1,33,1,0,0,0,''),(80,1,35,1,0,0,0,''),(80,1,36,1,0,1,0,''),(80,1,38,1,0,1,0,''),(80,1,39,1,0,0,0,''),(80,1,40,1,0,0,0,''),(80,1,41,1,0,0,0,''),(80,1,42,1,0,0,0,''),(80,1,43,1,0,0,0,''),(80,1,44,1,0,0,0,''),(80,1,45,1,0,0,0,''),(80,1,46,1,0,0,0,''),(80,1,47,1,0,0,0,''),(80,1,48,1,0,0,0,''),(80,1,49,1,0,0,0,''),(80,1,50,1,0,0,0,''),(80,1,51,1,0,0,0,''),(80,1,52,1,0,0,0.3,''),(80,1,53,1,0,0,0,''),(80,1,54,1,0,0,0,''),(80,1,55,1,0,0,0,''),(80,1,56,1,0,0,0,''),(80,1,57,1,0,0,0,''),(80,1,58,1,0,0,0,''),(80,1,59,1,0,0,0,''),(80,1,60,1,0,0,0,''),(80,1,61,1,0,0,0,''),(80,1,62,1,0,0,0,''),(80,1,63,1,0,0,0,''),(80,1,65,1,0,0,0,''),(80,1,66,1,0,0,0,''),(80,1,67,1,0,0,0,''),(80,1,68,1,0,0,0,''),(80,1,69,1,0,0,0,''),(80,1,70,1,0,0,0,''),(80,1,73,1,0,0,0,'WOO-HEA-RT'),(80,1,101,1,0,11,0,''),(80,1,102,1,0,75,0,''),(80,1,103,1,0,34,0,''),(80,1,104,1,0,13,0,''),(80,1,118,1,0,3621,0,''),(80,1,119,1,0,111,0,''),(80,1,124,1,0,0,0,''),(80,1,125,1,0,0,0,''),(80,1,126,1,0,0,0,''),(80,1,127,1,0,0,0,''),(80,1,142,1,0,110,0,''),(80,1,148,1,0,0,0,''),(80,1,151,1,0,0,0,''),(80,1,156,1,0,0,0,''),(80,1,157,1,0,0,0,''),(80,1,158,1,0,48,0,''),(80,1,159,1,0,0,0,''),(80,1,160,1,0,0,0,''),(80,1,161,1,0,0,0,''),(80,1,162,1,0,0,0,''),(80,1,163,1,0,0,0,''),(80,1,164,1,0,0,0,''),(80,1,165,1,0,0,0,''),(80,1,166,1,0,0,0,''),(80,1,167,1,0,0,0,''),(80,1,168,1,0,0,0,''),(80,1,171,1,0,65,0,''),(80,1,172,1,0,0,0,''),(80,1,173,1,0,1,0,''),(80,1,174,1,0,0,0,'#578ebe'),(80,1,175,1,0,0,0,'users'),(80,1,176,1,0,0,0,'#ffffff'),(80,1,177,1,0,80,0,''),(80,1,178,1,0,0,0,''),(80,1,179,1,0,0,0,''),(80,1,180,1,0,0,0,''),(80,1,1000,1,0,0,0,''),(80,1,1001,1,0,0,0,''),(80,1,1005,1,0,0,0,''),(80,1,1005,2,0,0,0,''),(80,1,1007,1,0,0,0,''),(80,1,1008,1,0,0,0,''),(80,1,1008,2,0,0,0,''),(80,1,1009,1,0,0,0,''),(80,1,1010,1,0,0,0,''),(80,1,1010,2,0,0,0,''),(80,1,1013,1,0,0,0,''),(80,1,1014,1,0,0,0,''),(80,1,1015,1,0,0,0,''),(80,1,1016,1,0,0,0,''),(80,1,1017,1,0,0,0,''),(80,1,1020,1,0,0,0,''),(81,1,21,1,0,0,0,''),(81,1,33,1,0,0,0,''),(81,1,35,1,0,0,0,''),(81,1,36,1,0,1,0,''),(81,1,38,1,0,1,0,''),(81,1,39,1,0,0,0,''),(81,1,40,1,0,0,0,''),(81,1,41,1,0,0,0,''),(81,1,42,1,0,0,0,''),(81,1,43,1,0,0,0,''),(81,1,44,1,0,0,0,''),(81,1,45,1,0,0,0,''),(81,1,46,1,0,0,0,''),(81,1,47,1,0,0,0,''),(81,1,48,1,0,0,0,''),(81,1,49,1,0,0,0,''),(81,1,50,1,0,0,0,''),(81,1,51,1,0,0,0,''),(81,1,52,1,0,0,0.3,''),(81,1,53,1,0,0,0,''),(81,1,54,1,0,0,0,''),(81,1,55,1,0,0,0,''),(81,1,56,1,0,0,0,''),(81,1,57,1,0,0,0,''),(81,1,58,1,0,0,0,''),(81,1,59,1,0,0,0,''),(81,1,60,1,0,0,0,''),(81,1,61,1,0,0,0,''),(81,1,62,1,0,0,0,''),(81,1,63,1,0,0,0,''),(81,1,65,1,0,0,0,''),(81,1,66,1,0,0,0,''),(81,1,67,1,0,0,0,''),(81,1,68,1,0,0,0,''),(81,1,69,1,0,0,0,''),(81,1,70,1,0,0,0,''),(81,1,73,1,0,0,0,'WOO-FOR-SAL'),(81,1,101,1,0,11,0,''),(81,1,102,1,0,76,0,''),(81,1,103,1,0,34,0,''),(81,1,104,1,0,13,0,''),(81,1,118,1,0,3622,0,''),(81,1,119,1,0,112,0,''),(81,1,124,1,0,0,0,''),(81,1,125,1,0,0,0,''),(81,1,126,1,0,0,0,''),(81,1,127,1,0,0,0,''),(81,1,142,1,0,111,0,''),(81,1,148,1,0,0,0,''),(81,1,151,1,0,0,0,''),(81,1,156,1,0,0,0,''),(81,1,157,1,0,0,0,''),(81,1,158,1,0,48,0,''),(81,1,159,1,0,0,0,''),(81,1,160,1,0,0,0,''),(81,1,161,1,0,0,0,''),(81,1,162,1,0,0,0,''),(81,1,163,1,0,0,0,''),(81,1,164,1,0,0,0,''),(81,1,165,1,0,0,0,''),(81,1,166,1,0,0,0,''),(81,1,167,1,0,0,0,''),(81,1,168,1,0,0,0,''),(81,1,171,1,0,65,0,''),(81,1,172,1,0,0,0,''),(81,1,173,1,0,1,0,''),(81,1,174,1,0,0,0,'#578ebe'),(81,1,175,1,0,0,0,'users'),(81,1,176,1,0,0,0,'#ffffff'),(81,1,177,1,0,80,0,''),(81,1,178,1,0,0,0,''),(81,1,179,1,0,0,0,''),(81,1,180,1,0,0,0,''),(81,1,1000,1,0,0,0,''),(81,1,1001,1,0,0,0,''),(81,1,1005,1,0,0,0,''),(81,1,1005,2,0,0,0,''),(81,1,1007,1,0,0,0,''),(81,1,1008,1,0,0,0,''),(81,1,1008,2,0,0,0,''),(81,1,1009,1,0,0,0,''),(81,1,1010,1,0,0,0,''),(81,1,1010,2,0,0,0,''),(81,1,1013,1,0,0,0,''),(81,1,1014,1,0,0,0,''),(81,1,1015,1,0,0,0,''),(81,1,1016,1,0,0,0,''),(81,1,1017,1,0,0,0,''),(81,1,1020,1,0,0,0,''),(82,1,21,1,0,0,0,''),(82,1,33,1,0,0,0,''),(82,1,35,1,0,0,0,''),(82,1,36,1,0,1,0,''),(82,1,38,1,0,1,0,''),(82,1,39,1,0,0,0,''),(82,1,40,1,0,0,0,''),(82,1,41,1,0,0,0,''),(82,1,42,1,0,0,0,''),(82,1,43,1,0,0,0,''),(82,1,44,1,0,0,0,''),(82,1,45,1,0,0,0,''),(82,1,46,1,0,0,0,''),(82,1,47,1,0,0,0,''),(82,1,48,1,0,0,0,''),(82,1,49,1,0,0,0,''),(82,1,50,1,0,0,0,''),(82,1,51,1,0,0,0,''),(82,1,52,1,0,0,0.35,''),(82,1,53,1,0,0,0,''),(82,1,54,1,0,0,0,''),(82,1,55,1,0,0,0,''),(82,1,56,1,0,0,0,''),(82,1,57,1,0,0,0,''),(82,1,58,1,0,0,0,''),(82,1,59,1,0,0,0,''),(82,1,60,1,0,0,0,''),(82,1,61,1,0,0,0,''),(82,1,62,1,0,0,0,''),(82,1,63,1,0,0,0,''),(82,1,65,1,0,0,0,''),(82,1,66,1,0,0,0,''),(82,1,67,1,0,0,0,''),(82,1,68,1,0,0,0,''),(82,1,69,1,0,0,0,''),(82,1,70,1,0,0,0,''),(82,1,73,1,0,0,0,'GIF-OLI-BRI'),(82,1,101,1,0,11,0,''),(82,1,102,1,0,77,0,''),(82,1,103,1,0,34,0,''),(82,1,104,1,0,13,0,''),(82,1,118,1,0,3623,0,''),(82,1,119,1,0,113,0,''),(82,1,124,1,0,0,0,''),(82,1,125,1,0,0,0,''),(82,1,126,1,0,0,0,''),(82,1,127,1,0,0,0,''),(82,1,142,1,0,112,0,''),(82,1,148,1,0,0,0,''),(82,1,151,1,0,0,0,''),(82,1,156,1,0,0,0,''),(82,1,157,1,0,200,0,''),(82,1,158,1,0,47,0,''),(82,1,159,1,0,0,0,''),(82,1,160,1,0,0,0,''),(82,1,161,1,0,0,0,''),(82,1,162,1,0,0,0,''),(82,1,163,1,0,0,0,''),(82,1,164,1,0,0,0,''),(82,1,165,1,0,0,0,''),(82,1,166,1,0,0,0,''),(82,1,167,1,0,0,0,''),(82,1,168,1,0,0,0,''),(82,1,171,1,0,65,0,''),(82,1,172,1,0,0,0,''),(82,1,173,1,0,1,0,''),(82,1,174,1,0,0,0,'#578ebe'),(82,1,175,1,0,0,0,'users'),(82,1,176,1,0,0,0,'#ffffff'),(82,1,177,1,0,80,0,''),(82,1,178,1,0,0,0,''),(82,1,179,1,0,0,0,''),(82,1,180,1,0,0,0,''),(82,1,1000,1,0,0,0,''),(82,1,1001,1,0,0,0,''),(82,1,1005,1,0,0,0,''),(82,1,1005,2,0,0,0,''),(82,1,1007,1,0,0,0,''),(82,1,1008,1,0,0,0,''),(82,1,1008,2,0,0,0,''),(82,1,1009,1,0,0,0,''),(82,1,1010,1,0,0,0,''),(82,1,1010,2,0,0,0,'&lt;p&gt;Olives in a jar of brine (salt water)&lt;/p&gt;'),(82,1,1013,1,0,0,0,''),(82,1,1014,1,0,0,0,''),(82,1,1015,1,0,0,0,''),(82,1,1016,1,0,0,0,''),(82,1,1017,1,0,0,0,''),(82,1,1020,1,0,0,0,''),(82,1,1022,1,0,0,0,''),(83,1,21,1,0,0,0,''),(83,1,33,1,0,0,0,''),(83,1,35,1,0,0,0,''),(83,1,36,1,0,1,0,''),(83,1,38,1,0,1,0,''),(83,1,39,1,0,0,0,''),(83,1,40,1,0,0,0,''),(83,1,41,1,0,0,0,''),(83,1,42,1,0,0,0,''),(83,1,43,1,0,0,0,''),(83,1,44,1,0,0,0,''),(83,1,45,1,0,0,0,''),(83,1,46,1,0,0,0,''),(83,1,47,1,0,0,0,''),(83,1,48,1,0,0,0,''),(83,1,49,1,0,0,0,''),(83,1,50,1,0,0,0,''),(83,1,51,1,0,0,0,''),(83,1,52,1,0,0,1,''),(83,1,53,1,0,0,0,''),(83,1,54,1,0,0,0,''),(83,1,55,1,0,0,0,''),(83,1,56,1,0,0,0,''),(83,1,57,1,0,0,0,''),(83,1,58,1,0,0,0,''),(83,1,59,1,0,0,0,''),(83,1,60,1,0,0,0,''),(83,1,61,1,0,0,0,''),(83,1,62,1,0,0,0,''),(83,1,63,1,0,0,0,''),(83,1,65,1,0,0,0,''),(83,1,66,1,0,0,0,''),(83,1,67,1,0,0,0,''),(83,1,68,1,0,0,0,''),(83,1,69,1,0,0,0,''),(83,1,70,1,0,0,0,''),(83,1,73,1,0,0,0,'GIF-SPA-MEZZ'),(83,1,101,1,0,11,0,''),(83,1,102,1,0,78,0,''),(83,1,103,1,0,34,0,''),(83,1,104,1,0,13,0,''),(83,1,118,1,0,3624,0,''),(83,1,119,1,0,114,0,''),(83,1,124,1,0,0,0,''),(83,1,125,1,0,0,0,''),(83,1,126,1,0,0,0,''),(83,1,127,1,0,0,0,''),(83,1,142,1,0,113,0,''),(83,1,148,1,0,0,0,''),(83,1,151,1,0,0,0,''),(83,1,156,1,0,0,0,''),(83,1,157,1,0,500,0,''),(83,1,158,1,0,48,0,''),(83,1,159,1,0,0,0,''),(83,1,160,1,0,0,0,''),(83,1,161,1,0,0,0,''),(83,1,162,1,0,0,0,''),(83,1,163,1,0,0,0,''),(83,1,164,1,0,0,0,''),(83,1,165,1,0,0,0,''),(83,1,166,1,0,0,0,''),(83,1,167,1,0,0,0,''),(83,1,168,1,0,0,0,''),(83,1,171,1,0,65,0,''),(83,1,172,1,0,0,0,''),(83,1,173,1,0,1,0,''),(83,1,174,1,0,0,0,'#578ebe'),(83,1,175,1,0,0,0,'users'),(83,1,176,1,0,0,0,'#ffffff'),(83,1,177,1,0,80,0,''),(83,1,178,1,0,0,0,''),(83,1,179,1,0,0,0,''),(83,1,180,1,0,0,0,''),(83,1,1000,1,0,0,0,''),(83,1,1001,1,0,0,0,''),(83,1,1005,1,0,0,0,''),(83,1,1005,2,0,0,0,''),(83,1,1007,1,0,0,0,''),(83,1,1008,1,0,0,0,''),(83,1,1008,2,0,0,0,''),(83,1,1009,1,0,0,0,''),(83,1,1010,1,0,0,0,''),(83,1,1010,2,0,0,0,''),(83,1,1013,1,0,0,0,''),(83,1,1014,1,0,0,0,''),(83,1,1015,1,0,0,0,''),(83,1,1016,1,0,0,0,''),(83,1,1017,1,0,0,0,''),(83,1,1020,1,0,0,0,''),(83,1,1022,1,0,0,0,''),(84,1,21,1,0,0,0,''),(84,1,33,1,0,0,0,''),(84,1,35,1,0,0,0,''),(84,1,36,1,0,0,0,''),(84,1,38,1,0,1,0,''),(84,1,39,1,0,0,0,''),(84,1,40,1,0,0,0,''),(84,1,41,1,0,0,0,''),(84,1,42,1,0,0,0,''),(84,1,43,1,0,0,0,''),(84,1,44,1,0,0,0,''),(84,1,45,1,0,0,0,''),(84,1,46,1,0,0,0,''),(84,1,47,1,0,0,0,''),(84,1,48,1,0,0,0,''),(84,1,49,1,0,0,0,''),(84,1,50,1,0,0,0,''),(84,1,51,1,0,0,0,''),(84,1,52,1,0,0,0,''),(84,1,53,1,0,0,0,''),(84,1,54,1,0,0,0,''),(84,1,55,1,0,0,0,''),(84,1,56,1,0,0,0,''),(84,1,57,1,0,0,0,''),(84,1,58,1,0,0,0,''),(84,1,59,1,0,0,0,''),(84,1,60,1,0,0,0,''),(84,1,61,1,0,0,0,''),(84,1,62,1,0,0,0,''),(84,1,63,1,0,0,0,''),(84,1,65,1,0,0,0,''),(84,1,66,1,0,0,0,''),(84,1,67,1,0,0,0,''),(84,1,68,1,0,0,0,''),(84,1,69,1,0,0,0,''),(84,1,70,1,0,0,0,''),(84,1,73,1,0,0,0,'OIL-CUS'),(84,1,101,1,0,70,0,''),(84,1,103,1,0,34,0,''),(84,1,104,1,0,13,0,''),(84,1,118,1,0,3625,0,''),(84,1,119,1,0,115,0,''),(84,1,124,1,0,0,0,''),(84,1,125,1,0,0,0,''),(84,1,126,1,0,0,0,''),(84,1,127,1,0,0,0,''),(84,1,142,1,0,114,0,''),(84,1,148,1,0,0,0,''),(84,1,151,1,0,0,0,''),(84,1,156,1,0,0,0,''),(84,1,157,1,0,0,0,''),(84,1,158,1,0,47,0,''),(84,1,159,1,0,0,0,''),(84,1,160,1,0,0,1,''),(84,1,161,1,0,0,0,''),(84,1,162,1,0,0,0,''),(84,1,163,1,0,0,0,''),(84,1,164,1,0,0,0,''),(84,1,165,1,0,0,0,''),(84,1,166,1,0,0,0,''),(84,1,167,1,0,0,0,''),(84,1,168,1,0,0,0,''),(84,1,171,1,0,65,0,''),(84,1,172,1,0,0,0,''),(84,1,173,1,0,1,0,''),(84,1,174,1,0,0,0,'#578ebe'),(84,1,175,1,0,0,0,'users'),(84,1,176,1,0,0,0,'#ffffff'),(84,1,177,1,0,80,0,''),(84,1,178,1,0,0,0,''),(84,1,179,1,0,0,0,''),(84,1,180,1,0,0,0,''),(84,1,1000,1,0,0,0,''),(84,1,1001,1,0,0,0,''),(84,1,1005,1,0,0,0,''),(84,1,1005,2,0,0,0,''),(84,1,1007,1,0,0,0,''),(84,1,1008,1,0,0,0,''),(84,1,1008,2,0,0,0,''),(84,1,1009,1,0,0,0,''),(84,1,1010,1,0,0,0,''),(84,1,1010,2,0,0,0,''),(84,1,1013,1,0,0,0,''),(84,1,1014,1,0,0,0,''),(84,1,1015,1,0,0,0,''),(84,1,1016,1,0,0,0,''),(84,1,1017,1,0,0,0,''),(84,1,1020,1,0,1,0,''),(85,1,21,1,0,0,0,''),(85,1,33,1,0,0,0,''),(85,1,35,1,0,0,0,''),(85,1,36,1,0,1,0,''),(85,1,38,1,0,1,0,''),(85,1,39,1,0,0,0,''),(85,1,40,1,0,0,0,''),(85,1,41,1,0,0,0,''),(85,1,42,1,0,0,0,''),(85,1,43,1,0,0,0,''),(85,1,44,1,0,0,0,''),(85,1,45,1,0,0,0,''),(85,1,46,1,0,0,0,''),(85,1,47,1,0,0,0,''),(85,1,48,1,0,0,0,''),(85,1,49,1,0,0,0,''),(85,1,50,1,0,0,0,''),(85,1,51,1,0,0,0,''),(85,1,52,1,0,0,0.3,''),(85,1,53,1,0,0,0,''),(85,1,54,1,0,0,0,''),(85,1,55,1,0,0,0,''),(85,1,56,1,0,0,0,''),(85,1,57,1,0,0,0,''),(85,1,58,1,0,0,0,''),(85,1,59,1,0,0,0,''),(85,1,60,1,0,0,0,''),(85,1,61,1,0,0,0,''),(85,1,62,1,0,0,0,''),(85,1,63,1,0,0,0,''),(85,1,65,1,0,0,0,''),(85,1,66,1,0,0,0,''),(85,1,67,1,0,0,0,''),(85,1,68,1,0,0,0,''),(85,1,69,1,0,0,0,''),(85,1,70,1,0,0,0,''),(85,1,73,1,0,0,0,'WOO-BOA-HAN'),(85,1,101,1,0,11,0,''),(85,1,102,1,0,79,0,''),(85,1,103,1,0,34,0,''),(85,1,104,1,0,13,0,''),(85,1,118,1,0,3626,0,''),(85,1,119,1,0,116,0,''),(85,1,124,1,0,0,0,''),(85,1,125,1,0,0,0,''),(85,1,126,1,0,0,0,''),(85,1,127,1,0,0,0,''),(85,1,142,1,0,115,0,''),(85,1,148,1,0,0,0,''),(85,1,151,1,0,0,0,''),(85,1,156,1,0,0,0,''),(85,1,157,1,0,0,0,''),(85,1,158,1,0,48,0,''),(85,1,159,1,0,0,0,''),(85,1,160,1,0,0,0,''),(85,1,161,1,0,0,0,''),(85,1,162,1,0,0,0,''),(85,1,163,1,0,0,0,''),(85,1,164,1,0,0,0,''),(85,1,165,1,0,0,0,''),(85,1,166,1,0,0,0,''),(85,1,167,1,0,0,0,''),(85,1,168,1,0,0,0,''),(85,1,171,1,0,65,0,''),(85,1,172,1,0,0,0,''),(85,1,173,1,0,1,0,''),(85,1,174,1,0,0,0,'#578ebe'),(85,1,175,1,0,0,0,'users'),(85,1,176,1,0,0,0,'#ffffff'),(85,1,177,1,0,80,0,''),(85,1,178,1,0,0,0,''),(85,1,179,1,0,0,0,''),(85,1,180,1,0,0,0,''),(85,1,1000,1,0,0,0,''),(85,1,1001,1,0,0,0,''),(85,1,1005,1,0,0,0,''),(85,1,1005,2,0,0,0,''),(85,1,1007,1,0,0,0,''),(85,1,1008,1,0,0,0,''),(85,1,1008,2,0,0,0,''),(85,1,1009,1,0,0,0,''),(85,1,1010,1,0,0,0,''),(85,1,1010,2,0,0,0,''),(85,1,1013,1,0,0,0,''),(85,1,1014,1,0,0,0,''),(85,1,1015,1,0,0,0,''),(85,1,1016,1,0,0,0,''),(85,1,1017,1,0,0,0,''),(85,1,1020,1,0,0,0,''),(85,1,1021,1,0,0,0,''),(85,1,1022,1,0,0,0,''),(86,1,21,1,0,0,0,''),(86,1,33,1,0,0,0,''),(86,1,35,1,0,0,0,''),(86,1,36,1,0,1,0,''),(86,1,38,1,0,1,0,''),(86,1,39,1,0,0,0,''),(86,1,40,1,0,0,0,''),(86,1,41,1,0,0,0,''),(86,1,42,1,0,0,0,''),(86,1,43,1,0,0,0,''),(86,1,44,1,0,0,0,''),(86,1,45,1,0,0,0,''),(86,1,46,1,0,0,0,''),(86,1,47,1,0,0,0,''),(86,1,48,1,0,0,0,''),(86,1,49,1,0,0,0,''),(86,1,50,1,0,0,0,''),(86,1,51,1,0,0,0,''),(86,1,52,1,0,0,0.15,''),(86,1,53,1,0,0,0,''),(86,1,54,1,0,0,0,''),(86,1,55,1,0,0,0,''),(86,1,56,1,0,0,0,''),(86,1,57,1,0,0,0,''),(86,1,58,1,0,0,0,''),(86,1,59,1,0,0,0,''),(86,1,60,1,0,0,0,''),(86,1,61,1,0,0,0,''),(86,1,62,1,0,0,0,''),(86,1,63,1,0,0,0,''),(86,1,65,1,0,0,0,''),(86,1,66,1,0,0,0,''),(86,1,67,1,0,0,0,''),(86,1,68,1,0,0,0,''),(86,1,69,1,0,0,0,''),(86,1,70,1,0,0,0,''),(86,1,73,1,0,0,0,'WOO-WOO-SPO'),(86,1,101,1,0,11,0,''),(86,1,102,1,0,80,0,''),(86,1,103,1,0,34,0,''),(86,1,104,1,0,13,0,''),(86,1,118,1,0,3627,0,''),(86,1,119,1,0,117,0,''),(86,1,124,1,0,0,0,''),(86,1,125,1,0,0,0,''),(86,1,126,1,0,0,0,''),(86,1,127,1,0,0,0,''),(86,1,142,1,0,116,0,''),(86,1,148,1,0,0,0,''),(86,1,151,1,0,0,0,''),(86,1,156,1,0,0,0,''),(86,1,157,1,0,0,0,''),(86,1,158,1,0,48,0,''),(86,1,159,1,0,0,0,''),(86,1,160,1,0,0,0,''),(86,1,161,1,0,0,0,''),(86,1,162,1,0,0,0,''),(86,1,163,1,0,0,0,''),(86,1,164,1,0,0,0,''),(86,1,165,1,0,0,0,''),(86,1,166,1,0,0,0,''),(86,1,167,1,0,0,0,''),(86,1,168,1,0,0,0,''),(86,1,171,1,0,65,0,''),(86,1,172,1,0,0,0,''),(86,1,173,1,0,1,0,''),(86,1,174,1,0,0,0,'#578ebe'),(86,1,175,1,0,0,0,'users'),(86,1,176,1,0,0,0,'#ffffff'),(86,1,177,1,0,80,0,''),(86,1,178,1,0,0,0,''),(86,1,179,1,0,0,0,''),(86,1,180,1,0,0,0,''),(86,1,1000,1,0,0,0,''),(86,1,1001,1,0,0,0,''),(86,1,1005,1,0,0,0,''),(86,1,1005,2,0,0,0,''),(86,1,1007,1,0,0,0,''),(86,1,1008,1,0,0,0,''),(86,1,1008,2,0,0,0,''),(86,1,1009,1,0,0,0,''),(86,1,1010,1,0,0,0,''),(86,1,1010,2,0,0,0,''),(86,1,1013,1,0,0,0,''),(86,1,1014,1,0,0,0,''),(86,1,1015,1,0,0,0,''),(86,1,1016,1,0,0,0,''),(86,1,1017,1,0,0,0,''),(86,1,1020,1,0,0,0,''),(86,1,1022,1,0,0,0,''),(87,1,21,1,0,0,0,''),(87,1,33,1,0,0,0,''),(87,1,35,1,0,0,0,''),(87,1,36,1,0,1,0,''),(87,1,38,1,0,1,0,''),(87,1,39,1,0,0,0,''),(87,1,40,1,0,0,0,''),(87,1,41,1,0,0,0,''),(87,1,42,1,0,0,0,''),(87,1,43,1,0,0,0,''),(87,1,44,1,0,0,0,''),(87,1,45,1,0,0,0,''),(87,1,46,1,0,0,0,''),(87,1,47,1,0,0,0,''),(87,1,48,1,0,0,0,''),(87,1,49,1,0,0,0,''),(87,1,50,1,0,0,0,''),(87,1,51,1,0,0,0,''),(87,1,52,1,0,0,0.3,''),(87,1,53,1,0,0,0,''),(87,1,54,1,0,0,0,''),(87,1,55,1,0,0,0,''),(87,1,56,1,0,0,0,''),(87,1,57,1,0,0,0,''),(87,1,58,1,0,0,0,''),(87,1,59,1,0,0,0,''),(87,1,60,1,0,0,0,''),(87,1,61,1,0,0,0,''),(87,1,62,1,0,0,0,''),(87,1,63,1,0,0,0,''),(87,1,65,1,0,0,0,''),(87,1,66,1,0,0,0,''),(87,1,67,1,0,0,0,''),(87,1,68,1,0,0,0,''),(87,1,69,1,0,0,0,''),(87,1,70,1,0,0,0,''),(87,1,73,1,0,0,0,'WOO-FRB-MED'),(87,1,101,1,0,11,0,''),(87,1,102,1,0,81,0,''),(87,1,103,1,0,34,0,''),(87,1,104,1,0,13,0,''),(87,1,118,1,0,3628,0,''),(87,1,119,1,0,118,0,''),(87,1,124,1,0,0,0,''),(87,1,125,1,0,0,0,''),(87,1,126,1,0,0,0,''),(87,1,127,1,0,0,0,''),(87,1,142,1,0,117,0,''),(87,1,148,1,0,0,0,''),(87,1,151,1,0,0,0,''),(87,1,156,1,0,0,0,''),(87,1,157,1,0,0,0,''),(87,1,158,1,0,48,0,''),(87,1,159,1,0,0,0,''),(87,1,160,1,0,0,0,''),(87,1,161,1,0,0,0,''),(87,1,162,1,0,0,0,''),(87,1,163,1,0,0,0,''),(87,1,164,1,0,0,0,''),(87,1,165,1,0,0,0,''),(87,1,166,1,0,0,0,''),(87,1,167,1,0,0,0,''),(87,1,168,1,0,0,0,''),(87,1,171,1,0,65,0,''),(87,1,172,1,0,0,0,''),(87,1,173,1,0,1,0,''),(87,1,174,1,0,0,0,'#578ebe'),(87,1,175,1,0,0,0,'users'),(87,1,176,1,0,0,0,'#ffffff'),(87,1,177,1,0,80,0,''),(87,1,178,1,0,0,0,''),(87,1,179,1,0,0,0,''),(87,1,180,1,0,0,0,''),(87,1,1000,1,0,0,0,''),(87,1,1001,1,0,0,0,''),(87,1,1005,1,0,0,0,''),(87,1,1005,2,0,0,0,''),(87,1,1007,1,0,0,0,''),(87,1,1008,1,0,0,0,''),(87,1,1008,2,0,0,0,''),(87,1,1009,1,0,0,0,''),(87,1,1010,1,0,0,0,''),(87,1,1010,2,0,0,0,''),(87,1,1013,1,0,0,0,''),(87,1,1014,1,0,0,0,''),(87,1,1015,1,0,0,0,''),(87,1,1016,1,0,0,0,''),(87,1,1017,1,0,0,0,''),(87,1,1020,1,0,0,0,''),(87,1,1022,1,0,0,0,''),(88,1,21,1,0,0,0,''),(88,1,33,1,0,0,0,''),(88,1,35,1,0,0,0,''),(88,1,36,1,0,1,0,''),(88,1,38,1,0,1,0,''),(88,1,39,1,0,0,0,''),(88,1,40,1,0,0,0,''),(88,1,41,1,0,0,0,''),(88,1,42,1,0,0,0,''),(88,1,43,1,0,0,0,''),(88,1,44,1,0,0,0,''),(88,1,45,1,0,0,0,''),(88,1,46,1,0,0,0,''),(88,1,47,1,0,0,0,''),(88,1,48,1,0,0,0,''),(88,1,49,1,0,0,0,''),(88,1,50,1,0,0,0,''),(88,1,51,1,0,0,0,''),(88,1,52,1,0,0,0.3,''),(88,1,53,1,0,0,0,''),(88,1,54,1,0,0,0,''),(88,1,55,1,0,0,0,''),(88,1,56,1,0,0,0,''),(88,1,57,1,0,0,0,''),(88,1,58,1,0,0,0,''),(88,1,59,1,0,0,0,''),(88,1,60,1,0,0,0,''),(88,1,61,1,0,0,0,''),(88,1,62,1,0,0,0,''),(88,1,63,1,0,0,0,''),(88,1,65,1,0,0,0,''),(88,1,66,1,0,0,0,''),(88,1,67,1,0,0,0,''),(88,1,68,1,0,0,0,''),(88,1,69,1,0,0,0,''),(88,1,70,1,0,0,0,''),(88,1,73,1,0,0,0,'WOO-SML-OPL'),(88,1,101,1,0,11,0,''),(88,1,102,1,0,82,0,''),(88,1,103,1,0,34,0,''),(88,1,104,1,0,13,0,''),(88,1,118,1,0,3629,0,''),(88,1,119,1,0,119,0,''),(88,1,124,1,0,0,0,''),(88,1,125,1,0,0,0,''),(88,1,126,1,0,0,0,''),(88,1,127,1,0,0,0,''),(88,1,142,1,0,118,0,''),(88,1,148,1,0,0,0,''),(88,1,151,1,0,0,0,''),(88,1,156,1,0,0,0,''),(88,1,157,1,0,0,0,''),(88,1,158,1,0,48,0,''),(88,1,159,1,0,0,0,''),(88,1,160,1,0,0,0,''),(88,1,161,1,0,0,0,''),(88,1,162,1,0,0,0,''),(88,1,163,1,0,0,0,''),(88,1,164,1,0,0,0,''),(88,1,165,1,0,0,0,''),(88,1,166,1,0,0,0,''),(88,1,167,1,0,0,0,''),(88,1,168,1,0,0,0,''),(88,1,171,1,0,65,0,''),(88,1,172,1,0,0,0,''),(88,1,173,1,0,1,0,''),(88,1,174,1,0,0,0,'#578ebe'),(88,1,175,1,0,0,0,'users'),(88,1,176,1,0,0,0,'#ffffff'),(88,1,177,1,0,80,0,''),(88,1,178,1,0,0,0,''),(88,1,179,1,0,0,0,''),(88,1,180,1,0,0,0,''),(88,1,1000,1,0,0,0,''),(88,1,1001,1,0,0,0,''),(88,1,1005,1,0,0,0,''),(88,1,1005,2,0,0,0,''),(88,1,1007,1,0,0,0,''),(88,1,1008,1,0,0,0,''),(88,1,1008,2,0,0,0,''),(88,1,1009,1,0,0,0,''),(88,1,1010,1,0,0,0,''),(88,1,1010,2,0,0,0,''),(88,1,1013,1,0,0,0,''),(88,1,1014,1,0,0,0,''),(88,1,1015,1,0,0,0,''),(88,1,1016,1,0,0,0,''),(88,1,1017,1,0,0,0,''),(88,1,1020,1,0,0,0,''),(88,1,1022,1,0,0,0,''),(89,1,21,1,0,0,0,''),(89,1,33,1,0,0,0,''),(89,1,35,1,0,0,0,''),(89,1,36,1,0,1,0,''),(89,1,38,1,0,1,0,''),(89,1,39,1,0,0,0,''),(89,1,40,1,0,0,0,''),(89,1,41,1,0,0,0,''),(89,1,42,1,0,0,0,''),(89,1,43,1,0,0,0,''),(89,1,44,1,0,0,0,''),(89,1,45,1,0,0,0,''),(89,1,46,1,0,0,0,''),(89,1,47,1,0,0,0,''),(89,1,48,1,0,0,0,''),(89,1,49,1,0,0,0,''),(89,1,50,1,0,0,0,''),(89,1,51,1,0,0,0,''),(89,1,52,1,0,0,0.5,''),(89,1,53,1,0,0,0,''),(89,1,54,1,0,0,0,''),(89,1,55,1,0,0,0,''),(89,1,56,1,0,0,0,''),(89,1,57,1,0,0,0,''),(89,1,58,1,0,0,0,''),(89,1,59,1,0,0,0,''),(89,1,60,1,0,0,0,''),(89,1,61,1,0,0,0,''),(89,1,62,1,0,0,0,''),(89,1,63,1,0,0,0,''),(89,1,65,1,0,0,0,''),(89,1,66,1,0,0,0,''),(89,1,67,1,0,0,0,''),(89,1,68,1,0,0,0,''),(89,1,69,1,0,0,0,''),(89,1,70,1,0,0,0,''),(89,1,73,1,0,0,0,'WOO-BWL-MED'),(89,1,101,1,0,11,0,''),(89,1,102,1,0,83,0,''),(89,1,103,1,0,34,0,''),(89,1,104,1,0,13,0,''),(89,1,118,1,0,3630,0,''),(89,1,119,1,0,120,0,''),(89,1,124,1,0,0,0,''),(89,1,125,1,0,0,0,''),(89,1,126,1,0,0,0,''),(89,1,127,1,0,0,0,''),(89,1,142,1,0,119,0,''),(89,1,148,1,0,0,0,''),(89,1,151,1,0,0,0,''),(89,1,156,1,0,0,0,''),(89,1,157,1,0,0,0,''),(89,1,158,1,0,48,0,''),(89,1,159,1,0,0,0,''),(89,1,160,1,0,0,0,''),(89,1,161,1,0,0,0,''),(89,1,162,1,0,0,0,''),(89,1,163,1,0,0,0,''),(89,1,164,1,0,0,0,''),(89,1,165,1,0,0,0,''),(89,1,166,1,0,0,0,''),(89,1,167,1,0,0,0,''),(89,1,168,1,0,0,0,''),(89,1,171,1,0,65,0,''),(89,1,172,1,0,0,0,''),(89,1,173,1,0,1,0,''),(89,1,174,1,0,0,0,'#578ebe'),(89,1,175,1,0,0,0,'users'),(89,1,176,1,0,0,0,'#ffffff'),(89,1,177,1,0,80,0,''),(89,1,178,1,0,0,0,''),(89,1,179,1,0,0,0,''),(89,1,180,1,0,0,0,''),(89,1,1000,1,0,0,0,''),(89,1,1001,1,0,0,0,''),(89,1,1005,1,0,0,0,''),(89,1,1005,2,0,0,0,''),(89,1,1007,1,0,0,0,''),(89,1,1008,1,0,0,0,''),(89,1,1008,2,0,0,0,''),(89,1,1009,1,0,0,0,''),(89,1,1010,1,0,0,0,''),(89,1,1010,2,0,0,0,''),(89,1,1013,1,0,0,0,''),(89,1,1014,1,0,0,0,''),(89,1,1015,1,0,0,0,''),(89,1,1016,1,0,0,0,''),(89,1,1017,1,0,0,0,''),(89,1,1020,1,0,0,0,''),(89,1,1022,1,0,0,0,''),(90,1,21,1,0,0,0,''),(90,1,33,1,0,0,0,''),(90,1,35,1,0,0,0,''),(90,1,36,1,0,1,0,''),(90,1,38,1,0,1,0,''),(90,1,39,1,0,0,0,''),(90,1,40,1,0,0,0,''),(90,1,41,1,0,0,0,''),(90,1,42,1,0,0,0,''),(90,1,43,1,0,0,0,''),(90,1,44,1,0,0,0,''),(90,1,45,1,0,0,0,''),(90,1,46,1,0,0,0,''),(90,1,47,1,0,0,0,''),(90,1,48,1,0,0,0,''),(90,1,49,1,0,0,0,''),(90,1,50,1,0,0,0,''),(90,1,51,1,0,0,0,''),(90,1,52,1,0,0,0.5,''),(90,1,53,1,0,0,0,''),(90,1,54,1,0,0,0,''),(90,1,55,1,0,0,0,''),(90,1,56,1,0,0,0,''),(90,1,57,1,0,0,0,''),(90,1,58,1,0,0,0,''),(90,1,59,1,0,0,0,''),(90,1,60,1,0,0,0,''),(90,1,61,1,0,0,0,''),(90,1,62,1,0,0,0,''),(90,1,63,1,0,0,0,''),(90,1,65,1,0,0,0,''),(90,1,66,1,0,0,0,''),(90,1,67,1,0,0,0,''),(90,1,68,1,0,0,0,''),(90,1,69,1,0,0,0,''),(90,1,70,1,0,0,0,''),(90,1,73,1,0,0,0,'WOO-SPC-BWL'),(90,1,101,1,0,11,0,''),(90,1,102,1,0,84,0,''),(90,1,103,1,0,34,0,''),(90,1,104,1,0,13,0,''),(90,1,118,1,0,3631,0,''),(90,1,119,1,0,121,0,''),(90,1,124,1,0,0,0,''),(90,1,125,1,0,0,0,''),(90,1,126,1,0,0,0,''),(90,1,127,1,0,0,0,''),(90,1,142,1,0,120,0,''),(90,1,148,1,0,0,0,''),(90,1,151,1,0,0,0,''),(90,1,156,1,0,0,0,''),(90,1,157,1,0,0,0,''),(90,1,158,1,0,48,0,''),(90,1,159,1,0,0,0,''),(90,1,160,1,0,0,0,''),(90,1,161,1,0,0,0,''),(90,1,162,1,0,0,0,''),(90,1,163,1,0,0,0,''),(90,1,164,1,0,0,0,''),(90,1,165,1,0,0,0,''),(90,1,166,1,0,0,0,''),(90,1,167,1,0,0,0,''),(90,1,168,1,0,0,0,''),(90,1,171,1,0,65,0,''),(90,1,172,1,0,0,0,''),(90,1,173,1,0,1,0,''),(90,1,174,1,0,0,0,'#578ebe'),(90,1,175,1,0,0,0,'users'),(90,1,176,1,0,0,0,'#ffffff'),(90,1,177,1,0,80,0,''),(90,1,178,1,0,0,0,''),(90,1,179,1,0,0,0,''),(90,1,180,1,0,0,0,''),(90,1,1000,1,0,0,0,''),(90,1,1001,1,0,0,0,''),(90,1,1005,1,0,0,0,''),(90,1,1005,2,0,0,0,''),(90,1,1007,1,0,0,0,''),(90,1,1008,1,0,0,0,''),(90,1,1008,2,0,0,0,''),(90,1,1009,1,0,0,0,''),(90,1,1010,1,0,0,0,''),(90,1,1010,2,0,0,0,''),(90,1,1013,1,0,0,0,''),(90,1,1014,1,0,0,0,''),(90,1,1015,1,0,0,0,''),(90,1,1016,1,0,0,0,''),(90,1,1017,1,0,0,0,''),(90,1,1020,1,0,0,0,''),(90,1,1022,1,0,0,0,''),(91,1,21,1,0,0,0,''),(91,1,33,1,0,0,0,''),(91,1,35,1,0,0,0,''),(91,1,36,1,0,1,0,''),(91,1,38,1,0,1,0,''),(91,1,39,1,0,0,0,''),(91,1,40,1,0,0,0,''),(91,1,41,1,0,0,0,''),(91,1,42,1,0,0,0,''),(91,1,43,1,0,0,0,''),(91,1,44,1,0,0,0,''),(91,1,45,1,0,0,0,''),(91,1,46,1,0,0,0,''),(91,1,47,1,0,0,0,''),(91,1,48,1,0,0,0,''),(91,1,49,1,0,0,0,''),(91,1,50,1,0,0,0,''),(91,1,51,1,0,0,0,''),(91,1,52,1,0,0,0.5,''),(91,1,53,1,0,0,0,''),(91,1,54,1,0,0,0,''),(91,1,55,1,0,0,0,''),(91,1,56,1,0,0,0,''),(91,1,57,1,0,0,0,''),(91,1,58,1,0,0,0,''),(91,1,59,1,0,0,0,''),(91,1,60,1,0,0,0,''),(91,1,61,1,0,0,0,''),(91,1,62,1,0,0,0,''),(91,1,63,1,0,0,0,''),(91,1,65,1,0,0,0,''),(91,1,66,1,0,0,0,''),(91,1,67,1,0,0,0,''),(91,1,68,1,0,0,0,''),(91,1,69,1,0,0,0,''),(91,1,70,1,0,0,0,''),(91,1,73,1,0,0,0,'WOO-BB-LRG'),(91,1,101,1,0,11,0,''),(91,1,102,1,0,85,0,''),(91,1,103,1,0,34,0,''),(91,1,104,1,0,13,0,''),(91,1,118,1,0,3632,0,''),(91,1,119,1,0,122,0,''),(91,1,124,1,0,0,0,''),(91,1,125,1,0,0,0,''),(91,1,126,1,0,0,0,''),(91,1,127,1,0,0,0,''),(91,1,142,1,0,121,0,''),(91,1,148,1,0,0,0,''),(91,1,151,1,0,0,0,''),(91,1,156,1,0,0,0,''),(91,1,157,1,0,0,0,''),(91,1,158,1,0,48,0,''),(91,1,159,1,0,0,0,''),(91,1,160,1,0,0,0,''),(91,1,161,1,0,0,0,''),(91,1,162,1,0,0,0,''),(91,1,163,1,0,0,0,''),(91,1,164,1,0,0,0,''),(91,1,165,1,0,0,0,''),(91,1,166,1,0,0,0,''),(91,1,167,1,0,0,0,''),(91,1,168,1,0,0,0,''),(91,1,171,1,0,65,0,''),(91,1,172,1,0,0,0,''),(91,1,173,1,0,1,0,''),(91,1,174,1,0,0,0,'#578ebe'),(91,1,175,1,0,0,0,'users'),(91,1,176,1,0,0,0,'#ffffff'),(91,1,177,1,0,80,0,''),(91,1,178,1,0,0,0,''),(91,1,179,1,0,0,0,''),(91,1,180,1,0,0,0,''),(91,1,1000,1,0,0,0,''),(91,1,1001,1,0,0,0,''),(91,1,1005,1,0,0,0,''),(91,1,1005,2,0,0,0,''),(91,1,1007,1,0,0,0,''),(91,1,1008,1,0,0,0,''),(91,1,1008,2,0,0,0,''),(91,1,1009,1,0,0,0,''),(91,1,1010,1,0,0,0,''),(91,1,1010,2,0,0,0,''),(91,1,1013,1,0,0,0,''),(91,1,1014,1,0,0,0,''),(91,1,1015,1,0,0,0,''),(91,1,1016,1,0,0,0,''),(91,1,1017,1,0,0,0,''),(91,1,1020,1,0,0,0,''),(91,1,1022,1,0,0,0,''),(92,1,21,1,0,0,0,''),(92,1,33,1,0,0,0,''),(92,1,35,1,0,0,0,''),(92,1,36,1,0,1,0,''),(92,1,38,1,0,1,0,''),(92,1,39,1,0,0,0,''),(92,1,40,1,0,0,0,''),(92,1,41,1,0,0,0,''),(92,1,42,1,0,0,0,''),(92,1,43,1,0,0,0,''),(92,1,44,1,0,0,0,''),(92,1,45,1,0,0,0,''),(92,1,46,1,0,0,0,''),(92,1,47,1,0,0,0,''),(92,1,48,1,0,0,0,''),(92,1,49,1,0,0,0,''),(92,1,50,1,0,0,0,''),(92,1,51,1,0,0,0,''),(92,1,52,1,0,0,0.4,''),(92,1,53,1,0,0,0,''),(92,1,54,1,0,0,0,''),(92,1,55,1,0,0,0,''),(92,1,56,1,0,0,0,''),(92,1,57,1,0,0,0,''),(92,1,58,1,0,0,0,''),(92,1,59,1,0,0,0,''),(92,1,60,1,0,0,0,''),(92,1,61,1,0,0,0,''),(92,1,62,1,0,0,0,''),(92,1,63,1,0,0,0,''),(92,1,65,1,0,0,0,''),(92,1,66,1,0,0,0,''),(92,1,67,1,0,0,0,''),(92,1,68,1,0,0,0,''),(92,1,69,1,0,0,0,''),(92,1,70,1,0,0,0,''),(92,1,73,1,0,0,0,'WOO-PROSC_BRD'),(92,1,101,1,0,11,0,''),(92,1,102,1,0,86,0,''),(92,1,103,1,0,34,0,''),(92,1,104,1,0,13,0,''),(92,1,118,1,0,3633,0,''),(92,1,119,1,0,123,0,''),(92,1,124,1,0,0,0,''),(92,1,125,1,0,0,0,''),(92,1,126,1,0,0,0,''),(92,1,127,1,0,0,0,''),(92,1,142,1,0,122,0,''),(92,1,148,1,0,0,0,''),(92,1,151,1,0,0,0,''),(92,1,156,1,0,0,0,''),(92,1,157,1,0,0,0,''),(92,1,158,1,0,48,0,''),(92,1,159,1,0,0,0,''),(92,1,160,1,0,0,0,''),(92,1,161,1,0,0,0,''),(92,1,162,1,0,0,0,''),(92,1,163,1,0,0,0,''),(92,1,164,1,0,0,0,''),(92,1,165,1,0,0,0,''),(92,1,166,1,0,0,0,''),(92,1,167,1,0,0,0,''),(92,1,168,1,0,0,0,''),(92,1,171,1,0,65,0,''),(92,1,172,1,0,0,0,''),(92,1,173,1,0,1,0,''),(92,1,174,1,0,0,0,'#578ebe'),(92,1,175,1,0,0,0,'users'),(92,1,176,1,0,0,0,'#ffffff'),(92,1,177,1,0,80,0,''),(92,1,178,1,0,0,0,''),(92,1,179,1,0,0,0,''),(92,1,180,1,0,0,0,''),(92,1,1000,1,0,0,0,''),(92,1,1001,1,0,0,0,''),(92,1,1005,1,0,0,0,''),(92,1,1005,2,0,0,0,''),(92,1,1007,1,0,0,0,''),(92,1,1008,1,0,0,0,''),(92,1,1008,2,0,0,0,''),(92,1,1009,1,0,0,0,''),(92,1,1010,1,0,0,0,''),(92,1,1010,2,0,0,0,''),(92,1,1013,1,0,0,0,''),(92,1,1014,1,0,0,0,''),(92,1,1015,1,0,0,0,''),(92,1,1016,1,0,0,0,''),(92,1,1017,1,0,0,0,''),(92,1,1020,1,0,0,0,''),(92,1,1022,1,0,0,0,''),(93,1,21,1,0,0,0,''),(93,1,33,1,0,0,0,''),(93,1,35,1,0,0,0,''),(93,1,36,1,0,1,0,''),(93,1,38,1,0,1,0,''),(93,1,39,1,0,0,0,''),(93,1,40,1,0,0,0,''),(93,1,41,1,0,0,0,''),(93,1,42,1,0,0,0,''),(93,1,43,1,0,0,0,''),(93,1,44,1,0,0,0,''),(93,1,45,1,0,0,0,''),(93,1,46,1,0,0,0,''),(93,1,47,1,0,0,0,''),(93,1,48,1,0,0,0,''),(93,1,49,1,0,0,0,''),(93,1,50,1,0,0,0,''),(93,1,51,1,0,0,0,''),(93,1,52,1,0,0,0,''),(93,1,53,1,0,0,0,''),(93,1,54,1,0,0,0,''),(93,1,55,1,0,0,0,''),(93,1,56,1,0,0,0,''),(93,1,57,1,0,0,0,''),(93,1,58,1,0,0,0,''),(93,1,59,1,0,0,0,''),(93,1,60,1,0,0,0,''),(93,1,61,1,0,0,0,''),(93,1,62,1,0,0,0,''),(93,1,63,1,0,0,0,''),(93,1,65,1,0,0,0,''),(93,1,66,1,0,0,0,''),(93,1,67,1,0,0,0,''),(93,1,68,1,0,0,0,''),(93,1,69,1,0,0,0,''),(93,1,70,1,0,0,0,''),(93,1,73,1,0,0,0,'WOO-TBL-PERS'),(93,1,101,1,0,11,0,''),(93,1,102,1,0,87,0,''),(93,1,103,1,0,34,0,''),(93,1,104,1,0,13,0,''),(93,1,118,1,0,3634,0,''),(93,1,119,1,0,124,0,''),(93,1,124,1,0,0,0,''),(93,1,125,1,0,0,0,''),(93,1,126,1,0,0,0,''),(93,1,127,1,0,0,0,''),(93,1,142,1,0,123,0,''),(93,1,148,1,0,0,0,''),(93,1,151,1,0,0,0,''),(93,1,156,1,0,0,0,''),(93,1,157,1,0,0,0,''),(93,1,158,1,0,48,0,''),(93,1,159,1,0,0,0,''),(93,1,160,1,0,0,0,''),(93,1,161,1,0,0,0,''),(93,1,162,1,0,0,0,''),(93,1,163,1,0,0,0,''),(93,1,164,1,0,0,0,''),(93,1,165,1,0,0,0,''),(93,1,166,1,0,0,0,''),(93,1,167,1,0,0,0,''),(93,1,168,1,0,0,0,''),(93,1,171,1,0,65,0,''),(93,1,172,1,0,0,0,''),(93,1,173,1,0,1,0,''),(93,1,174,1,0,0,0,'#578ebe'),(93,1,175,1,0,0,0,'users'),(93,1,176,1,0,0,0,'#ffffff'),(93,1,177,1,0,80,0,''),(93,1,178,1,0,0,0,''),(93,1,179,1,0,0,0,''),(93,1,180,1,0,0,0,''),(93,1,1000,1,0,0,0,''),(93,1,1001,1,0,0,0,''),(93,1,1005,1,0,0,0,''),(93,1,1005,2,0,0,0,''),(93,1,1007,1,0,0,0,''),(93,1,1008,1,0,0,0,''),(93,1,1008,2,0,0,0,''),(93,1,1009,1,0,0,0,''),(93,1,1010,1,0,0,0,''),(93,1,1010,2,0,0,0,''),(93,1,1013,1,0,0,0,''),(93,1,1014,1,0,0,0,''),(93,1,1015,1,0,0,0,''),(93,1,1016,1,0,0,0,''),(93,1,1017,1,0,0,0,''),(93,1,1020,1,0,1,0,''),(94,1,21,1,0,0,0,''),(94,1,33,1,0,0,0,''),(94,1,35,1,0,0,0,''),(94,1,36,1,0,1,0,''),(94,1,38,1,0,1,0,''),(94,1,39,1,0,0,0,''),(94,1,40,1,0,0,0,''),(94,1,41,1,0,0,0,''),(94,1,42,1,0,0,0,''),(94,1,43,1,0,0,0,''),(94,1,44,1,0,0,0,''),(94,1,45,1,0,0,0,''),(94,1,46,1,0,0,0,''),(94,1,47,1,0,0,0,''),(94,1,48,1,0,0,0,''),(94,1,49,1,0,0,0,''),(94,1,50,1,0,0,0,''),(94,1,51,1,0,0,0,''),(94,1,52,1,0,0,0,''),(94,1,53,1,0,0,0,''),(94,1,54,1,0,0,0,''),(94,1,55,1,0,0,0,''),(94,1,56,1,0,0,0,''),(94,1,57,1,0,0,0,''),(94,1,58,1,0,0,0,''),(94,1,59,1,0,0,0,''),(94,1,60,1,0,0,0,''),(94,1,61,1,0,0,0,''),(94,1,62,1,0,0,0,''),(94,1,63,1,0,0,0,''),(94,1,65,1,0,0,0,''),(94,1,66,1,0,0,0,''),(94,1,67,1,0,0,0,''),(94,1,68,1,0,0,0,''),(94,1,69,1,0,0,0,''),(94,1,70,1,0,0,0,''),(94,1,73,1,0,0,0,'WOO-CFF_EDG'),(94,1,101,1,0,11,0,''),(94,1,102,1,0,88,0,''),(94,1,103,1,0,34,0,''),(94,1,104,1,0,13,0,''),(94,1,118,1,0,3635,0,''),(94,1,119,1,0,125,0,''),(94,1,124,1,0,0,0,''),(94,1,125,1,0,0,0,''),(94,1,126,1,0,0,0,''),(94,1,127,1,0,0,0,''),(94,1,142,1,0,124,0,''),(94,1,148,1,0,0,0,''),(94,1,151,1,0,0,0,''),(94,1,156,1,0,0,0,''),(94,1,157,1,0,0,0,''),(94,1,158,1,0,48,0,''),(94,1,159,1,0,0,0,''),(94,1,160,1,0,0,0,''),(94,1,161,1,0,0,0,''),(94,1,162,1,0,0,0,''),(94,1,163,1,0,0,0,''),(94,1,164,1,0,0,0,''),(94,1,165,1,0,0,0,''),(94,1,166,1,0,0,0,''),(94,1,167,1,0,0,0,''),(94,1,168,1,0,0,0,''),(94,1,171,1,0,65,0,''),(94,1,172,1,0,0,0,''),(94,1,173,1,0,1,0,''),(94,1,174,1,0,0,0,'#578ebe'),(94,1,175,1,0,0,0,'users'),(94,1,176,1,0,0,0,'#ffffff'),(94,1,177,1,0,80,0,''),(94,1,178,1,0,0,0,''),(94,1,179,1,0,0,0,''),(94,1,180,1,0,0,0,''),(94,1,1000,1,0,0,0,''),(94,1,1001,1,0,0,0,''),(94,1,1005,1,0,0,0,''),(94,1,1005,2,0,0,0,''),(94,1,1007,1,0,0,0,''),(94,1,1008,1,0,0,0,''),(94,1,1008,2,0,0,0,''),(94,1,1009,1,0,0,0,''),(94,1,1010,1,0,0,0,''),(94,1,1010,2,0,0,0,''),(94,1,1013,1,0,0,0,''),(94,1,1014,1,0,0,0,''),(94,1,1015,1,0,0,0,''),(94,1,1016,1,0,0,0,''),(94,1,1017,1,0,0,0,''),(94,1,1020,1,0,0,0,''),(96,1,21,1,0,0,0,''),(96,1,33,1,0,0,0,''),(96,1,35,1,0,0,0,''),(96,1,36,1,0,1,0,''),(96,1,38,1,0,1,0,''),(96,1,39,1,0,0,0,''),(96,1,40,1,0,0,0,''),(96,1,41,1,0,0,0,''),(96,1,42,1,0,0,0,''),(96,1,43,1,0,0,0,''),(96,1,44,1,0,0,0,''),(96,1,45,1,0,0,0,''),(96,1,46,1,0,0,0,''),(96,1,47,1,0,0,0,''),(96,1,48,1,0,0,0,''),(96,1,49,1,0,0,0,''),(96,1,50,1,0,0,0,''),(96,1,51,1,0,0,0,''),(96,1,52,1,0,0,0.4,''),(96,1,53,1,0,0,0,''),(96,1,54,1,0,0,0,''),(96,1,55,1,0,0,0,''),(96,1,56,1,0,0,0,''),(96,1,57,1,0,0,0,''),(96,1,58,1,0,0,0,''),(96,1,59,1,0,0,0,''),(96,1,60,1,0,0,0,''),(96,1,61,1,0,0,0,''),(96,1,62,1,0,0,0,''),(96,1,63,1,0,0,0,''),(96,1,65,1,0,0,0,''),(96,1,66,1,0,0,0,''),(96,1,67,1,0,0,0,''),(96,1,68,1,0,0,0,''),(96,1,69,1,0,0,0,''),(96,1,70,1,0,0,0,''),(96,1,73,1,0,0,0,'WOO_APET_THREE'),(96,1,101,1,0,11,0,''),(96,1,102,1,0,90,0,''),(96,1,103,1,0,34,0,''),(96,1,104,1,0,13,0,''),(96,1,118,1,0,3637,0,''),(96,1,119,1,0,127,0,''),(96,1,124,1,0,0,0,''),(96,1,125,1,0,0,0,''),(96,1,126,1,0,0,0,''),(96,1,127,1,0,0,0,''),(96,1,142,1,0,126,0,''),(96,1,148,1,0,0,0,''),(96,1,151,1,0,0,0,''),(96,1,156,1,0,0,0,''),(96,1,157,1,0,0,0,''),(96,1,158,1,0,48,0,''),(96,1,159,1,0,0,0,''),(96,1,160,1,0,0,0,''),(96,1,161,1,0,0,0,''),(96,1,162,1,0,0,0,''),(96,1,163,1,0,0,0,''),(96,1,164,1,0,0,0,''),(96,1,165,1,0,0,0,''),(96,1,166,1,0,0,0,''),(96,1,167,1,0,0,0,''),(96,1,168,1,0,0,0,''),(96,1,171,1,0,65,0,''),(96,1,172,1,0,0,0,''),(96,1,173,1,0,1,0,''),(96,1,174,1,0,0,0,'#578ebe'),(96,1,175,1,0,0,0,'users'),(96,1,176,1,0,0,0,'#ffffff'),(96,1,177,1,0,80,0,''),(96,1,178,1,0,0,0,''),(96,1,179,1,0,0,0,''),(96,1,180,1,0,0,0,''),(96,1,1000,1,0,0,0,''),(96,1,1001,1,0,0,0,''),(96,1,1005,1,0,0,0,''),(96,1,1005,2,0,0,0,''),(96,1,1007,1,0,0,0,''),(96,1,1008,1,0,0,0,''),(96,1,1008,2,0,0,0,''),(96,1,1009,1,0,0,0,''),(96,1,1010,1,0,0,0,''),(96,1,1010,2,0,0,0,''),(96,1,1013,1,0,0,0,''),(96,1,1014,1,0,0,0,''),(96,1,1015,1,0,0,0,''),(96,1,1016,1,0,0,0,''),(96,1,1017,1,0,0,0,''),(96,1,1020,1,0,0,0,''),(96,1,1022,1,0,0,0,''),(97,1,21,1,0,0,0,''),(97,1,33,1,0,0,0,''),(97,1,35,1,0,0,0,''),(97,1,36,1,0,1,0,''),(97,1,38,1,0,1,0,''),(97,1,39,1,0,0,0,''),(97,1,40,1,0,0,0,''),(97,1,41,1,0,0,0,''),(97,1,42,1,0,0,0,''),(97,1,43,1,0,0,0,''),(97,1,44,1,0,0,0,''),(97,1,45,1,0,0,0,''),(97,1,46,1,0,0,0,''),(97,1,47,1,0,0,0,''),(97,1,48,1,0,0,0,''),(97,1,49,1,0,0,0,''),(97,1,50,1,0,0,0,''),(97,1,51,1,0,0,0,''),(97,1,52,1,0,0,0.4,''),(97,1,53,1,0,0,0,''),(97,1,54,1,0,0,0,''),(97,1,55,1,0,0,0,''),(97,1,56,1,0,0,0,''),(97,1,57,1,0,0,0,''),(97,1,58,1,0,0,0,''),(97,1,59,1,0,0,0,''),(97,1,60,1,0,0,0,''),(97,1,61,1,0,0,0,''),(97,1,62,1,0,0,0,''),(97,1,63,1,0,0,0,''),(97,1,65,1,0,0,0,''),(97,1,66,1,0,0,0,''),(97,1,67,1,0,0,0,''),(97,1,68,1,0,0,0,''),(97,1,69,1,0,0,0,''),(97,1,70,1,0,0,0,''),(97,1,73,1,0,0,0,'WOO-APET-TWOO'),(97,1,101,1,0,11,0,''),(97,1,102,1,0,91,0,''),(97,1,103,1,0,34,0,''),(97,1,104,1,0,13,0,''),(97,1,118,1,0,3638,0,''),(97,1,119,1,0,128,0,''),(97,1,124,1,0,0,0,''),(97,1,125,1,0,0,0,''),(97,1,126,1,0,0,0,''),(97,1,127,1,0,0,0,''),(97,1,142,1,0,127,0,''),(97,1,148,1,0,0,0,''),(97,1,151,1,0,0,0,''),(97,1,156,1,0,0,0,''),(97,1,157,1,0,0,0,''),(97,1,158,1,0,48,0,''),(97,1,159,1,0,0,0,''),(97,1,160,1,0,0,0,''),(97,1,161,1,0,0,0,''),(97,1,162,1,0,0,0,''),(97,1,163,1,0,0,0,''),(97,1,164,1,0,0,0,''),(97,1,165,1,0,0,0,''),(97,1,166,1,0,0,0,''),(97,1,167,1,0,0,0,''),(97,1,168,1,0,0,0,''),(97,1,171,1,0,65,0,''),(97,1,172,1,0,0,0,''),(97,1,173,1,0,1,0,''),(97,1,174,1,0,0,0,'#578ebe'),(97,1,175,1,0,0,0,'users'),(97,1,176,1,0,0,0,'#ffffff'),(97,1,177,1,0,80,0,''),(97,1,178,1,0,0,0,''),(97,1,179,1,0,0,0,''),(97,1,180,1,0,0,0,''),(97,1,1000,1,0,0,0,''),(97,1,1001,1,0,0,0,''),(97,1,1005,1,0,0,0,''),(97,1,1005,2,0,0,0,''),(97,1,1007,1,0,0,0,''),(97,1,1008,1,0,0,0,''),(97,1,1008,2,0,0,0,''),(97,1,1009,1,0,0,0,''),(97,1,1010,1,0,0,0,''),(97,1,1010,2,0,0,0,''),(97,1,1013,1,0,0,0,''),(97,1,1014,1,0,0,0,''),(97,1,1015,1,0,0,0,''),(97,1,1016,1,0,0,0,''),(97,1,1017,1,0,0,0,''),(97,1,1020,1,0,0,0,''),(97,1,1022,1,0,0,0,''),(98,1,21,1,0,0,0,''),(98,1,33,1,0,0,0,''),(98,1,35,1,0,0,0,''),(98,1,36,1,0,1,0,''),(98,1,38,1,0,1,0,''),(98,1,39,1,0,0,0,''),(98,1,40,1,0,0,0,''),(98,1,41,1,0,0,0,''),(98,1,42,1,0,0,0,''),(98,1,43,1,0,0,0,''),(98,1,44,1,0,0,0,''),(98,1,45,1,0,0,0,''),(98,1,46,1,0,0,0,''),(98,1,47,1,0,0,0,''),(98,1,48,1,0,0,0,''),(98,1,49,1,0,0,0,''),(98,1,50,1,0,0,0,''),(98,1,51,1,0,0,0,''),(98,1,52,1,0,0,0,''),(98,1,53,1,0,0,0,''),(98,1,54,1,0,0,0,''),(98,1,55,1,0,0,0,''),(98,1,56,1,0,0,0,''),(98,1,57,1,0,0,0,''),(98,1,58,1,0,0,0,''),(98,1,59,1,0,0,0,''),(98,1,60,1,0,0,0,''),(98,1,61,1,0,0,0,''),(98,1,62,1,0,0,0,''),(98,1,63,1,0,0,0,''),(98,1,65,1,0,0,0,''),(98,1,66,1,0,0,0,''),(98,1,67,1,0,0,0,''),(98,1,68,1,0,0,0,''),(98,1,69,1,0,0,0,''),(98,1,70,1,0,0,0,''),(98,1,73,1,0,0,0,'OIL-5L'),(98,1,101,1,0,11,0,''),(98,1,102,1,0,92,0,''),(98,1,103,1,0,34,0,''),(98,1,104,1,0,13,0,''),(98,1,118,1,0,3639,0,''),(98,1,119,1,0,129,0,''),(98,1,124,1,0,0,0,''),(98,1,125,1,0,0,0,''),(98,1,126,1,0,0,0,''),(98,1,127,1,0,0,0,''),(98,1,142,1,0,128,0,''),(98,1,148,1,0,0,0,''),(98,1,151,1,0,0,0,''),(98,1,156,1,0,0,0,''),(98,1,157,1,0,0,0,''),(98,1,158,1,0,47,0,''),(98,1,159,1,0,0,0,''),(98,1,160,1,0,0,0,''),(98,1,161,1,0,0,0,''),(98,1,162,1,0,0,0,''),(98,1,163,1,0,0,0,''),(98,1,164,1,0,0,0,''),(98,1,165,1,0,0,0,''),(98,1,166,1,0,0,0,''),(98,1,167,1,0,0,0,''),(98,1,168,1,0,0,0,''),(98,1,171,1,0,65,0,''),(98,1,172,1,0,0,0,''),(98,1,173,1,0,1,0,''),(98,1,174,1,0,0,0,'#578ebe'),(98,1,175,1,0,0,0,'users'),(98,1,176,1,0,0,0,'#ffffff'),(98,1,177,1,0,80,0,''),(98,1,178,1,0,0,0,''),(98,1,179,1,0,0,0,''),(98,1,180,1,0,0,0,''),(98,1,1000,1,0,0,0,''),(98,1,1001,1,0,0,0,''),(98,1,1005,2,0,0,0,''),(98,1,1007,1,0,0,0,''),(98,1,1008,2,0,0,0,''),(98,1,1009,1,0,0,0,''),(98,1,1010,2,0,0,0,''),(98,1,1013,1,0,0,0,''),(98,1,1014,1,0,0,0,''),(98,1,1015,1,0,0,0,''),(98,1,1016,1,0,0,0,''),(98,1,1017,1,0,0,0,''),(98,1,1020,1,0,0,0,''),(99,1,1,1,0,943916400,0,''),(99,1,3,1,0,943916400,0,''),(99,1,21,1,0,0,0,''),(99,1,33,1,0,0,0,''),(99,1,35,1,0,0,0,''),(99,1,36,1,0,1,0,''),(99,1,38,1,0,1,0,''),(99,1,39,1,0,0,0,''),(99,1,40,1,0,0,0,''),(99,1,41,1,0,0,0,''),(99,1,42,1,0,0,0,''),(99,1,43,1,0,0,0,''),(99,1,44,1,0,0,0,''),(99,1,45,1,0,0,0,''),(99,1,46,1,0,0,0,''),(99,1,47,1,0,0,0,''),(99,1,48,1,0,0,0,''),(99,1,49,1,0,0,0,''),(99,1,50,1,0,0,0,''),(99,1,51,1,0,0,0,''),(99,1,52,1,0,0,0.75,''),(99,1,53,1,0,0,0,''),(99,1,54,1,0,0,0,''),(99,1,55,1,0,0,0,''),(99,1,56,1,0,0,0,''),(99,1,57,1,0,0,0,''),(99,1,58,1,0,0,0,''),(99,1,59,1,0,0,0,''),(99,1,60,1,0,0,0,''),(99,1,61,1,0,0,0,''),(99,1,62,1,0,0,0,''),(99,1,63,1,0,0,0,''),(99,1,65,1,0,0,0,''),(99,1,66,1,0,0,0,''),(99,1,67,1,0,0,0,''),(99,1,68,1,0,0,0,''),(99,1,69,1,0,0,0,''),(99,1,70,1,0,0,0,''),(99,1,73,1,0,0,0,'DES-GIN'),(99,1,100,1,0,0,0,''),(99,1,101,1,0,11,0,''),(99,1,102,1,0,93,0,''),(99,1,103,1,0,34,0,''),(99,1,104,1,0,13,0,''),(99,1,116,1,0,0,0,''),(99,1,117,1,0,0,0,''),(99,1,118,1,0,3643,0,''),(99,1,119,1,0,133,0,''),(99,1,124,1,0,0,0,''),(99,1,125,1,0,0,0,''),(99,1,126,1,0,0,0,''),(99,1,127,1,0,0,0,''),(99,1,142,1,0,132,0,''),(99,1,143,1,0,0,0,''),(99,1,148,1,0,0,0,''),(99,1,151,1,0,0,0,''),(99,1,156,1,0,0,0,''),(99,1,157,1,0,0,0,''),(99,1,158,1,0,48,0,''),(99,1,159,1,0,0,0,''),(99,1,160,1,0,0,0,''),(99,1,161,1,0,0,0,''),(99,1,162,1,0,0,0,''),(99,1,163,1,0,0,0,''),(99,1,164,1,0,0,0,''),(99,1,165,1,0,0,0,''),(99,1,166,1,0,0,0,''),(99,1,167,1,0,0,0,''),(99,1,168,1,0,0,0,''),(99,1,171,1,0,65,0,''),(99,1,172,1,0,0,0,''),(99,1,173,1,0,1,0,''),(99,1,174,1,0,0,0,'#578ebe'),(99,1,175,1,0,0,0,'users'),(99,1,176,1,0,0,0,'#ffffff'),(99,1,177,1,0,80,0,''),(99,1,178,1,0,0,0,''),(99,1,179,1,0,0,0,''),(99,1,180,1,0,0,0,''),(99,1,1000,1,0,0,0,''),(99,1,1001,1,0,0,0,''),(99,1,1005,1,0,0,0,''),(99,1,1005,2,0,0,0,''),(99,1,1007,1,0,0,0,''),(99,1,1008,1,0,0,0,''),(99,1,1008,2,0,0,0,''),(99,1,1009,1,0,0,0,'0.5 L'),(99,1,1010,1,0,0,0,''),(99,1,1010,2,0,0,0,''),(99,1,1013,1,0,0,0,''),(99,1,1014,1,0,0,0,''),(99,1,1015,1,0,0,0,''),(99,1,1016,1,0,0,0,''),(99,1,1017,1,0,0,0,''),(99,1,1020,1,0,0,0,''),(99,1,1022,1,0,0,0,''),(100,52,1,1,0,943916400,0,''),(100,52,3,1,0,943916400,0,''),(100,52,33,1,0,0,0,''),(100,52,35,1,0,0,0,''),(100,52,36,1,0,1,0,''),(100,52,38,1,0,1,0,''),(100,52,39,1,0,0,0,''),(100,52,40,1,0,0,0,''),(100,52,41,1,0,0,0,''),(100,52,42,1,0,0,0,''),(100,52,43,1,0,0,0,''),(100,52,44,1,0,0,0,''),(100,52,45,1,0,0,0,''),(100,52,46,1,0,0,0,''),(100,52,47,1,0,0,0,''),(100,52,48,1,0,0,0,''),(100,52,49,1,0,0,0,''),(100,52,50,1,0,0,0,''),(100,52,51,1,0,0,0,''),(100,52,52,1,0,0,0,''),(100,52,53,1,0,0,0,''),(100,52,54,1,0,0,0,''),(100,52,55,1,0,0,0,''),(100,52,56,1,0,0,0,''),(100,52,57,1,0,0,0,''),(100,52,58,1,0,0,0,''),(100,52,59,1,0,0,0,''),(100,52,60,1,0,0,0,''),(100,52,61,1,0,0,0,''),(100,52,62,1,0,0,0,''),(100,52,63,1,0,0,0,''),(100,52,65,1,0,0,0,''),(100,52,66,1,0,0,0,''),(100,52,67,1,0,0,0,''),(100,52,68,1,0,0,0,''),(100,52,69,1,0,0,0,''),(100,52,70,1,0,0,0,''),(100,52,73,1,0,0,0,'WOO-BASK'),(100,52,100,1,0,0,0,''),(100,52,101,1,0,11,0,''),(100,52,102,1,0,94,0,''),(100,52,103,1,0,34,0,''),(100,52,104,1,0,13,0,''),(100,52,116,1,0,0,0,''),(100,52,117,1,0,0,0,''),(100,52,124,1,0,0,0,''),(100,52,125,1,0,0,0,''),(100,52,126,1,0,0,0,''),(100,52,127,1,0,0,0,''),(100,52,143,1,0,0,0,''),(100,52,148,1,0,0,0,''),(100,52,156,1,0,0,0,''),(100,52,157,1,0,0,0,''),(100,52,158,1,0,48,0,''),(100,52,159,1,0,0,0,''),(100,52,160,1,0,0,0,''),(100,52,161,1,0,0,0,''),(100,52,162,1,0,0,0,''),(100,52,163,1,0,0,0,''),(100,52,164,1,0,0,0,''),(100,52,165,1,0,0,0,''),(100,52,166,1,0,0,0,''),(100,52,167,1,0,0,0,''),(100,52,168,1,0,0,0,''),(100,52,171,1,0,65,0,''),(100,52,172,1,0,0,0,''),(100,52,173,1,0,0,0,''),(100,52,174,1,0,0,0,'#578ebe'),(100,52,175,1,0,0,0,'users'),(100,52,176,1,0,0,0,'#ffffff'),(100,52,177,1,0,80,0,''),(100,52,178,1,0,0,0,''),(100,52,179,1,0,0,0,''),(100,52,180,1,0,0,0,''),(100,52,1000,1,0,0,0,''),(100,52,1001,1,0,0,0,''),(100,52,1005,1,0,0,0,''),(100,52,1007,1,0,0,0,''),(100,52,1008,1,0,0,0,''),(100,52,1009,1,0,0,0,''),(100,52,1010,1,0,0,0,''),(100,52,1013,1,0,0,0,''),(100,52,1015,1,0,0,0,''),(100,52,1017,1,0,0,0,''),(100,52,1020,1,0,0,0,''),(100,52,1022,1,0,0,0,''),(101,1,73,1,0,0,0,'WOO-TEST'),(101,1,118,1,0,3644,0,''),(101,1,119,1,0,134,0,''),(101,1,142,1,0,133,0,''),(102,1,21,1,0,0,0,''),(102,1,33,1,0,0,0,''),(102,1,35,1,0,0,0,''),(102,1,36,1,0,1,0,''),(102,1,38,1,0,1,0,''),(102,1,39,1,0,0,0,''),(102,1,40,1,0,0,0,''),(102,1,41,1,0,0,0,''),(102,1,42,1,0,0,0,''),(102,1,43,1,0,0,0,''),(102,1,44,1,0,0,0,''),(102,1,45,1,0,0,0,''),(102,1,46,1,0,0,0,''),(102,1,47,1,0,0,0,''),(102,1,48,1,0,0,0,''),(102,1,49,1,0,0,0,''),(102,1,50,1,0,0,0,''),(102,1,51,1,0,0,0,''),(102,1,52,1,0,0,0.15,''),(102,1,53,1,0,0,0,''),(102,1,54,1,0,0,0,''),(102,1,55,1,0,0,0,''),(102,1,56,1,0,0,0,''),(102,1,57,1,0,0,0,''),(102,1,58,1,0,0,0,''),(102,1,59,1,0,0,0,''),(102,1,60,1,0,0,0,''),(102,1,61,1,0,0,0,''),(102,1,62,1,0,0,0,''),(102,1,63,1,0,0,0,''),(102,1,65,1,0,0,0,''),(102,1,66,1,0,0,0,''),(102,1,67,1,0,0,0,''),(102,1,68,1,0,0,0,''),(102,1,69,1,0,0,0,''),(102,1,70,1,0,0,0,''),(102,1,73,1,0,0,0,'OLIVE_SOAP'),(102,1,101,1,0,11,0,''),(102,1,102,1,0,95,0,''),(102,1,103,1,0,34,0,''),(102,1,104,1,0,13,0,''),(102,1,118,1,0,3645,0,''),(102,1,119,1,0,135,0,''),(102,1,124,1,0,0,0,''),(102,1,125,1,0,0,0,''),(102,1,126,1,0,0,0,''),(102,1,127,1,0,0,0,''),(102,1,142,1,0,134,0,''),(102,1,148,1,0,0,0,''),(102,1,151,1,0,0,0,''),(102,1,156,1,0,0,0,''),(102,1,157,1,0,0,0,''),(102,1,158,1,0,48,0,''),(102,1,159,1,0,0,0,''),(102,1,160,1,0,0,0,''),(102,1,161,1,0,0,0,''),(102,1,162,1,0,0,0,''),(102,1,163,1,0,0,0,''),(102,1,164,1,0,0,0,''),(102,1,165,1,0,0,0,''),(102,1,166,1,0,0,0,''),(102,1,167,1,0,0,0,''),(102,1,168,1,0,0,0,''),(102,1,171,1,0,65,0,''),(102,1,172,1,0,0,0,''),(102,1,173,1,0,1,0,''),(102,1,174,1,0,0,0,'#578ebe'),(102,1,175,1,0,0,0,'users'),(102,1,176,1,0,0,0,'#ffffff'),(102,1,177,1,0,80,0,''),(102,1,178,1,0,0,0,''),(102,1,179,1,0,0,0,''),(102,1,180,1,0,0,0,''),(102,1,1000,1,0,0,0,''),(102,1,1001,1,0,0,0,''),(102,1,1005,1,0,0,0,''),(102,1,1005,2,0,0,0,'&lt;p&gt;&lt;strong&gt;olive&lt;/strong&gt;oil&lt;strong&gt;soap&lt;/strong&gt;&lt;/p&gt;'),(102,1,1007,1,0,0,0,''),(102,1,1008,1,0,0,0,''),(102,1,1008,2,0,0,0,''),(102,1,1009,1,0,0,0,''),(102,1,1010,1,0,0,0,''),(102,1,1010,2,0,0,0,''),(102,1,1013,1,0,0,0,''),(102,1,1014,1,0,0,0,''),(102,1,1015,1,0,0,0,''),(102,1,1016,1,0,0,0,''),(102,1,1017,1,0,0,0,''),(102,1,1020,1,0,0,0,''),(102,1,1022,1,0,0,0,''),(103,1,21,1,0,0,0,''),(103,1,33,1,0,0,0,''),(103,1,35,1,0,0,0,''),(103,1,36,1,0,1,0,''),(103,1,38,1,0,1,0,''),(103,1,39,1,0,0,0,''),(103,1,40,1,0,0,0,''),(103,1,41,1,0,0,0,''),(103,1,42,1,0,0,0,''),(103,1,43,1,0,0,0,''),(103,1,44,1,0,0,0,''),(103,1,45,1,0,0,0,''),(103,1,46,1,0,0,0,''),(103,1,47,1,0,0,0,''),(103,1,48,1,0,0,0,''),(103,1,49,1,0,0,0,''),(103,1,50,1,0,0,0,''),(103,1,51,1,0,0,0,''),(103,1,52,1,0,0,0,''),(103,1,53,1,0,0,0,''),(103,1,54,1,0,0,0,''),(103,1,55,1,0,0,0,''),(103,1,56,1,0,0,0,''),(103,1,57,1,0,0,0,''),(103,1,58,1,0,0,0,''),(103,1,59,1,0,0,0,''),(103,1,60,1,0,0,0,''),(103,1,61,1,0,0,0,''),(103,1,62,1,0,0,0,''),(103,1,63,1,0,0,0,''),(103,1,65,1,0,0,0,''),(103,1,66,1,0,0,0,''),(103,1,67,1,0,0,0,''),(103,1,68,1,0,0,0,''),(103,1,69,1,0,0,0,''),(103,1,70,1,0,0,0,''),(103,1,73,1,0,0,0,'Vintage Gourmet Tour'),(103,1,101,1,0,11,0,''),(103,1,102,1,0,96,0,''),(103,1,103,1,0,34,0,''),(103,1,104,1,0,13,0,''),(103,1,118,1,0,3646,0,''),(103,1,119,1,0,136,0,''),(103,1,124,1,0,0,0,''),(103,1,125,1,0,0,0,''),(103,1,126,1,0,0,0,''),(103,1,127,1,0,0,0,''),(103,1,142,1,0,135,0,''),(103,1,148,1,0,0,0,''),(103,1,151,1,0,0,0,''),(103,1,156,1,0,0,0,''),(103,1,157,1,0,0,0,''),(103,1,158,1,0,48,0,''),(103,1,159,1,0,0,0,''),(103,1,160,1,0,0,0,''),(103,1,161,1,0,0,0,''),(103,1,162,1,0,0,0,''),(103,1,163,1,0,0,0,''),(103,1,164,1,0,0,0,''),(103,1,165,1,0,0,0,''),(103,1,166,1,0,0,0,''),(103,1,167,1,0,0,0,''),(103,1,168,1,0,0,0,''),(103,1,171,1,0,65,0,''),(103,1,172,1,0,0,0,''),(103,1,173,1,0,1,0,''),(103,1,174,1,0,0,0,'#578ebe'),(103,1,175,1,0,0,0,'users'),(103,1,176,1,0,0,0,'#ffffff'),(103,1,177,1,0,80,0,''),(103,1,178,1,0,0,0,''),(103,1,179,1,0,0,0,''),(103,1,180,1,0,0,0,''),(103,1,1000,1,0,0,0,''),(103,1,1001,1,0,0,0,''),(103,1,1005,2,0,0,0,''),(103,1,1007,1,0,0,0,''),(103,1,1008,2,0,0,0,''),(103,1,1009,1,0,0,0,''),(103,1,1010,2,0,0,0,''),(103,1,1013,1,0,0,0,''),(103,1,1014,1,0,0,0,''),(103,1,1015,1,0,0,0,''),(103,1,1016,1,0,0,0,''),(103,1,1017,1,0,0,0,''),(103,1,1020,1,0,0,0,''),(104,1,21,1,0,0,0,''),(104,1,33,1,0,0,0,''),(104,1,35,1,0,0,0,''),(104,1,36,1,0,1,0,''),(104,1,38,1,0,1,0,''),(104,1,39,1,0,0,0,''),(104,1,40,1,0,0,0,''),(104,1,41,1,0,0,0,''),(104,1,42,1,0,0,0,''),(104,1,43,1,0,0,0,''),(104,1,44,1,0,0,0,''),(104,1,45,1,0,0,0,''),(104,1,46,1,0,0,0,''),(104,1,47,1,0,0,0,''),(104,1,48,1,0,0,0,''),(104,1,49,1,0,0,0,''),(104,1,50,1,0,0,0,''),(104,1,51,1,0,0,0,''),(104,1,52,1,0,0,0.5,''),(104,1,53,1,0,0,0,''),(104,1,54,1,0,0,0,''),(104,1,55,1,0,0,0,''),(104,1,56,1,0,0,0,''),(104,1,57,1,0,0,0,''),(104,1,58,1,0,0,0,''),(104,1,59,1,0,0,0,''),(104,1,60,1,0,0,0,''),(104,1,61,1,0,0,0,''),(104,1,62,1,0,0,0,''),(104,1,63,1,0,0,0,''),(104,1,65,1,0,0,0,''),(104,1,66,1,0,0,0,''),(104,1,67,1,0,0,0,''),(104,1,68,1,0,0,0,''),(104,1,69,1,0,0,0,''),(104,1,70,1,0,0,0,''),(104,1,73,1,0,0,0,'TRY_SET'),(104,1,101,1,0,11,0,''),(104,1,102,1,0,97,0,''),(104,1,103,1,0,34,0,''),(104,1,104,1,0,13,0,''),(104,1,118,1,0,3647,0,''),(104,1,119,1,0,137,0,''),(104,1,124,1,0,0,0,''),(104,1,125,1,0,0,0,''),(104,1,126,1,0,0,0,''),(104,1,127,1,0,0,0,''),(104,1,142,1,0,136,0,''),(104,1,148,1,0,0,0,''),(104,1,151,1,0,0,0,''),(104,1,156,1,0,0,0,''),(104,1,157,1,0,0,0,''),(104,1,158,1,0,48,0,''),(104,1,159,1,0,0,0,''),(104,1,160,1,0,0,0,''),(104,1,161,1,0,0,0,''),(104,1,162,1,0,0,0,''),(104,1,163,1,0,0,0,''),(104,1,164,1,0,0,0,''),(104,1,165,1,0,0,0,''),(104,1,166,1,0,0,0,''),(104,1,167,1,0,0,0,''),(104,1,168,1,0,0,0,''),(104,1,171,1,0,65,0,''),(104,1,172,1,0,0,0,''),(104,1,173,1,0,1,0,''),(104,1,174,1,0,0,0,'#578ebe'),(104,1,175,1,0,0,0,'users'),(104,1,176,1,0,0,0,'#ffffff'),(104,1,177,1,0,80,0,''),(104,1,178,1,0,0,0,''),(104,1,179,1,0,0,0,''),(104,1,180,1,0,0,0,''),(104,1,1000,1,0,0,0,''),(104,1,1001,1,0,0,0,''),(104,1,1005,1,0,0,0,''),(104,1,1005,2,0,0,0,''),(104,1,1007,1,0,0,0,''),(104,1,1008,1,0,0,0,''),(104,1,1008,2,0,0,0,''),(104,1,1009,1,0,0,0,''),(104,1,1010,1,0,0,0,''),(104,1,1010,2,0,0,0,'&lt;p&gt;&lt;span&gt;&lt;strong&gt;try&lt;/strong&gt;out&lt;span style=&quot;color: #808000;&quot;&gt;&lt;strong&gt;set&lt;/strong&gt;&lt;/span&gt;&lt;/span&gt;&lt;/p&gt;'),(104,1,1013,1,0,0,0,''),(104,1,1014,1,0,0,0,''),(104,1,1015,1,0,0,0,''),(104,1,1016,1,0,0,0,''),(104,1,1017,1,0,0,0,''),(104,1,1020,1,0,0,0,''),(104,1,1022,1,0,0,0,''),(105,1,21,1,0,0,0,''),(105,1,33,1,0,0,0,''),(105,1,35,1,0,0,0,''),(105,1,36,1,0,1,0,''),(105,1,38,1,0,1,0,''),(105,1,39,1,0,0,0,''),(105,1,40,1,0,0,0,''),(105,1,41,1,0,0,0,''),(105,1,42,1,0,0,0,''),(105,1,43,1,0,0,0,''),(105,1,44,1,0,0,0,''),(105,1,45,1,0,0,0,''),(105,1,46,1,0,0,0,''),(105,1,47,1,0,0,0,''),(105,1,48,1,0,0,0,''),(105,1,49,1,0,0,0,''),(105,1,50,1,0,0,0,''),(105,1,51,1,0,0,0,''),(105,1,52,1,0,0,0,''),(105,1,53,1,0,0,0,''),(105,1,54,1,0,0,0,''),(105,1,55,1,0,0,0,''),(105,1,56,1,0,0,0,''),(105,1,57,1,0,0,0,''),(105,1,58,1,0,0,0,''),(105,1,59,1,0,0,0,''),(105,1,60,1,0,0,0,''),(105,1,61,1,0,0,0,''),(105,1,62,1,0,0,0,''),(105,1,63,1,0,0,0,''),(105,1,65,1,0,0,0,''),(105,1,66,1,0,0,0,''),(105,1,67,1,0,0,0,''),(105,1,68,1,0,0,0,''),(105,1,69,1,0,0,0,''),(105,1,70,1,0,0,0,''),(105,1,73,1,0,0,0,'WOO-CFF-ROOT'),(105,1,101,1,0,11,0,''),(105,1,102,1,0,98,0,''),(105,1,103,1,0,34,0,''),(105,1,104,1,0,13,0,''),(105,1,118,1,0,3649,0,''),(105,1,119,1,0,139,0,''),(105,1,124,1,0,0,0,''),(105,1,125,1,0,0,0,''),(105,1,126,1,0,0,0,''),(105,1,127,1,0,0,0,''),(105,1,142,1,0,138,0,''),(105,1,148,1,0,0,0,''),(105,1,151,1,0,0,0,''),(105,1,156,1,0,0,0,''),(105,1,157,1,0,0,0,''),(105,1,158,1,0,48,0,''),(105,1,159,1,0,0,0,''),(105,1,160,1,0,0,0,''),(105,1,161,1,0,0,0,''),(105,1,162,1,0,0,0,''),(105,1,163,1,0,0,0,''),(105,1,164,1,0,0,0,''),(105,1,165,1,0,0,0,''),(105,1,166,1,0,0,0,''),(105,1,167,1,0,0,0,''),(105,1,168,1,0,0,0,''),(105,1,171,1,0,65,0,''),(105,1,172,1,0,0,0,''),(105,1,173,1,0,1,0,''),(105,1,174,1,0,0,0,'#578ebe'),(105,1,175,1,0,0,0,'users'),(105,1,176,1,0,0,0,'#ffffff'),(105,1,177,1,0,80,0,''),(105,1,178,1,0,0,0,''),(105,1,179,1,0,0,0,''),(105,1,180,1,0,0,0,''),(105,1,1000,1,0,0,0,''),(105,1,1001,1,0,0,0,''),(105,1,1005,1,0,0,0,''),(105,1,1005,2,0,0,0,''),(105,1,1007,1,0,0,0,''),(105,1,1008,1,0,0,0,''),(105,1,1008,2,0,0,0,''),(105,1,1009,1,0,0,0,''),(105,1,1010,1,0,0,0,''),(105,1,1010,2,0,0,0,''),(105,1,1013,1,0,0,0,''),(105,1,1014,1,0,0,0,''),(105,1,1015,1,0,0,0,''),(105,1,1016,1,0,0,0,''),(105,1,1017,1,0,0,0,''),(105,1,1020,1,0,1,0,''),(105,1,1022,1,0,0,0,''),(106,1,21,1,0,0,0,''),(106,1,33,1,0,0,0,''),(106,1,35,1,0,0,0,''),(106,1,36,1,0,1,0,''),(106,1,38,1,0,1,0,''),(106,1,39,1,0,0,0,''),(106,1,40,1,0,0,0,''),(106,1,41,1,0,0,0,''),(106,1,42,1,0,0,0,''),(106,1,43,1,0,0,0,''),(106,1,44,1,0,0,0,''),(106,1,45,1,0,0,0,''),(106,1,46,1,0,0,0,''),(106,1,47,1,0,0,0,''),(106,1,48,1,0,0,0,''),(106,1,49,1,0,0,0,''),(106,1,50,1,0,0,0,''),(106,1,51,1,0,0,0,''),(106,1,52,1,0,0,1.1,''),(106,1,53,1,0,0,0,''),(106,1,54,1,0,0,0,''),(106,1,55,1,0,0,0,''),(106,1,56,1,0,0,0,''),(106,1,57,1,0,0,0,''),(106,1,58,1,0,0,0,''),(106,1,59,1,0,0,0,''),(106,1,60,1,0,0,0,''),(106,1,61,1,0,0,0,''),(106,1,62,1,0,0,0,''),(106,1,63,1,0,0,0,''),(106,1,65,1,0,0,0,''),(106,1,66,1,0,0,0,''),(106,1,67,1,0,0,0,''),(106,1,68,1,0,0,0,''),(106,1,69,1,0,0,0,''),(106,1,70,1,0,0,0,''),(106,1,73,1,0,0,0,'SHOG'),(106,1,101,1,0,11,0,''),(106,1,102,1,0,99,0,''),(106,1,103,1,0,34,0,''),(106,1,104,1,0,13,0,''),(106,1,118,1,0,3650,0,''),(106,1,119,1,0,140,0,''),(106,1,124,1,0,0,0,''),(106,1,125,1,0,0,0,''),(106,1,126,1,0,0,0,''),(106,1,127,1,0,0,0,''),(106,1,142,1,0,139,0,''),(106,1,148,1,0,0,0,''),(106,1,151,1,0,0,0,''),(106,1,156,1,0,0,0,''),(106,1,157,1,0,0,0,''),(106,1,158,1,0,48,0,''),(106,1,159,1,0,0,0,''),(106,1,160,1,0,0,0,''),(106,1,161,1,0,0,0,''),(106,1,162,1,0,0,0,''),(106,1,163,1,0,0,0,''),(106,1,164,1,0,0,0,''),(106,1,165,1,0,0,0,''),(106,1,166,1,0,0,0,''),(106,1,167,1,0,0,0,''),(106,1,168,1,0,0,0,''),(106,1,171,1,0,65,0,''),(106,1,172,1,0,0,0,''),(106,1,173,1,0,1,0,''),(106,1,174,1,0,0,0,'#578ebe'),(106,1,175,1,0,0,0,'users'),(106,1,176,1,0,0,0,'#ffffff'),(106,1,177,1,0,80,0,''),(106,1,178,1,0,0,0,''),(106,1,179,1,0,0,0,''),(106,1,180,1,0,0,0,''),(106,1,1000,1,0,0,0,''),(106,1,1001,1,0,0,0,''),(106,1,1005,1,0,0,0,''),(106,1,1005,2,0,0,0,''),(106,1,1007,1,0,0,0,''),(106,1,1008,1,0,0,0,''),(106,1,1008,2,0,0,0,''),(106,1,1009,1,0,0,0,'1000 ml'),(106,1,1010,1,0,0,0,''),(106,1,1010,2,0,0,0,''),(106,1,1013,1,0,0,0,''),(106,1,1014,1,0,0,0,''),(106,1,1015,1,0,0,0,''),(106,1,1016,1,0,0,0,''),(106,1,1017,1,0,0,0,''),(106,1,1020,1,0,0,0,''),(106,1,1022,1,0,0,0,''),(107,1,21,1,0,0,0,''),(107,1,33,1,0,0,0,''),(107,1,35,1,0,0,0,''),(107,1,36,1,0,1,0,''),(107,1,38,1,0,1,0,''),(107,1,39,1,0,0,0,''),(107,1,40,1,0,0,0,''),(107,1,41,1,0,0,0,''),(107,1,42,1,0,0,0,''),(107,1,43,1,0,0,0,''),(107,1,44,1,0,0,0,''),(107,1,45,1,0,0,0,''),(107,1,46,1,0,0,0,''),(107,1,47,1,0,0,0,''),(107,1,48,1,0,0,0,''),(107,1,49,1,0,0,0,''),(107,1,50,1,0,0,0,''),(107,1,51,1,0,0,0,''),(107,1,52,1,0,0,0,''),(107,1,53,1,0,0,0,''),(107,1,54,1,0,0,0,''),(107,1,55,1,0,0,0,''),(107,1,56,1,0,0,0,''),(107,1,57,1,0,0,0,''),(107,1,58,1,0,0,0,''),(107,1,59,1,0,0,0,''),(107,1,60,1,0,0,0,''),(107,1,61,1,0,0,0,''),(107,1,62,1,0,0,0,''),(107,1,63,1,0,0,0,''),(107,1,65,1,0,0,0,''),(107,1,66,1,0,0,0,''),(107,1,67,1,0,0,0,''),(107,1,68,1,0,0,0,''),(107,1,69,1,0,0,0,''),(107,1,70,1,0,0,0,''),(107,1,73,1,0,0,0,'WOO-TRA-CER'),(107,1,101,1,0,11,0,''),(107,1,102,1,0,100,0,''),(107,1,103,1,0,34,0,''),(107,1,104,1,0,13,0,''),(107,1,118,1,0,3651,0,''),(107,1,119,1,0,141,0,''),(107,1,124,1,0,0,0,''),(107,1,125,1,0,0,0,''),(107,1,126,1,0,0,0,''),(107,1,127,1,0,0,0,''),(107,1,142,1,0,140,0,''),(107,1,148,1,0,0,0,''),(107,1,151,1,0,0,0,''),(107,1,156,1,0,0,0,''),(107,1,157,1,0,0,0,''),(107,1,158,1,0,48,0,''),(107,1,159,1,0,0,0,''),(107,1,160,1,0,0,0,''),(107,1,161,1,0,0,0,''),(107,1,162,1,0,0,0,''),(107,1,163,1,0,0,0,''),(107,1,164,1,0,0,0,''),(107,1,165,1,0,0,0,''),(107,1,166,1,0,0,0,''),(107,1,167,1,0,0,0,''),(107,1,168,1,0,0,0,''),(107,1,171,1,0,65,0,''),(107,1,172,1,0,0,0,''),(107,1,173,1,0,1,0,''),(107,1,174,1,0,0,0,'#578ebe'),(107,1,175,1,0,0,0,'users'),(107,1,176,1,0,0,0,'#ffffff'),(107,1,177,1,0,80,0,''),(107,1,178,1,0,0,0,''),(107,1,179,1,0,0,0,''),(107,1,180,1,0,0,0,''),(107,1,1000,1,0,0,0,''),(107,1,1001,1,0,0,0,''),(107,1,1005,1,0,0,0,''),(107,1,1005,2,0,0,0,''),(107,1,1007,1,0,0,0,''),(107,1,1008,1,0,0,0,''),(107,1,1008,2,0,0,0,''),(107,1,1009,1,0,0,0,''),(107,1,1010,1,0,0,0,''),(107,1,1010,2,0,0,0,''),(107,1,1013,1,0,0,0,''),(107,1,1014,1,0,0,0,''),(107,1,1015,1,0,0,0,''),(107,1,1016,1,0,0,0,''),(107,1,1017,1,0,0,0,''),(107,1,1020,1,0,0,0,''),(107,1,1022,1,0,0,0,''),(108,1,21,1,0,0,0,''),(108,1,33,1,0,0,0,''),(108,1,35,1,0,0,0,''),(108,1,36,1,0,1,0,''),(108,1,38,1,0,1,0,''),(108,1,39,1,0,0,0,''),(108,1,40,1,0,0,0,''),(108,1,41,1,0,0,0,''),(108,1,42,1,0,0,0,''),(108,1,43,1,0,0,0,''),(108,1,44,1,0,0,0,''),(108,1,45,1,0,0,0,''),(108,1,46,1,0,0,0,''),(108,1,47,1,0,0,0,''),(108,1,48,1,0,0,0,''),(108,1,49,1,0,0,0,''),(108,1,50,1,0,0,0,''),(108,1,51,1,0,0,0,''),(108,1,52,1,0,0,0,''),(108,1,53,1,0,0,0,''),(108,1,54,1,0,0,0,''),(108,1,55,1,0,0,0,''),(108,1,56,1,0,0,0,''),(108,1,57,1,0,0,0,''),(108,1,58,1,0,0,0,''),(108,1,59,1,0,0,0,''),(108,1,60,1,0,0,0,''),(108,1,61,1,0,0,0,''),(108,1,62,1,0,0,0,''),(108,1,63,1,0,0,0,''),(108,1,65,1,0,0,0,''),(108,1,66,1,0,0,0,''),(108,1,67,1,0,0,0,''),(108,1,68,1,0,0,0,''),(108,1,69,1,0,0,0,''),(108,1,70,1,0,0,0,''),(108,1,73,1,0,0,0,'WOO-CAN-BMO'),(108,1,101,1,0,11,0,''),(108,1,102,1,0,101,0,''),(108,1,103,1,0,34,0,''),(108,1,104,1,0,13,0,''),(108,1,118,1,0,3652,0,''),(108,1,119,1,0,142,0,''),(108,1,124,1,0,0,0,''),(108,1,125,1,0,0,0,''),(108,1,126,1,0,0,0,''),(108,1,127,1,0,0,0,''),(108,1,142,1,0,141,0,''),(108,1,148,1,0,0,0,''),(108,1,151,1,0,0,0,''),(108,1,156,1,0,0,0,''),(108,1,157,1,0,0,0,''),(108,1,158,1,0,48,0,''),(108,1,159,1,0,0,0,''),(108,1,160,1,0,0,0,''),(108,1,161,1,0,0,0,''),(108,1,162,1,0,0,0,''),(108,1,163,1,0,0,0,''),(108,1,164,1,0,0,0,''),(108,1,165,1,0,0,0,''),(108,1,166,1,0,0,0,''),(108,1,167,1,0,0,0,''),(108,1,168,1,0,0,0,''),(108,1,171,1,0,65,0,''),(108,1,172,1,0,0,0,''),(108,1,173,1,0,1,0,''),(108,1,174,1,0,0,0,'#578ebe'),(108,1,175,1,0,0,0,'users'),(108,1,176,1,0,0,0,'#ffffff'),(108,1,177,1,0,80,0,''),(108,1,178,1,0,0,0,''),(108,1,179,1,0,0,0,''),(108,1,180,1,0,0,0,''),(108,1,1000,1,0,0,0,''),(108,1,1001,1,0,0,0,''),(108,1,1005,1,0,0,0,''),(108,1,1005,2,0,0,0,''),(108,1,1007,1,0,0,0,''),(108,1,1008,1,0,0,0,''),(108,1,1008,2,0,0,0,''),(108,1,1009,1,0,0,0,''),(108,1,1010,1,0,0,0,''),(108,1,1010,2,0,0,0,''),(108,1,1013,1,0,0,0,''),(108,1,1014,1,0,0,0,''),(108,1,1015,1,0,0,0,''),(108,1,1016,1,0,0,0,''),(108,1,1017,1,0,0,0,''),(108,1,1020,1,0,0,0,''),(108,1,1022,1,0,0,0,''),(109,1,21,1,0,0,0,''),(109,1,33,1,0,0,0,''),(109,1,35,1,0,0,0,''),(109,1,36,1,0,1,0,''),(109,1,38,1,0,1,0,''),(109,1,39,1,0,0,0,''),(109,1,40,1,0,0,0,''),(109,1,41,1,0,0,0,''),(109,1,42,1,0,0,0,''),(109,1,43,1,0,0,0,''),(109,1,44,1,0,0,0,''),(109,1,45,1,0,0,0,''),(109,1,46,1,0,0,0,''),(109,1,47,1,0,0,0,''),(109,1,48,1,0,0,0,''),(109,1,49,1,0,0,0,''),(109,1,50,1,0,0,0,''),(109,1,51,1,0,0,0,''),(109,1,52,1,0,0,0.5,''),(109,1,53,1,0,0,0,''),(109,1,54,1,0,0,0,''),(109,1,55,1,0,0,0,''),(109,1,56,1,0,0,0,''),(109,1,57,1,0,0,0,''),(109,1,58,1,0,0,0,''),(109,1,59,1,0,0,0,''),(109,1,60,1,0,0,0,''),(109,1,61,1,0,0,0,''),(109,1,62,1,0,0,0,''),(109,1,63,1,0,0,0,''),(109,1,65,1,0,0,0,''),(109,1,66,1,0,0,0,''),(109,1,67,1,0,0,0,''),(109,1,68,1,0,0,0,''),(109,1,69,1,0,0,0,''),(109,1,70,1,0,0,0,''),(109,1,73,1,0,0,0,'WOO-TRA-CRH'),(109,1,101,1,0,11,0,''),(109,1,102,1,0,102,0,''),(109,1,103,1,0,34,0,''),(109,1,104,1,0,13,0,''),(109,1,118,1,0,3653,0,''),(109,1,119,1,0,143,0,''),(109,1,124,1,0,0,0,''),(109,1,125,1,0,0,0,''),(109,1,126,1,0,0,0,''),(109,1,127,1,0,0,0,''),(109,1,142,1,0,142,0,''),(109,1,148,1,0,0,0,''),(109,1,151,1,0,0,0,''),(109,1,156,1,0,0,0,''),(109,1,157,1,0,0,0,''),(109,1,158,1,0,48,0,''),(109,1,159,1,0,0,0,''),(109,1,160,1,0,0,0,''),(109,1,161,1,0,0,0,''),(109,1,162,1,0,0,0,''),(109,1,163,1,0,0,0,''),(109,1,164,1,0,0,0,''),(109,1,165,1,0,0,0,''),(109,1,166,1,0,0,0,''),(109,1,167,1,0,0,0,''),(109,1,168,1,0,0,0,''),(109,1,171,1,0,65,0,''),(109,1,172,1,0,0,0,''),(109,1,173,1,0,1,0,''),(109,1,174,1,0,0,0,'#578ebe'),(109,1,175,1,0,0,0,'users'),(109,1,176,1,0,0,0,'#ffffff'),(109,1,177,1,0,80,0,''),(109,1,178,1,0,0,0,''),(109,1,179,1,0,0,0,''),(109,1,180,1,0,0,0,''),(109,1,1000,1,0,0,0,''),(109,1,1001,1,0,0,0,''),(109,1,1005,1,0,0,0,''),(109,1,1005,2,0,0,0,''),(109,1,1007,1,0,0,0,''),(109,1,1008,1,0,0,0,''),(109,1,1008,2,0,0,0,''),(109,1,1009,1,0,0,0,''),(109,1,1010,1,0,0,0,''),(109,1,1010,2,0,0,0,''),(109,1,1013,1,0,0,0,''),(109,1,1014,1,0,0,0,''),(109,1,1015,1,0,0,0,''),(109,1,1016,1,0,0,0,''),(109,1,1017,1,0,0,0,''),(109,1,1020,1,0,0,0,''),(109,1,1022,1,0,0,0,'');

--
