-- Table structure for table `ngn_offers_atribute`
--

CREATE TABLE `ngn_offers_atribute` (
  `atribute_id` int(11) NOT NULL AUTO_INCREMENT,
  `atribute_type` int(11) DEFAULT NULL,
  `atribute_link` int(11) DEFAULT NULL,
  `atribute_color` varchar(10) NOT NULL,
  `atribute_font` varchar(10) NOT NULL,
  `atribute_condition` text NOT NULL,
  `atribute_default` varchar(200) NOT NULL,
  `atribute_priority` int(11) NOT NULL,
  `atribute_required` int(11) DEFAULT NULL,
  `atribute_var` varchar(50) DEFAULT NULL,
  `atribute_format` varchar(50) NOT NULL,
  `atribute_prefix` varchar(100) NOT NULL,
  `atribute_postfix` varchar(100) NOT NULL,
  `atribute_language` tinyint(1) DEFAULT 0,
  `atribute_editdate` datetime NOT NULL,
  PRIMARY KEY (`atribute_id`),
  KEY `atribute_var` (`atribute_var`),
  KEY `atribute_var_2` (`atribute_var`),
  KEY `atribute_var_3` (`atribute_var`)
) ENGINE=InnoDB AUTO_INCREMENT=257 DEFAULT CHARSET=utf8;

--
-- Dumping data for table `ngn_offers_atribute`
--

INSERT INTO `ngn_offers_atribute` VALUES (79,1,NULL,'','','','',2,0,'','','','',0,'0000-00-00 00:00:00'),(221,2,NULL,'','','','',2,NULL,NULL,'','','',0,'0000-00-00 00:00:00'),(222,2,NULL,'','','','',2,NULL,NULL,'','','',0,'0000-00-00 00:00:00'),(223,1,NULL,'','','','',2,NULL,NULL,'','','',0,'0000-00-00 00:00:00'),(226,0,NULL,'','','','',0,NULL,NULL,'','','',0,'0000-00-00 00:00:00'),(227,1,NULL,'','','','',1,0,'','','','',0,'0000-00-00 00:00:00'),(228,5,NULL,'','','','1',0,1,'article_packaging','','','',0,'2022-10-13 16:09:42'),(229,8,NULL,'','','','',0,0,'giftbox','','','',0,'0000-00-00 00:00:00'),(231,5,0,'','','','4',0,1,'article_packaging','','','',0,'0000-00-00 00:00:00'),(232,8,0,'','','','',0,0,'giftbox','','','',0,'0000-00-00 00:00:00'),(235,5,0,'','','','10',0,1,'article_packaging','','','',0,'0000-00-00 00:00:00'),(236,8,0,'','','','',0,0,'giftbox','','','',0,'0000-00-00 00:00:00'),(237,5,0,'','','','13',0,1,'article_packaging','','','',0,'2022-10-17 11:32:29'),(238,8,0,'','','','',0,0,'giftbox','','','',0,'0000-00-00 00:00:00'),(239,5,0,'','','','16',0,1,'article_packaging','','','',0,'2022-10-17 11:33:45'),(240,8,0,'','','','',0,0,'giftbox','','','',0,'0000-00-00 00:00:00'),(241,5,0,'','','','19',0,1,'article_packaging','','','',0,'2022-10-17 11:31:49'),(242,8,0,'','','','',0,0,'giftbox','','','',0,'0000-00-00 00:00:00'),(243,5,0,'','','','22',0,1,'article_packaging','','','',0,'2022-10-17 11:33:37'),(244,8,0,'','','','',0,0,'giftbox','','','',0,'0000-00-00 00:00:00'),(245,5,0,'','','','25',0,1,'article_packaging','','','',0,'0000-00-00 00:00:00'),(246,8,0,'','','','',0,0,'giftbox','','','',0,'0000-00-00 00:00:00'),(247,5,0,'','','','28',0,1,'article_packaging','','','',0,'2022-10-17 11:47:14'),(248,8,0,'','','','',0,0,'giftbox','','','',0,'0000-00-00 00:00:00'),(250,8,0,'','','','',0,0,'poison_giftbox','','','',0,'0000-00-00 00:00:00'),(251,5,0,'','','','34',0,1,'article_packaging','','','',0,'2022-10-17 11:33:21'),(252,8,0,'','','','',0,0,'giftbox','','','',0,'0000-00-00 00:00:00'),(253,5,0,'','','','37',0,1,'article_packaging','','','',0,'2022-10-17 11:31:09'),(254,8,0,'','','','',0,0,'giftbox','','','',0,'0000-00-00 00:00:00'),(255,5,0,'','','','40',0,1,'article_packaging','','','',0,'2023-05-23 11:22:51'),(256,8,0,'','','','',0,0,'giftbox','','','',0,'0000-00-00 00:00:00');

--
-- Table structure for table `ngn_offers_atribute_display`
--

CREATE TABLE `ngn_offers_atribute_display` (
  `atribute_id` int(11) NOT NULL,
  `display_id` int(11) DEFAULT NULL,
  PRIMARY KEY (`atribute_id`),
  KEY `display_id_idx` (`display_id`)
) ENGINE=InnoDB DEFAULT CHARSET=utf8;

--
-- Dumping data for table `ngn_offers_atribute_display`
--


--
-- Table structure for table `ngn_offers_atribute_display_values`
--

CREATE TABLE `ngn_offers_atribute_display_values` (
  `display_id` int(11) NOT NULL,
  PRIMARY KEY (`display_id`)
) ENGINE=InnoDB DEFAULT CHARSET=utf8;

--
-- Dumping data for table `ngn_offers_atribute_display_values`
--


--
-- Table structure for table `ngn_offers_atribute_display_values_language`
--

CREATE TABLE `ngn_offers_atribute_display_values_language` (
  `display_id` int(11) NOT NULL,
  `language_id` int(11) DEFAULT NULL,
  `language_name` varchar(100) DEFAULT NULL,
  PRIMARY KEY (`display_id`),
  KEY `language_id_idx` (`language_id`)
) ENGINE=InnoDB DEFAULT CHARSET=utf8;

--
-- Dumping data for table `ngn_offers_atribute_display_values_language`
--


--
-- Table structure for table `ngn_offers_atribute_language`
--

CREATE TABLE `ngn_offers_atribute_language` (
  `atribute_id` int(11) NOT NULL,
  `language_id` int(11) NOT NULL DEFAULT 0,
  `editdate` datetime NOT NULL,
  `enable` int(11) NOT NULL,
  `approved` int(1) NOT NULL DEFAULT 0,
  `language_name` varchar(200) DEFAULT NULL,
  `language_description` text DEFAULT NULL,
  `language_meta` text DEFAULT NULL,
  `language_keywords` varchar(100) DEFAULT NULL,
  `language_url` varchar(100) DEFAULT NULL,
  `language_photo` varchar(100) NOT NULL DEFAULT '',
  PRIMARY KEY (`atribute_id`,`language_id`),
  KEY `language_id` (`language_id`),
  KEY `atribute_id` (`atribute_id`),
  KEY `editdate` (`editdate`),
  CONSTRAINT `ngn_offers_atribute_language_ibfk_1` FOREIGN KEY (`atribute_id`) REFERENCES `ngn_offers_atribute` (`atribute_id`) ON DELETE CASCADE ON UPDATE CASCADE
) ENGINE=InnoDB DEFAULT CHARSET=utf8;

--
-- Dumping data for table `ngn_offers_atribute_language`
--

INSERT INTO `ngn_offers_atribute_language` VALUES (79,1,'0000-00-00 00:00:00',0,0,'Artikel ID','','','','',''),(79,2,'0000-00-00 00:00:00',0,0,'Artikel ID','','','','',''),(221,1,'0000-00-00 00:00:00',0,0,'Dolžina','','','','',''),(221,2,'0000-00-00 00:00:00',0,0,'Dolžina','','','','',''),(222,1,'0000-00-00 00:00:00',0,0,'Višina','','','','',''),(222,2,'0000-00-00 00:00:00',0,0,'Višina','','','','',''),(223,1,'0000-00-00 00:00:00',0,0,'Cenik ponudbe','','','','',''),(223,2,'0000-00-00 00:00:00',0,0,'Cenik ponudbe','','','','',''),(226,1,'0000-00-00 00:00:00',0,0,'Opomba','','','','',''),(226,2,'0000-00-00 00:00:00',0,0,'Opomba','','','','',''),(227,1,'0000-00-00 00:00:00',0,1,'Količina','','','','',''),(227,2,'0000-00-00 00:00:00',0,1,'Količina','','','','',''),(228,1,'0000-00-00 00:00:00',0,0,'Količina','','','','',''),(228,2,'0000-00-00 00:00:00',0,0,'Količina','','','','',''),(229,1,'0000-00-00 00:00:00',0,0,'Darilna embalaža','','','','',''),(229,2,'0000-00-00 00:00:00',0,0,'Darilna embalaža','','','','',''),(231,1,'0000-00-00 00:00:00',0,0,'Količina','','','','',''),(231,2,'0000-00-00 00:00:00',0,0,'Količina','','','','',''),(232,1,'0000-00-00 00:00:00',0,0,'Darilna embalaža','','','','',''),(232,2,'0000-00-00 00:00:00',0,0,'Darilna embalaža','','','','',''),(235,1,'0000-00-00 00:00:00',0,0,'Količina','','','','',''),(235,2,'0000-00-00 00:00:00',0,0,'Količina','','','','',''),(236,1,'0000-00-00 00:00:00',0,0,'Darilna embalaža','','','','',''),(236,2,'0000-00-00 00:00:00',0,0,'Darilna embalaža','','','','',''),(237,1,'0000-00-00 00:00:00',0,0,'Količina','','','','',''),(237,2,'0000-00-00 00:00:00',0,0,'Količina','','','','',''),(238,1,'0000-00-00 00:00:00',0,0,'Darilna embalaža','','','','',''),(238,2,'0000-00-00 00:00:00',0,0,'Darilna embalaža','','','','',''),(239,1,'0000-00-00 00:00:00',0,0,'Količina','','','','',''),(239,2,'0000-00-00 00:00:00',0,0,'Količina','','','','',''),(240,1,'0000-00-00 00:00:00',0,0,'Darilna embalaža','','','','',''),(240,2,'0000-00-00 00:00:00',0,0,'Darilna embalaža','','','','',''),(241,1,'0000-00-00 00:00:00',0,0,'Količina','','','','',''),(241,2,'0000-00-00 00:00:00',0,0,'Količina','','','','',''),(242,1,'0000-00-00 00:00:00',0,0,'Darilna embalaža','','','','',''),(242,2,'0000-00-00 00:00:00',0,0,'Darilna embalaža','','','','',''),(243,1,'0000-00-00 00:00:00',0,0,'Količina','','','','',''),(243,2,'0000-00-00 00:00:00',0,0,'Količina','','','','',''),(244,1,'0000-00-00 00:00:00',0,0,'Darilna embalaža','','','','',''),(244,2,'0000-00-00 00:00:00',0,0,'Darilna embalaža','','','','',''),(245,1,'0000-00-00 00:00:00',0,0,'Količina','','','','',''),(245,2,'0000-00-00 00:00:00',0,0,'Količina','','','','',''),(246,1,'0000-00-00 00:00:00',0,0,'Darilna embalaža','','','','',''),(246,2,'0000-00-00 00:00:00',0,0,'Darilna embalaža','','','','',''),(247,1,'0000-00-00 00:00:00',0,0,'Količina','','','','',''),(247,2,'0000-00-00 00:00:00',0,0,'Količina','','','','',''),(248,1,'0000-00-00 00:00:00',0,0,'Darilna embalaža','','','','',''),(248,2,'0000-00-00 00:00:00',0,0,'Darilna embalaža','','','','',''),(250,1,'0000-00-00 00:00:00',0,0,'Darilna embalaža','','','','',''),(250,2,'0000-00-00 00:00:00',0,0,'Darilna embalaža','','','','',''),(251,1,'0000-00-00 00:00:00',0,0,'Količina','','','','',''),(251,2,'0000-00-00 00:00:00',0,0,'Količina','','','','',''),(252,1,'0000-00-00 00:00:00',0,0,'Darilna embalaža','','','','',''),(252,2,'0000-00-00 00:00:00',0,0,'Darilna embalaža','','','','',''),(253,1,'0000-00-00 00:00:00',0,0,'Količina','','','','',''),(253,2,'0000-00-00 00:00:00',0,0,'Količina','','','','',''),(254,1,'0000-00-00 00:00:00',0,0,'Darilna embalaža','','','','',''),(254,2,'0000-00-00 00:00:00',0,0,'Darilna embalaža','','','','',''),(255,1,'0000-00-00 00:00:00',0,0,'Količina','','','','',''),(255,2,'0000-00-00 00:00:00',0,0,'Količina','','','','',''),(256,1,'0000-00-00 00:00:00',0,0,'Darilna embalaža','','','','',''),(256,2,'0000-00-00 00:00:00',0,0,'Darilna embalaža','','','','','');

--
-- Table structure for table `ngn_offers_atribute_links`
--

CREATE TABLE `ngn_offers_atribute_links` (
  `atribute_id` int(11) NOT NULL,
  `link_id` int(11) NOT NULL,
  `position` int(11) NOT NULL,
  `link_date` datetime NOT NULL,
  PRIMARY KEY (`atribute_id`,`link_id`),
  KEY `news_id_idx` (`link_id`)
) ENGINE=InnoDB DEFAULT CHARSET=utf8;

--
-- Dumping data for table `ngn_offers_atribute_links`
--


--
-- Table structure for table `ngn_offers_atribute_values`
--

CREATE TABLE `ngn_offers_atribute_values` (
  `value_id` int(11) NOT NULL AUTO_INCREMENT,
  `atribute_id` int(11) NOT NULL,
  `value_same` int(11) NOT NULL,
  `value_value` varchar(50) NOT NULL,
  `value_photo` varchar(100) NOT NULL,
  `value_order` int(11) NOT NULL,
  PRIMARY KEY (`value_id`,`atribute_id`),
  KEY `atribute_id` (`atribute_id`),
  KEY `value_order` (`value_order`)
) ENGINE=InnoDB AUTO_INCREMENT=43 DEFAULT CHARSET=utf8;

--
-- Dumping data for table `ngn_offers_atribute_values`
--

INSERT INTO `ngn_offers_atribute_values` VALUES (1,228,0,'0100L','',0),(2,228,0,'0250L','',0),(3,228,0,'0500L','',0),(4,231,0,'0100L','',0),(5,231,0,'0250L','',0),(6,231,0,'0500L','',0),(10,235,0,'0100L','',0),(11,235,0,'0250L','',0),(12,235,0,'0500L','',0),(13,237,0,'0100L','',0),(14,237,0,'0250L','',0),(16,239,0,'0100L','',0),(17,239,0,'0250L','',0),(19,241,0,'0100L','',0),(20,241,0,'0250L','',0),(22,243,0,'0100L','',0),(23,243,0,'0250L','',0),(25,245,0,'0100L','',0),(26,245,0,'0250L','',0),(27,245,0,'0500L','',0),(28,247,0,'0100L','',0),(29,247,0,'0250L','',0),(34,251,0,'0100L','',0),(35,251,0,'0250L','',0),(37,253,0,'0100L','',0),(38,253,0,'0250L','',0),(40,255,0,'0100L','',0),(42,255,0,'0500L','',0);

--
-- Table structure for table `ngn_offers_atribute_values_language`
--

CREATE TABLE `ngn_offers_atribute_values_language` (
  `value_id` int(11) NOT NULL,
  `language_id` int(11) NOT NULL DEFAULT 0,
  `editdate` datetime NOT NULL,
  `enable` int(11) NOT NULL,
  `approved` int(1) NOT NULL DEFAULT 0,
  `language_name` varchar(200) DEFAULT NULL,
  `language_description` text DEFAULT NULL,
  `language_meta` text DEFAULT NULL,
  `language_keywords` varchar(100) DEFAULT NULL,
  `language_url` varchar(100) DEFAULT NULL,
  `language_photo` varchar(100) NOT NULL DEFAULT '',
  PRIMARY KEY (`value_id`,`language_id`),
  KEY `language_id` (`language_id`),
  KEY `value_id` (`value_id`),
  KEY `editdate` (`editdate`)
) ENGINE=InnoDB DEFAULT CHARSET=utf8;

--
-- Dumping data for table `ngn_offers_atribute_values_language`
--

INSERT INTO `ngn_offers_atribute_values_language` VALUES (1,1,'2022-10-13 16:09:42',0,0,'0,1L',NULL,NULL,NULL,'01l',''),(1,2,'2022-10-13 16:09:42',0,0,'0,1L',NULL,NULL,NULL,'01l',''),(2,1,'2022-10-13 16:09:42',0,0,'0,25L',NULL,NULL,NULL,'025l',''),(2,2,'2022-10-13 16:09:42',0,0,'0,25L',NULL,NULL,NULL,'025l',''),(3,1,'2022-10-13 16:09:42',0,0,'0,5L',NULL,NULL,NULL,'05l',''),(3,2,'2022-10-13 16:09:42',0,0,'0,5L',NULL,NULL,NULL,'05l',''),(4,1,'0000-00-00 00:00:00',0,0,'0,1L','','','','01l',''),(4,2,'0000-00-00 00:00:00',0,0,'0,1L','','','','01l',''),(5,1,'0000-00-00 00:00:00',0,0,'0,25L','','','','025l',''),(5,2,'0000-00-00 00:00:00',0,0,'0,25L','','','','025l',''),(6,1,'0000-00-00 00:00:00',0,0,'0,5L','','','','05l',''),(6,2,'0000-00-00 00:00:00',0,0,'0,5L','','','','05l',''),(10,1,'0000-00-00 00:00:00',0,0,'0,1L','','','','01l',''),(10,2,'0000-00-00 00:00:00',0,0,'0,1L','','','','01l',''),(11,1,'0000-00-00 00:00:00',0,0,'0,25L','','','','025l',''),(11,2,'0000-00-00 00:00:00',0,0,'0,25L','','','','025l',''),(12,1,'0000-00-00 00:00:00',0,0,'0,5L','','','','05l',''),(12,2,'0000-00-00 00:00:00',0,0,'0,5L','','','','05l',''),(13,1,'2022-10-17 11:32:29',0,0,'0,1L','','','','13-01l',''),(13,2,'2022-10-17 11:32:29',0,0,'0,1L','','','','13-01l',''),(14,1,'2022-10-17 11:32:29',0,0,'0,25L','','','','14-025l',''),(14,2,'2022-10-17 11:32:29',0,0,'0,25L','','','','14-025l',''),(16,1,'2022-10-17 11:33:45',0,0,'0,1L','','','','16-01l',''),(16,2,'2022-10-17 11:33:45',0,0,'0,1L','','','','16-01l',''),(17,1,'2022-10-17 11:33:45',0,0,'0,25L','','','','17-025l',''),(17,2,'2022-10-17 11:33:45',0,0,'0,25L','','','','17-025l',''),(19,1,'2022-10-17 11:31:49',0,0,'0,1L','','','','19-01l',''),(19,2,'2022-10-17 11:31:49',0,0,'0,1L','','','','19-01l',''),(20,1,'2022-10-17 11:31:49',0,0,'0,25L','','','','20-025l',''),(20,2,'2022-10-17 11:31:49',0,0,'0,25L','','','','20-025l',''),(22,1,'2022-10-17 11:33:37',0,0,'0,1L','','','','22-01l',''),(22,2,'2022-10-17 11:33:37',0,0,'0,1L','','','','22-01l',''),(23,1,'2022-10-17 11:33:37',0,0,'0,25L','','','','23-025l',''),(23,2,'2022-10-17 11:33:37',0,0,'0,25L','','','','23-025l',''),(25,1,'0000-00-00 00:00:00',0,0,'0,1L','','','','01l',''),(25,2,'0000-00-00 00:00:00',0,0,'0,1L','','','','01l',''),(26,1,'0000-00-00 00:00:00',0,0,'0,25L','','','','025l',''),(26,2,'0000-00-00 00:00:00',0,0,'0,25L','','','','025l',''),(27,1,'0000-00-00 00:00:00',0,0,'0,5L','','','','05l',''),(27,2,'0000-00-00 00:00:00',0,0,'0,5L','','','','05l',''),(28,1,'2022-10-17 11:47:14',0,0,'0,1L','','','','28-01l',''),(28,2,'2022-10-17 11:47:14',0,0,'0,1L','','','','28-01l',''),(29,1,'2022-10-17 11:47:14',0,0,'0,25L','','','','29-025l',''),(29,2,'2022-10-17 11:47:14',0,0,'0,25L','','','','29-025l',''),(34,1,'2022-10-17 11:33:21',0,0,'0,1L','','','','34-01l',''),(34,2,'2022-10-17 11:33:21',0,0,'0,1L','','','','34-01l',''),(35,1,'2022-10-17 11:33:21',0,0,'0,25L','','','','35-025l',''),(35,2,'2022-10-17 11:33:21',0,0,'0,25L','','','','35-025l',''),(37,1,'2022-10-17 11:31:09',0,0,'0,1L','','','','37-01l',''),(37,2,'2022-10-17 11:31:09',0,0,'0,1L','','','','37-01l',''),(38,1,'2022-10-17 11:31:09',0,0,'0,25L','','','','38-025l',''),(38,2,'2022-10-17 11:31:09',0,0,'0,25L','','','','38-025l',''),(40,1,'2023-05-23 11:22:51',0,0,'0,1L','','','','40-01l',''),(40,2,'2023-05-23 11:22:51',0,0,'0,1L','','','','40-01l',''),(42,1,'2023-05-23 11:22:51',0,0,'0,5L','','','','42-05l',''),(42,2,'2023-05-23 11:22:51',0,0,'0,5L','','','','42-05l','');

--
-- Table structure for table `ngn_offers_categories`
--

CREATE TABLE `ngn_offers_categories` (
  `news_id` int(11) NOT NULL,
  `category_id` int(11) NOT NULL,
  `position` int(11) NOT NULL DEFAULT 0,
  PRIMARY KEY (`news_id`,`category_id`),
  KEY `category_id` (`category_id`)
) ENGINE=InnoDB DEFAULT CHARSET=utf8;

--
-- Dumping data for table `ngn_offers_categories`
--

INSERT INTO `ngn_offers_categories` VALUES (1,2,-1),(2,3,-1),(3,2,-1),(4,3,-1),(5,2,-1),(6,3,-1),(7,3,-1),(8,2,-1),(9,3,-1),(10,2,-1),(11,3,-1),(12,2,-1),(13,3,-1),(14,2,-1),(15,3,-1),(16,3,-1),(17,2,-1),(18,2,-1),(19,2,-1),(20,2,-1),(21,2,-1),(22,3,-1),(23,2,-1),(24,3,-1),(25,2,-1),(26,2,-1),(27,3,-1),(28,2,-1),(29,3,-1),(30,2,-1),(31,2,-1),(32,2,-1),(33,2,-1),(34,3,-1),(35,2,-1),(36,3,-1),(37,2,-1),(38,2,-1),(39,2,-1),(40,3,-1),(41,2,-1),(42,3,-1),(43,3,-1),(44,2,-1),(45,2,-1),(46,3,-1),(47,2,-1),(48,3,-1),(49,2,-1),(50,2,-1),(51,2,-1),(52,2,-1),(53,3,-1),(54,2,-1),(55,2,-1),(56,3,-1),(57,2,-1),(58,2,-1),(59,3,-1),(60,2,-1),(61,3,-1),(62,2,-1),(63,2,-1),(64,3,-1),(65,3,-1),(66,2,-1),(67,3,-1),(68,2,-1),(69,3,-1),(70,2,-1),(71,3,-1),(72,2,-1),(73,2,-1),(74,2,-1),(75,2,-1),(76,2,-1),(77,2,-1),(78,3,-1),(79,2,-1),(80,2,-1),(81,2,-1),(82,2,-1),(83,2,-1),(84,2,-1),(85,3,-1),(86,2,-1),(87,2,-1),(88,2,-1),(89,2,-1),(90,2,-1),(91,2,-1),(92,3,-1),(93,3,-1),(94,3,-1),(95,2,-1),(96,2,-1),(97,3,-1),(98,3,-1),(99,2,-1),(100,3,-1),(101,3,-1),(102,2,-1),(103,2,-1),(104,3,-1),(105,2,-1),(106,3,-1),(107,3,-1),(108,2,-1),(109,3,-1),(110,2,-1),(111,3,-1),(112,2,-1),(113,2,-1),(114,2,-1),(115,2,-1),(116,3,-1),(117,2,-1),(118,3,-1),(119,2,-1),(120,2,-1),(121,2,-1),(122,2,-1),(123,2,-1),(124,3,-1),(125,2,-1),(126,3,-1),(127,2,-1),(128,3,-1),(129,2,-1),(130,3,-1),(131,2,-1),(132,2,-1),(133,3,-1),(134,2,-1),(135,4,-1),(136,2,-1),(137,2,-1),(138,3,-1),(139,2,-1),(140,3,-1),(141,5,-1),(142,4,-1),(143,6,-1),(144,7,-1),(145,2,-1),(146,3,-1),(147,5,-1),(148,4,-1),(149,6,-1),(150,7,-1),(151,9,-1),(152,8,-1),(153,10,-1),(154,2,-1),(155,2,-1),(156,2,-1),(157,3,-1),(158,2,-1),(159,2,-1),(160,7,-1),(161,2,-1),(162,4,-1),(163,6,-1),(164,3,-1),(165,5,-1),(166,4,-1),(167,6,-1),(168,7,-1),(169,9,-1),(170,8,-1),(171,10,-1),(172,3,-1),(173,4,-1),(174,5,-1),(175,6,-1),(176,7,-1),(177,8,-1),(178,9,-1),(179,10,-1),(180,3,-1),(181,2,-1),(182,5,-1),(183,4,-1),(184,6,-1),(185,3,-1),(186,4,-1),(187,5,-1),(188,6,-1),(189,7,-1),(190,8,-1),(191,9,-1),(192,10,-1),(193,3,-1),(194,2,-1),(195,4,-1),(196,5,-1),(197,5,-1),(198,3,-1),(199,2,-1),(200,4,-1),(201,6,-1),(202,7,-1),(203,9,-1),(204,8,-1),(205,10,-1),(206,5,-1),(207,4,-1),(208,6,-1),(209,7,-1),(210,9,-1),(211,8,-1),(212,10,-1),(213,2,-1),(214,3,-1),(215,4,-1),(216,5,-1),(217,6,-1),(218,7,-1),(219,9,-1),(220,3,-1),(221,4,-1),(222,5,-1),(223,6,-1),(224,7,-1),(225,2,-1),(226,3,-1),(227,5,-1),(228,6,-1),(229,9,-1),(230,8,-1),(231,2,-1),(232,3,-1),(233,5,-1),(234,4,-1),(235,6,-1),(236,7,-1),(237,2,-1),(238,3,-1),(239,5,-1),(240,4,-1),(241,6,-1),(242,7,-1),(243,9,-1),(244,8,-1),(245,10,-1),(246,2,-1),(247,2,-1),(248,2,-1),(249,4,-1),(250,7,-1),(251,3,-1),(252,2,-1),(253,3,-1),(254,5,-1),(255,2,-1),(256,3,-1),(257,2,-1),(258,3,-1),(259,3,-1),(260,3,-1),(261,3,-1),(262,3,-1),(263,11,-1),(264,3,-1),(265,5,-1),(266,3,-1),(267,11,-1),(268,11,-1),(269,11,-1),(270,4,-1),(271,11,-1),(272,12,-1),(273,3,-1),(274,12,-1),(275,4,-1),(276,5,-1),(277,6,-1),(278,4,-1),(279,6,-1),(280,8,-1),(281,9,-1),(282,7,-1),(283,6,-1),(284,3,-1),(285,12,-1),(286,3,-1),(287,12,-1),(288,12,-1),(289,12,-1),(290,12,-1),(291,4,-1),(292,3,-1),(293,12,-1),(294,12,-1),(295,3,-1),(296,4,-1),(297,5,-1),(298,12,-1),(299,12,-1),(300,12,-1),(301,12,-1),(302,12,-1),(303,12,-1),(304,3,-1),(305,4,-1),(306,5,-1),(307,7,-1),(308,3,-1),(309,5,-1),(310,4,-1),(311,6,-1),(312,12,-1),(313,12,-1),(314,12,-1),(315,12,-1),(316,12,-1),(317,12,-1),(318,12,-1),(319,12,-1),(320,3,-1),(321,4,-1),(322,12,-1),(323,6,-1),(324,7,-1),(325,12,-1),(326,4,-1),(327,12,-1),(328,12,-1),(329,12,-1),(330,12,-1),(331,12,-1),(332,3,-1),(333,5,-1),(334,4,-1),(335,5,-1),(336,6,-1),(337,6,-1),(338,4,-1),(339,5,-1),(340,8,-1),(341,4,-1),(342,4,-1),(343,6,-1),(344,7,-1),(345,7,-1),(346,5,-1),(347,0,-1),(348,5,-1),(349,4,-1),(350,3,-1),(351,3,-1),(352,5,-1),(353,7,-1),(354,3,-1),(355,3,-1),(356,4,-1),(357,0,-1),(358,3,-1),(359,6,-1),(360,3,-1),(361,5,-1),(362,12,-1),(363,3,-1),(364,3,-1),(365,3,-1),(366,0,-1),(367,5,-1),(368,8,-1),(369,0,-1),(370,9,-1),(371,3,-1),(372,5,-1),(373,0,-1),(374,4,-1),(375,12,-1),(376,12,-1),(377,3,-1),(378,3,-1),(379,3,-1),(380,0,-1),(381,12,-1),(382,12,-1),(383,17,-1),(384,13,-1),(385,5,-1),(386,5,-1),(387,13,-1),(388,13,-1),(389,5,-1),(390,17,-1),(391,17,-1),(392,51,-1),(393,22,-1),(394,22,-1),(395,51,-1),(396,51,-1),(397,51,-1),(398,51,-1),(399,51,-1),(400,52,-1),(401,26,-1),(402,52,-1),(403,90,-1),(404,23,-1),(405,23,-1),(406,23,-1),(407,23,-1),(408,0,-1),(409,67,-1),(410,68,-1),(411,69,-1),(412,67,-1),(413,88,-1),(414,89,-1),(415,9,-1),(416,23,-1),(417,90,-1),(418,67,-1),(419,69,-1),(420,67,-1),(421,67,-1),(422,68,-1),(423,68,-1),(424,67,-1),(425,68,-1),(426,69,-1),(427,67,-1),(428,68,-1),(429,67,-1),(430,68,-1),(431,68,-1),(432,67,-1),(433,67,-1),(434,68,-1),(435,69,-1),(436,69,-1),(437,69,-1),(438,69,-1),(439,67,-1),(440,67,-1),(441,67,-1),(442,67,-1),(443,67,-1),(444,67,-1),(445,67,-1),(446,69,-1),(447,68,-1),(448,68,-1),(449,67,-1),(450,67,-1),(451,67,-1),(452,67,-1),(453,67,-1),(454,67,-1),(455,67,-1),(456,67,-1),(457,90,-1),(458,90,-1),(459,90,-1),(460,90,-1),(461,90,-1),(462,90,-1),(463,90,-1),(464,67,-1),(465,67,-1),(466,67,-1),(467,67,-1),(468,67,-1),(469,67,-1),(470,67,-1),(471,67,-1),(472,67,-1),(473,67,-1),(474,68,-1),(475,67,-1),(476,67,-1),(477,67,-1),(478,40,-1),(479,27,-1),(480,27,-1),(481,52,-1),(482,28,-1),(483,91,-1),(484,91,-1),(485,67,-1),(486,90,-1),(487,90,-1),(488,67,-1),(489,90,-1),(490,67,-1),(491,68,-1),(492,69,-1),(493,69,-1),(494,67,-1),(495,67,-1),(496,91,-1),(497,67,-1),(498,69,-1),(499,56,-1),(500,55,-1),(501,24,-1),(502,91,-1),(503,91,-1),(504,24,-1),(505,52,-1),(506,24,-1),(507,52,-1),(508,52,-1),(509,79,-1),(510,70,-1),(511,52,-1),(512,70,-1),(513,28,-1),(514,23,-1),(515,88,-1),(516,23,-1),(517,67,-1),(518,69,-1),(519,88,-1),(520,79,-1),(521,80,-1),(522,81,-1),(523,92,-1),(524,95,-1),(525,95,-1),(526,67,-1),(527,84,-1),(528,70,-1),(529,72,-1),(530,52,-1),(531,96,-1),(532,52,-1),(533,52,-1),(534,52,-1),(535,52,-1),(536,52,-1),(537,52,-1),(538,52,-1),(539,52,-1),(540,52,-1),(541,95,-1),(542,67,-1),(543,96,-1),(544,80,-1),(545,0,-1),(546,0,-1),(547,95,-1),(548,95,-1),(549,97,-1),(550,52,-1),(551,95,-1),(552,55,-1),(553,19,-1),(554,45,-1),(555,91,-1),(556,0,-1),(557,46,-1),(558,23,-1),(559,23,-1),(560,23,-1),(561,23,-1),(562,23,-1),(563,23,-1),(564,23,-1),(565,23,-1),(566,23,-1),(567,23,-1),(568,23,-1),(569,23,-1),(570,23,-1),(571,23,-1),(572,23,-1),(573,23,-1),(574,23,-1),(575,0,-1),(576,0,-1),(577,23,-1),(578,23,-1),(579,23,-1),(580,23,-1),(581,23,-1),(582,23,-1),(583,23,-1),(584,23,-1),(585,23,-1),(586,23,-1),(587,23,-1),(588,23,-1),(589,23,-1),(590,23,-1),(591,23,-1),(592,23,-1),(593,23,-1),(594,23,-1),(595,23,-1),(596,52,-1),(597,0,-1),(598,23,-1),(599,23,-1),(600,23,-1),(601,23,-1),(602,23,-1),(603,23,-1),(604,23,-1),(605,97,-1),(606,23,-1),(607,23,-1),(608,23,-1),(609,23,-1),(610,23,-1),(611,23,-1),(612,23,-1),(613,23,-1),(614,23,-1),(615,70,-1),(616,23,-1),(617,23,-1),(618,23,-1),(619,23,-1),(620,23,-1),(621,23,-1),(622,23,-1),(623,23,-1),(624,23,-1),(625,23,-1),(626,23,-1),(627,67,-1),(628,23,-1),(629,23,-1),(630,23,-1),(631,23,-1),(632,23,-1),(633,23,-1),(634,23,-1),(635,23,-1),(636,23,-1),(637,23,-1),(638,23,-1),(639,23,-1),(640,23,-1),(641,23,-1),(642,23,-1),(643,23,-1),(644,23,-1),(645,23,-1),(646,23,-1),(647,23,-1),(648,23,-1),(649,23,-1),(650,23,-1),(651,23,-1),(652,23,-1),(653,23,-1),(654,23,-1),(655,23,-1),(656,23,-1),(657,70,-1),(658,23,-1),(659,23,-1),(660,23,-1),(661,23,-1),(662,23,-1),(663,23,-1),(664,23,-1),(665,23,-1),(666,23,-1),(667,70,-1),(668,23,-1),(669,13,-1),(670,13,-1),(671,102,-1),(672,90,-1),(673,90,-1),(674,90,-1),(675,90,-1),(676,90,-1),(677,90,-1),(678,77,-1),(679,78,-1),(680,15,-1),(681,23,-1),(682,13,-1),(683,102,-1),(684,79,-1),(685,23,-1),(686,23,-1),(687,23,-1),(688,23,-1),(689,16,-1),(690,16,-1),(691,16,-1),(692,13,-1),(693,13,-1),(694,23,-1),(695,23,-1),(696,23,-1),(697,0,-1),(698,16,-1),(699,16,-1),(700,0,-1),(701,24,-1),(702,16,-1),(703,16,-1),(704,16,-1),(705,16,-1),(706,16,-1),(707,16,-1),(708,19,-1),(709,16,-1),(710,16,-1),(711,16,-1),(712,16,-1),(713,16,-1),(714,16,-1),(715,16,-1),(716,16,-1),(717,16,-1),(718,16,-1),(719,16,-1),(720,16,-1),(721,16,-1),(722,16,-1),(723,16,-1),(724,16,-1),(725,16,-1),(726,16,-1),(727,16,-1),(728,16,-1),(729,16,-1),(730,16,-1),(731,16,-1),(732,16,-1),(733,94,-1),(734,94,-1),(735,94,-1),(736,94,-1),(737,16,-1),(738,94,-1),(739,94,-1),(740,94,-1),(741,16,-1),(742,16,-1),(743,16,-1),(744,16,-1),(745,16,-1),(746,16,-1),(747,16,-1),(748,16,-1),(749,16,-1),(750,16,-1),(751,16,-1),(752,90,-1),(753,90,-1),(754,90,-1),(755,90,-1),(756,90,-1),(757,90,-1),(758,90,-1),(759,106,-1),(760,56,-1),(761,110,-1),(762,16,-1),(763,52,-1),(764,88,-1),(765,88,-1),(766,89,-1),(767,88,-1),(768,13,-1),(769,13,-1),(770,13,-1),(771,16,-1),(772,94,-1),(773,94,-1),(774,0,-1),(775,13,-1),(776,88,-1),(777,94,-1),(778,94,-1),(779,94,-1),(780,94,-1),(781,94,-1),(782,94,-1),(783,16,-1),(784,54,-1),(785,89,-1),(786,88,-1),(787,16,-1),(788,89,-1),(789,89,-1),(790,16,-1),(791,16,-1),(792,88,-1),(793,16,-1),(794,16,-1),(795,16,-1),(796,16,-1),(797,16,-1),(798,28,-1),(799,89,-1),(800,16,-1),(801,0,-1),(802,23,-1),(803,16,-1),(804,16,-1),(805,16,-1),(806,16,-1),(807,79,-1),(808,79,-1),(809,0,-1),(810,16,-1),(811,79,-1),(812,16,-1),(813,79,-1),(814,79,-1),(815,79,-1),(816,79,-1),(817,89,-1),(818,88,-1),(819,90,-1),(820,88,-1),(821,13,-1),(822,54,-1),(823,94,-1),(824,94,-1),(825,19,-1),(826,54,-1),(827,16,-1),(828,16,-1),(829,16,-1),(830,28,-1),(831,26,-1),(832,27,-1),(833,25,-1),(834,61,-1),(835,33,-1),(836,29,-1),(837,90,-1),(838,16,-1),(839,13,-1),(840,94,-1),(841,94,-1),(842,16,-1),(843,16,-1),(844,24,-1),(845,54,-1),(846,116,-1),(847,55,-1),(848,24,-1),(849,0,-1),(850,16,-1),(851,54,-1),(852,116,-1),(853,54,-1),(854,94,-1),(855,106,-1),(856,107,-1),(857,13,-1),(858,94,-1),(859,14,-1),(860,14,-1),(861,5,-1),(862,5,-1),(863,14,-1),(864,88,-1),(865,94,-1),(866,114,-1),(867,15,-1),(868,88,-1),(869,16,-1),(870,94,-1),(871,63,-1),(872,94,-1),(873,106,-1),(874,24,-1),(875,27,-1),(876,94,-1),(877,94,-1),(878,94,-1),(879,92,-1),(880,54,-1),(881,54,-1),(882,107,-1),(883,89,-1),(884,0,-1),(885,16,-1),(886,16,-1),(887,16,-1),(888,23,-1),(889,14,-1),(890,16,-1),(891,108,-1),(892,16,-1),(893,90,-1),(894,92,-1),(895,15,-1),(896,112,-1),(897,113,-1),(898,92,-1),(899,16,-1),(900,16,-1),(901,40,-1),(902,16,-1),(903,23,-1),(904,15,-1),(905,24,-1),(906,54,-1),(907,56,-1),(908,55,-1),(909,20,-1),(910,45,-1),(911,52,-1),(912,28,-1),(913,26,-1),(914,27,-1),(915,25,-1),(916,61,-1),(917,33,-1),(918,29,-1),(919,65,-1),(920,64,-1),(921,42,-1),(922,40,-1),(923,13,-1),(924,94,-1),(925,16,-1),(926,19,-1),(927,16,-1),(928,79,-1),(929,79,-1),(930,111,-1),(931,73,-1),(932,16,-1),(933,102,-1),(934,16,-1),(935,15,-1),(936,92,-1),(937,92,-1),(938,94,-1),(939,79,-1),(940,15,-1),(941,89,-1),(942,16,-1),(943,13,-1),(944,15,-1),(945,6,-1),(946,29,-1),(947,117,-1),(948,16,-1),(949,13,-1),(950,94,-1),(951,94,-1),(952,13,-1),(953,94,-1),(954,16,-1),(955,23,-1),(956,23,-1),(957,23,-1),(958,90,-1),(959,89,-1),(960,6,-1),(961,116,-1),(962,16,-1),(963,92,-1),(964,79,-1),(965,14,-1),(966,102,-1),(967,15,-1),(968,6,-1),(969,73,-1),(970,94,-1),(971,16,-1),(972,23,-1),(973,16,-1),(974,23,-1),(975,94,-1),(976,94,-1),(977,94,-1),(978,54,-1),(979,5,-1),(980,56,-1),(981,14,-1),(982,94,-1),(983,94,-1),(984,16,-1),(985,23,-1),(986,73,-1),(987,94,-1),(988,16,-1),(989,23,-1),(990,94,-1),(991,90,-1),(992,92,-1),(993,92,-1),(994,23,-1),(995,16,-1),(996,88,-1),(997,13,-1),(998,13,-1),(999,92,-1),(1000,117,-1),(1001,112,-1),(1002,116,-1),(1003,94,-1),(1004,116,-1),(1005,94,-1),(1006,16,-1),(1007,92,-1),(1008,117,-1),(1009,112,-1),(1010,55,-1),(1011,26,-1),(1012,54,-1),(1013,19,-1),(1014,16,-1),(1015,90,-1),(1016,23,-1),(1017,6,-1),(1018,16,-1),(1019,23,-1),(1020,16,-1),(1021,92,-1),(1022,94,-1),(1023,73,-1),(1024,14,-1),(1025,16,-1),(1026,13,-1),(1027,13,-1),(1028,13,-1),(1029,16,-1),(1030,13,-1),(1031,13,-1),(1032,92,-1),(1033,13,-1),(1034,13,-1),(1035,94,-1),(1036,16,-1),(1037,23,-1),(1038,13,-1),(1039,14,-1),(1040,15,-1),(1041,15,-1),(1042,16,-1),(1043,16,-1),(1044,89,-1),(1045,88,-1),(1046,88,-1),(1047,107,-1),(1048,94,-1),(1049,6,-1),(1050,16,-1),(1051,92,-1),(1052,16,-1),(1053,94,-1),(1054,16,-1),(1055,23,-1),(1056,120,-1),(1057,89,-1),(1058,108,-1),(1059,89,-1),(1060,14,-1),(1061,14,-1),(1062,13,-1),(1063,27,-1),(1064,25,-1),(1065,0,-1),(1066,0,-1),(1067,0,-1),(1068,90,-1),(1069,121,-1),(1070,25,-1),(1071,42,-1),(1072,133,-1),(1073,24,-1),(1074,54,-1),(1075,56,-1),(1076,28,-1),(1077,54,-1),(1078,16,-1),(1079,16,-1),(1080,16,-1),(1081,16,-1),(1082,16,-1),(1083,16,-1),(1084,16,-1),(1085,133,-1),(1086,90,-1),(1087,16,-1),(1088,16,-1),(1089,79,-1),(1090,79,-1),(1091,79,-1),(1092,79,-1),(1093,80,-1),(1094,81,-1),(1095,79,-1),(1096,79,-1),(1097,79,-1),(1098,79,-1),(1099,89,-1),(1100,94,-1),(1101,94,-1),(1102,94,-1),(1103,90,-1),(1104,23,-1),(1105,23,-1),(1106,92,-1),(1107,73,-1),(1108,14,-1),(1109,16,-1),(1110,73,-1),(1111,14,-1),(1112,102,-1),(1113,16,-1),(1114,16,-1),(1115,16,-1),(1116,16,-1),(1117,16,-1),(1118,16,-1),(1119,89,-1),(1120,16,-1),(1121,13,-1),(1122,16,-1),(1123,13,-1),(1124,16,-1),(1125,111,-1),(1126,112,-1),(1127,92,-1),(1128,73,-1),(1129,79,-1),(1130,5,-1),(1131,6,-1),(1132,16,-1),(1133,94,-1),(1134,114,-1),(1135,89,-1),(1136,0,-1),(1137,94,-1),(1138,128,-1),(1139,14,-1),(1140,5,-1),(1141,25,-1),(1142,29,-1),(1143,133,-1),(1144,89,-1),(1145,16,-1),(1146,90,-1),(1147,15,-1),(1148,14,-1),(1149,102,-1),(1150,16,-1),(1151,54,-1),(1152,89,-1),(1153,26,-1),(1154,25,-1),(1155,27,-1),(1156,16,-1),(1157,16,-1),(1158,55,-1),(1159,24,-1),(1160,23,-1),(1161,23,-1),(1162,0,-1),(1163,107,-1),(1164,128,-1),(1165,23,-1),(1166,94,-1),(1167,23,-1),(1168,23,-1),(1169,16,-1),(1170,13,-1),(1171,73,-1),(1172,89,-1),(1173,16,-1),(1174,16,-1),(1175,16,-1),(1176,16,-1),(1177,94,-1),(1178,16,-1),(1179,16,-1),(1180,6,-1),(1181,79,-1),(1182,16,-1),(1183,16,-1),(1184,24,-1),(1185,28,-1),(1186,89,-1),(1187,13,-1),(1188,90,-1),(1189,135,-1),(1190,92,-1),(1191,16,-1),(1192,14,-1),(1193,14,-1),(1194,92,-1),(1195,15,-1),(1196,16,-1),(1197,89,-1),(1198,16,-1),(1199,94,-1),(1200,94,-1),(1201,94,-1),(1202,89,-1),(1203,89,-1),(1204,89,-1),(1205,89,-1),(1206,89,-1),(1207,16,-1),(1208,23,-1),(1209,16,-1),(1210,23,-1),(1211,23,-1),(1212,5,-1),(1213,13,-1),(1214,13,-1),(1215,13,-1),(1216,5,-1),(1217,23,-1),(1218,89,-1),(1219,16,-1),(1220,94,-1),(1221,23,-1),(1222,92,-1),(1223,79,-1),(1224,28,-1),(1225,24,-1),(1226,94,-1),(1227,94,-1),(1228,94,-1),(1229,23,-1),(1230,23,-1),(1231,89,-1),(1232,137,-1),(1233,90,-1),(1234,79,-1),(1235,79,-1),(1236,5,-1),(1237,73,-1),(1238,94,-1),(1239,90,-1),(1240,92,-1),(1241,23,-1),(1242,15,-1),(1243,94,-1),(1244,16,-1),(1245,6,-1),(1246,89,-1),(1247,16,-1),(1248,16,-1),(1249,90,-1),(1250,16,-1),(1251,16,-1),(1252,16,-1),(1253,16,-1),(1254,23,-1),(1255,23,-1),(1256,16,-1),(1257,16,-1),(1258,16,-1),(1259,90,-1),(1260,89,-1),(1261,92,-1),(1262,73,-1),(1263,54,-1),(1264,54,-1),(1265,65,-1),(1266,40,-1),(1267,54,-1),(1268,62,-1),(1269,40,-1),(1270,73,-1),(1271,16,-1),(1272,16,-1),(1273,16,-1),(1274,15,-1),(1275,102,-1),(1276,79,-1),(1277,6,-1),(1278,6,-1),(1279,79,-1),(1280,133,-1),(1281,117,-1),(1282,5,-1),(1283,5,-1),(1284,54,-1),(1285,89,-1),(1286,89,-1),(1287,94,-1),(1288,106,-1),(1289,24,-1),(1290,89,-1),(1291,16,-1),(1292,94,-1),(1293,90,-1),(1294,73,-1),(1295,106,-1),(1296,54,-1),(1297,16,-1),(1298,16,-1),(1299,16,-1),(1300,16,-1),(1301,16,-1),(1302,89,-1),(1303,89,-1),(1304,16,-1),(1305,16,-1),(1306,16,-1),(1307,16,-1),(1308,92,-1),(1309,14,-1),(1310,14,-1),(1311,94,-1),(1312,5,-1),(1313,16,-1),(1314,14,-1),(1315,132,-1),(1316,131,-1),(1317,54,-1),(1318,24,-1),(1319,56,-1),(1320,55,-1),(1321,52,-1),(1322,62,-1),(1323,16,-1),(1324,94,-1),(1325,106,-1),(1326,135,-1),(1327,16,-1),(1328,56,-1),(1329,122,-1),(1330,90,-1),(1331,16,-1),(1332,16,-1),(1333,41,-1),(1334,23,-1),(1335,13,-1),(1336,13,-1),(1337,24,-1),(1338,28,-1),(1339,28,-1),(1340,54,-1),(1341,6,-1),(1342,6,-1),(1343,66,-1),(1344,92,-1),(1345,14,-1),(1346,25,-1),(1347,5,-1),(1348,5,-1),(1349,5,-1),(1350,15,-1),(1351,16,-1),(1352,79,-1),(1353,15,-1),(1354,135,-1),(1355,13,-1),(1356,16,-1),(1357,102,-1),(1358,102,-1),(1359,13,-1),(1360,16,-1),(1361,13,-1),(1362,16,-1),(1363,79,-1),(1364,15,-1),(1365,56,-1),(1366,55,-1),(1367,25,-1),(1368,89,-1),(1369,13,-1),(1370,131,-1),(1371,45,-1),(1372,54,-1),(1373,54,-1),(1374,73,-1),(1375,92,-1),(1376,56,-1),(1377,5,-1),(1378,28,-1),(1379,89,-1),(1380,89,-1),(1381,89,-1),(1382,5,-1),(1383,5,-1),(1384,5,-1),(1385,5,-1),(1386,16,-1),(1387,94,-1),(1388,5,-1),(1389,6,-1),(1390,5,-1),(1391,14,-1),(1392,94,-1),(1393,28,-1),(1394,28,-1),(1395,5,-1),(1396,90,-1),(1397,133,-1),(1398,55,-1),(1399,16,-1),(1400,16,-1),(1401,16,-1),(1402,13,-1),(1403,23,-1),(1404,64,-1),(1405,65,-1),(1406,90,-1),(1407,5,-1),(1408,56,-1),(1409,65,-1),(1410,40,-1),(1411,112,-1),(1412,108,-1),(1413,89,-1),(1414,135,-1),(1415,19,-1),(1416,45,-1),(1417,29,-1),(1418,5,-1),(1419,111,-1),(1420,16,-1),(1421,16,-1),(1422,13,-1),(1423,13,-1),(1424,5,-1),(1425,5,-1),(1426,16,-1),(1427,5,-1),(1428,5,-1),(1429,79,-1),(1430,5,-1),(1431,94,-1),(1432,16,-1),(1433,73,-1),(1434,73,-1),(1435,73,-1),(1436,73,-1),(1437,73,-1),(1438,23,-1),(1439,79,-1),(1440,79,-1),(1441,5,-1),(1442,13,-1),(1443,89,-1),(1444,89,-1),(1445,89,-1),(1446,123,-1),(1447,73,-1),(1448,107,-1),(1449,15,-1),(1450,5,-1),(1451,89,-1),(1452,90,-1),(1453,89,-1),(1454,89,-1),(1455,107,-1),(1456,13,-1),(1457,33,-1),(1458,107,-1),(1459,90,-1),(1460,89,-1),(1461,33,-1),(1462,89,-1),(1463,94,-1),(1464,23,-1),(1465,14,-1),(1466,14,-1),(1467,5,-1),(1468,89,-1),(1469,89,-1),(1470,23,-1),(1471,90,-1),(1472,89,-1),(1473,89,-1),(1474,54,-1),(1475,89,-1),(1476,89,-1),(1477,89,-1),(1478,16,-1),(1479,16,-1),(1480,89,-1),(1481,13,-1),(1482,16,-1),(1483,89,-1),(1484,14,-1),(1485,133,-1),(1486,33,-1),(1487,16,-1),(1488,13,-1),(1489,5,-1),(1490,15,-1),(1491,79,-1),(1492,89,-1),(1493,16,-1),(1494,89,-1),(1495,89,-1),(1496,16,-1),(1497,16,-1),(1498,133,-1),(1499,132,-1),(1500,16,-1),(1501,13,-1),(1502,14,-1),(1503,89,-1),(1504,16,-1),(1505,16,-1),(1506,89,-1),(1507,94,-1),(1508,89,-1),(1509,94,-1),(1510,23,-1),(1511,15,-1),(1512,111,-1),(1513,13,-1),(1514,23,-1),(1515,13,-1),(1516,61,-1),(1517,52,-1),(1518,127,-1),(1519,108,-1),(1520,111,-1),(1521,113,-1),(1522,108,-1),(1523,119,-1),(1524,128,-1),(1525,118,-1),(1526,127,-1),(1527,5,-1),(1528,89,-1),(1529,14,-1),(1530,5,-1),(1531,89,-1),(1532,89,-1),(1533,89,-1),(1534,6,-1),(1535,5,-1),(1536,94,-1),(1537,94,-1),(1538,13,-1),(1539,13,-1),(1540,73,-1),(1541,90,-1),(1542,102,-1),(1543,89,-1),(1544,89,-1),(1545,23,-1),(1546,6,-1),(1547,89,-1),(1548,79,-1),(1549,89,-1),(1550,16,-1),(1551,6,-1),(1552,15,-1),(1553,6,-1),(1554,16,-1),(1555,16,-1),(1556,23,-1),(1557,92,-1),(1558,14,-1),(1559,102,-1),(1560,23,-1),(1561,5,-1),(1562,89,-1),(1563,94,-1),(1564,89,-1),(1565,89,-1),(1566,90,-1),(1567,79,-1),(1568,90,-1),(1569,6,-1),(1570,79,-1),(1571,14,-1),(1572,89,-1),(1573,90,-1),(1574,16,-1),(1575,92,-1),(1576,94,-1),(1577,92,-1),(1578,6,-1),(1579,90,-1),(1580,89,-1),(1581,54,-1),(1582,13,-1),(1583,6,-1),(1584,6,-1),(1585,55,-1),(1586,94,-1),(1587,89,-1),(1588,16,-1),(1589,13,-1),(1590,89,-1),(1591,16,-1),(1592,15,-1),(1593,54,-1),(1594,94,-1),(1595,89,-1),(1596,6,-1),(1597,13,-1),(1598,14,-1),(1599,15,-1),(1600,133,-1),(1601,89,-1),(1602,14,-1),(1603,16,-1),(1604,89,-1),(1605,13,-1),(1606,114,-1),(1607,14,-1),(1608,89,-1),(1609,114,-1),(1610,55,-1),(1611,127,-1),(1612,89,-1),(1613,54,-1),(1614,89,-1),(1615,89,-1),(1616,133,-1),(1617,114,-1),(1618,6,-1),(1619,14,-1),(1620,94,-1),(1621,16,-1),(1622,54,-1),(1623,89,-1),(1624,79,-1),(1625,23,-1),(1626,90,-1),(1627,94,-1),(1628,111,-1),(1629,15,-1),(1630,114,-1),(1631,107,-1),(1632,15,-1),(1633,79,-1),(1634,5,-1),(1635,5,-1),(1636,90,-1),(1637,16,-1),(1638,79,-1),(1639,133,-1),(1640,89,-1),(1641,92,-1),(1642,5,-1),(1643,90,-1),(1644,40,-1),(1645,90,-1),(1646,79,-1),(1647,79,-1),(1648,5,-1),(1649,15,-1),(1650,89,-1),(1651,6,-1),(1652,94,-1),(1653,114,-1),(1654,23,-1),(1655,90,-1),(1656,23,-1),(1657,16,-1),(1658,5,-1),(1659,79,-1),(1660,102,-1),(1661,6,-1),(1662,16,-1),(1663,23,-1),(1664,15,-1),(1665,79,-1),(1666,102,-1),(1667,13,-1),(1668,89,-1),(1669,89,-1),(1670,6,-1),(1671,89,-1),(1672,92,-1),(1673,14,-1),(1674,5,-1),(1675,79,-1),(1676,6,-1),(1677,92,-1),(1678,92,-1),(1679,16,-1),(1680,89,-1),(1681,94,-1),(1682,16,-1),(1683,23,-1),(1684,14,-1),(1685,5,-1),(1686,114,-1),(1687,94,-1),(1688,16,-1),(1689,23,-1),(1690,94,-1),(1691,16,-1),(1692,23,-1),(1693,5,-1),(1694,116,-1),(1695,54,-1),(1696,5,-1),(1697,73,-1),(1698,114,-1),(1699,5,-1),(1700,14,-1),(1701,13,-1),(1702,54,-1),(1703,94,-1),(1704,16,-1),(1705,15,-1),(1706,16,-1),(1707,15,-1),(1708,89,-1),(1709,89,-1),(1710,89,-1),(1711,94,-1),(1712,94,-1),(1713,94,-1),(1714,94,-1),(1715,94,-1),(1716,94,-1),(1717,94,-1),(1718,94,-1),(1719,94,-1),(1720,94,-1),(1721,16,-1),(1722,16,-1),(1723,16,-1),(1724,16,-1),(1725,16,-1),(1726,16,-1),(1727,89,-1),(1728,6,-1),(1729,6,-1),(1730,15,-1),(1731,92,-1),(1732,13,-1),(1733,23,-1),(1734,16,-1),(1735,94,-1),(1736,15,-1),(1737,14,-1),(1738,6,-1),(1739,6,-1),(1740,102,-1),(1741,73,-1),(1742,90,-1),(1743,90,-1),(1744,23,-1),(1745,114,-1),(1746,89,-1),(1747,89,-1),(1748,89,-1),(1749,23,-1),(1750,23,-1),(1751,113,-1),(1752,23,-1),(1753,113,-1),(1754,16,-1),(1755,13,-1),(1756,16,-1),(1757,52,-1),(1758,26,-1),(1759,61,-1),(1760,16,-1),(1761,89,-1),(1762,16,-1),(1763,90,-1),(1764,13,-1),(1765,23,-1),(1766,137,-1),(1767,54,-1),(1768,114,-1),(1769,16,-1),(1770,16,-1),(1771,90,-1),(1772,79,-1),(1773,6,-1),(1774,14,-1),(1775,14,-1),(1776,137,-1),(1777,13,-1),(1778,89,-1),(1779,15,-1),(1780,14,-1),(1781,16,-1),(1782,13,-1),(1783,14,-1),(1784,5,-1),(1785,23,-1),(1786,23,-1),(1787,79,-1),(1788,15,-1),(1789,73,-1),(1790,15,-1),(1791,16,-1),(1792,16,-1),(1793,16,-1),(1794,13,-1),(1795,5,-1),(1796,16,-1),(1797,23,-1),(1798,89,-1),(1799,113,-1),(1800,90,-1),(1801,89,-1),(1802,16,-1),(1803,16,-1),(1804,54,-1),(1805,114,-1),(1806,120,-1),(1807,13,-1),(1808,23,-1),(1809,15,-1),(1810,14,-1),(1811,14,-1),(1812,73,-1),(1813,13,-1),(1814,89,-1),(1815,89,-1),(1816,89,-1),(1817,90,-1),(1818,89,-1),(1819,92,-1),(1820,110,-1),(1821,15,-1),(1822,29,-1),(1823,14,-1),(1824,13,-1),(1825,90,-1),(1826,89,-1),(1827,16,-1),(1828,90,-1),(1829,6,-1),(1830,15,-1),(1831,5,-1),(1832,102,-1),(1833,92,-1),(1834,5,-1),(1835,13,-1),(1836,15,-1),(1837,89,-1),(1838,16,-1),(1839,133,-1),(1840,16,-1),(1841,89,-1),(1842,16,-1),(1843,13,-1),(1844,13,-1),(1845,16,-1),(1846,13,-1),(1847,14,-1),(1848,5,-1),(1849,16,-1),(1850,23,-1),(1851,23,-1),(1852,13,-1),(1853,90,-1),(1854,89,-1),(1855,16,-1),(1856,15,-1),(1857,89,-1),(1858,90,-1),(1859,135,-1),(1860,16,-1),(1861,16,-1),(1862,13,-1),(1863,16,-1),(1864,13,-1),(1865,16,-1),(1866,113,-1),(1867,16,-1),(1868,16,-1),(1869,120,-1),(1870,107,-1),(1871,110,-1),(1872,89,-1),(1873,15,-1),(1874,6,-1),(1875,6,-1),(1876,79,-1),(1877,15,-1),(1878,92,-1),(1879,14,-1),(1880,15,-1),(1881,13,-1),(1882,16,-1),(1883,14,-1),(1884,5,-1),(1885,73,-1),(1886,92,-1),(1887,15,-1),(1888,6,-1),(1889,79,-1),(1890,54,-1),(1891,19,-1),(1892,15,-1),(1893,119,-1),(1894,73,-1),(1895,23,-1),(1896,13,-1),(1897,13,-1),(1898,6,-1),(1899,90,-1),(1900,16,-1),(1901,6,-1),(1902,15,-1),(1903,79,-1),(1904,16,-1),(1905,16,-1),(1906,23,-1),(1907,5,-1),(1908,133,-1),(1909,16,-1),(1910,13,-1),(1911,23,-1),(1912,16,-1),(1913,16,-1),(1914,73,-1),(1915,92,-1),(1916,102,-1),(1917,15,-1),(1918,14,-1),(1919,6,-1),(1920,16,-1),(1921,6,-1),(1922,5,-1),(1923,55,-1),(1924,16,-1),(1925,16,-1),(1926,135,-1),(1927,89,-1),(1928,102,-1),(1929,102,-1),(1930,5,-1),(1931,102,-1),(1932,102,-1),(1933,5,-1),(1934,16,-1),(1935,92,-1),(1936,116,-1),(1937,16,-1),(1938,54,-1),(1939,143,-1),(1940,123,-1),(1941,116,-1),(1942,13,-1),(1943,73,-1),(1944,16,-1),(1945,13,-1),(1946,116,-1),(1947,89,-1),(1948,79,-1),(1949,6,-1),(1950,133,-1),(1951,16,-1),(1952,89,-1),(1953,90,-1),(1954,5,-1),(1955,79,-1),(1956,14,-1),(1957,92,-1),(1958,16,-1),(1959,16,-1),(1960,113,-1),(1961,79,-1),(1962,23,-1),(1963,6,-1),(1964,73,-1),(1965,73,-1),(1966,73,-1),(1967,6,-1),(1968,6,-1),(1969,92,-1),(1970,15,-1),(1971,15,-1),(1972,92,-1),(1973,73,-1),(1974,137,-1),(1975,128,-1),(1976,90,-1),(1977,14,-1),(1978,5,-1),(1979,6,-1),(1980,6,-1),(1981,16,-1),(1982,16,-1),(1983,13,-1),(1984,15,-1),(1985,15,-1),(1986,29,-1),(1987,55,-1),(1988,16,-1),(1989,23,-1),(1990,6,-1),(1991,92,-1),(1992,92,-1),(1993,92,-1),(1994,92,-1),(1995,141,-1),(1996,13,-1),(1997,23,-1),(1998,13,-1),(1999,16,-1),(2000,89,-1),(2001,89,-1),(2002,13,-1),(2003,23,-1),(2004,135,-1),(2005,89,-1),(2006,16,-1),(2007,13,-1),(2008,89,-1),(2009,114,-1),(2010,16,-1),(2011,89,-1),(2012,112,-1),(2013,13,-1),(2014,5,-1),(2015,89,-1),(2016,13,-1),(2017,54,-1),(2018,89,-1),(2019,5,-1),(2020,89,-1),(2021,16,-1),(2022,90,-1),(2023,5,-1),(2024,6,-1),(2025,79,-1),(2026,14,-1),(2027,15,-1),(2028,24,-1),(2029,140,-1),(2030,135,-1),(2031,25,-1),(2032,64,-1),(2033,45,-1),(2034,5,-1),(2035,15,-1),(2036,15,-1),(2037,90,-1),(2038,133,-1),(2039,89,-1),(2040,89,-1),(2041,13,-1),(2042,6,-1),(2043,92,-1),(2044,55,-1),(2045,133,-1),(2046,89,-1),(2047,5,-1),(2048,6,-1),(2049,79,-1),(2050,14,-1),(2051,15,-1),(2052,102,-1),(2053,6,-1),(2054,79,-1),(2055,15,-1),(2056,92,-1),(2057,16,-1),(2058,114,-1),(2059,16,-1),(2060,13,-1),(2061,23,-1),(2062,90,-1),(2063,14,-1),(2064,14,-1),(2065,16,-1),(2066,16,-1),(2067,16,-1),(2068,137,-1),(2069,13,-1),(2070,15,-1),(2071,15,-1),(2072,92,-1),(2073,16,-1),(2074,23,-1),(2075,13,-1),(2076,13,-1),(2077,13,-1),(2078,89,-1),(2079,89,-1),(2080,23,-1),(2081,16,-1),(2082,15,-1),(2083,15,-1),(2084,14,-1),(2085,15,-1),(2086,16,-1),(2087,29,-1),(2088,16,-1),(2089,114,-1),(2090,135,-1),(2091,92,-1),(2092,102,-1),(2093,15,-1),(2094,79,-1),(2095,73,-1),(2096,5,-1),(2097,79,-1),(2098,14,-1),(2099,15,-1),(2100,102,-1),(2101,16,-1),(2102,54,-1),(2103,89,-1),(2104,108,-1),(2105,114,-1),(2106,13,-1),(2107,90,-1),(2108,79,-1),(2109,14,-1),(2110,92,-1),(2111,5,-1),(2112,127,-1),(2113,54,-1),(2114,16,-1),(2115,90,-1),(2116,5,-1),(2117,110,-1),(2118,114,-1),(2119,19,-1),(2120,106,-1),(2121,114,-1),(2122,14,-1),(2123,16,-1),(2124,16,-1),(2125,16,-1),(2126,16,-1),(2127,13,-1),(2128,5,-1),(2129,13,-1),(2130,111,-1),(2131,23,-1),(2132,23,-1),(2133,13,-1),(2134,90,-1),(2135,15,-1),(2136,92,-1),(2137,89,-1),(2138,89,-1),(2139,16,-1),(2140,13,-1),(2141,89,-1),(2142,90,-1),(2143,89,-1),(2144,90,-1),(2145,23,-1),(2146,13,-1),(2147,23,-1),(2148,89,-1),(2149,5,-1),(2150,16,-1),(2151,23,-1),(2152,52,-1),(2153,13,-1),(2154,13,-1),(2155,116,-1),(2156,45,-1);

--
-- Table structure for table `ngn_offers_category`
--

CREATE TABLE `ngn_offers_category` (
  `category_id` int(11) NOT NULL AUTO_INCREMENT,
  `category_enable` int(11) DEFAULT NULL,
  `category_createdate` datetime DEFAULT NULL,
  `category_showdate` datetime DEFAULT NULL,
  `category_hidedate` datetime DEFAULT NULL,
  `category_hide` tinyint(1) NOT NULL,
  `category_editdate` datetime DEFAULT NULL,
  `category_position` int(11) DEFAULT NULL,
  `category_type` int(11) NOT NULL,
  `category_parent` int(11) DEFAULT NULL,
  `category_photo` varchar(100) DEFAULT NULL,
  `category_restriction` int(11) NOT NULL,
  `category_photo2` int(11) NOT NULL,
  `category_photo_language1` int(11) NOT NULL,
  `category_photo_language2` int(11) NOT NULL,
  `category_template` int(11) NOT NULL,
  `category_template_news` int(11) NOT NULL,
  `category_source` varchar(200) NOT NULL,
  `category_source_url` varchar(200) NOT NULL,
  PRIMARY KEY (`category_id`),
  KEY `category_enable` (`category_enable`),
  KEY `category_createdate` (`category_createdate`),
  KEY `category_editdate` (`category_editdate`),
  KEY `category_hidedate` (`category_hidedate`),
  KEY `category_showdate` (`category_showdate`),
  KEY `category_createdate_2` (`category_createdate`),
  KEY `category_editdate_2` (`category_editdate`),
  KEY `category_hidedate_2` (`category_hidedate`),
  KEY `category_showdate_2` (`category_showdate`),
  KEY `category_template` (`category_template`),
  KEY `category_template_news` (`category_template_news`)
) ENGINE=InnoDB AUTO_INCREMENT=144 DEFAULT CHARSET=utf8;

--
-- Dumping data for table `ngn_offers_category`
--

INSERT INTO `ngn_offers_category` VALUES (1,0,'2019-09-27 15:41:56',NULL,NULL,0,NULL,0,0,0,'',1,0,0,0,0,0,'',''),(2,0,'2022-03-28 10:38:34',NULL,NULL,0,NULL,0,0,1,'',1,0,0,0,0,0,'',''),(3,0,'2022-03-28 15:38:49',NULL,NULL,0,NULL,0,0,1,'',1,0,0,0,0,0,'',''),(4,0,'2022-03-30 15:14:46',NULL,NULL,0,NULL,0,0,1,'',1,0,0,0,0,0,'',''),(5,0,'2022-03-30 15:17:03',NULL,NULL,0,NULL,0,0,1,'',1,0,0,0,0,0,'',''),(6,0,'2022-03-30 15:18:29',NULL,NULL,0,NULL,0,0,1,'',1,0,0,0,0,0,'',''),(7,0,'2022-03-30 15:20:26',NULL,NULL,0,NULL,0,0,1,'',1,0,0,0,0,0,'',''),(8,0,'2022-03-30 15:21:28',NULL,NULL,0,NULL,0,0,1,'',1,0,0,0,0,0,'',''),(9,0,'2022-03-30 15:22:31',NULL,NULL,0,NULL,0,0,1,'',1,0,0,0,0,0,'',''),(10,0,'2022-03-30 15:26:09',NULL,NULL,0,NULL,0,0,1,'',1,0,0,0,0,0,'',''),(11,0,'2022-04-07 10:07:17',NULL,NULL,0,NULL,0,0,1,'',1,0,0,0,0,0,'',''),(12,0,'2022-04-08 13:13:56',NULL,NULL,0,NULL,0,0,1,'',1,0,0,0,0,0,'',''),(13,0,'2022-07-14 10:47:16',NULL,NULL,0,NULL,0,0,1,'',1,0,0,0,0,0,'',''),(14,0,'2022-07-14 10:47:18',NULL,NULL,0,NULL,0,0,1,'',1,0,0,0,0,0,'',''),(15,0,'2022-07-14 10:47:26',NULL,NULL,0,NULL,0,0,1,'',1,0,0,0,0,0,'',''),(16,0,'2022-07-14 10:47:45',NULL,NULL,0,NULL,0,0,1,'',1,0,0,0,0,0,'',''),(17,0,'2022-07-14 10:47:50',NULL,NULL,0,NULL,0,0,1,'',1,0,0,0,0,0,'',''),(18,0,'2022-08-11 11:27:12',NULL,NULL,0,NULL,0,0,1,'',1,0,0,0,0,0,'',''),(19,0,'2022-08-11 11:29:39',NULL,NULL,0,NULL,0,0,1,'',1,0,0,0,0,0,'',''),(20,0,'2022-08-11 11:31:05',NULL,NULL,0,NULL,0,0,1,'',1,0,0,0,0,0,'',''),(21,0,'2022-08-11 11:34:54',NULL,NULL,0,NULL,0,0,1,'',1,0,0,0,0,0,'',''),(22,0,'2022-08-11 11:36:51',NULL,NULL,0,NULL,0,0,1,'',1,0,0,0,0,0,'',''),(23,0,'2022-08-11 11:46:08',NULL,NULL,0,NULL,0,0,1,'',1,0,0,0,0,0,'',''),(24,0,'2022-08-11 11:51:23',NULL,NULL,0,NULL,0,0,1,'',1,0,0,0,0,0,'',''),(25,0,'2022-08-11 11:53:35',NULL,NULL,0,NULL,0,0,1,'',1,0,0,0,0,0,'',''),(26,0,'2022-08-11 11:54:41',NULL,NULL,0,NULL,0,0,1,'',1,0,0,0,0,0,'',''),(27,0,'2022-08-11 11:55:27',NULL,NULL,0,NULL,0,0,1,'',1,0,0,0,0,0,'',''),(28,0,'2022-08-11 11:56:10',NULL,NULL,0,NULL,0,0,1,'',1,0,0,0,0,0,'',''),(29,0,'2022-08-11 11:57:19',NULL,NULL,0,NULL,0,0,1,'',1,0,0,0,0,0,'',''),(30,0,'2022-08-11 11:58:10',NULL,NULL,0,NULL,0,0,1,'',1,0,0,0,0,0,'',''),(31,0,'2022-08-11 11:59:12',NULL,NULL,0,NULL,0,0,1,'',1,0,0,0,0,0,'',''),(32,0,'2022-08-11 12:03:14',NULL,NULL,0,NULL,0,0,1,'',1,0,0,0,0,0,'',''),(33,0,'2022-08-11 13:36:42',NULL,NULL,0,NULL,0,0,1,'',1,0,0,0,0,0,'',''),(34,0,'2022-08-11 13:49:32',NULL,NULL,0,NULL,0,0,1,'',1,0,0,0,0,0,'',''),(35,0,'2022-08-11 13:53:14',NULL,NULL,0,NULL,0,0,1,'',1,0,0,0,0,0,'',''),(36,0,'2022-08-11 13:54:20',NULL,NULL,0,NULL,0,0,1,'',1,0,0,0,0,0,'',''),(37,0,'2022-08-11 13:55:10',NULL,NULL,0,NULL,0,0,1,'',1,0,0,0,0,0,'',''),(38,0,'2022-08-11 13:55:57',NULL,NULL,0,NULL,0,0,1,'',1,0,0,0,0,0,'',''),(39,0,'2022-08-11 13:56:46',NULL,NULL,0,NULL,0,0,1,'',1,0,0,0,0,0,'',''),(40,0,'2022-08-11 13:57:39',NULL,NULL,0,NULL,0,0,1,'',1,0,0,0,0,0,'',''),(41,0,'2022-08-11 13:58:23',NULL,NULL,0,NULL,0,0,1,'',1,0,0,0,0,0,'',''),(42,0,'2022-08-11 13:59:05',NULL,NULL,0,NULL,0,0,1,'',1,0,0,0,0,0,'',''),(43,0,'2022-08-18 13:47:38',NULL,NULL,0,NULL,0,0,1,'',1,0,0,0,0,0,'',''),(44,0,'2022-08-18 13:50:18',NULL,NULL,0,NULL,0,0,1,'',1,0,0,0,0,0,'',''),(45,0,'2022-08-18 13:52:37',NULL,NULL,0,NULL,0,0,1,'',1,0,0,0,0,0,'',''),(46,0,'2022-08-18 14:21:06',NULL,NULL,0,NULL,0,0,1,'',1,0,0,0,0,0,'',''),(47,0,'2022-08-18 14:22:15',NULL,NULL,0,NULL,0,0,1,'',1,0,0,0,0,0,'',''),(48,0,'2022-08-18 14:23:03',NULL,NULL,0,NULL,0,0,1,'',1,0,0,0,0,0,'',''),(49,0,'2022-08-19 08:55:56',NULL,NULL,0,NULL,0,0,1,'',1,0,0,0,0,0,'',''),(50,0,'2022-08-19 09:09:57',NULL,NULL,0,NULL,0,0,1,'',1,0,0,0,0,0,'',''),(51,0,'2022-08-19 09:13:13',NULL,NULL,0,NULL,0,0,1,'',1,0,0,0,0,0,'',''),(52,0,'2022-08-22 09:33:43',NULL,NULL,0,NULL,0,0,1,'',1,0,0,0,0,0,'',''),(53,0,'2022-08-22 09:37:53',NULL,NULL,0,NULL,0,0,1,'',1,0,0,0,0,0,'',''),(54,0,'2022-08-22 09:38:29',NULL,NULL,0,NULL,0,0,1,'',1,0,0,0,0,0,'',''),(55,0,'2022-08-22 09:39:51',NULL,NULL,0,NULL,0,0,1,'',1,0,0,0,0,0,'',''),(56,0,'2022-08-22 09:40:08',NULL,NULL,0,NULL,0,0,1,'',1,0,0,0,0,0,'',''),(57,0,'2022-08-22 11:21:39',NULL,NULL,0,NULL,0,0,1,'',1,0,0,0,0,0,'',''),(58,0,'2022-08-22 11:23:16',NULL,NULL,0,NULL,0,0,1,'',1,0,0,0,0,0,'',''),(59,0,'2022-08-22 11:23:35',NULL,NULL,0,NULL,0,0,1,'',1,0,0,0,0,0,'',''),(60,0,'2022-08-22 11:23:37',NULL,NULL,0,NULL,0,0,1,'',1,0,0,0,0,0,'',''),(61,0,'2022-08-22 11:24:07',NULL,NULL,0,NULL,0,0,1,'',1,0,0,0,0,0,'',''),(62,0,'2022-08-22 11:53:30',NULL,NULL,0,NULL,0,0,1,'',1,0,0,0,0,0,'',''),(63,0,'2022-08-22 11:53:41',NULL,NULL,0,NULL,0,0,1,'',1,0,0,0,0,0,'',''),(64,0,'2022-08-22 11:53:52',NULL,NULL,0,NULL,0,0,1,'',1,0,0,0,0,0,'',''),(65,0,'2022-08-22 11:54:02',NULL,NULL,0,NULL,0,0,1,'',1,0,0,0,0,0,'',''),(66,0,'2022-08-22 11:54:14',NULL,NULL,0,NULL,0,0,1,'',1,0,0,0,0,0,'',''),(67,0,'2022-08-24 11:08:05',NULL,NULL,0,NULL,0,0,1,'',1,0,0,0,0,0,'',''),(68,0,'2022-08-24 11:09:41',NULL,NULL,0,NULL,0,0,1,'',1,0,0,0,0,0,'',''),(69,0,'2022-08-24 11:10:41',NULL,NULL,0,NULL,0,0,1,'',1,0,0,0,0,0,'',''),(70,0,'2022-08-24 11:12:53',NULL,NULL,0,NULL,0,0,1,'',1,0,0,0,0,0,'',''),(71,0,'2022-08-24 11:13:47',NULL,NULL,0,NULL,0,0,1,'',1,0,0,0,0,0,'',''),(72,0,'2022-08-24 11:14:39',NULL,NULL,0,NULL,0,0,1,'',1,0,0,0,0,0,'',''),(73,0,'2022-08-24 11:16:03',NULL,NULL,0,NULL,0,0,1,'',1,0,0,0,0,0,'',''),(74,0,'2022-08-24 11:17:11',NULL,NULL,0,NULL,0,0,1,'',1,0,0,0,0,0,'',''),(75,0,'2022-08-24 11:20:10',NULL,NULL,0,NULL,0,0,1,'',1,0,0,0,0,0,'',''),(76,0,'2022-08-24 11:21:13',NULL,NULL,0,NULL,0,0,1,'',1,0,0,0,0,0,'',''),(77,0,'2022-08-24 11:24:01',NULL,NULL,0,NULL,0,0,1,'',1,0,0,0,0,0,'',''),(78,0,'2022-08-24 11:24:43',NULL,NULL,0,NULL,0,0,1,'',1,0,0,0,0,0,'',''),(79,0,'2022-08-24 11:26:31',NULL,NULL,0,NULL,0,0,1,'',1,0,0,0,0,0,'',''),(80,0,'2022-08-24 11:27:28',NULL,NULL,0,NULL,0,0,1,'',1,0,0,0,0,0,'',''),(81,0,'2022-08-24 11:28:26',NULL,NULL,0,NULL,0,0,1,'',1,0,0,0,0,0,'',''),(82,0,'2022-08-24 11:30:03',NULL,NULL,0,NULL,0,0,1,'',1,0,0,0,0,0,'',''),(83,0,'2022-08-24 11:30:47',NULL,NULL,0,NULL,0,0,1,'',1,0,0,0,0,0,'',''),(84,0,'2022-08-24 11:32:23',NULL,NULL,0,NULL,0,0,1,'',1,0,0,0,0,0,'',''),(85,0,'2022-08-24 11:33:09',NULL,NULL,0,NULL,0,0,1,'',1,0,0,0,0,0,'',''),(86,0,'2022-08-24 11:34:43',NULL,NULL,0,NULL,0,0,1,'',1,0,0,0,0,0,'',''),(87,0,'2022-08-24 11:35:27',NULL,NULL,0,NULL,0,0,1,'',1,0,0,0,0,0,'',''),(88,0,'2022-08-24 11:42:55',NULL,NULL,0,NULL,0,0,1,'',1,0,0,0,0,0,'',''),(89,0,'2022-08-24 11:43:46',NULL,NULL,0,NULL,0,0,1,'',1,0,0,0,0,0,'',''),(90,0,'2022-08-24 11:46:06',NULL,NULL,0,NULL,0,0,1,'',1,0,0,0,0,0,'',''),(91,0,'2022-08-24 11:47:26',NULL,NULL,0,NULL,0,0,1,'',1,0,0,0,0,0,'',''),(92,0,'2022-08-24 11:48:27',NULL,NULL,0,NULL,0,0,1,'',1,0,0,0,0,0,'',''),(93,0,'2022-08-24 11:48:58',NULL,NULL,0,NULL,0,0,1,'',1,0,0,0,0,0,'',''),(94,0,'2022-08-24 11:49:22',NULL,NULL,0,NULL,0,0,1,'',1,0,0,0,0,0,'',''),(95,0,'2022-08-24 14:13:01',NULL,NULL,0,NULL,0,0,1,'',1,0,0,0,0,0,'',''),(96,0,'2022-08-24 14:16:59',NULL,NULL,0,NULL,0,0,1,'',1,0,0,0,0,0,'',''),(97,0,'2022-08-24 14:18:06',NULL,NULL,0,NULL,0,0,1,'',1,0,0,0,0,0,'',''),(98,0,'2022-08-24 14:19:17',NULL,NULL,0,NULL,0,0,1,'',1,0,0,0,0,0,'',''),(99,0,'2022-08-24 14:20:26',NULL,NULL,0,NULL,0,0,1,'',1,0,0,0,0,0,'',''),(100,0,'2022-08-24 14:24:19',NULL,NULL,0,NULL,0,0,1,'',1,0,0,0,0,0,'',''),(101,0,'2022-08-24 14:25:34',NULL,NULL,0,NULL,0,0,1,'',1,0,0,0,0,0,'',''),(102,0,'2022-09-28 15:43:36',NULL,NULL,0,NULL,0,0,1,'',0,0,0,0,0,0,'',''),(103,0,'2022-10-13 15:26:35',NULL,NULL,0,NULL,0,0,1,'',0,0,0,0,0,0,'',''),(104,0,'2022-10-17 09:21:41',NULL,NULL,0,NULL,0,0,1,'',0,0,0,0,0,0,'',''),(105,0,'2022-10-17 11:23:56',NULL,NULL,0,NULL,0,0,1,'',0,0,0,0,0,0,'',''),(106,0,'2022-10-21 15:22:24',NULL,NULL,0,NULL,0,0,1,'',0,0,0,0,0,0,'',''),(107,0,'2022-10-21 15:25:21',NULL,NULL,0,NULL,0,0,1,'',0,0,0,0,0,0,'',''),(108,0,'2022-10-21 15:27:29',NULL,NULL,0,NULL,0,0,1,'',0,0,0,0,0,0,'',''),(109,0,'2022-10-21 15:28:33',NULL,NULL,0,NULL,0,0,1,'',0,0,0,0,0,0,'',''),(110,0,'2022-10-21 15:57:59',NULL,NULL,0,NULL,0,0,1,'',0,0,0,0,0,0,'',''),(111,0,'2022-10-21 15:58:52',NULL,NULL,0,NULL,0,0,1,'',0,0,0,0,0,0,'',''),(112,0,'2022-10-21 16:00:25',NULL,NULL,0,NULL,0,0,1,'',0,0,0,0,0,0,'',''),(113,0,'2022-10-25 15:20:30',NULL,NULL,0,NULL,0,0,1,'',0,0,0,0,0,0,'',''),(114,0,'2022-10-25 15:23:07',NULL,NULL,0,NULL,0,0,1,'',0,0,0,0,0,0,'',''),(115,0,'2022-10-28 11:47:31',NULL,NULL,0,NULL,0,0,1,'',0,0,0,0,0,0,'',''),(116,0,'2022-11-09 11:07:32',NULL,NULL,0,NULL,0,0,1,'',0,0,0,0,0,0,'',''),(117,0,'2022-11-09 11:08:58',NULL,NULL,0,NULL,0,0,1,'',0,0,0,0,0,0,'',''),(118,0,'2023-01-06 09:59:54',NULL,NULL,0,NULL,0,0,1,'',0,0,0,0,0,0,'',''),(119,0,'2023-01-06 10:13:00',NULL,NULL,0,NULL,0,0,1,'',0,0,0,0,0,0,'',''),(120,0,'2023-01-06 10:18:37',NULL,NULL,0,NULL,0,0,1,'',0,0,0,0,0,0,'',''),(121,0,'2023-01-06 10:42:34',NULL,NULL,0,NULL,0,0,1,'',0,0,0,0,0,0,'',''),(122,0,'2023-01-06 10:50:41',NULL,NULL,0,NULL,0,0,1,'',0,0,0,0,0,0,'',''),(123,0,'2023-01-06 11:19:53',NULL,NULL,0,NULL,0,0,1,'',0,0,0,0,0,0,'',''),(124,0,'2023-01-06 12:09:24',NULL,NULL,0,NULL,0,0,1,'',0,0,0,0,0,0,'',''),(125,0,'2023-01-06 12:52:08',NULL,NULL,0,NULL,0,0,1,'',0,0,0,0,0,0,'',''),(126,0,'2023-01-06 13:06:07',NULL,NULL,0,NULL,0,0,1,'',0,0,0,0,0,0,'',''),(127,0,'2023-01-06 13:50:37',NULL,NULL,0,NULL,0,0,1,'',0,0,0,0,0,0,'',''),(128,0,'2023-01-06 13:54:56',NULL,NULL,0,NULL,0,0,1,'',0,0,0,0,0,0,'',''),(129,0,'2023-01-06 14:22:05',NULL,NULL,0,NULL,0,0,1,'',0,0,0,0,0,0,'',''),(130,0,'2023-01-06 15:24:23',NULL,NULL,0,NULL,0,0,1,'',0,0,0,0,0,0,'',''),(131,0,'2023-01-09 11:12:43',NULL,NULL,0,NULL,0,0,1,'',0,0,0,0,0,0,'',''),(132,0,'2023-01-09 12:00:45',NULL,NULL,0,NULL,0,0,1,'',0,0,0,0,0,0,'',''),(133,0,'2023-01-09 13:49:40',NULL,NULL,0,NULL,0,0,1,'',0,0,0,0,0,0,'',''),(134,0,'2023-01-17 11:00:26',NULL,NULL,0,NULL,0,0,1,'',0,0,0,0,0,0,'',''),(135,0,'2023-01-23 15:02:30',NULL,NULL,0,NULL,0,0,1,'',0,0,0,0,0,0,'',''),(136,0,'2023-02-07 10:44:12',NULL,NULL,0,NULL,0,0,1,'',0,0,0,0,0,0,'',''),(137,0,'2023-02-14 09:54:31',NULL,NULL,0,NULL,0,0,1,'',0,0,0,0,0,0,'',''),(138,0,'2023-04-07 13:39:17',NULL,NULL,0,NULL,0,0,1,'',0,0,0,0,0,0,'',''),(139,0,'2023-04-07 14:09:05',NULL,NULL,0,NULL,0,0,1,'',0,0,0,0,0,0,'',''),(140,0,'2023-04-24 10:27:52',NULL,NULL,0,NULL,0,0,1,'',0,0,0,0,0,0,'',''),(141,0,'2023-05-31 08:19:51',NULL,NULL,0,NULL,0,0,1,'',0,0,0,0,0,0,'',''),(142,0,'2023-05-31 08:25:07',NULL,NULL,0,NULL,0,0,1,'',0,0,0,0,0,0,'',''),(143,0,'2023-05-31 08:27:58',NULL,NULL,0,NULL,0,0,1,'',0,0,0,0,0,0,'','');

--
-- Table structure for table `ngn_offers_category_customers`
--

CREATE TABLE `ngn_offers_category_customers` (
  `file_id` int(11) NOT NULL AUTO_INCREMENT,
  `category_id` int(11) NOT NULL DEFAULT 0,
  `file_photo` varchar(200) NOT NULL,
  `file_size` int(11) NOT NULL DEFAULT 0,
  `file_file` varchar(100) NOT NULL DEFAULT '',
  `file_original_name` varchar(200) NOT NULL DEFAULT '0',
  PRIMARY KEY (`file_id`),
  KEY `category_id` (`category_id`)
) ENGINE=InnoDB DEFAULT CHARSET=utf8;

--
-- Dumping data for table `ngn_offers_category_customers`
--


--
-- Table structure for table `ngn_offers_category_customers_language`
--

CREATE TABLE `ngn_offers_category_customers_language` (
  `file_id` int(11) NOT NULL,
  `language_id` int(11) NOT NULL DEFAULT 0,
  `enable` int(11) NOT NULL,
  `language_name` varchar(200) DEFAULT NULL,
  `language_description` text DEFAULT NULL,
  `language_meta` text DEFAULT NULL,
  `language_keywords` varchar(100) DEFAULT NULL,
  `language_url` varchar(100) DEFAULT NULL,
  `language_photo` varchar(100) NOT NULL DEFAULT '',
  PRIMARY KEY (`file_id`,`language_id`),
  KEY `language_id` (`language_id`)
) ENGINE=InnoDB DEFAULT CHARSET=utf8;

--
-- Dumping data for table `ngn_offers_category_customers_language`
--


--
-- Table structure for table `ngn_offers_category_file`
--

CREATE TABLE `ngn_offers_category_file` (
  `type_id` int(11) NOT NULL AUTO_INCREMENT,
  `type_name` varchar(200) NOT NULL DEFAULT '',
  `type_extension` varchar(200) NOT NULL DEFAULT '',
  `type_type` varchar(200) NOT NULL DEFAULT '',
  `type_enable` int(11) NOT NULL DEFAULT 0,
  `type_photo` varchar(200) NOT NULL DEFAULT '',
  PRIMARY KEY (`type_id`)
) ENGINE=InnoDB DEFAULT CHARSET=utf8;

--
-- Dumping data for table `ngn_offers_category_file`
--


--
-- Table structure for table `ngn_offers_category_files`
--

CREATE TABLE `ngn_offers_category_files` (
  `file_id` int(11) NOT NULL AUTO_INCREMENT,
  `category_id` int(11) NOT NULL DEFAULT 0,
  `file_type` int(11) NOT NULL DEFAULT 0,
  `file_group` int(11) NOT NULL,
  `file_size` int(11) NOT NULL DEFAULT 0,
  `file_list` int(11) NOT NULL DEFAULT 1,
  `file_file` varchar(100) NOT NULL DEFAULT '',
  `file_original_name` varchar(200) NOT NULL DEFAULT '0',
  `file_createdate` datetime NOT NULL,
  `file_showdate` datetime NOT NULL,
  `file_hidedate` datetime NOT NULL,
  `file_hide` smallint(1) NOT NULL,
  `file_owner` int(11) NOT NULL,
  `file_order` int(11) NOT NULL,
  PRIMARY KEY (`file_id`),
  KEY `category_id` (`category_id`),
  KEY `file_type` (`file_type`),
  KEY `file_createdate` (`file_createdate`),
  KEY `file_owner` (`file_owner`),
  KEY `file_group` (`file_group`),
  KEY `file_showdate` (`file_showdate`),
  KEY `file_hidedate` (`file_hidedate`),
  KEY `file_hide` (`file_hide`),
  KEY `file_order` (`file_order`),
  CONSTRAINT `ngn_offers_category_files_ibfk_1` FOREIGN KEY (`category_id`) REFERENCES `ngn_offers_category` (`category_id`) ON DELETE CASCADE ON UPDATE CASCADE
) ENGINE=InnoDB DEFAULT CHARSET=utf8;

--
-- Dumping data for table `ngn_offers_category_files`
--


--
-- Table structure for table `ngn_offers_category_files_language`
--

CREATE TABLE `ngn_offers_category_files_language` (
  `file_id` int(11) NOT NULL,
  `language_id` int(11) NOT NULL DEFAULT 0,
  `editdate` datetime NOT NULL,
  `enable` int(11) NOT NULL,
  `approved` int(1) NOT NULL DEFAULT 0,
  `language_name` varchar(200) DEFAULT NULL,
  `language_description` text DEFAULT NULL,
  `language_meta` text DEFAULT NULL,
  `language_keywords` varchar(100) DEFAULT NULL,
  `language_url` varchar(100) DEFAULT NULL,
  `language_photo` varchar(100) NOT NULL DEFAULT '',
  PRIMARY KEY (`file_id`,`language_id`),
  KEY `language_id` (`language_id`),
  KEY `editdate` (`editdate`),
  CONSTRAINT `ngn_offers_category_files_languageibfk_1` FOREIGN KEY (`file_id`) REFERENCES `ngn_offers_category_files` (`file_id`) ON DELETE CASCADE ON UPDATE CASCADE
) ENGINE=InnoDB DEFAULT CHARSET=utf8;

--
-- Dumping data for table `ngn_offers_category_files_language`
--


--
-- Table structure for table `ngn_offers_category_groups`
--

CREATE TABLE `ngn_offers_category_groups` (
  `id` int(11) NOT NULL AUTO_INCREMENT,
  `category_id` int(11) NOT NULL,
  `group_id` int(11) NOT NULL,
  `position` int(11) NOT NULL,
  `transfer` int(11) NOT NULL DEFAULT 1,
  `category` int(11) NOT NULL DEFAULT 0,
  PRIMARY KEY (`id`),
  UNIQUE KEY `category_id_2` (`category_id`,`group_id`),
  KEY `group_id` (`group_id`),
  KEY `category_id` (`category_id`),
  KEY `position` (`position`),
  CONSTRAINT `ngn_offers_category_groups_ibfk_1` FOREIGN KEY (`category_id`) REFERENCES `ngn_offers_category` (`category_id`) ON DELETE CASCADE ON UPDATE CASCADE,
  CONSTRAINT `ngn_offers_category_groups_ibfk_2` FOREIGN KEY (`group_id`) REFERENCES `ngn_offers_groups` (`group_id`) ON DELETE CASCADE ON UPDATE CASCADE
) ENGINE=InnoDB AUTO_INCREMENT=320 DEFAULT CHARSET=utf8;

--
-- Dumping data for table `ngn_offers_category_groups`
--

INSERT INTO `ngn_offers_category_groups` VALUES (35,1,1,0,1,0),(36,2,1,0,1,0),(37,2,3512,0,1,0),(38,3,1,0,1,0),(39,3,3513,0,1,0),(40,4,1,0,1,0),(41,4,3514,0,1,0),(42,5,1,0,1,0),(43,5,3515,0,1,0),(44,6,1,0,1,0),(45,6,3516,0,1,0),(46,7,1,0,1,0),(47,7,3517,0,1,0),(48,8,1,0,1,0),(49,8,3518,0,1,0),(50,9,1,0,1,0),(51,9,3519,0,1,0),(52,10,1,0,1,0),(53,10,3520,0,1,0),(54,11,1,0,1,0),(55,11,3521,1,1,0),(56,12,1,0,1,0),(57,12,3522,1,1,0),(58,13,1,0,1,0),(59,13,3523,1,1,0),(60,14,1,0,1,0),(61,14,3524,1,1,0),(62,15,1,0,1,0),(63,15,3525,1,1,0),(64,16,1,0,1,0),(65,16,3526,1,1,0),(66,17,1,0,1,0),(67,17,3527,1,1,0),(68,18,1,0,1,0),(69,18,3528,0,1,0),(70,19,1,0,1,0),(71,19,3529,0,1,0),(72,20,1,0,1,0),(73,20,3530,0,1,0),(74,21,1,0,1,0),(75,21,3531,0,1,0),(76,22,1,0,1,0),(77,22,3532,0,1,0),(78,23,1,0,1,0),(79,23,3533,1,1,0),(80,24,1,0,1,0),(81,24,3534,0,1,0),(82,25,1,0,1,0),(83,25,3535,0,1,0),(84,26,1,0,1,0),(85,26,3536,0,1,0),(86,27,1,0,1,0),(87,27,3537,0,1,0),(88,28,1,0,1,0),(89,28,3538,0,1,0),(90,29,1,0,1,0),(91,29,3539,0,1,0),(92,30,1,0,1,0),(93,30,3540,0,1,0),(94,31,1,0,1,0),(95,31,3541,0,1,0),(96,32,1,0,1,0),(97,32,3542,0,1,0),(98,33,1,0,1,0),(99,33,3543,1,1,0),(100,34,1,0,1,0),(101,34,3544,0,1,0),(102,35,1,0,1,0),(103,35,3545,0,1,0),(104,36,1,0,1,0),(105,36,3546,0,1,0),(106,37,1,0,1,0),(107,37,3547,0,1,0),(108,38,1,0,1,0),(109,38,3548,0,1,0),(110,39,1,0,1,0),(111,39,3549,0,1,0),(112,40,1,0,1,0),(113,40,3550,0,1,0),(114,41,1,0,1,0),(115,41,3551,0,1,0),(116,42,1,0,1,0),(117,42,3552,0,1,0),(118,43,1,0,1,0),(119,43,3553,1,1,0),(120,44,1,0,1,0),(121,44,3554,1,1,0),(122,45,1,0,1,0),(123,45,3555,1,1,0),(124,46,1,0,1,0),(125,46,3556,0,1,0),(126,47,1,0,1,0),(127,47,3557,0,1,0),(128,48,1,0,1,0),(129,48,3558,0,1,0),(130,49,1,0,1,0),(131,49,3559,1,1,0),(132,50,1,0,1,0),(133,50,3560,1,1,0),(134,51,1,0,1,0),(135,51,3561,1,1,0),(136,52,1,0,1,0),(137,52,3562,1,1,0),(138,53,1,0,1,0),(139,53,3563,1,1,0),(140,54,1,0,1,0),(141,54,3564,1,1,0),(142,55,1,0,1,0),(143,55,3565,1,1,0),(144,56,1,0,1,0),(145,56,3566,1,1,0),(146,57,1,0,1,0),(147,57,3567,1,1,0),(148,58,1,0,1,0),(149,58,3568,1,1,0),(150,59,1,0,1,0),(151,59,3569,1,1,0),(152,60,1,0,1,0),(153,60,3570,1,1,0),(154,61,1,0,1,0),(155,61,3571,1,1,0),(156,62,1,0,1,0),(157,62,3572,1,1,0),(158,63,1,0,1,0),(159,63,3573,1,1,0),(160,64,1,0,1,0),(161,64,3574,1,1,0),(162,65,1,0,1,0),(163,65,3575,1,1,0),(164,66,1,0,1,0),(165,66,3576,1,1,0),(166,67,1,0,1,0),(167,67,3577,0,1,0),(168,68,1,0,1,0),(169,68,3578,0,1,0),(170,69,1,0,1,0),(171,69,3579,0,1,0),(172,70,1,0,1,0),(173,70,3580,0,1,0),(174,71,1,0,1,0),(175,71,3581,0,1,0),(176,72,1,0,1,0),(177,72,3582,0,1,0),(178,73,1,0,1,0),(179,73,3583,0,1,0),(180,74,1,0,1,0),(181,74,3584,0,1,0),(182,75,1,0,1,0),(183,75,3585,0,1,0),(184,76,1,0,1,0),(185,76,3586,0,1,0),(186,77,1,0,1,0),(187,77,3587,0,1,0),(188,78,1,0,1,0),(189,78,3588,0,1,0),(190,79,1,0,1,0),(191,79,3589,0,1,0),(192,80,1,0,1,0),(193,80,3590,0,1,0),(194,81,1,0,1,0),(195,81,3591,0,1,0),(196,82,1,0,1,0),(197,82,3592,0,1,0),(198,83,1,0,1,0),(199,83,3593,0,1,0),(200,84,1,0,1,0),(201,84,3594,0,1,0),(202,85,1,0,1,0),(203,85,3595,0,1,0),(204,86,1,0,1,0),(205,86,3596,0,1,0),(206,87,1,0,1,0),(207,87,3597,0,1,0),(208,88,1,0,1,0),(209,88,3598,0,1,0),(210,89,1,0,1,0),(211,89,3599,0,1,0),(212,90,1,0,1,0),(213,90,3600,0,1,0),(214,91,1,0,1,0),(215,91,3601,0,1,0),(216,92,1,0,1,0),(217,92,3602,0,1,0),(218,93,1,0,1,0),(219,93,3603,0,1,0),(220,94,1,0,1,0),(221,94,3604,0,1,0),(222,95,1,0,1,0),(223,95,3605,0,1,0),(224,96,1,0,1,0),(225,96,3606,0,1,0),(226,97,1,0,1,0),(227,97,3607,0,1,0),(228,98,1,0,1,0),(229,98,3608,0,1,0),(230,99,1,0,1,0),(231,99,3609,0,1,0),(232,100,1,0,1,0),(233,100,3610,0,1,0),(234,101,1,0,1,0),(235,101,3611,0,1,0),(236,102,1,0,1,0),(237,102,3612,1,1,0),(238,103,1,0,1,0),(239,103,3613,0,1,0),(240,104,1,0,1,0),(241,104,3614,0,1,0),(242,105,1,0,1,0),(243,105,3615,0,1,0),(244,106,1,0,1,0),(245,106,3616,0,1,0),(246,107,1,0,1,0),(247,107,3617,0,1,0),(248,108,1,0,1,0),(249,108,3618,0,1,0),(250,109,1,0,1,0),(251,109,3619,0,1,0),(252,110,1,0,1,0),(253,110,3620,0,1,0),(254,111,1,0,1,0),(255,111,3621,0,1,0),(256,112,1,0,1,0),(257,112,3622,0,1,0),(258,113,1,0,1,0),(259,113,3623,0,1,0),(260,114,1,0,1,0),(261,114,3624,0,1,0),(262,115,1,0,1,0),(263,115,3625,0,1,0),(264,116,1,0,1,0),(265,116,3626,0,1,0),(266,117,1,0,1,0),(267,117,3627,0,1,0),(268,118,1,0,1,0),(269,118,3628,0,1,0),(270,119,1,0,1,0),(271,119,3629,0,1,0),(272,120,1,0,1,0),(273,120,3630,0,1,0),(274,121,1,0,1,0),(275,121,3631,0,1,0),(276,122,1,0,1,0),(277,122,3632,0,1,0),(278,123,1,0,1,0),(279,123,3633,0,1,0),(280,124,1,0,1,0),(281,124,3634,0,1,0),(282,125,1,0,1,0),(283,125,3635,0,1,0),(284,126,1,0,1,0),(285,126,3636,0,1,0),(286,127,1,0,1,0),(287,127,3637,0,1,0),(288,128,1,0,1,0),(289,128,3638,0,1,0),(290,129,1,0,1,0),(291,129,3639,0,1,0),(292,130,1,0,1,0),(293,130,3640,0,1,0),(294,131,1,0,1,0),(295,131,3641,1,1,0),(296,132,1,0,1,0),(297,132,3642,0,1,0),(298,133,1,0,1,0),(299,133,3643,1,1,0),(300,134,1,0,1,0),(301,134,3644,0,1,0),(302,135,1,0,1,0),(303,135,3645,0,1,0),(304,136,1,0,1,0),(305,136,3646,0,1,0),(306,137,1,0,1,0),(307,137,3647,0,1,0),(308,138,1,0,1,0),(309,138,3648,1,1,0),(310,139,1,0,1,0),(311,139,3649,0,1,0),(312,140,1,0,1,0),(313,140,3650,0,1,0),(314,141,1,0,1,0),(315,141,3651,0,1,0),(316,142,1,0,1,0),(317,142,3652,0,1,0),(318,143,1,0,1,0),(319,143,3653,0,1,0);

--
-- Table structure for table `ngn_offers_category_groups_atribute`
--

CREATE TABLE `ngn_offers_category_groups_atribute` (
  `cgid` int(11) NOT NULL,
  `gaid` int(11) NOT NULL,
  `language_id` int(11) NOT NULL,
  `valueInt` int(11) NOT NULL DEFAULT 0,
  `valueFloat` double NOT NULL DEFAULT 0,
  `valueText` text NOT NULL,
  PRIMARY KEY (`cgid`,`gaid`,`language_id`),
  KEY `language_id` (`language_id`),
  KEY `gaid` (`gaid`),
  KEY `cgid` (`cgid`),
  KEY `valueInt` (`valueInt`)
) ENGINE=InnoDB DEFAULT CHARSET=utf8;

--
-- Dumping data for table `ngn_offers_category_groups_atribute`
--

INSERT INTO `ngn_offers_category_groups_atribute` VALUES (35,119,1,1,0,''),(36,119,1,1,0,''),(38,119,1,2,0,''),(40,119,1,3,0,''),(42,119,1,4,0,''),(44,119,1,5,0,''),(46,119,1,6,0,''),(48,119,1,7,0,''),(50,119,1,8,0,''),(52,119,1,9,0,''),(54,119,1,1,0,''),(56,119,1,1,0,''),(58,119,1,2,0,''),(60,119,1,6,0,''),(62,119,1,7,0,''),(64,119,1,3,0,''),(66,119,1,1,0,''),(68,119,1,11,0,''),(70,119,1,12,0,''),(72,119,1,13,0,''),(74,119,1,14,0,''),(76,119,1,15,0,''),(78,119,1,1,0,''),(80,119,1,16,0,''),(82,119,1,17,0,''),(84,119,1,18,0,''),(86,119,1,19,0,''),(88,119,1,20,0,''),(90,119,1,21,0,''),(92,119,1,22,0,''),(94,119,1,23,0,''),(96,119,1,24,0,''),(98,119,1,23,0,''),(100,119,1,25,0,''),(102,119,1,26,0,''),(104,119,1,27,0,''),(106,119,1,28,0,''),(108,119,1,29,0,''),(110,119,1,30,0,''),(112,119,1,31,0,''),(114,119,1,32,0,''),(116,119,1,33,0,''),(118,119,1,24,0,''),(120,119,1,24,0,''),(122,119,1,11,0,''),(124,119,1,34,0,''),(126,119,1,35,0,''),(128,119,1,36,0,''),(130,119,1,24,0,''),(132,119,1,24,0,''),(134,119,1,24,0,''),(136,119,1,24,0,''),(138,119,1,14,0,''),(140,119,1,14,0,''),(142,119,1,15,0,''),(144,119,1,25,0,''),(146,119,1,22,0,''),(148,119,1,22,0,''),(150,119,1,22,0,''),(152,119,1,22,0,''),(154,119,1,22,0,''),(156,119,1,27,0,''),(158,119,1,29,0,''),(160,119,1,26,0,''),(162,119,1,28,0,''),(164,119,1,30,0,''),(166,119,1,37,0,''),(168,119,1,38,0,''),(170,119,1,39,0,''),(172,119,1,40,0,''),(174,119,1,41,0,''),(176,119,1,42,0,''),(178,119,1,43,0,''),(180,119,1,44,0,''),(182,119,1,45,0,''),(184,119,1,46,0,''),(186,119,1,47,0,''),(188,119,1,48,0,''),(190,119,1,49,0,''),(192,119,1,50,0,''),(194,119,1,51,0,''),(196,119,1,52,0,''),(198,119,1,53,0,''),(200,119,1,54,0,''),(202,119,1,55,0,''),(204,119,1,56,0,''),(206,119,1,57,0,''),(208,119,1,58,0,''),(210,119,1,59,0,''),(212,119,1,60,0,''),(214,119,1,61,0,''),(216,119,1,62,0,''),(218,119,1,63,0,''),(220,119,1,64,0,''),(222,119,1,65,0,''),(224,119,1,66,0,''),(226,119,1,67,0,''),(228,119,1,68,0,''),(230,119,1,69,0,''),(232,119,1,70,0,''),(234,119,1,71,0,''),(236,119,1,63,0,''),(238,119,1,72,0,''),(240,119,1,73,0,''),(242,119,1,74,0,''),(244,119,1,75,0,''),(246,119,1,76,0,''),(248,119,1,77,0,''),(250,119,1,78,0,''),(252,119,1,79,0,''),(254,119,1,80,0,''),(256,119,1,81,0,''),(258,119,1,82,0,''),(260,119,1,83,0,''),(262,119,1,84,0,''),(264,119,1,85,0,''),(266,119,1,86,0,''),(268,119,1,87,0,''),(270,119,1,88,0,''),(272,119,1,89,0,''),(274,119,1,90,0,''),(276,119,1,91,0,''),(278,119,1,92,0,''),(280,119,1,93,0,''),(282,119,1,94,0,''),(284,119,1,95,0,''),(286,119,1,96,0,''),(288,119,1,97,0,''),(290,119,1,98,0,''),(292,119,1,99,0,''),(294,119,1,95,0,''),(296,119,1,100,0,''),(298,119,1,99,0,''),(300,119,1,101,0,''),(302,119,1,102,0,''),(304,119,1,103,0,''),(306,119,1,104,0,''),(308,119,1,95,0,''),(310,119,1,105,0,''),(312,119,1,106,0,''),(314,119,1,107,0,''),(316,119,1,108,0,''),(318,119,1,109,0,'');

--
-- Table structure for table `ngn_offers_category_groups_atribute_multi`
--

CREATE TABLE `ngn_offers_category_groups_atribute_multi` (
  `cgid` int(11) NOT NULL,
  `category_id` int(11) NOT NULL,
  `gaid` int(11) NOT NULL,
  `language_id` int(11) NOT NULL,
  `valueInt` int(11) NOT NULL,
  `item_order` int(11) NOT NULL,
  PRIMARY KEY (`cgid`,`gaid`,`language_id`),
  KEY `item_order` (`item_order`)
) ENGINE=InnoDB DEFAULT CHARSET=utf8;

--
-- Dumping data for table `ngn_offers_category_groups_atribute_multi`
--


--
-- Table structure for table `ngn_offers_category_language`
--

CREATE TABLE `ngn_offers_category_language` (
  `category_id` int(11) NOT NULL,
  `language_id` int(11) NOT NULL DEFAULT 0,
  `editdate` datetime NOT NULL,
  `enable` int(11) NOT NULL,
  `approved` int(1) NOT NULL DEFAULT 0,
  `language_name` varchar(200) DEFAULT NULL,
  `language_description` text DEFAULT NULL,
  `language_meta` text DEFAULT NULL,
  `language_keywords` varchar(100) DEFAULT NULL,
  `language_url` varchar(100) DEFAULT NULL,
  `photo1` int(11) NOT NULL,
  `photo2` int(11) NOT NULL,
  `language_photo` varchar(100) NOT NULL DEFAULT '',
  `language_photo2` varchar(100) NOT NULL DEFAULT '',
  `language_html` text NOT NULL,
  PRIMARY KEY (`category_id`,`language_id`),
  KEY `language_id` (`language_id`),
  KEY `editdate` (`editdate`),
  FULLTEXT KEY `language_html` (`language_html`),
  CONSTRAINT `ngn_offers_category_language_ibfk_1` FOREIGN KEY (`category_id`) REFERENCES `ngn_offers_category` (`category_id`) ON DELETE CASCADE ON UPDATE CASCADE
) ENGINE=InnoDB DEFAULT CHARSET=utf8;

--
-- Dumping data for table `ngn_offers_category_language`
--

INSERT INTO `ngn_offers_category_language` VALUES (1,1,'0000-00-00 00:00:00',1,0,'Glavna kategorija','','','','glavna-kategorija',0,0,'','',''),(2,1,'0000-00-00 00:00:00',0,0,'Istrska belica - 1','','','','istrska-belica-1',0,0,'','',''),(3,1,'0000-00-00 00:00:00',0,0,'Cuvée - 2','','','','cuvee-2',0,0,'','',''),(4,1,'0000-00-00 00:00:00',0,0,'Gold - 3','','','','gold-3',0,0,'','',''),(5,1,'0000-00-00 00:00:00',0,0,'Truffle - 4','','','','truffle-4',0,0,'','',''),(6,1,'0000-00-00 00:00:00',0,0,'Lemon - 5','','','','lemon-5',0,0,'','',''),(7,1,'0000-00-00 00:00:00',0,0,'Chili - 6','','','','chili-6',0,0,'','',''),(8,1,'0000-00-00 00:00:00',0,0,'Garlic - 7','','','','garlic-7',0,0,'','',''),(9,1,'0000-00-00 00:00:00',0,0,'Za otroke - 8','','','','za-otroke-8',0,0,'','',''),(10,1,'0000-00-00 00:00:00',0,0,'Lisjak - 9','','','','lisjak-9',0,0,'','',''),(11,1,'0000-00-00 00:00:00',0,0,'Istrska belica - 1','','','','11-istrska-belica-1',0,0,'','',''),(12,1,'0000-00-00 00:00:00',0,0,'Istrska belica - 1','','','','12-istrska-belica-1',0,0,'','',''),(13,1,'0000-00-00 00:00:00',0,0,'Cuv&eacute;e - 2','','','','cuveacutee-2',0,0,'','',''),(14,1,'0000-00-00 00:00:00',0,0,'Chili - 6','','','','14-chili-6',0,0,'','',''),(15,1,'0000-00-00 00:00:00',0,0,'Garlic - 7','','','','15-garlic-7',0,0,'','',''),(16,1,'0000-00-00 00:00:00',0,0,'Gold - 3','','','','16-gold-3',0,0,'','',''),(17,1,'0000-00-00 00:00:00',0,0,'Istrska belica - 1','','','','17-istrska-belica-1',0,0,'','',''),(18,1,'0000-00-00 00:00:00',0,0,'Body cream neutrum - 11','','','','body-cream-neutrum-11',0,0,'','',''),(19,1,'0000-00-00 00:00:00',0,0,'Gift box - 12','','','','gift-box-12',0,0,'','',''),(20,1,'0000-00-00 00:00:00',0,0,'Masage oil neutrum - 13','','','','masage-oil-neutrum-13',0,0,'','',''),(21,1,'0000-00-00 00:00:00',0,0,'Massage oil orchid - 14','','','','massage-oil-orchid-14',0,0,'','',''),(22,1,'0000-00-00 00:00:00',0,0,'Massage oil roses - 15','','','','massage-oil-roses-15',0,0,'','',''),(23,1,'0000-00-00 00:00:00',0,0,'Istrska belica - 1','','','','23-istrska-belica-1',0,0,'','',''),(24,1,'0000-00-00 00:00:00',0,0,'Body scrub - 16','','','','body-scrub-16',0,0,'','',''),(25,1,'0000-00-00 00:00:00',0,0,'Face cream neutrum - 17','','','','face-cream-neutrum-17',0,0,'','',''),(26,1,'0000-00-00 00:00:00',0,0,'Face cream citreum - 18','','','','face-cream-citreum-18',0,0,'','',''),(27,1,'0000-00-00 00:00:00',0,0,'Face cream arantium - 19','','','','face-cream-arantium-19',0,0,'','',''),(28,1,'0000-00-00 00:00:00',0,0,'Face scrub - 20','','','','face-scrub-20',0,0,'','',''),(29,1,'0000-00-00 00:00:00',0,0,'Hand cream neutrum - 21','','','','hand-cream-neutrum-21',0,0,'','',''),(30,1,'0000-00-00 00:00:00',0,0,'Hands cream citreum - 22','','','','hands-cream-citreum-22',0,0,'','',''),(31,1,'0000-00-00 00:00:00',0,0,'Hand cream arantium - 23','','','','hand-cream-arantium-23',0,0,'','',''),(32,1,'0000-00-00 00:00:00',0,0,'Body cream citreum - 24','','','','body-cream-citreum-24',0,0,'','',''),(33,1,'0000-00-00 00:00:00',0,0,'Hand cream arantium - 23','','','','33-hand-cream-arantium-23',0,0,'','',''),(34,1,'0000-00-00 00:00:00',0,0,'Body cream arantium - 25','','','','body-cream-arantium-25',0,0,'','',''),(35,1,'0000-00-00 00:00:00',0,0,'Hair shampoo neutrum - 26','','','','hair-shampoo-neutrum-26',0,0,'','',''),(36,1,'0000-00-00 00:00:00',0,0,'Hair shampoo citreum - 27','','','','hair-shampoo-citreum-27',0,0,'','',''),(37,1,'0000-00-00 00:00:00',0,0,'Hair shampoo arantium - 28','','','','hair-shampoo-arantium-28',0,0,'','',''),(38,1,'0000-00-00 00:00:00',0,0,'Hair shampoo chilli - 29','','','','hair-shampoo-chilli-29',0,0,'','',''),(39,1,'0000-00-00 00:00:00',0,0,'Hair conditioner neutrum - 30','','','','hair-conditioner-neutrum-30',0,0,'','',''),(40,1,'0000-00-00 00:00:00',0,0,'Hair conditioner citreum - 31','','','','hair-conditioner-citreum-31',0,0,'','',''),(41,1,'0000-00-00 00:00:00',0,0,'Hair conditioner arantium - 32','','','','hair-conditioner-arantium-32',0,0,'','',''),(42,1,'0000-00-00 00:00:00',0,0,'Hair conditioner chilli - 33','','','','hair-conditioner-chilli-33',0,0,'','',''),(43,1,'0000-00-00 00:00:00',0,0,'Body cream citreum - 24','','','','43-body-cream-citreum-24',0,0,'','',''),(44,1,'0000-00-00 00:00:00',0,0,'Body cream citreum - 24','','','','44-body-cream-citreum-24',0,0,'','',''),(45,1,'0000-00-00 00:00:00',0,0,'Body cream neutrum - 11','','','','45-body-cream-neutrum-11',0,0,'','',''),(46,1,'0000-00-00 00:00:00',0,0,'Gold 0,1L - 34','','','','gold-01l-34',0,0,'','',''),(47,1,'0000-00-00 00:00:00',0,0,'Gold 0,25L - 35','','','','gold-025l-35',0,0,'','',''),(48,1,'0000-00-00 00:00:00',0,0,'Gold 0,5L - 36','','','','gold-05l-36',0,0,'','',''),(49,2,'0000-00-00 00:00:00',0,0,'Body cream citreum - 24','','','','body-cream-citreum-24',0,0,'','',''),(50,2,'0000-00-00 00:00:00',0,0,'Body cream citreum - 24','','','','50-body-cream-citreum-24',0,0,'','',''),(51,2,'0000-00-00 00:00:00',0,0,'Body cream citreum - 24','','','','51-body-cream-citreum-24',0,0,'','',''),(52,2,'0000-00-00 00:00:00',0,0,'Body cream citreum - 24','','','','52-body-cream-citreum-24',0,0,'','',''),(53,2,'0000-00-00 00:00:00',0,0,'Massage oil orchid - 14','','','','massage-oil-orchid-14',0,0,'','',''),(54,2,'0000-00-00 00:00:00',0,0,'Massage oil orchid - 14','','','','54-massage-oil-orchid-14',0,0,'','',''),(55,2,'0000-00-00 00:00:00',0,0,'Massage oil roses - 15','','','','massage-oil-roses-15',0,0,'','',''),(56,2,'0000-00-00 00:00:00',0,0,'Body cream arantium - 25','','','','body-cream-arantium-25',0,0,'','',''),(57,2,'0000-00-00 00:00:00',0,0,'Hands cream citreum - 22','','','','hands-cream-citreum-22',0,0,'','',''),(58,2,'0000-00-00 00:00:00',0,0,'Hand cream citreum - 22','','','','hand-cream-citreum-22',0,0,'','',''),(59,2,'0000-00-00 00:00:00',0,0,'Hand cream citreum - 22','','','','59-hand-cream-citreum-22',0,0,'','',''),(60,2,'0000-00-00 00:00:00',0,0,'Hand cream citreum - 22','','','','60-hand-cream-citreum-22',0,0,'','',''),(61,2,'0000-00-00 00:00:00',0,0,'Hand cream citreum - 22','','','','61-hand-cream-citreum-22',0,0,'','',''),(62,2,'0000-00-00 00:00:00',0,0,'Hair shampoo citreum - 27','','','','hair-shampoo-citreum-27',0,0,'','',''),(63,2,'0000-00-00 00:00:00',0,0,'Hair shampoo chilli - 29','','','','hair-shampoo-chilli-29',0,0,'','',''),(64,2,'0000-00-00 00:00:00',0,0,'Hair shampoo neutrum - 26','','','','hair-shampoo-neutrum-26',0,0,'','',''),(65,2,'0000-00-00 00:00:00',0,0,'Hair shampoo arantium - 28','','','','hair-shampoo-arantium-28',0,0,'','',''),(66,2,'0000-00-00 00:00:00',0,0,'Hair conditioner neutrum - 30','','','','hair-conditioner-neutrum-30',0,0,'','',''),(67,2,'0000-00-00 00:00:00',0,0,'Istrska belica 0,1l - 37','','','','istrska-belica-01l-37',0,0,'','',''),(68,2,'0000-00-00 00:00:00',0,0,'Istrska belica 0,25L - 38','','','','istrska-belica-025l-38',0,0,'','',''),(69,2,'0000-00-00 00:00:00',0,0,'Istrska belica 0,5L - 39','','','','istrska-belica-05l-39',0,0,'','',''),(70,2,'0000-00-00 00:00:00',0,0,'Cuvée 0,1L - 40','','','','cuvee-01l-40',0,0,'','',''),(71,2,'0000-00-00 00:00:00',0,0,'Cuvée 0,1L - 41','','','','cuvee-01l-41',0,0,'','',''),(72,2,'0000-00-00 00:00:00',0,0,'Cuvée 0,5L - 42','','','','cuvee-05l-42',0,0,'','',''),(73,2,'0000-00-00 00:00:00',0,0,'One love - 43','','','','one-love-43',0,0,'','',''),(74,2,'0000-00-00 00:00:00',0,0,'One love 0,1L - 44','','','','one-love-01l-44',0,0,'','',''),(75,2,'0000-00-00 00:00:00',0,0,'One love 0,25L - 45','','','','one-love-025l-45',0,0,'','',''),(76,2,'0000-00-00 00:00:00',0,0,'One love 0,5L - 46','','','','one-love-05l-46',0,0,'','',''),(77,2,'0000-00-00 00:00:00',0,0,'Lemon 0,1L - 47','','','','lemon-01l-47',0,0,'','',''),(78,2,'0000-00-00 00:00:00',0,0,'Lemon 0,25L - 48','','','','lemon-025l-48',0,0,'','',''),(79,2,'0000-00-00 00:00:00',0,0,'Orange - 49','','','','orange-49',0,0,'','',''),(80,2,'0000-00-00 00:00:00',0,0,'Orange 0,1L - 50','','','','orange-01l-50',0,0,'','',''),(81,2,'0000-00-00 00:00:00',0,0,'Orange 0,25L - 51','','','','orange-025l-51',0,0,'','',''),(82,2,'0000-00-00 00:00:00',0,0,'Chili 0,1L - 52','','','','chili-01l-52',0,0,'','',''),(83,2,'0000-00-00 00:00:00',0,0,'Chili 0,25L - 53','','','','chili-025l-53',0,0,'','',''),(84,2,'0000-00-00 00:00:00',0,0,'Truffle 0,1L - 54','','','','truffle-01l-54',0,0,'','',''),(85,2,'0000-00-00 00:00:00',0,0,'Truffle 0,25L - 55','','','','truffle-025l-55',0,0,'','',''),(86,2,'0000-00-00 00:00:00',0,0,'Garlic 0,1L - 56','','','','garlic-01l-56',0,0,'','',''),(87,2,'0000-00-00 00:00:00',0,0,'Garlic 0,25L - 57','','','','garlic-025l-57',0,0,'','',''),(88,2,'0000-00-00 00:00:00',0,0,'Evoo 2021 3L - 58','','','','evoo-2021-3l-58',0,0,'','',''),(89,2,'0000-00-00 00:00:00',0,0,'Evoo 2021 5L - 59','','','','evoo-2021-5l-59',0,0,'','',''),(90,2,'0000-00-00 00:00:00',0,0,'Posion - 60','','','','posion-60',0,0,'','',''),(91,2,'0000-00-00 00:00:00',0,0,'Posion with gift box - 61','','','','posion-with-gift-box-61',0,0,'','',''),(92,2,'0000-00-00 00:00:00',0,0,'Herbs - 62','','','','herbs-62',0,0,'','',''),(93,2,'0000-00-00 00:00:00',0,0,'Onion - 63','','','','onion-63',0,0,'','',''),(94,2,'0000-00-00 00:00:00',0,0,'Amelie - 64','','','','amelie-64',0,0,'','',''),(95,2,'0000-00-00 00:00:00',0,0,'Amélie 0,1L - 65','','','','amelie-01l-65',0,0,'','',''),(96,2,'0000-00-00 00:00:00',0,0,'Amélie 0,25L - 66','','','','amelie-025l-66',0,0,'','',''),(97,2,'0000-00-00 00:00:00',0,0,'Amélie 0,5L - 67','','','','amelie-05l-67',0,0,'','',''),(98,2,'0000-00-00 00:00:00',0,0,'Herbs 0,1L - 68','','','','herbs-01l-68',0,0,'','',''),(99,2,'0000-00-00 00:00:00',0,0,'Herbs 0,25L - 69','','','','herbs-025l-69',0,0,'','',''),(100,2,'0000-00-00 00:00:00',0,0,'Onion 0,1L - 70','','','','onion-01l-70',0,0,'','',''),(101,2,'0000-00-00 00:00:00',0,0,'Onino 0,25L - 71','','','','onino-025l-71',0,0,'','',''),(102,1,'0000-00-00 00:00:00',0,0,'Onion - 63','','','','onion-63',0,0,'','',''),(103,1,'0000-00-00 00:00:00',0,0,'Darilna embalaža - 72','','','','darilna-embalaza-72',0,0,'','',''),(104,1,'0000-00-00 00:00:00',0,0,'Poison 0,5L - 73','','','','poison-05l-73',0,0,'','',''),(105,1,'0000-00-00 00:00:00',0,0,'Darilna embalaža - 74','','','','darilna-embalaza-74',0,0,'','',''),(106,2,'0000-00-00 00:00:00',0,0,'Velika skleda - 75','','','','velika-skleda-75',0,0,'','',''),(107,2,'0000-00-00 00:00:00',0,0,'Bended board - 76','','','','bended-board-76',0,0,'','',''),(108,2,'0000-00-00 00:00:00',0,0,'Dosa pasta - 77','','','','dosa-pasta-77',0,0,'','',''),(109,2,'0000-00-00 00:00:00',0,0,'Podolgovata skleda - 78','','','','podolgovata-skleda-78',0,0,'','',''),(110,2,'0000-00-00 00:00:00',0,0,'Posodica za solni cvet - 79','','','','posodica-za-solni-cvet-79',0,0,'','',''),(111,2,'0000-00-00 00:00:00',0,0,'Srečk - 80','','','','sreck-80',0,0,'','',''),(112,2,'0000-00-00 00:00:00',0,0,'Velike vilice - 81','','','','velike-vilice-81',0,0,'','',''),(113,2,'0000-00-00 00:00:00',0,0,'Olives in brine - 82','','','','olives-in-brine-82',0,0,'','',''),(114,2,'0000-00-00 00:00:00',0,0,'Penina - 83','','','','penina-83',0,0,'','',''),(115,2,'0000-00-00 00:00:00',0,0,'Personalizirano olje - 84','','','','personalizirano-olje-84',0,0,'','',''),(116,2,'0000-00-00 00:00:00',0,0,'Board with handle - 85','','','','board-with-handle-85',0,0,'','',''),(117,2,'0000-00-00 00:00:00',0,0,'Wooden spoon - 86','','','','wooden-spoon-86',0,0,'','',''),(118,2,'0000-00-00 00:00:00',0,0,'Fruit bowl - medium - 87','','','','fruit-bowl-medium-87',0,0,'','',''),(119,2,'0000-00-00 00:00:00',0,0,'Small oval platter - 88','','','','small-oval-platter-88',0,0,'','',''),(120,2,'0000-00-00 00:00:00',0,0,'Bowl medium rough edge - 89','','','','bowl-medium-rough-edge-89',0,0,'','',''),(121,2,'0000-00-00 00:00:00',0,0,'Spices grinding bowl - 90','','','','spices-grinding-bowl-90',0,0,'','',''),(122,2,'0000-00-00 00:00:00',0,0,'Bread bowl large - 91','','','','bread-bowl-large-91',0,0,'','',''),(123,2,'0000-00-00 00:00:00',0,0,'Prosciutto - 92','','','','prosciutto-92',0,0,'','',''),(124,2,'0000-00-00 00:00:00',0,0,'Personalised olive wood table *by request - 93','','','','personalised-olive-wood-table-by-request-93',0,0,'','',''),(125,2,'0000-00-00 00:00:00',0,0,'Olive wood simple coffee table - 94','','','','olive-wood-simple-coffee-table-94',0,0,'','',''),(126,2,'0000-00-00 00:00:00',0,0,'Olive wood coffee table ROOT - 95','','','','olive-wood-coffee-table-root-95',0,0,'','',''),(127,2,'0000-00-00 00:00:00',0,0,'Apetizers board 3x - 96','','','','apetizers-board-3x-96',0,0,'','',''),(128,2,'0000-00-00 00:00:00',0,0,'Apetizers board 2x - 97','','','','apetizers-board-2x-97',0,0,'','',''),(129,2,'0000-00-00 00:00:00',0,0,'EVOO 5L - 98','','','','evoo-5l-98',0,0,'','',''),(130,2,'0000-00-00 00:00:00',0,0,'Gin - 99','','','','gin-99',0,0,'','',''),(131,2,'0000-00-00 00:00:00',0,0,'Olive wood coffee table ROOT - 95','','','','131-olive-wood-coffee-table-root-95',0,0,'','',''),(132,2,'0000-00-00 00:00:00',0,0,'Olive basket - 100','','','','olive-basket-100',0,0,'','',''),(133,2,'0000-00-00 00:00:00',0,0,'Gin - 99','','','','133-gin-99',0,0,'','',''),(134,2,'0000-00-00 00:00:00',0,0,'TEST - 101','','','','test-101',0,0,'','',''),(135,2,'0000-00-00 00:00:00',0,0,'OLIVE SOAP - 102','','','','olive-soap-102',0,0,'','',''),(136,2,'0000-00-00 00:00:00',0,0,'TOUR_OLIVE - 103','','','','tour_olive-103',0,0,'','',''),(137,2,'0000-00-00 00:00:00',0,0,'try out set - 104','','','','try-out-set-104',0,0,'','',''),(138,2,'0000-00-00 00:00:00',0,0,'Olive wood coffee table ROOT - 95','','','','138-olive-wood-coffee-table-root-95',0,0,'','',''),(139,2,'0000-00-00 00:00:00',0,0,'Olive wood coffee table ROOT - 105','','','','olive-wood-coffee-table-root-105',0,0,'','',''),(140,1,'0000-00-00 00:00:00',0,0,'Gel za tuširanje - 106','','','','gel-za-tusiranje-106',0,0,'','',''),(141,1,'0000-00-00 00:00:00',0,0,'Pladenj s ploščicami - 107','','','','pladenj-s-ploscicami-107',0,0,'','',''),(142,2,'0000-00-00 00:00:00',0,0,'Sveča v oljčnem lesu (vonj beli mošus) - 108','','','','sveca-v-oljcnem-lesu-vonj-beli-mosus-108',0,0,'','',''),(143,2,'0000-00-00 00:00:00',0,0,'Tray with ceramic tiles and rope handles - 109','','','','tray-with-ceramic-tiles-and-rope-handles-109',0,0,'','','');

--
-- Table structure for table `ngn_offers_category_links`
--

CREATE TABLE `ngn_offers_category_links` (
  `category_id` int(11) NOT NULL,
  `link_id` int(11) NOT NULL,
  `category_position` int(11) NOT NULL DEFAULT 0,
  `link_position` int(11) NOT NULL,
  `link_date` int(11) NOT NULL,
  PRIMARY KEY (`category_id`,`link_id`),
  KEY `link_position` (`link_position`),
  KEY `link_id` (`link_id`),
  KEY `category_position` (`category_position`)
) ENGINE=InnoDB DEFAULT CHARSET=utf8;

--
-- Dumping data for table `ngn_offers_category_links`
--


--
-- Table structure for table `ngn_offers_category_multi`
--

CREATE TABLE `ngn_offers_category_multi` (
  `news_id` int(11) NOT NULL,
  `category_id` int(11) NOT NULL,
  `position` int(11) NOT NULL DEFAULT 0,
  PRIMARY KEY (`news_id`,`category_id`),
  KEY `category_id` (`category_id`),
  CONSTRAINT `ngn_offers_category_multi_ibfk_2` FOREIGN KEY (`category_id`) REFERENCES `ngn_offers_category` (`category_id`) ON DELETE CASCADE ON UPDATE CASCADE
) ENGINE=InnoDB DEFAULT CHARSET=utf8;

--
-- Dumping data for table `ngn_offers_category_multi`
--


--
-- Table structure for table `ngn_offers_category_pages`
--

CREATE TABLE `ngn_offers_category_pages` (
  `category_id` int(11) NOT NULL,
  `link_id` int(11) NOT NULL,
  `language_id` int(11) NOT NULL,
  `category_position` int(11) NOT NULL DEFAULT 0,
  `link_position` int(11) NOT NULL,
  `link_date` int(11) NOT NULL,
  PRIMARY KEY (`category_id`,`link_id`,`language_id`),
  KEY `link_position` (`link_position`),
  KEY `link_id` (`link_id`),
  KEY `category_position` (`category_position`)
) ENGINE=InnoDB DEFAULT CHARSET=utf8;

--
-- Dumping data for table `ngn_offers_category_pages`
--


--
-- Table structure for table `ngn_offers_category_photo`
--

CREATE TABLE `ngn_offers_category_photo` (
  `photo_id` int(11) NOT NULL AUTO_INCREMENT,
  `category_id` int(11) DEFAULT NULL,
  `photo_order` int(11) NOT NULL,
  `photo_gallery` int(11) NOT NULL DEFAULT 1,
  `photo_photo` varchar(100) DEFAULT NULL,
  `photo_path` varchar(200) NOT NULL,
  `photo_owner` int(11) NOT NULL,
  `photo_date` datetime NOT NULL,
  `photo_source` varchar(255) NOT NULL,
  PRIMARY KEY (`photo_id`),
  KEY `category_id` (`category_id`),
  KEY `photo_date` (`photo_date`),
  KEY `photo_owner` (`photo_owner`),
  KEY `photo_source` (`photo_source`),
  CONSTRAINT `ngn_offers_category_photo_ibfk_1` FOREIGN KEY (`category_id`) REFERENCES `ngn_offers_category` (`category_id`) ON DELETE CASCADE ON UPDATE CASCADE
) ENGINE=InnoDB DEFAULT CHARSET=utf8;

--
-- Dumping data for table `ngn_offers_category_photo`
--


--
-- Table structure for table `ngn_offers_category_photo_gallery`
--

CREATE TABLE `ngn_offers_category_photo_gallery` (
  `photo_id` int(11) NOT NULL,
  `category_id` int(11) NOT NULL,
  `photo_gallery` int(11) NOT NULL,
  `photo_order` int(11) NOT NULL,
  PRIMARY KEY (`category_id`,`photo_id`)
) ENGINE=InnoDB DEFAULT CHARSET=utf8;

--
-- Dumping data for table `ngn_offers_category_photo_gallery`
--


--
-- Table structure for table `ngn_offers_category_photo_gallery_language`
--

CREATE TABLE `ngn_offers_category_photo_gallery_language` (
  `photo_id` int(11) NOT NULL,
  `category_id` int(11) NOT NULL,
  `language_id` int(11) NOT NULL,
  `editdate` datetime NOT NULL,
  `enable` int(11) NOT NULL,
  PRIMARY KEY (`photo_id`,`category_id`,`language_id`),
  KEY `editdate` (`editdate`)
) ENGINE=InnoDB DEFAULT CHARSET=utf8;

--
-- Dumping data for table `ngn_offers_category_photo_gallery_language`
--


--
-- Table structure for table `ngn_offers_category_photo_language`
--

CREATE TABLE `ngn_offers_category_photo_language` (
  `photo_id` int(11) NOT NULL,
  `language_id` int(11) NOT NULL DEFAULT 0,
  `editdate` datetime NOT NULL,
  `enable` int(11) NOT NULL,
  `approved` int(1) NOT NULL DEFAULT 0,
  `language_name` varchar(200) DEFAULT NULL,
  `language_description` text DEFAULT NULL,
  `language_meta` text DEFAULT NULL,
  `language_keywords` varchar(100) DEFAULT NULL,
  `language_url` varchar(100) DEFAULT NULL,
  `language_photo` varchar(100) NOT NULL DEFAULT '',
  PRIMARY KEY (`photo_id`,`language_id`),
  KEY `language_id` (`language_id`),
  KEY `editdate` (`editdate`),
  CONSTRAINT `ngn_offers_category_photo_language_ibfk_1` FOREIGN KEY (`photo_id`) REFERENCES `ngn_offers_category_photo` (`photo_id`) ON DELETE CASCADE ON UPDATE CASCADE
) ENGINE=InnoDB DEFAULT CHARSET=utf8;

--
-- Dumping data for table `ngn_offers_category_photo_language`
--


--
-- Table structure for table `ngn_offers_category_roles`
--

CREATE TABLE `ngn_offers_category_roles` (
  `role_id` int(11) NOT NULL,
  `category_id` int(11) NOT NULL,
  `childs` int(11) NOT NULL,
  `exclude` int(11) NOT NULL,
  PRIMARY KEY (`role_id`,`category_id`),
  KEY `category_id` (`category_id`)
) ENGINE=InnoDB DEFAULT CHARSET=utf8;

--
-- Dumping data for table `ngn_offers_category_roles`
--


--
-- Table structure for table `ngn_offers_category_videos`
--

CREATE TABLE `ngn_offers_category_videos` (
  `file_id` int(11) NOT NULL AUTO_INCREMENT,
  `category_id` int(11) NOT NULL DEFAULT 0,
  `file_photo` varchar(200) NOT NULL,
  `file_size` int(11) NOT NULL DEFAULT 0,
  `file_file` varchar(100) NOT NULL DEFAULT '',
  `file_original_name` varchar(200) NOT NULL DEFAULT '0',
  PRIMARY KEY (`file_id`),
  KEY `category_id` (`category_id`)
) ENGINE=InnoDB DEFAULT CHARSET=utf8;

--
-- Dumping data for table `ngn_offers_category_videos`
--


--
-- Table structure for table `ngn_offers_category_videos_language`
--

CREATE TABLE `ngn_offers_category_videos_language` (
  `file_id` int(11) NOT NULL,
  `language_id` int(11) NOT NULL DEFAULT 0,
  `enable` int(11) NOT NULL,
  `language_name` varchar(200) DEFAULT NULL,
  `language_description` text DEFAULT NULL,
  `language_meta` text DEFAULT NULL,
  `language_keywords` varchar(100) DEFAULT NULL,
  `language_url` varchar(100) DEFAULT NULL,
  `language_photo` varchar(100) NOT NULL DEFAULT '',
  PRIMARY KEY (`file_id`,`language_id`),
  KEY `language_id` (`language_id`)
) ENGINE=InnoDB DEFAULT CHARSET=utf8;

--
-- Dumping data for table `ngn_offers_category_videos_language`
--


--
-- Table structure for table `ngn_offers_comments`
--

CREATE TABLE `ngn_offers_comments` (
  `comment_id` int(11) NOT NULL AUTO_INCREMENT,
  `parent_id` int(11) NOT NULL DEFAULT 0,
  `user_id` int(11) NOT NULL DEFAULT 0,
  `category_id` int(11) NOT NULL DEFAULT 0,
  `user_ip` varchar(60) NOT NULL,
  `date` datetime NOT NULL,
  `votes` int(11) NOT NULL,
  `reported` int(11) NOT NULL,
  `enable` int(11) NOT NULL DEFAULT 1,
  `owner_id` int(11) NOT NULL,
  PRIMARY KEY (`comment_id`),
  KEY `news_id` (`parent_id`),
  KEY `user_id` (`user_id`),
  KEY `category_id` (`category_id`),
  KEY `owner_id` (`owner_id`)
) ENGINE=InnoDB DEFAULT CHARSET=utf8;

--
-- Dumping data for table `ngn_offers_comments`
--


--
-- Table structure for table `ngn_offers_comments_admin`
--

CREATE TABLE `ngn_offers_comments_admin` (
  `comment_id` int(11) NOT NULL,
  `role_id` int(11) NOT NULL,
  PRIMARY KEY (`comment_id`,`role_id`),
  KEY `role_id` (`role_id`)
) ENGINE=InnoDB DEFAULT CHARSET=utf8;

--
-- Dumping data for table `ngn_offers_comments_admin`
--


--
-- Table structure for table `ngn_offers_comments_files`
--

CREATE TABLE `ngn_offers_comments_files` (
  `file_id` int(11) NOT NULL AUTO_INCREMENT,
  `comment_id` int(11) NOT NULL DEFAULT 0,
  `file_type` int(11) NOT NULL DEFAULT 0,
  `file_group` int(11) NOT NULL,
  `file_size` int(11) NOT NULL DEFAULT 0,
  `file_list` int(11) NOT NULL DEFAULT 1,
  `file_file` varchar(100) NOT NULL DEFAULT '',
  `file_original_name` varchar(200) NOT NULL DEFAULT '0',
  `file_createdate` datetime NOT NULL,
  `file_showdate` datetime NOT NULL,
  `file_hidedate` datetime NOT NULL,
  `file_hide` smallint(1) NOT NULL,
  `file_owner` int(11) NOT NULL,
  `file_order` int(11) NOT NULL,
  PRIMARY KEY (`file_id`),
  KEY `comment_id` (`comment_id`),
  KEY `file_type` (`file_type`),
  KEY `file_createdate` (`file_createdate`),
  KEY `file_owner` (`file_owner`),
  KEY `file_group` (`file_group`),
  KEY `file_showdate` (`file_showdate`),
  KEY `file_hidedate` (`file_hidedate`),
  KEY `file_hide` (`file_hide`),
  KEY `file_order` (`file_order`)
) ENGINE=InnoDB DEFAULT CHARSET=utf8;

--
-- Dumping data for table `ngn_offers_comments_files`
--


--
-- Table structure for table `ngn_offers_comments_files_language`
--

CREATE TABLE `ngn_offers_comments_files_language` (
  `file_id` int(11) NOT NULL,
  `language_id` int(11) NOT NULL DEFAULT 0,
  `editdate` datetime NOT NULL,
  `enable` int(11) NOT NULL,
  `approved` int(1) NOT NULL DEFAULT 0,
  `language_name` varchar(200) DEFAULT NULL,
  `language_description` text DEFAULT NULL,
  `language_meta` text DEFAULT NULL,
  `language_keywords` varchar(100) DEFAULT NULL,
  `language_url` varchar(100) DEFAULT NULL,
  `language_photo` varchar(100) NOT NULL DEFAULT '',
  PRIMARY KEY (`file_id`,`language_id`),
  KEY `language_id` (`language_id`),
  KEY `editdate` (`editdate`),
  CONSTRAINT `ngn_offers_comments_files_language_ibfk_1` FOREIGN KEY (`file_id`) REFERENCES `ngn_offers_comments_files` (`file_id`) ON DELETE CASCADE ON UPDATE CASCADE
) ENGINE=InnoDB DEFAULT CHARSET=utf8;

--
-- Dumping data for table `ngn_offers_comments_files_language`
--


--
-- Table structure for table `ngn_offers_comments_language`
--

CREATE TABLE `ngn_offers_comments_language` (
  `comment_id` int(11) NOT NULL,
  `language_id` int(11) NOT NULL DEFAULT 0,
  `editdate` datetime NOT NULL,
  `enable` int(11) NOT NULL,
  `approved` int(1) NOT NULL DEFAULT 0,
  `language_name` varchar(200) DEFAULT NULL,
  `language_description` text DEFAULT NULL,
  `language_meta` text DEFAULT NULL,
  `language_keywords` varchar(100) DEFAULT NULL,
  `language_url` varchar(100) DEFAULT NULL,
  `language_photo` varchar(100) NOT NULL DEFAULT '',
  PRIMARY KEY (`comment_id`,`language_id`),
  KEY `language_id` (`language_id`),
  KEY `comment_id` (`comment_id`),
  KEY `editdate` (`editdate`),
  CONSTRAINT `ngn_offers_comments_language_ibfk_1` FOREIGN KEY (`comment_id`) REFERENCES `ngn_offers_comments` (`comment_id`) ON DELETE CASCADE ON UPDATE CASCADE
) ENGINE=InnoDB DEFAULT CHARSET=utf8;

--
-- Dumping data for table `ngn_offers_comments_language`
--


--
-- Table structure for table `ngn_offers_comments_votes`
--

CREATE TABLE `ngn_offers_comments_votes` (
  `comment_id` int(11) NOT NULL,
  `vote_date` datetime DEFAULT NULL,
  `vote_ip` varchar(50) NOT NULL,
  `vote_value` int(11) NOT NULL,
  PRIMARY KEY (`comment_id`,`vote_ip`),
  CONSTRAINT `ngn_offers_comments_votes_ibfk_1` FOREIGN KEY (`comment_id`) REFERENCES `ngn_offers_comments` (`comment_id`) ON DELETE CASCADE ON UPDATE CASCADE
) ENGINE=InnoDB DEFAULT CHARSET=utf8;

--
-- Dumping data for table `ngn_offers_comments_votes`
--


--
-- Table structure for table `ngn_offers_custom_values`
--

CREATE TABLE `ngn_offers_custom_values` (
  `news_id` int(11) NOT NULL,
  `category_id` int(11) NOT NULL,
  `gaid` int(11) NOT NULL,
  `language_id` int(11) NOT NULL,
  `valueAutomatic` int(11) NOT NULL DEFAULT 0,
  `valueInt` int(11) NOT NULL,
  `valueFloat` double NOT NULL,
  `valueText` text NOT NULL,
  PRIMARY KEY (`news_id`,`category_id`,`gaid`,`language_id`),
  KEY `category_id` (`category_id`),
  KEY `gaid` (`gaid`),
  KEY `language_id` (`language_id`),
  KEY `valueInt` (`valueInt`)
) ENGINE=InnoDB DEFAULT CHARSET=utf8;

--
-- Dumping data for table `ngn_offers_custom_values`
--

INSERT INTO `ngn_offers_custom_values` VALUES (0,0,119,1,0,0,0,''),(0,0,262,1,0,0,0,''),(0,0,263,1,0,0,0,''),(0,0,265,1,0,42,0,''),(0,0,268,1,0,0,0,''),(0,0,269,1,0,1,0,''),(1,2,119,1,0,1,0,''),(1,2,262,1,0,0,0,''),(1,2,263,1,0,0,0,''),(1,2,265,1,0,42,0,''),(1,2,268,1,0,0,0,''),(1,2,269,1,0,1,0,''),(2,3,119,1,0,2,0,''),(2,3,262,1,0,0,0,''),(2,3,263,1,0,0,0,''),(2,3,265,1,0,42,0,''),(2,3,268,1,0,0,0,''),(2,3,269,1,0,1,0,''),(3,2,119,1,0,1,0,''),(3,2,262,1,0,0,0,''),(3,2,263,1,0,0,0,''),(3,2,265,1,0,42,0,''),(3,2,268,1,0,0,0,''),(3,2,269,1,0,1,0,''),(4,3,119,1,0,2,0,''),(4,3,262,1,0,0,0,''),(4,3,263,1,0,0,0,''),(4,3,265,1,0,42,0,''),(4,3,268,1,0,0,0,''),(4,3,269,1,0,1,0,''),(73,2,119,1,0,1,0,''),(73,2,262,1,0,0,0,''),(73,2,263,1,0,0,0,''),(73,2,265,1,0,42,0,''),(73,2,268,1,0,0,0,''),(73,2,269,1,0,1,0,''),(74,2,119,1,0,1,0,''),(74,2,262,1,0,0,0,''),(74,2,263,1,0,0,0,''),(74,2,265,1,0,42,0,''),(74,2,268,1,0,0,0,''),(74,2,269,1,0,1,0,''),(111,3,119,1,0,2,0,''),(111,3,262,1,0,0,0,''),(111,3,263,1,0,0,0,''),(111,3,265,1,0,42,0,''),(111,3,268,1,0,0,0,''),(111,3,269,1,0,1,0,''),(131,2,119,1,0,1,0,''),(131,2,262,1,0,0,0,''),(131,2,263,1,0,0,0,''),(131,2,265,1,0,42,0,''),(131,2,268,1,0,0,0,''),(131,2,269,1,0,1,0,''),(132,2,119,1,0,1,0,''),(132,2,262,1,0,0,0,''),(132,2,263,1,0,0,0,''),(132,2,265,1,0,42,0,''),(132,2,268,1,0,0,0,''),(132,2,269,1,0,1,0,''),(146,3,119,1,0,2,0,''),(146,3,262,1,0,0,0,''),(146,3,263,1,0,0,0,''),(146,3,265,1,0,42,0,''),(146,3,268,1,0,0,0,''),(146,3,269,1,0,1,0,''),(147,5,119,1,0,4,0,''),(147,5,262,1,0,0,0,''),(147,5,263,1,0,0,0,''),(147,5,265,1,0,42,0,''),(147,5,268,1,0,0,0,''),(147,5,269,1,0,1,0,''),(148,4,119,1,0,3,0,''),(148,4,262,1,0,0,0,''),(148,4,263,1,0,0,0,''),(148,4,265,1,0,42,0,''),(148,4,268,1,0,0,0,''),(148,4,269,1,0,1,0,''),(149,6,119,1,0,5,0,''),(149,6,262,1,0,0,0,''),(149,6,263,1,0,0,0,''),(149,6,265,1,0,42,0,''),(149,6,268,1,0,0,0,''),(149,6,269,1,0,1,0,''),(150,7,119,1,0,6,0,''),(150,7,262,1,0,0,0,''),(150,7,263,1,0,0,0,''),(150,7,265,1,0,42,0,''),(150,7,268,1,0,0,0,''),(150,7,269,1,0,1,0,''),(151,9,119,1,0,8,0,''),(151,9,262,1,0,0,0,''),(151,9,263,1,0,0,0,''),(151,9,265,1,0,42,0,''),(151,9,268,1,0,0,0,''),(151,9,269,1,0,1,0,''),(152,8,119,1,0,7,0,''),(152,8,262,1,0,0,0,''),(152,8,263,1,0,0,0,''),(152,8,265,1,0,42,0,''),(152,8,268,1,0,0,0,''),(152,8,269,1,0,1,0,''),(154,2,119,1,0,1,0,''),(154,2,262,1,0,0,0,''),(154,2,263,1,0,0,0,''),(154,2,265,1,0,42,0,''),(154,2,268,1,0,0,0,''),(154,2,269,1,0,1,0,''),(160,7,119,1,0,6,0,''),(160,7,262,1,0,0,0,''),(160,7,263,1,0,0,0,''),(160,7,265,1,0,42,0,''),(160,7,268,1,0,0,0,''),(160,7,269,1,0,1,0,''),(237,2,119,1,0,1,0,''),(237,2,262,1,0,0,0,''),(237,2,263,1,0,0,0,''),(237,2,265,1,0,42,0,''),(237,2,268,1,0,0,0,''),(237,2,269,1,0,1,0,''),(238,3,119,1,0,2,0,''),(238,3,262,1,0,0,0,''),(238,3,263,1,0,0,0,''),(238,3,265,1,0,42,0,''),(238,3,268,1,0,0,0,''),(238,3,269,1,0,1,0,''),(239,5,119,1,0,4,0,''),(239,5,262,1,0,0,0,''),(239,5,263,1,0,0,0,''),(239,5,265,1,0,42,0,''),(239,5,268,1,0,0,0,''),(239,5,269,1,0,1,0,''),(240,4,119,1,0,3,0,''),(240,4,262,1,0,0,0,''),(240,4,263,1,0,0,0,''),(240,4,265,1,0,42,0,''),(240,4,268,1,0,0,0,''),(240,4,269,1,0,1,0,''),(241,6,119,1,0,5,0,''),(241,6,262,1,0,0,0,''),(241,6,263,1,0,0,0,''),(241,6,265,1,0,42,0,''),(241,6,268,1,0,0,0,''),(241,6,269,1,0,1,0,''),(242,7,119,1,0,6,0,''),(242,7,262,1,0,0,0,''),(242,7,263,1,0,0,0,''),(242,7,265,1,0,42,0,''),(242,7,268,1,0,0,0,''),(242,7,269,1,0,1,0,''),(243,9,119,1,0,8,0,''),(243,9,262,1,0,0,0,''),(243,9,263,1,0,0,0,''),(243,9,265,1,0,42,0,''),(243,9,268,1,0,0,0,''),(243,9,269,1,0,1,0,''),(244,8,119,1,0,7,0,''),(244,8,262,1,0,0,0,''),(244,8,263,1,0,0,0,''),(244,8,265,1,0,42,0,''),(244,8,268,1,0,0,0,''),(244,8,269,1,0,1,0,''),(245,10,119,1,0,9,0,''),(245,10,262,1,0,0,0,''),(245,10,263,1,0,0,0,''),(245,10,265,1,0,42,0,''),(245,10,268,1,0,0,0,''),(245,10,269,1,0,1,0,''),(269,11,119,1,0,1,0,''),(269,11,262,1,0,0,0,''),(269,11,263,1,0,0,0,''),(269,11,265,1,0,42,0,''),(269,11,268,1,0,0,0,''),(269,11,269,1,0,1,0,''),(293,12,119,1,0,1,0,''),(293,12,262,1,0,0,0,''),(293,12,263,1,0,0,0,''),(293,12,265,1,0,42,0,''),(293,12,268,1,0,0,0,''),(293,12,269,1,0,1,0,''),(297,5,119,1,0,4,0,''),(297,5,262,1,0,0,0,''),(297,5,263,1,0,0,0,''),(297,5,265,1,0,42,0,''),(297,5,268,1,0,0,0,''),(297,5,269,1,0,1,0,''),(298,12,119,1,0,1,0,''),(298,12,262,1,0,0,0,''),(298,12,263,1,0,0,0,''),(298,12,265,1,0,42,0,''),(298,12,268,1,0,0,0,''),(298,12,269,1,0,1,0,''),(299,12,119,1,0,1,0,''),(299,12,262,1,0,0,0,''),(299,12,263,1,0,0,0,''),(299,12,265,1,0,42,0,''),(299,12,268,1,0,0,0,''),(299,12,269,1,0,1,0,''),(300,12,119,1,0,1,0,''),(300,12,262,1,0,0,0,''),(300,12,263,1,0,0,0,''),(300,12,265,1,0,42,0,''),(300,12,268,1,0,0,0,''),(300,12,269,1,0,1,0,''),(301,12,119,1,0,1,0,''),(301,12,262,1,0,0,0,''),(301,12,263,1,0,0,0,''),(301,12,265,1,0,42,0,''),(301,12,268,1,0,0,0,''),(301,12,269,1,0,1,0,''),(302,12,119,1,0,1,0,''),(302,12,262,1,0,0,0,''),(302,12,263,1,0,0,0,''),(302,12,265,1,0,42,0,''),(302,12,268,1,0,0,0,''),(302,12,269,1,0,1,0,''),(303,12,119,1,0,1,0,''),(303,12,262,1,0,0,0,''),(303,12,263,1,0,0,0,''),(303,12,265,1,0,42,0,''),(303,12,268,1,0,0,0,''),(303,12,269,1,0,1,0,''),(307,7,119,1,0,6,0,''),(307,7,262,1,0,0,0,''),(307,7,263,1,0,0,0,''),(307,7,265,1,0,42,0,''),(307,7,268,1,0,0,0,''),(307,7,269,1,0,1,0,''),(308,3,119,1,0,2,0,''),(308,3,262,1,0,0,0,''),(308,3,263,1,0,0,0,''),(308,3,265,1,0,42,0,''),(308,3,268,1,0,0,0,''),(308,3,269,1,0,1,0,''),(309,5,119,1,0,4,0,''),(309,5,262,1,0,0,0,''),(309,5,263,1,0,0,0,''),(309,5,265,1,0,42,0,''),(309,5,268,1,0,0,0,''),(309,5,269,1,0,1,0,''),(310,4,119,1,0,3,0,''),(310,4,262,1,0,0,0,''),(310,4,263,1,0,0,0,''),(310,4,265,1,0,42,0,''),(310,4,268,1,0,0,0,''),(310,4,269,1,0,1,0,''),(311,6,119,1,0,5,0,''),(311,6,262,1,0,0,0,''),(311,6,263,1,0,0,0,''),(311,6,265,1,0,42,0,''),(311,6,268,1,0,0,0,''),(311,6,269,1,0,1,0,''),(312,12,119,1,0,1,0,''),(312,12,262,1,0,0,0,''),(312,12,263,1,0,0,0,''),(312,12,265,1,0,42,0,''),(312,12,268,1,0,0,0,''),(312,12,269,1,0,1,0,''),(313,12,119,1,0,1,0,''),(313,12,262,1,0,0,0,''),(313,12,263,1,0,0,0,''),(313,12,265,1,0,42,0,''),(313,12,268,1,0,0,0,''),(313,12,269,1,0,1,0,''),(321,4,119,1,0,3,0,''),(321,4,262,1,0,0,0,''),(321,4,263,1,0,0,0,''),(321,4,265,1,0,42,0,''),(321,4,268,1,0,0,0,''),(321,4,269,1,0,1,0,''),(323,6,119,1,0,5,0,''),(323,6,262,1,0,0,0,''),(323,6,263,1,0,0,0,''),(323,6,265,1,0,42,0,''),(323,6,268,1,0,0,0,''),(323,6,269,1,0,1,0,''),(324,7,119,1,0,6,0,''),(324,7,262,1,0,0,0,''),(324,7,263,1,0,0,0,''),(324,7,265,1,0,42,0,''),(324,7,268,1,0,0,0,''),(324,7,269,1,0,1,0,''),(325,12,119,1,0,1,0,''),(325,12,262,1,0,0,0,''),(325,12,263,1,0,0,0,''),(325,12,265,1,0,42,0,''),(325,12,268,1,0,0,0,''),(325,12,269,1,0,1,0,''),(326,4,119,1,0,3,0,''),(326,4,262,1,0,0,0,''),(326,4,263,1,0,0,0,''),(326,4,265,1,0,42,0,''),(326,4,268,1,0,0,0,''),(326,4,269,1,0,1,0,''),(327,12,119,1,0,1,0,''),(327,12,262,1,0,0,0,''),(327,12,263,1,0,0,0,''),(327,12,265,1,0,42,0,''),(327,12,268,1,0,0,0,''),(327,12,269,1,0,1,0,''),(328,12,119,1,0,1,0,''),(328,12,262,1,0,0,0,''),(328,12,263,1,0,0,0,''),(328,12,265,1,0,42,0,''),(328,12,268,1,0,0,0,''),(328,12,269,1,0,1,0,''),(329,12,119,1,0,1,0,''),(329,12,262,1,0,0,0,''),(329,12,263,1,0,0,0,''),(329,12,265,1,0,42,0,''),(329,12,268,1,0,0,0,''),(329,12,269,1,0,1,0,''),(330,12,119,1,0,1,0,''),(330,12,262,1,0,0,0,''),(330,12,263,1,0,0,0,''),(330,12,265,1,0,42,0,''),(330,12,268,1,0,0,0,''),(330,12,269,1,0,1,0,''),(331,12,119,1,0,1,0,''),(331,12,262,1,0,0,0,''),(331,12,263,1,0,0,0,''),(331,12,265,1,0,42,0,''),(331,12,268,1,0,0,0,''),(331,12,269,1,0,1,0,''),(332,3,119,1,0,2,0,''),(332,3,262,1,0,0,0,''),(332,3,263,1,0,0,0,''),(332,3,265,1,0,42,0,''),(332,3,268,1,0,0,0,''),(332,3,269,1,0,1,0,''),(333,5,119,1,0,4,0,''),(333,5,262,1,0,0,0,''),(333,5,263,1,0,0,0,''),(333,5,265,1,0,42,0,''),(333,5,268,1,0,0,0,''),(333,5,269,1,0,1,0,''),(334,4,119,1,0,3,0,''),(334,4,262,1,0,0,0,''),(334,4,263,1,0,0,0,''),(334,4,265,1,0,42,0,''),(334,4,268,1,0,0,0,''),(334,4,269,1,0,1,0,''),(335,5,119,1,0,4,0,''),(335,5,262,1,0,0,0,''),(335,5,263,1,0,0,0,''),(335,5,265,1,0,42,0,''),(335,5,268,1,0,0,0,''),(335,5,269,1,0,1,0,''),(336,6,119,1,0,5,0,''),(336,6,262,1,0,0,0,''),(336,6,263,1,0,0,0,''),(336,6,265,1,0,42,0,''),(336,6,268,1,0,0,0,''),(336,6,269,1,0,1,0,''),(337,6,119,1,0,5,0,''),(337,6,262,1,0,0,0,''),(337,6,263,1,0,0,0,''),(337,6,265,1,0,42,0,''),(337,6,268,1,0,0,0,''),(337,6,269,1,0,1,0,''),(338,4,119,1,0,3,0,''),(338,4,262,1,0,0,0,''),(338,4,263,1,0,0,0,''),(338,4,265,1,0,42,0,''),(338,4,268,1,0,0,0,''),(338,4,269,1,0,1,0,''),(339,5,119,1,0,4,0,''),(339,5,262,1,0,0,0,''),(339,5,263,1,0,0,0,''),(339,5,265,1,0,42,0,''),(339,5,268,1,0,0,0,''),(339,5,269,1,0,1,0,''),(340,8,119,1,0,7,0,''),(340,8,262,1,0,0,0,''),(340,8,263,1,0,0,0,''),(340,8,265,1,0,42,0,''),(340,8,268,1,0,0,0,''),(340,8,269,1,0,1,0,''),(341,4,119,1,0,3,0,''),(341,4,262,1,0,0,0,''),(341,4,263,1,0,0,0,''),(341,4,265,1,0,42,0,''),(341,4,268,1,0,0,0,''),(341,4,269,1,0,1,0,''),(342,4,119,1,0,3,0,''),(342,4,262,1,0,0,0,''),(342,4,263,1,0,0,0,''),(342,4,265,1,0,42,0,''),(342,4,268,1,0,0,0,''),(342,4,269,1,0,1,0,''),(343,6,119,1,0,5,0,''),(343,6,262,1,0,0,0,''),(343,6,263,1,0,0,0,''),(343,6,265,1,0,42,0,''),(343,6,268,1,0,0,0,''),(343,6,269,1,0,1,0,''),(344,7,119,1,0,6,0,''),(344,7,262,1,0,0,0,''),(344,7,263,1,0,0,0,''),(344,7,265,1,0,42,0,''),(344,7,268,1,0,0,0,''),(344,7,269,1,0,1,0,''),(345,7,119,1,0,6,0,''),(345,7,262,1,0,0,0,''),(345,7,263,1,0,0,0,''),(345,7,265,1,0,42,0,''),(345,7,268,1,0,0,0,''),(345,7,269,1,0,1,0,''),(347,0,119,1,0,0,0,''),(347,0,262,1,0,0,0,''),(347,0,263,1,0,0,0,''),(347,0,265,1,0,42,0,''),(347,0,268,1,0,0,0,''),(347,0,269,1,0,1,0,''),(348,5,119,1,0,4,0,''),(348,5,262,1,0,0,0,''),(348,5,263,1,0,0,0,''),(348,5,265,1,0,42,0,''),(348,5,268,1,0,0,0,''),(348,5,269,1,0,1,0,''),(349,4,119,1,0,3,0,''),(349,4,262,1,0,0,0,''),(349,4,263,1,0,0,0,''),(349,4,265,1,0,42,0,''),(349,4,268,1,0,0,0,''),(349,4,269,1,0,1,0,''),(350,3,119,1,0,2,0,''),(350,3,262,1,0,0,0,''),(350,3,263,1,0,0,0,''),(350,3,265,1,0,42,0,''),(350,3,268,1,0,0,0,''),(350,3,269,1,0,1,0,''),(351,3,119,1,0,2,0,''),(351,3,262,1,0,0,0,''),(351,3,263,1,0,0,0,''),(351,3,265,1,0,42,0,''),(351,3,268,1,0,0,0,''),(351,3,269,1,0,1,0,''),(352,5,119,1,0,4,0,''),(352,5,262,1,0,0,0,''),(352,5,263,1,0,0,0,''),(352,5,265,1,0,42,0,''),(352,5,268,1,0,0,0,''),(352,5,269,1,0,1,0,''),(353,7,119,1,0,6,0,''),(353,7,262,1,0,0,0,''),(353,7,263,1,0,0,0,''),(353,7,265,1,0,42,0,''),(353,7,268,1,0,0,0,''),(353,7,269,1,0,1,0,''),(354,3,119,1,0,2,0,''),(354,3,262,1,0,0,0,''),(354,3,263,1,0,0,0,''),(354,3,265,1,0,42,0,''),(354,3,268,1,0,0,0,''),(354,3,269,1,0,1,0,''),(355,3,119,1,0,2,0,''),(355,3,262,1,0,0,0,''),(355,3,263,1,0,0,0,''),(355,3,265,1,0,42,0,''),(355,3,268,1,0,0,0,''),(355,3,269,1,0,1,0,''),(356,4,119,1,0,3,0,''),(356,4,262,1,0,0,0,''),(356,4,263,1,0,0,0,''),(356,4,265,1,0,42,0,''),(356,4,268,1,0,0,0,''),(356,4,269,1,0,1,0,''),(357,0,119,1,0,0,0,''),(357,0,262,1,0,0,0,''),(357,0,263,1,0,0,0,''),(357,0,265,1,0,42,0,''),(357,0,268,1,0,0,0,''),(357,0,269,1,0,1,0,''),(358,3,119,1,0,2,0,''),(358,3,262,1,0,0,0,''),(358,3,263,1,0,0,0,''),(358,3,265,1,0,42,0,''),(358,3,268,1,0,0,0,''),(358,3,269,1,0,1,0,''),(359,6,119,1,0,5,0,''),(359,6,262,1,0,0,0,''),(359,6,263,1,0,0,0,''),(359,6,265,1,0,42,0,''),(359,6,268,1,0,0,0,''),(359,6,269,1,0,1,0,''),(360,3,119,1,0,2,0,''),(360,3,262,1,0,0,0,''),(360,3,263,1,0,0,0,''),(360,3,265,1,0,42,0,''),(360,3,268,1,0,0,0,''),(360,3,269,1,0,1,0,''),(362,12,119,1,0,1,0,''),(362,12,262,1,0,0,0,''),(362,12,263,1,0,0,0,''),(362,12,265,1,0,42,0,''),(362,12,268,1,0,0,0,''),(362,12,269,1,0,1,0,''),(363,3,119,1,0,2,0,''),(363,3,262,1,0,0,0,''),(363,3,263,1,0,0,0,''),(363,3,265,1,0,42,0,''),(363,3,268,1,0,0,0,''),(363,3,269,1,0,1,0,''),(365,3,119,1,0,2,0,''),(365,3,262,1,0,0,0,''),(365,3,263,1,0,0,0,''),(365,3,265,1,0,42,0,''),(365,3,268,1,0,0,0,''),(365,3,269,1,0,1,0,''),(366,0,119,1,0,0,0,''),(366,0,262,1,0,0,0,''),(366,0,263,1,0,0,0,''),(366,0,265,1,0,42,0,''),(366,0,268,1,0,0,0,''),(366,0,269,1,0,1,0,''),(367,5,119,1,0,4,0,''),(367,5,262,1,0,0,0,''),(367,5,263,1,0,0,0,''),(367,5,265,1,0,42,0,''),(367,5,268,1,0,0,0,''),(367,5,269,1,0,1,0,''),(368,8,119,1,0,7,0,''),(368,8,262,1,0,0,0,''),(368,8,263,1,0,0,0,''),(368,8,265,1,0,42,0,''),(368,8,268,1,0,0,0,''),(368,8,269,1,0,1,0,''),(369,0,119,1,0,0,0,''),(369,0,262,1,0,0,0,''),(369,0,263,1,0,0,0,''),(369,0,265,1,0,42,0,''),(369,0,268,1,0,0,0,''),(369,0,269,1,0,1,0,''),(370,9,119,1,0,8,0,''),(370,9,262,1,0,0,0,''),(370,9,263,1,0,0,0,''),(370,9,265,1,0,42,0,''),(370,9,268,1,0,0,0,''),(370,9,269,1,0,1,0,''),(373,0,119,1,0,0,0,''),(373,0,262,1,0,0,0,''),(373,0,263,1,0,0,0,''),(373,0,265,1,0,42,0,''),(373,0,268,1,0,0,0,''),(373,0,269,1,0,1,0,''),(376,12,119,1,0,1,0,''),(376,12,262,1,0,0,0,''),(376,12,263,1,0,0,0,''),(376,12,265,1,0,42,0,''),(376,12,268,1,0,0,0,''),(376,12,269,1,0,1,0,''),(377,3,119,1,0,2,0,''),(377,3,262,1,0,0,0,''),(377,3,263,1,0,0,0,''),(377,3,265,1,0,42,0,''),(377,3,268,1,0,0,0,''),(377,3,269,1,0,1,0,''),(379,3,119,1,0,2,0,''),(379,3,262,1,0,0,0,''),(379,3,263,1,0,0,0,''),(379,3,265,1,0,42,0,''),(379,3,268,1,0,0,0,''),(379,3,269,1,0,1,0,''),(380,0,119,1,0,0,0,''),(380,0,262,1,0,0,0,''),(380,0,263,1,0,0,0,''),(380,0,265,1,0,42,0,''),(380,0,268,1,0,0,0,''),(380,0,269,1,0,1,0,''),(381,12,119,1,0,1,0,''),(381,12,262,1,0,0,0,''),(381,12,263,1,0,0,0,''),(381,12,265,1,0,42,0,''),(381,12,268,1,0,0,0,''),(381,12,269,1,0,1,0,''),(382,12,119,1,0,1,0,''),(382,12,262,1,0,0,0,''),(382,12,263,1,0,0,0,''),(382,12,265,1,0,42,0,''),(382,12,268,1,0,0,0,''),(382,12,269,1,0,1,0,''),(390,17,119,1,0,1,0,''),(390,17,262,1,0,0,0,''),(390,17,263,1,0,0,0,''),(390,17,265,1,0,42,0,''),(390,17,268,1,0,0,0,''),(390,17,269,1,0,1,0,''),(391,17,119,1,0,1,0,''),(391,17,262,1,0,0,0,''),(391,17,263,1,0,0,0,''),(391,17,265,1,0,42,0,''),(391,17,268,1,0,0,0,''),(391,17,269,1,0,1,0,''),(427,67,119,1,0,37,0,''),(427,67,262,1,0,0,0,''),(427,67,263,1,0,0,0,''),(427,67,265,1,0,42,0,''),(427,67,268,1,0,0,0,''),(427,67,269,1,0,2,0,''),(428,68,119,1,0,38,0,''),(428,68,262,1,0,0,0,''),(428,68,263,1,0,0,0,''),(428,68,265,1,0,42,0,''),(428,68,268,1,0,0,0,''),(428,68,269,1,0,2,0,''),(441,67,119,1,0,37,0,''),(441,67,262,1,0,0,0,''),(441,67,263,1,0,0,0,''),(441,67,265,1,0,42,0,''),(441,67,268,1,0,0,0,''),(441,67,269,1,0,1,0,''),(478,40,119,1,0,31,0,''),(478,40,262,1,0,0,0,''),(478,40,263,1,0,0,0,''),(478,40,265,1,0,42,0,''),(478,40,268,1,0,0,0,''),(478,40,269,1,0,1,0,''),(480,27,119,1,0,19,0,''),(480,27,262,1,0,0,0,''),(480,27,263,1,0,0,0,''),(480,27,265,1,0,42,0,''),(480,27,268,1,0,0,0,''),(480,27,269,1,0,2,0,''),(499,56,119,1,0,25,0,''),(499,56,262,1,0,0,0,''),(499,56,263,1,0,0,0,''),(499,56,265,1,0,42,0,''),(499,56,268,1,0,0,0,''),(499,56,269,1,0,1,0,''),(500,55,119,1,0,15,0,''),(500,55,262,1,0,0,0,''),(500,55,263,1,0,0,0,''),(500,55,265,1,0,42,0,''),(500,55,268,1,0,0,0,''),(500,55,269,1,0,1,0,''),(501,24,119,1,0,16,0,''),(501,24,262,1,0,0,0,''),(501,24,263,1,0,0,0,''),(501,24,265,1,0,42,0,''),(501,24,268,1,0,0,0,''),(501,24,269,1,0,1,0,''),(504,24,119,1,0,16,0,''),(504,24,262,1,0,0,0,''),(504,24,263,1,0,0,0,''),(504,24,265,1,0,42,0,''),(504,24,268,1,0,0,0,''),(504,24,269,1,0,1,0,''),(505,52,119,1,0,24,0,''),(505,52,262,1,0,0,0,''),(505,52,263,1,0,0,0,''),(505,52,265,1,0,42,0,''),(505,52,268,1,0,0,0,''),(505,52,269,1,0,1,0,''),(506,24,119,1,0,16,0,''),(506,24,262,1,0,0,0,''),(506,24,263,1,0,0,0,''),(506,24,265,1,0,42,0,''),(506,24,268,1,0,0,0,''),(506,24,269,1,0,1,0,''),(507,52,119,1,0,24,0,''),(507,52,262,1,0,0,0,''),(507,52,263,1,0,0,0,''),(507,52,265,1,0,42,0,''),(507,52,268,1,0,0,0,''),(507,52,269,1,0,1,0,''),(508,52,119,1,0,24,0,''),(508,52,262,1,0,0,0,''),(508,52,263,1,0,0,0,''),(508,52,265,1,0,42,0,''),(508,52,268,1,0,0,0,''),(508,52,269,1,0,1,0,''),(509,79,119,1,0,49,0,''),(509,79,262,1,0,0,0,''),(509,79,263,1,0,0,0,''),(509,79,265,1,0,42,0,''),(509,79,268,1,0,0,0,''),(509,79,269,1,0,1,0,''),(513,28,119,1,0,20,0,''),(513,28,262,1,0,0,0,''),(513,28,263,1,0,0,0,''),(513,28,265,1,0,42,0,''),(513,28,268,1,0,0,0,''),(513,28,269,1,0,1,0,''),(525,95,119,1,0,65,0,''),(525,95,262,1,0,0,0,''),(525,95,263,1,0,0,0,''),(525,95,265,1,0,42,0,''),(525,95,268,1,0,0,0,''),(525,95,269,1,0,1,0,''),(526,67,119,1,0,37,0,''),(526,67,262,1,0,0,0,''),(526,67,263,1,0,0,0,''),(526,67,265,1,0,42,0,''),(526,67,268,1,0,0,0,''),(526,67,269,1,0,1,0,''),(527,84,119,1,0,54,0,''),(527,84,262,1,0,0,0,''),(527,84,263,1,0,0,0,''),(527,84,265,1,0,42,0,''),(527,84,268,1,0,0,0,''),(527,84,269,1,0,1,0,''),(530,52,119,1,0,24,0,''),(530,52,262,1,0,0,0,''),(530,52,263,1,0,0,0,''),(530,52,265,1,0,42,0,''),(530,52,268,1,0,0,0,''),(530,52,269,1,0,1,0,''),(531,96,119,1,0,66,0,''),(531,96,262,1,0,0,0,''),(531,96,263,1,0,0,0,''),(531,96,265,1,0,42,0,''),(531,96,268,1,0,0,0,''),(531,96,269,1,0,1,0,''),(532,52,119,1,0,24,0,''),(532,52,262,1,0,0,0,''),(532,52,263,1,0,0,0,''),(532,52,265,1,0,42,0,''),(532,52,268,1,0,0,0,''),(532,52,269,1,0,1,0,''),(533,52,119,1,0,24,0,''),(533,52,262,1,0,0,0,''),(533,52,263,1,0,0,0,''),(533,52,265,1,0,42,0,''),(533,52,268,1,0,0,0,''),(533,52,269,1,0,1,0,''),(534,52,119,1,0,24,0,''),(534,52,262,1,0,0,0,''),(534,52,263,1,0,0,0,''),(534,52,265,1,0,42,0,''),(534,52,268,1,0,0,0,''),(534,52,269,1,0,1,0,''),(535,52,119,1,0,24,0,''),(535,52,262,1,0,0,0,''),(535,52,263,1,0,0,0,''),(535,52,265,1,0,42,0,''),(535,52,268,1,0,0,0,''),(535,52,269,1,0,1,0,''),(536,52,119,1,0,24,0,''),(536,52,262,1,0,0,0,''),(536,52,263,1,0,0,0,''),(536,52,265,1,0,42,0,''),(536,52,268,1,0,0,0,''),(536,52,269,1,0,1,0,''),(537,52,119,1,0,24,0,''),(537,52,262,1,0,0,0,''),(537,52,263,1,0,0,0,''),(537,52,265,1,0,42,0,''),(537,52,268,1,0,0,0,''),(537,52,269,1,0,1,0,''),(538,52,119,1,0,24,0,''),(538,52,262,1,0,0,0,''),(538,52,263,1,0,0,0,''),(538,52,265,1,0,42,0,''),(538,52,268,1,0,0,0,''),(538,52,269,1,0,1,0,''),(539,52,119,1,0,24,0,''),(539,52,262,1,0,0,0,''),(539,52,263,1,0,0,0,''),(539,52,265,1,0,42,0,''),(539,52,268,1,0,0,0,''),(539,52,269,1,0,1,0,''),(544,80,119,1,0,50,0,''),(544,80,262,1,0,0,0,''),(544,80,263,1,0,0,0,''),(544,80,265,1,0,42,0,''),(544,80,268,1,0,0,0,''),(544,80,269,1,0,1,0,''),(545,0,119,1,0,0,0,''),(545,0,262,1,0,0,0,''),(545,0,263,1,0,0,0,''),(545,0,265,1,0,42,0,''),(545,0,268,1,0,0,0,''),(545,0,269,1,0,1,0,''),(546,0,119,1,0,0,0,''),(546,0,262,1,0,0,0,''),(546,0,263,1,0,0,0,''),(546,0,265,1,0,42,0,''),(546,0,268,1,0,0,0,''),(546,0,269,1,0,1,0,''),(550,52,119,1,0,24,0,''),(550,52,262,1,0,0,0,''),(550,52,263,1,0,0,0,''),(550,52,265,1,0,42,0,''),(550,52,268,1,0,0,0,''),(550,52,269,1,0,1,0,''),(551,95,119,1,0,65,0,''),(551,95,262,1,0,0,0,''),(551,95,263,1,0,0,0,''),(551,95,265,1,0,42,0,''),(551,95,268,1,0,0,0,''),(551,95,269,1,0,1,0,''),(552,55,119,1,0,15,0,''),(552,55,262,1,0,0,0,''),(552,55,263,1,0,0,0,''),(552,55,265,1,0,42,0,''),(552,55,268,1,0,0,0,''),(552,55,269,1,0,1,0,''),(554,45,119,1,0,11,0,''),(554,45,262,1,0,0,0,''),(554,45,263,1,0,0,0,''),(554,45,265,1,0,42,0,''),(554,45,268,1,0,0,0,''),(554,45,269,1,0,1,0,''),(555,91,119,1,0,61,0,''),(555,91,262,1,0,0,0,''),(555,91,263,1,0,0,0,''),(555,91,265,1,0,42,0,''),(555,91,268,1,0,0,0,''),(555,91,269,1,0,1,0,''),(556,0,119,1,0,0,0,''),(556,0,262,1,0,0,0,''),(556,0,263,1,0,0,0,''),(556,0,265,1,0,42,0,''),(556,0,268,1,0,0,0,''),(556,0,269,1,0,1,0,''),(557,46,119,1,0,34,0,''),(557,46,262,1,0,0,0,''),(557,46,263,1,0,0,0,''),(557,46,265,1,0,42,0,''),(557,46,268,1,0,0,0,''),(557,46,269,1,0,1,0,''),(558,23,119,1,0,1,0,''),(558,23,262,1,0,0,0,''),(558,23,263,1,0,0,0,''),(558,23,265,1,0,0,0,''),(558,23,268,1,0,0,0,''),(558,23,269,1,0,1,0,''),(558,23,270,1,0,2,0,''),(558,23,271,1,0,1,0,''),(559,23,119,1,0,1,0,''),(559,23,262,1,0,0,0,''),(559,23,263,1,0,0,0,''),(559,23,265,1,0,0,0,''),(559,23,268,1,0,0,0,''),(559,23,269,1,0,2,0,''),(559,23,270,1,0,1,0,''),(559,23,271,1,0,0,0,''),(559,23,272,1,0,0,0,' $article_quantity'),(560,23,119,1,0,1,0,''),(560,23,262,1,0,0,0,''),(560,23,263,1,0,0,0,''),(560,23,265,1,0,0,0,''),(560,23,268,1,0,0,0,''),(560,23,269,1,0,1,0,''),(560,23,270,1,0,2,0,''),(560,23,271,1,0,1,0,''),(560,23,272,1,0,0,0,' $article_quantity'),(561,23,119,1,0,1,0,''),(561,23,262,1,0,0,0,''),(561,23,263,1,0,0,0,''),(561,23,265,1,0,0,0,''),(561,23,268,1,0,0,0,''),(561,23,269,1,0,1,0,''),(561,23,270,1,0,3,0,''),(561,23,271,1,0,1,0,''),(561,23,272,1,0,0,0,' $article_quantity'),(562,23,119,1,0,1,0,''),(562,23,262,1,0,0,0,''),(562,23,263,1,0,0,0,''),(562,23,265,1,0,0,0,''),(562,23,268,1,0,0,0,''),(562,23,269,1,0,1,0,''),(562,23,270,1,0,1,0,''),(562,23,271,1,0,0,0,''),(562,23,272,1,0,0,0,''),(563,23,119,1,0,1,0,''),(563,23,262,1,0,0,0,''),(563,23,263,1,0,0,0,''),(563,23,265,1,0,0,0,''),(563,23,268,1,0,0,0,''),(563,23,269,1,0,1,0,''),(563,23,270,1,0,2,0,''),(563,23,271,1,0,1,0,''),(563,23,272,1,0,0,0,' $article_quantity'),(564,23,119,1,0,1,0,''),(564,23,262,1,0,0,0,''),(564,23,263,1,0,0,0,''),(564,23,265,1,0,0,0,''),(564,23,268,1,0,0,0,''),(564,23,269,1,0,1,0,''),(564,23,270,1,0,2,0,''),(564,23,271,1,0,0,0,''),(564,23,272,1,0,0,0,' $article_quantity'),(565,23,119,1,0,1,0,''),(565,23,262,1,0,0,0,''),(565,23,263,1,0,0,0,''),(565,23,265,1,0,0,0,''),(565,23,268,1,0,0,0,''),(565,23,269,1,0,1,0,''),(565,23,270,1,0,2,0,''),(565,23,271,1,0,0,0,''),(565,23,272,1,0,0,0,' $article_quantity'),(566,23,119,1,0,1,0,''),(566,23,262,1,0,0,0,''),(566,23,263,1,0,0,0,''),(566,23,265,1,0,0,0,''),(566,23,268,1,0,0,0,''),(566,23,269,1,0,1,0,''),(566,23,270,1,0,2,0,''),(566,23,271,1,0,0,0,''),(566,23,272,1,0,0,0,' $article_quantity'),(567,23,119,1,0,1,0,''),(567,23,262,1,0,0,0,''),(567,23,263,1,0,0,0,''),(567,23,265,1,0,0,0,''),(567,23,268,1,0,0,0,''),(567,23,269,1,0,1,0,''),(567,23,270,1,0,2,0,''),(567,23,271,1,0,0,0,''),(567,23,272,1,0,0,0,' $article_quantity'),(568,23,119,1,0,1,0,''),(568,23,262,1,0,0,0,''),(568,23,263,1,0,0,0,''),(568,23,265,1,0,0,0,''),(568,23,268,1,0,0,0,''),(568,23,269,1,0,1,0,''),(568,23,270,1,0,2,0,''),(568,23,271,1,0,0,0,''),(568,23,272,1,0,0,0,' $article_quantity'),(569,23,119,1,0,1,0,''),(569,23,262,1,0,0,0,''),(569,23,263,1,0,0,0,''),(569,23,265,1,0,0,0,''),(569,23,268,1,0,0,0,''),(569,23,269,1,0,1,0,''),(569,23,270,1,0,2,0,''),(569,23,271,1,0,0,0,''),(569,23,272,1,0,0,0,' $article_quantity'),(570,23,119,1,0,1,0,''),(570,23,262,1,0,0,0,''),(570,23,263,1,0,0,0,''),(570,23,265,1,0,0,0,''),(570,23,268,1,0,0,0,''),(570,23,269,1,0,1,0,''),(570,23,270,1,0,2,0,''),(570,23,271,1,0,0,0,''),(570,23,272,1,0,0,0,' $article_quantity'),(571,23,119,1,0,1,0,''),(571,23,262,1,0,0,0,''),(571,23,263,1,0,0,0,''),(571,23,265,1,0,0,0,''),(571,23,268,1,0,0,0,''),(571,23,269,1,0,1,0,''),(571,23,270,1,0,2,0,''),(571,23,271,1,0,0,0,''),(571,23,272,1,0,0,0,''),(572,23,119,1,0,1,0,''),(572,23,262,1,0,0,0,''),(572,23,263,1,0,0,0,''),(572,23,265,1,0,0,0,''),(572,23,268,1,0,0,0,''),(572,23,269,1,0,1,0,''),(572,23,270,1,0,2,0,''),(572,23,271,1,0,0,0,''),(572,23,272,1,0,0,0,' $article_quantity'),(573,23,119,1,0,1,0,''),(573,23,262,1,0,0,0,''),(573,23,263,1,0,0,0,''),(573,23,265,1,0,0,0,''),(573,23,268,1,0,0,0,''),(573,23,269,1,0,2,0,''),(573,23,270,1,0,3,0,''),(573,23,271,1,0,1,0,''),(573,23,272,1,0,0,0,''),(574,23,119,1,0,1,0,''),(574,23,262,1,0,0,0,''),(574,23,263,1,0,0,0,''),(574,23,265,1,0,0,0,''),(574,23,268,1,0,0,0,''),(574,23,269,1,0,1,0,''),(574,23,270,1,0,3,0,''),(574,23,271,1,0,1,0,''),(574,23,272,1,0,0,0,''),(597,0,119,1,0,0,0,''),(597,0,262,1,0,0,0,''),(597,0,263,1,0,0,0,''),(597,0,265,1,0,42,0,''),(597,0,268,1,0,0,0,''),(597,0,269,1,0,1,0,''),(641,23,119,1,0,1,0,''),(641,23,262,1,0,0,0,''),(641,23,263,1,0,0,0,''),(641,23,265,1,0,42,0,''),(641,23,268,1,0,0,0,''),(641,23,269,1,0,1,0,''),(641,23,270,1,0,1,0,''),(641,23,271,1,0,1,0,''),(642,23,119,1,0,1,0,''),(642,23,262,1,0,0,0,''),(642,23,263,1,0,0,0,''),(642,23,265,1,0,42,0,''),(642,23,268,1,0,0,0,''),(642,23,269,1,0,1,0,''),(642,23,270,1,0,1,0,''),(645,23,1,1,0,943916400,0,''),(645,23,3,1,0,943916400,0,''),(645,23,119,1,0,1,0,''),(645,23,262,1,0,0,0,''),(645,23,263,1,0,0,0,''),(645,23,265,1,0,42,0,''),(645,23,268,1,0,0,0,''),(645,23,269,1,0,1,0,''),(645,23,270,1,0,1,0,''),(645,23,271,1,0,0,0,''),(646,23,119,1,0,1,0,''),(646,23,262,1,0,0,0,''),(646,23,263,1,0,0,0,''),(646,23,265,1,0,42,0,''),(646,23,268,1,0,0,0,''),(646,23,269,1,0,1,0,''),(646,23,270,1,0,3,0,''),(648,23,119,1,0,1,0,''),(648,23,262,1,0,0,0,''),(648,23,263,1,0,0,0,''),(648,23,265,1,0,42,0,''),(648,23,268,1,0,0,0,''),(648,23,269,1,0,7,0,''),(648,23,270,1,0,2,0,''),(651,23,119,1,0,1,0,''),(651,23,262,1,0,0,0,''),(651,23,263,1,0,0,0,''),(651,23,265,1,0,42,0,''),(651,23,268,1,0,0,0,''),(651,23,269,1,0,5,0,''),(651,23,270,1,0,3,0,''),(652,23,119,1,0,1,0,''),(652,23,262,1,0,0,0,''),(652,23,263,1,0,0,0,''),(652,23,265,1,0,42,0,''),(652,23,268,1,0,0,0,''),(652,23,269,1,0,2,0,''),(652,23,270,1,0,3,0,''),(652,23,271,1,0,1,0,''),(658,23,119,1,0,1,0,''),(658,23,262,1,0,0,0,''),(658,23,263,1,0,0,0,''),(658,23,265,1,0,42,0,''),(658,23,268,1,0,0,0,''),(658,23,269,1,0,2,0,''),(664,23,119,1,0,1,0,''),(664,23,262,1,0,0,0,''),(664,23,263,1,0,0,0,''),(664,23,265,1,0,42,0,''),(664,23,268,1,0,0,0,''),(664,23,269,1,0,1,0,''),(664,23,270,1,0,3,0,''),(664,23,271,1,0,1,0,''),(665,23,119,1,0,1,0,''),(665,23,262,1,0,0,0,''),(665,23,263,1,0,0,0,''),(665,23,265,1,0,42,0,''),(665,23,268,1,0,0,0,''),(665,23,269,1,0,2,0,''),(665,23,270,1,0,1,0,''),(665,23,271,1,0,1,0,''),(667,70,119,1,0,40,0,''),(667,70,262,1,0,0,0,''),(667,70,263,1,0,0,0,''),(667,70,265,1,0,42,0,''),(667,70,268,1,0,0,0,''),(667,70,269,1,0,2,0,''),(689,16,119,1,0,3,0,''),(689,16,262,1,0,0,0,''),(689,16,263,1,0,0,0,''),(689,16,265,1,0,42,0,''),(689,16,268,1,0,0,0,''),(689,16,269,1,0,1,0,''),(689,16,277,1,0,10,0,''),(689,16,278,1,0,1,0,''),(691,16,119,1,0,3,0,''),(691,16,262,1,0,0,0,''),(691,16,263,1,0,0,0,''),(691,16,265,1,0,42,0,''),(691,16,268,1,0,0,0,''),(691,16,269,1,0,1,0,''),(691,16,277,1,0,10,0,''),(691,16,278,1,0,1,0,''),(693,13,119,1,0,2,0,''),(693,13,262,1,0,0,0,''),(693,13,263,1,0,0,0,''),(693,13,265,1,0,42,0,''),(693,13,268,1,0,0,0,''),(693,13,269,1,0,2,0,''),(694,23,119,1,0,1,0,''),(694,23,262,1,0,0,0,''),(694,23,263,1,0,0,0,''),(694,23,265,1,0,42,0,''),(694,23,268,1,0,0,0,''),(694,23,269,1,0,1,0,''),(694,23,270,1,0,2,0,''),(695,23,119,1,0,1,0,''),(695,23,262,1,0,0,0,''),(695,23,263,1,0,0,0,''),(695,23,265,1,0,42,0,''),(695,23,268,1,0,0,0,''),(695,23,269,1,0,1,0,''),(695,23,270,1,0,2,0,''),(695,23,271,1,0,1,0,''),(696,23,119,1,0,1,0,''),(696,23,262,1,0,0,0,''),(696,23,263,1,0,0,0,''),(696,23,265,1,0,42,0,''),(696,23,268,1,0,0,0,''),(696,23,269,1,0,1,0,''),(697,0,119,1,0,0,0,''),(697,0,262,1,0,0,0,''),(697,0,263,1,0,0,0,''),(697,0,265,1,0,42,0,''),(697,0,268,1,0,0,0,''),(697,0,269,1,0,1,0,''),(698,16,119,1,0,3,0,''),(698,16,262,1,0,0,0,''),(698,16,263,1,0,0,0,''),(698,16,265,1,0,42,0,''),(698,16,268,1,0,0,0,''),(698,16,269,1,0,1,0,''),(698,16,277,1,0,10,0,''),(699,16,119,1,0,3,0,''),(699,16,262,1,0,0,0,''),(699,16,263,1,0,0,0,''),(699,16,265,1,0,42,0,''),(699,16,268,1,0,0,0,''),(699,16,269,1,0,1,0,''),(700,0,119,1,0,0,0,''),(700,0,262,1,0,0,0,''),(700,0,263,1,0,0,0,''),(700,0,265,1,0,42,0,''),(700,0,268,1,0,0,0,''),(700,0,269,1,0,1,0,''),(702,16,119,1,0,3,0,''),(702,16,262,1,0,0,0,''),(702,16,263,1,0,0,0,''),(702,16,265,1,0,42,0,''),(702,16,268,1,0,0,0,''),(702,16,269,1,0,1,0,''),(702,16,277,1,0,10,0,''),(702,16,278,1,0,1,0,''),(703,16,119,1,0,3,0,''),(703,16,262,1,0,0,0,''),(703,16,263,1,0,0,0,''),(703,16,265,1,0,42,0,''),(703,16,268,1,0,0,0,''),(703,16,269,1,0,1,0,''),(703,16,277,1,0,11,0,''),(707,16,119,1,0,3,0,''),(707,16,262,1,0,0,0,''),(707,16,263,1,0,0,0,''),(707,16,265,1,0,42,0,''),(707,16,268,1,0,0,0,''),(707,16,269,1,0,1,0,''),(707,16,277,1,0,11,0,''),(708,19,119,1,0,12,0,''),(708,19,262,1,0,0,0,''),(708,19,263,1,0,0,0,''),(708,19,265,1,0,42,0,''),(708,19,268,1,0,0,0,''),(708,19,269,1,0,1,0,''),(732,16,119,1,0,3,0,''),(732,16,262,1,0,0,0,''),(732,16,263,1,0,0,0,''),(732,16,265,1,0,42,0,''),(732,16,268,1,0,0,0,''),(732,16,269,1,0,2,0,''),(733,94,119,1,0,64,0,''),(733,94,262,1,0,0,0,''),(733,94,263,1,0,0,0,''),(733,94,265,1,0,42,0,''),(733,94,268,1,0,0,0,''),(733,94,269,1,0,1,0,''),(733,94,297,1,0,41,0,''),(734,94,119,1,0,64,0,''),(734,94,262,1,0,0,0,''),(734,94,263,1,0,0,0,''),(734,94,265,1,0,42,0,''),(734,94,268,1,0,0,0,''),(734,94,269,1,0,1,0,''),(734,94,297,1,0,42,0,''),(734,94,298,1,0,1,0,''),(736,94,119,1,0,64,0,''),(736,94,262,1,0,0,0,''),(736,94,263,1,0,0,0,''),(736,94,265,1,0,42,0,''),(736,94,268,1,0,0,0,''),(736,94,269,1,0,1,0,''),(736,94,297,1,0,41,0,''),(736,94,298,1,0,1,0,''),(737,16,119,1,0,3,0,''),(737,16,262,1,0,0,0,''),(737,16,263,1,0,0,0,''),(737,16,265,1,0,42,0,''),(737,16,268,1,0,0,0,''),(737,16,269,1,0,1,0,''),(737,16,277,1,0,12,0,''),(737,16,278,1,0,1,0,''),(740,94,119,1,0,64,0,''),(740,94,262,1,0,0,0,''),(740,94,263,1,0,0,0,''),(740,94,265,1,0,42,0,''),(740,94,268,1,0,0,0,''),(740,94,269,1,0,1,0,''),(742,16,119,1,0,3,0,''),(742,16,262,1,0,0,0,''),(742,16,263,1,0,0,0,''),(742,16,265,1,0,42,0,''),(742,16,268,1,0,0,0,''),(742,16,269,1,0,2,0,''),(742,16,277,1,0,10,0,''),(742,16,278,1,0,1,0,''),(743,16,119,1,0,3,0,''),(743,16,262,1,0,0,0,''),(743,16,263,1,0,0,0,''),(743,16,265,1,0,42,0,''),(743,16,268,1,0,0,0,''),(743,16,269,1,0,1,0,''),(743,16,277,1,0,10,0,''),(743,16,278,1,0,1,0,''),(744,16,119,1,0,3,0,''),(744,16,262,1,0,0,0,''),(744,16,263,1,0,0,0,''),(744,16,265,1,0,42,0,''),(744,16,268,1,0,0,0,''),(744,16,269,1,0,1,0,''),(744,16,277,1,0,11,0,''),(744,16,278,1,0,1,0,''),(745,16,119,1,0,3,0,''),(745,16,262,1,0,0,0,''),(745,16,263,1,0,0,0,''),(745,16,265,1,0,42,0,''),(745,16,268,1,0,0,0,''),(745,16,269,1,0,2,0,''),(745,16,277,1,0,12,0,''),(745,16,278,1,0,1,0,''),(746,16,119,1,0,3,0,''),(746,16,262,1,0,0,0,''),(746,16,263,1,0,0,0,''),(746,16,265,1,0,42,0,''),(746,16,268,1,0,0,0,''),(746,16,269,1,0,1,0,''),(746,16,277,1,0,12,0,''),(746,16,278,1,0,1,0,''),(747,16,119,1,0,3,0,''),(747,16,262,1,0,0,0,''),(747,16,263,1,0,0,0,''),(747,16,265,1,0,42,0,''),(747,16,268,1,0,0,0,''),(747,16,269,1,0,1,0,''),(747,16,277,1,0,10,0,''),(747,16,278,1,0,1,0,''),(748,16,119,1,0,3,0,''),(748,16,262,1,0,0,0,''),(748,16,263,1,0,0,0,''),(748,16,265,1,0,42,0,''),(748,16,268,1,0,0,0,''),(748,16,269,1,0,1,0,''),(748,16,277,1,0,11,0,''),(749,16,119,1,0,3,0,''),(749,16,262,1,0,0,0,''),(749,16,263,1,0,0,0,''),(749,16,265,1,0,42,0,''),(749,16,268,1,0,0,0,''),(749,16,269,1,0,1,0,''),(749,16,277,1,0,10,0,''),(749,16,278,1,0,1,0,''),(750,16,119,1,0,3,0,''),(750,16,262,1,0,0,0,''),(750,16,263,1,0,0,0,''),(750,16,265,1,0,42,0,''),(750,16,268,1,0,0,0,''),(750,16,269,1,0,1,0,''),(750,16,277,1,0,11,0,''),(751,16,119,1,0,3,0,''),(751,16,262,1,0,0,0,''),(751,16,263,1,0,0,0,''),(751,16,265,1,0,42,0,''),(751,16,268,1,0,0,0,''),(751,16,269,1,0,1,0,''),(751,16,277,1,0,12,0,''),(751,16,278,1,0,1,0,''),(757,90,119,1,0,60,0,''),(757,90,262,1,0,0,0,''),(757,90,263,1,0,0,0,''),(757,90,265,1,0,42,0,''),(757,90,268,1,0,0,0,''),(757,90,269,1,0,2,0,''),(757,90,292,1,0,1,0,''),(758,90,119,1,0,60,0,''),(758,90,262,1,0,0,0,''),(758,90,263,1,0,0,0,''),(758,90,265,1,0,42,0,''),(758,90,268,1,0,0,0,''),(758,90,269,1,0,1,0,''),(761,110,119,1,0,79,0,''),(761,110,262,1,0,0,0,''),(761,110,263,1,0,0,0,''),(761,110,265,1,0,42,0,''),(761,110,268,1,0,0,0,''),(761,110,269,1,0,1,0,''),(762,16,119,1,0,3,0,''),(762,16,262,1,0,0,0,''),(762,16,263,1,0,0,0,''),(762,16,265,1,0,42,0,''),(762,16,268,1,0,0,0,''),(762,16,269,1,0,1,0,''),(762,16,277,1,0,11,0,''),(763,52,119,1,0,24,0,''),(763,52,262,1,0,0,0,''),(763,52,263,1,0,0,0,''),(763,52,265,1,0,42,0,''),(763,52,268,1,0,0,0,''),(763,52,269,1,0,1,0,''),(772,94,119,1,0,64,0,''),(772,94,262,1,0,0,0,''),(772,94,263,1,0,0,0,''),(772,94,265,1,0,42,0,''),(772,94,268,1,0,0,0,''),(772,94,269,1,0,1,0,''),(772,94,297,1,0,40,0,''),(772,94,298,1,0,1,0,''),(773,94,119,1,0,64,0,''),(773,94,262,1,0,0,0,''),(773,94,263,1,0,0,0,''),(773,94,265,1,0,42,0,''),(773,94,268,1,0,0,0,''),(773,94,269,1,0,2,0,''),(774,0,119,1,0,0,0,''),(774,0,262,1,0,0,0,''),(774,0,263,1,0,0,0,''),(774,0,265,1,0,42,0,''),(774,0,268,1,0,0,0,''),(774,0,269,1,0,1,0,''),(775,13,119,1,0,2,0,''),(775,13,262,1,0,0,0,''),(775,13,263,1,0,0,0,''),(775,13,265,1,0,42,0,''),(775,13,268,1,0,0,0,''),(775,13,269,1,0,1,0,''),(775,13,273,1,0,4,0,''),(775,13,274,1,0,1,0,''),(776,88,119,1,0,58,0,''),(776,88,262,1,0,0,0,''),(776,88,263,1,0,0,0,''),(776,88,265,1,0,42,0,''),(776,88,268,1,0,0,0,''),(776,88,269,1,0,1,0,''),(781,94,119,1,0,64,0,''),(781,94,262,1,0,0,0,''),(781,94,263,1,0,0,0,''),(781,94,265,1,0,42,0,''),(781,94,268,1,0,0,0,''),(781,94,269,1,0,1,0,''),(782,94,119,1,0,64,0,''),(782,94,262,1,0,0,0,''),(782,94,263,1,0,0,0,''),(782,94,265,1,0,42,0,''),(782,94,268,1,0,0,0,''),(782,94,269,1,0,1,0,''),(782,94,297,1,0,42,0,''),(782,94,298,1,0,1,0,''),(784,54,119,1,0,14,0,''),(784,54,262,1,0,0,0,''),(784,54,263,1,0,0,0,''),(784,54,265,1,0,42,0,''),(784,54,268,1,0,0,0,''),(784,54,269,1,0,1,0,''),(793,16,119,1,0,3,0,''),(793,16,262,1,0,0,0,''),(793,16,263,1,0,0,0,''),(793,16,265,1,0,42,0,''),(793,16,268,1,0,0,0,''),(793,16,269,1,0,1,0,''),(793,16,277,1,0,12,0,''),(793,16,278,1,0,1,0,''),(794,16,119,1,0,3,0,''),(794,16,262,1,0,0,0,''),(794,16,263,1,0,0,0,''),(794,16,265,1,0,42,0,''),(794,16,268,1,0,0,0,''),(794,16,269,1,0,1,0,''),(794,16,277,1,0,12,0,''),(795,16,119,1,0,3,0,''),(795,16,262,1,0,0,0,''),(795,16,263,1,0,0,0,''),(795,16,265,1,0,42,0,''),(795,16,268,1,0,0,0,''),(795,16,269,1,0,1,0,''),(795,16,277,1,0,11,0,''),(796,16,119,1,0,3,0,''),(796,16,262,1,0,0,0,''),(796,16,263,1,0,0,0,''),(796,16,265,1,0,42,0,''),(796,16,268,1,0,0,0,''),(796,16,269,1,0,4,0,''),(796,16,277,1,0,12,0,''),(796,16,278,1,0,1,0,''),(797,16,119,1,0,3,0,''),(797,16,262,1,0,0,0,''),(797,16,263,1,0,0,0,''),(797,16,265,1,0,42,0,''),(797,16,268,1,0,0,0,''),(797,16,269,1,0,3,0,''),(797,16,277,1,0,10,0,''),(797,16,278,1,0,1,0,''),(798,28,119,1,0,20,0,''),(798,28,262,1,0,0,0,''),(798,28,263,1,0,0,0,''),(798,28,265,1,0,42,0,''),(798,28,268,1,0,0,0,''),(798,28,269,1,0,1,0,''),(799,89,119,1,0,59,0,''),(799,89,262,1,0,0,0,''),(799,89,263,1,0,0,0,''),(799,89,265,1,0,42,0,''),(799,89,268,1,0,0,0,''),(799,89,269,1,0,1,0,''),(800,16,119,1,0,3,0,''),(800,16,262,1,0,0,0,''),(800,16,263,1,0,0,0,''),(800,16,265,1,0,42,0,''),(800,16,268,1,0,0,0,''),(800,16,269,1,0,2,0,''),(801,0,119,1,0,0,0,''),(801,0,262,1,0,0,0,''),(801,0,263,1,0,0,0,''),(801,0,265,1,0,42,0,''),(801,0,268,1,0,0,0,''),(801,0,269,1,0,1,0,''),(802,23,119,1,0,1,0,''),(802,23,262,1,0,0,0,''),(802,23,263,1,0,0,0,''),(802,23,265,1,0,42,0,''),(802,23,268,1,0,0,0,''),(802,23,269,1,0,2,0,''),(802,23,270,1,0,3,0,''),(802,23,271,1,0,1,0,''),(804,16,119,1,0,3,0,''),(804,16,262,1,0,0,0,''),(804,16,263,1,0,0,0,''),(804,16,265,1,0,42,0,''),(804,16,268,1,0,0,0,''),(804,16,269,1,0,1,0,''),(804,16,277,1,0,11,0,''),(804,16,278,1,0,1,0,''),(806,16,119,1,0,3,0,''),(806,16,262,1,0,0,0,''),(806,16,263,1,0,0,0,''),(806,16,265,1,0,42,0,''),(806,16,268,1,0,0,0,''),(806,16,269,1,0,3,0,''),(806,16,277,1,0,12,0,''),(806,16,278,1,0,1,0,''),(807,79,119,1,0,49,0,''),(807,79,262,1,0,0,0,''),(807,79,263,1,0,0,0,''),(807,79,265,1,0,42,0,''),(807,79,268,1,0,0,0,''),(807,79,269,1,0,1,0,''),(807,79,289,1,0,28,0,''),(808,79,119,1,0,49,0,''),(808,79,262,1,0,0,0,''),(808,79,263,1,0,0,0,''),(808,79,265,1,0,42,0,''),(808,79,268,1,0,0,0,''),(808,79,269,1,0,2,0,''),(809,0,119,1,0,0,0,''),(809,0,262,1,0,0,0,''),(809,0,263,1,0,0,0,''),(809,0,265,1,0,42,0,''),(809,0,268,1,0,0,0,''),(809,0,269,1,0,1,0,''),(812,16,119,1,0,3,0,''),(812,16,262,1,0,0,0,''),(812,16,263,1,0,0,0,''),(812,16,265,1,0,42,0,''),(812,16,268,1,0,0,0,''),(812,16,269,1,0,2,0,''),(813,79,119,1,0,49,0,''),(813,79,262,1,0,0,0,''),(813,79,263,1,0,0,0,''),(813,79,265,1,0,42,0,''),(813,79,268,1,0,0,0,''),(813,79,269,1,0,6,0,''),(819,90,119,1,0,60,0,''),(819,90,262,1,0,0,0,''),(819,90,263,1,0,0,0,''),(819,90,265,1,0,42,0,''),(819,90,268,1,0,0,0,''),(819,90,269,1,0,1,0,''),(819,90,292,1,0,1,0,''),(820,88,119,1,0,58,0,''),(820,88,262,1,0,0,0,''),(820,88,263,1,0,0,0,''),(820,88,265,1,0,42,0,''),(820,88,268,1,0,0,0,''),(820,88,269,1,0,1,0,''),(821,13,119,1,0,2,0,''),(821,13,262,1,0,0,0,''),(821,13,263,1,0,0,0,''),(821,13,265,1,0,42,0,''),(821,13,268,1,0,0,0,''),(821,13,269,1,0,1,0,''),(821,13,273,1,0,6,0,''),(822,54,119,1,0,14,0,''),(822,54,262,1,0,0,0,''),(822,54,263,1,0,0,0,''),(822,54,265,1,0,42,0,''),(822,54,268,1,0,0,0,''),(822,54,269,1,0,1,0,''),(823,94,119,1,0,64,0,''),(823,94,262,1,0,0,0,''),(823,94,263,1,0,0,0,''),(823,94,265,1,0,42,0,''),(823,94,268,1,0,0,0,''),(823,94,269,1,0,2,0,''),(823,94,297,1,0,42,0,''),(824,94,119,1,0,64,0,''),(824,94,262,1,0,0,0,''),(824,94,263,1,0,0,0,''),(824,94,265,1,0,42,0,''),(824,94,268,1,0,0,0,''),(824,94,269,1,0,1,0,''),(824,94,297,1,0,40,0,''),(825,19,119,1,0,12,0,''),(825,19,262,1,0,0,0,''),(825,19,263,1,0,0,0,''),(825,19,265,1,0,42,0,''),(825,19,268,1,0,0,0,''),(825,19,269,1,0,1,0,''),(826,54,119,1,0,14,0,''),(826,54,262,1,0,0,0,''),(826,54,263,1,0,0,0,''),(826,54,265,1,0,42,0,''),(826,54,268,1,0,0,0,''),(826,54,269,1,0,1,0,''),(827,16,119,1,0,3,0,''),(827,16,262,1,0,0,0,''),(827,16,263,1,0,0,0,''),(827,16,265,1,0,42,0,''),(827,16,268,1,0,0,0,''),(827,16,269,1,0,1,0,''),(827,16,277,1,0,10,0,''),(828,16,119,1,0,3,0,''),(828,16,262,1,0,0,0,''),(828,16,263,1,0,0,0,''),(828,16,265,1,0,42,0,''),(828,16,268,1,0,0,0,''),(828,16,269,1,0,1,0,''),(828,16,277,1,0,11,0,''),(829,16,119,1,0,3,0,''),(829,16,262,1,0,0,0,''),(829,16,263,1,0,0,0,''),(829,16,265,1,0,42,0,''),(829,16,268,1,0,0,0,''),(829,16,269,1,0,1,0,''),(829,16,277,1,0,12,0,''),(830,28,119,1,0,20,0,''),(830,28,262,1,0,0,0,''),(830,28,263,1,0,0,0,''),(830,28,265,1,0,42,0,''),(830,28,268,1,0,0,0,''),(830,28,269,1,0,1,0,''),(831,26,119,1,0,18,0,''),(831,26,262,1,0,0,0,''),(831,26,263,1,0,0,0,''),(831,26,265,1,0,42,0,''),(831,26,268,1,0,0,0,''),(831,26,269,1,0,1,0,''),(832,27,119,1,0,19,0,''),(832,27,262,1,0,0,0,''),(832,27,263,1,0,0,0,''),(832,27,265,1,0,42,0,''),(832,27,268,1,0,0,0,''),(832,27,269,1,0,1,0,''),(833,25,119,1,0,17,0,''),(833,25,262,1,0,0,0,''),(833,25,263,1,0,0,0,''),(833,25,265,1,0,42,0,''),(833,25,268,1,0,0,0,''),(833,25,269,1,0,1,0,''),(834,61,119,1,0,22,0,''),(834,61,262,1,0,0,0,''),(834,61,263,1,0,0,0,''),(834,61,265,1,0,42,0,''),(834,61,268,1,0,0,0,''),(834,61,269,1,0,1,0,''),(835,33,119,1,0,23,0,''),(835,33,262,1,0,0,0,''),(835,33,263,1,0,0,0,''),(835,33,265,1,0,42,0,''),(835,33,268,1,0,0,0,''),(835,33,269,1,0,1,0,''),(836,29,119,1,0,21,0,''),(836,29,262,1,0,0,0,''),(836,29,263,1,0,0,0,''),(836,29,265,1,0,42,0,''),(836,29,268,1,0,0,0,''),(836,29,269,1,0,1,0,''),(840,94,119,1,0,64,0,''),(840,94,262,1,0,0,0,''),(840,94,263,1,0,0,0,''),(840,94,265,1,0,42,0,''),(840,94,268,1,0,0,0,''),(840,94,269,1,0,1,0,''),(840,94,297,1,0,40,0,''),(841,94,119,1,0,64,0,''),(841,94,262,1,0,0,0,''),(841,94,263,1,0,0,0,''),(841,94,265,1,0,42,0,''),(841,94,268,1,0,0,0,''),(841,94,269,1,0,1,0,''),(841,94,297,1,0,42,0,''),(842,16,119,1,0,3,0,''),(842,16,262,1,0,0,0,''),(842,16,263,1,0,0,0,''),(842,16,265,1,0,42,0,''),(842,16,268,1,0,0,0,''),(842,16,269,1,0,1,0,''),(842,16,277,1,0,12,0,''),(843,16,119,1,0,3,0,''),(843,16,262,1,0,0,0,''),(843,16,263,1,0,0,0,''),(843,16,265,1,0,42,0,''),(843,16,268,1,0,0,0,''),(843,16,269,1,0,1,0,''),(843,16,277,1,0,10,0,''),(844,24,119,1,0,16,0,''),(844,24,262,1,0,0,0,''),(844,24,263,1,0,0,0,''),(844,24,265,1,0,42,0,''),(844,24,268,1,0,0,0,''),(844,24,269,1,0,1,0,''),(845,54,119,1,0,14,0,''),(845,54,262,1,0,0,0,''),(845,54,263,1,0,0,0,''),(845,54,265,1,0,42,0,''),(845,54,268,1,0,0,0,''),(845,54,269,1,0,1,0,''),(846,116,119,1,0,85,0,''),(846,116,262,1,0,0,0,''),(846,116,263,1,0,0,0,''),(846,116,265,1,0,42,0,''),(846,116,268,1,0,0,0,''),(846,116,269,1,0,1,0,''),(848,24,119,1,0,16,0,''),(848,24,262,1,0,0,0,''),(848,24,263,1,0,0,0,''),(848,24,265,1,0,42,0,''),(848,24,268,1,0,0,0,''),(848,24,269,1,0,1,0,''),(849,0,119,1,0,0,0,''),(849,0,262,1,0,0,0,''),(849,0,263,1,0,0,0,''),(849,0,265,1,0,42,0,''),(849,0,268,1,0,0,0,''),(849,0,269,1,0,1,0,''),(850,16,119,1,0,3,0,''),(850,16,262,1,0,0,0,''),(850,16,263,1,0,0,0,''),(850,16,265,1,0,42,0,''),(850,16,268,1,0,0,0,''),(850,16,269,1,0,1,0,''),(850,16,277,1,0,10,0,''),(851,54,119,1,0,14,0,''),(851,54,262,1,0,0,0,''),(851,54,263,1,0,0,0,''),(851,54,265,1,0,42,0,''),(851,54,268,1,0,0,0,''),(851,54,269,1,0,1,0,''),(852,116,119,1,0,85,0,''),(852,116,262,1,0,0,0,''),(852,116,263,1,0,0,0,''),(852,116,265,1,0,42,0,''),(852,116,268,1,0,0,0,''),(852,116,269,1,0,1,0,''),(853,54,119,1,0,14,0,''),(853,54,262,1,0,0,0,''),(853,54,263,1,0,0,0,''),(853,54,265,1,0,42,0,''),(853,54,268,1,0,0,0,''),(853,54,269,1,0,1,0,''),(854,94,119,1,0,64,0,''),(854,94,262,1,0,0,0,''),(854,94,263,1,0,0,0,''),(854,94,265,1,0,42,0,''),(854,94,268,1,0,0,0,''),(854,94,269,1,0,1,0,''),(854,94,297,1,0,40,0,''),(854,94,298,1,0,1,0,''),(855,106,119,1,0,75,0,''),(855,106,262,1,0,0,0,''),(855,106,263,1,0,0,0,''),(855,106,265,1,0,42,0,''),(855,106,268,1,0,0,0,''),(855,106,269,1,0,1,0,''),(856,107,119,1,0,76,0,''),(856,107,262,1,0,0,0,''),(856,107,263,1,0,0,0,''),(856,107,265,1,0,42,0,''),(856,107,268,1,0,0,0,''),(856,107,269,1,0,1,0,''),(857,13,119,1,0,2,0,''),(857,13,262,1,0,0,0,''),(857,13,263,1,0,0,0,''),(857,13,265,1,0,42,0,''),(857,13,268,1,0,0,0,''),(857,13,269,1,0,1,0,''),(857,13,273,1,0,6,0,''),(858,94,119,1,0,64,0,''),(858,94,262,1,0,0,0,''),(858,94,263,1,0,0,0,''),(858,94,265,1,0,42,0,''),(858,94,268,1,0,0,0,''),(858,94,269,1,0,1,0,''),(858,94,297,1,0,40,0,''),(859,14,119,1,0,6,0,''),(859,14,262,1,0,0,0,''),(859,14,263,1,0,0,0,''),(859,14,265,1,0,42,0,''),(859,14,268,1,0,0,0,''),(859,14,269,1,0,1,0,''),(859,14,283,1,0,19,0,''),(859,14,284,1,0,1,0,''),(860,14,119,1,0,6,0,''),(860,14,262,1,0,0,0,''),(860,14,263,1,0,0,0,''),(860,14,265,1,0,42,0,''),(860,14,268,1,0,0,0,''),(860,14,269,1,0,2,0,''),(861,5,119,1,0,4,0,''),(861,5,262,1,0,0,0,''),(861,5,263,1,0,0,0,''),(861,5,265,1,0,42,0,''),(861,5,268,1,0,0,0,''),(861,5,269,1,0,1,0,''),(861,5,279,1,0,14,0,''),(862,5,119,1,0,4,0,''),(862,5,262,1,0,0,0,''),(862,5,263,1,0,0,0,''),(862,5,265,1,0,42,0,''),(862,5,268,1,0,0,0,''),(862,5,269,1,0,1,0,''),(864,88,119,1,0,58,0,''),(864,88,262,1,0,0,0,''),(864,88,263,1,0,0,0,''),(864,88,265,1,0,42,0,''),(864,88,268,1,0,0,0,''),(864,88,269,1,0,1,0,''),(865,94,119,1,0,64,0,''),(865,94,262,1,0,0,0,''),(865,94,263,1,0,0,0,''),(865,94,265,1,0,42,0,''),(865,94,268,1,0,0,0,''),(865,94,269,1,0,1,0,''),(865,94,297,1,0,40,0,''),(866,114,119,1,0,83,0,''),(866,114,262,1,0,0,0,''),(866,114,263,1,0,0,0,''),(866,114,265,1,0,42,0,''),(866,114,268,1,0,0,0,''),(866,114,269,1,0,1,0,''),(867,15,119,1,0,7,0,''),(867,15,262,1,0,0,0,''),(867,15,263,1,0,0,0,''),(867,15,265,1,0,42,0,''),(867,15,268,1,0,0,0,''),(867,15,269,1,0,1,0,''),(867,15,285,1,0,23,0,''),(868,88,119,1,0,58,0,''),(868,88,262,1,0,0,0,''),(868,88,263,1,0,0,0,''),(868,88,265,1,0,42,0,''),(868,88,268,1,0,0,0,''),(868,88,269,1,0,1,0,''),(869,16,119,1,0,3,0,''),(869,16,262,1,0,0,0,''),(869,16,263,1,0,0,0,''),(869,16,265,1,0,42,0,''),(869,16,268,1,0,0,0,''),(869,16,269,1,0,1,0,''),(869,16,277,1,0,12,0,''),(870,94,119,1,0,64,0,''),(870,94,262,1,0,0,0,''),(870,94,263,1,0,0,0,''),(870,94,265,1,0,42,0,''),(870,94,268,1,0,0,0,''),(870,94,269,1,0,1,0,''),(870,94,297,1,0,41,0,''),(871,63,119,1,0,29,0,''),(871,63,262,1,0,0,0,''),(871,63,263,1,0,0,0,''),(871,63,265,1,0,42,0,''),(871,63,268,1,0,0,0,''),(871,63,269,1,0,1,0,''),(872,94,119,1,0,64,0,''),(872,94,262,1,0,0,0,''),(872,94,263,1,0,0,0,''),(872,94,265,1,0,42,0,''),(872,94,268,1,0,0,0,''),(872,94,269,1,0,1,0,''),(872,94,297,1,0,40,0,''),(873,106,119,1,0,75,0,''),(873,106,262,1,0,0,0,''),(873,106,263,1,0,0,0,''),(873,106,265,1,0,42,0,''),(873,106,268,1,0,0,0,''),(873,106,269,1,0,1,0,''),(875,27,119,1,0,19,0,''),(875,27,262,1,0,0,0,''),(875,27,263,1,0,0,0,''),(875,27,265,1,0,42,0,''),(875,27,268,1,0,0,0,''),(875,27,269,1,0,1,0,''),(876,94,119,1,0,64,0,''),(876,94,262,1,0,0,0,''),(876,94,263,1,0,0,0,''),(876,94,265,1,0,42,0,''),(876,94,268,1,0,0,0,''),(876,94,269,1,0,1,0,''),(876,94,297,1,0,42,0,''),(877,94,119,1,0,64,0,''),(877,94,262,1,0,0,0,''),(877,94,263,1,0,0,0,''),(877,94,265,1,0,42,0,''),(877,94,268,1,0,0,0,''),(877,94,269,1,0,1,0,''),(878,94,119,1,0,64,0,''),(878,94,262,1,0,0,0,''),(878,94,263,1,0,0,0,''),(878,94,265,1,0,42,0,''),(878,94,268,1,0,0,0,''),(878,94,269,1,0,1,0,''),(878,94,297,1,0,42,0,''),(879,92,119,1,0,62,0,''),(879,92,262,1,0,0,0,''),(879,92,263,1,0,0,0,''),(879,92,265,1,0,42,0,''),(879,92,268,1,0,0,0,''),(879,92,269,1,0,1,0,''),(879,92,293,1,0,35,0,''),(880,54,119,1,0,14,0,''),(880,54,262,1,0,0,0,''),(880,54,263,1,0,0,0,''),(880,54,265,1,0,42,0,''),(880,54,268,1,0,0,0,''),(880,54,269,1,0,1,0,''),(881,54,119,1,0,14,0,''),(881,54,262,1,0,0,0,''),(881,54,263,1,0,0,0,''),(881,54,265,1,0,42,0,''),(881,54,268,1,0,0,0,''),(881,54,269,1,0,1,0,''),(882,107,119,1,0,76,0,''),(882,107,262,1,0,0,0,''),(882,107,263,1,0,0,0,''),(882,107,265,1,0,42,0,''),(882,107,268,1,0,0,0,''),(882,107,269,1,0,1,0,''),(884,0,119,1,0,0,0,''),(884,0,262,1,0,0,0,''),(884,0,263,1,0,0,0,''),(884,0,265,1,0,42,0,''),(884,0,268,1,0,0,0,''),(884,0,269,1,0,1,0,''),(885,16,119,1,0,3,0,''),(885,16,262,1,0,0,0,''),(885,16,263,1,0,0,0,''),(885,16,265,1,0,42,0,''),(885,16,268,1,0,0,0,''),(885,16,269,1,0,1,0,''),(885,16,277,1,0,12,0,''),(886,16,119,1,0,3,0,''),(886,16,262,1,0,0,0,''),(886,16,263,1,0,0,0,''),(886,16,265,1,0,42,0,''),(886,16,268,1,0,0,0,''),(886,16,269,1,0,1,0,''),(889,14,119,1,0,6,0,''),(889,14,262,1,0,0,0,''),(889,14,263,1,0,0,0,''),(889,14,265,1,0,42,0,''),(889,14,268,1,0,0,0,''),(889,14,269,1,0,1,0,''),(889,14,283,1,0,20,0,''),(890,16,119,1,0,3,0,''),(890,16,262,1,0,0,0,''),(890,16,263,1,0,0,0,''),(890,16,265,1,0,42,0,''),(890,16,268,1,0,0,0,''),(890,16,269,1,0,3,0,''),(890,16,277,1,0,12,0,''),(891,108,119,1,0,77,0,''),(891,108,262,1,0,0,0,''),(891,108,263,1,0,0,0,''),(891,108,265,1,0,42,0,''),(891,108,268,1,0,0,0,''),(891,108,269,1,0,1,0,''),(892,16,119,1,0,3,0,''),(892,16,262,1,0,0,0,''),(892,16,263,1,0,0,0,''),(892,16,265,1,0,42,0,''),(892,16,268,1,0,0,0,''),(892,16,269,1,0,4,0,''),(892,16,277,1,0,12,0,''),(893,90,119,1,0,60,0,''),(893,90,262,1,0,0,0,''),(893,90,263,1,0,0,0,''),(893,90,265,1,0,42,0,''),(893,90,268,1,0,0,0,''),(893,90,269,1,0,1,0,''),(894,92,119,1,0,62,0,''),(894,92,262,1,0,0,0,''),(894,92,263,1,0,0,0,''),(894,92,265,1,0,42,0,''),(894,92,268,1,0,0,0,''),(894,92,269,1,0,1,0,''),(894,92,293,1,0,35,0,''),(895,15,119,1,0,7,0,''),(895,15,262,1,0,0,0,''),(895,15,263,1,0,0,0,''),(895,15,265,1,0,42,0,''),(895,15,268,1,0,0,0,''),(895,15,269,1,0,1,0,''),(895,15,285,1,0,23,0,''),(897,113,119,1,0,82,0,''),(897,113,262,1,0,0,0,''),(897,113,263,1,0,0,0,''),(897,113,265,1,0,42,0,''),(897,113,268,1,0,0,0,''),(897,113,269,1,0,3,0,''),(899,16,119,1,0,3,0,''),(899,16,262,1,0,0,0,''),(899,16,263,1,0,0,0,''),(899,16,265,1,0,42,0,''),(899,16,268,1,0,0,0,''),(899,16,269,1,0,2,0,''),(899,16,277,1,0,10,0,''),(900,16,119,1,0,3,0,''),(900,16,262,1,0,0,0,''),(900,16,263,1,0,0,0,''),(900,16,265,1,0,42,0,''),(900,16,268,1,0,0,0,''),(900,16,269,1,0,1,0,''),(900,16,277,1,0,12,0,''),(901,40,119,1,0,31,0,''),(901,40,262,1,0,0,0,''),(901,40,263,1,0,0,0,''),(901,40,265,1,0,42,0,''),(901,40,268,1,0,0,0,''),(901,40,269,1,0,1,0,''),(902,16,119,1,0,3,0,''),(902,16,262,1,0,0,0,''),(902,16,263,1,0,0,0,''),(902,16,265,1,0,42,0,''),(902,16,268,1,0,0,0,''),(902,16,269,1,0,1,0,''),(902,16,277,1,0,12,0,''),(903,23,119,1,0,1,0,''),(903,23,262,1,0,0,0,''),(903,23,263,1,0,0,0,''),(903,23,265,1,0,42,0,''),(903,23,268,1,0,0,0,''),(903,23,269,1,0,1,0,''),(903,23,270,1,0,3,0,''),(904,15,119,1,0,7,0,''),(904,15,262,1,0,0,0,''),(904,15,263,1,0,0,0,''),(904,15,265,1,0,42,0,''),(904,15,268,1,0,0,0,''),(904,15,269,1,0,1,0,''),(904,15,285,1,0,23,0,''),(905,24,119,1,0,16,0,''),(905,24,262,1,0,0,0,''),(905,24,263,1,0,0,0,''),(905,24,265,1,0,42,0,''),(905,24,268,1,0,0,0,''),(905,24,269,1,0,1,0,''),(906,54,119,1,0,14,0,''),(906,54,262,1,0,0,0,''),(906,54,263,1,0,0,0,''),(906,54,265,1,0,42,0,''),(906,54,268,1,0,0,0,''),(906,54,269,1,0,1,0,''),(907,56,119,1,0,25,0,''),(907,56,262,1,0,0,0,''),(907,56,263,1,0,0,0,''),(907,56,265,1,0,42,0,''),(907,56,268,1,0,0,0,''),(907,56,269,1,0,1,0,''),(908,55,119,1,0,15,0,''),(908,55,262,1,0,0,0,''),(908,55,263,1,0,0,0,''),(908,55,265,1,0,42,0,''),(908,55,268,1,0,0,0,''),(908,55,269,1,0,1,0,''),(909,20,119,1,0,13,0,''),(909,20,262,1,0,0,0,''),(909,20,263,1,0,0,0,''),(909,20,265,1,0,42,0,''),(909,20,268,1,0,0,0,''),(909,20,269,1,0,1,0,''),(910,45,119,1,0,11,0,''),(910,45,262,1,0,0,0,''),(910,45,263,1,0,0,0,''),(910,45,265,1,0,42,0,''),(910,45,268,1,0,0,0,''),(910,45,269,1,0,1,0,''),(911,52,119,1,0,24,0,''),(911,52,262,1,0,0,0,''),(911,52,263,1,0,0,0,''),(911,52,265,1,0,42,0,''),(911,52,268,1,0,0,0,''),(911,52,269,1,0,1,0,''),(912,28,119,1,0,20,0,''),(912,28,262,1,0,0,0,''),(912,28,263,1,0,0,0,''),(912,28,265,1,0,42,0,''),(912,28,268,1,0,0,0,''),(912,28,269,1,0,1,0,''),(913,26,119,1,0,18,0,''),(913,26,262,1,0,0,0,''),(913,26,263,1,0,0,0,''),(913,26,265,1,0,42,0,''),(913,26,268,1,0,0,0,''),(913,26,269,1,0,1,0,''),(914,27,119,1,0,19,0,''),(914,27,262,1,0,0,0,''),(914,27,263,1,0,0,0,''),(914,27,265,1,0,42,0,''),(914,27,268,1,0,0,0,''),(914,27,269,1,0,1,0,''),(915,25,119,1,0,17,0,''),(915,25,262,1,0,0,0,''),(915,25,263,1,0,0,0,''),(915,25,265,1,0,42,0,''),(915,25,268,1,0,0,0,''),(915,25,269,1,0,1,0,''),(916,61,119,1,0,22,0,''),(916,61,262,1,0,0,0,''),(916,61,263,1,0,0,0,''),(916,61,265,1,0,42,0,''),(916,61,268,1,0,0,0,''),(916,61,269,1,0,1,0,''),(917,33,119,1,0,23,0,''),(917,33,262,1,0,0,0,''),(917,33,263,1,0,0,0,''),(917,33,265,1,0,42,0,''),(917,33,268,1,0,0,0,''),(917,33,269,1,0,1,0,''),(918,29,119,1,0,21,0,''),(918,29,262,1,0,0,0,''),(918,29,263,1,0,0,0,''),(918,29,265,1,0,42,0,''),(918,29,268,1,0,0,0,''),(918,29,269,1,0,1,0,''),(919,65,119,1,0,28,0,''),(919,65,262,1,0,0,0,''),(919,65,263,1,0,0,0,''),(919,65,265,1,0,42,0,''),(919,65,268,1,0,0,0,''),(919,65,269,1,0,1,0,''),(920,64,119,1,0,26,0,''),(920,64,262,1,0,0,0,''),(920,64,263,1,0,0,0,''),(920,64,265,1,0,42,0,''),(920,64,268,1,0,0,0,''),(920,64,269,1,0,1,0,''),(921,42,119,1,0,33,0,''),(921,42,262,1,0,0,0,''),(921,42,263,1,0,0,0,''),(921,42,265,1,0,42,0,''),(921,42,268,1,0,0,0,''),(921,42,269,1,0,1,0,''),(922,40,119,1,0,31,0,''),(922,40,262,1,0,0,0,''),(922,40,263,1,0,0,0,''),(922,40,265,1,0,42,0,''),(922,40,268,1,0,0,0,''),(922,40,269,1,0,1,0,''),(923,13,119,1,0,2,0,''),(923,13,262,1,0,0,0,''),(923,13,263,1,0,0,0,''),(923,13,265,1,0,42,0,''),(923,13,268,1,0,0,0,''),(923,13,269,1,0,1,0,''),(923,13,273,1,0,6,0,''),(924,94,119,1,0,64,0,''),(924,94,262,1,0,0,0,''),(924,94,263,1,0,0,0,''),(924,94,265,1,0,42,0,''),(924,94,268,1,0,0,0,''),(924,94,269,1,0,1,0,''),(924,94,297,1,0,41,0,''),(925,16,119,1,0,3,0,''),(925,16,262,1,0,0,0,''),(925,16,263,1,0,0,0,''),(925,16,265,1,0,42,0,''),(925,16,268,1,0,0,0,''),(925,16,269,1,0,1,0,''),(925,16,277,1,0,11,0,''),(926,19,119,1,0,12,0,''),(926,19,262,1,0,0,0,''),(926,19,263,1,0,0,0,''),(926,19,265,1,0,42,0,''),(926,19,268,1,0,0,0,''),(926,19,269,1,0,1,0,''),(927,16,119,1,0,3,0,''),(927,16,262,1,0,0,0,''),(927,16,263,1,0,0,0,''),(927,16,265,1,0,42,0,''),(927,16,268,1,0,0,0,''),(927,16,269,1,0,1,0,''),(927,16,277,1,0,12,0,''),(927,16,278,1,0,1,0,''),(928,79,119,1,0,49,0,''),(928,79,262,1,0,0,0,''),(928,79,263,1,0,0,0,''),(928,79,265,1,0,42,0,''),(928,79,268,1,0,0,0,''),(928,79,269,1,0,1,0,''),(928,79,289,1,0,29,0,''),(931,73,119,1,0,43,0,''),(931,73,262,1,0,0,0,''),(931,73,263,1,0,0,0,''),(931,73,265,1,0,42,0,''),(931,73,268,1,0,0,0,''),(931,73,269,1,0,1,0,''),(931,73,287,1,0,26,0,''),(932,16,119,1,0,3,0,''),(932,16,262,1,0,0,0,''),(932,16,263,1,0,0,0,''),(932,16,265,1,0,42,0,''),(932,16,268,1,0,0,0,''),(932,16,269,1,0,1,0,''),(932,16,277,1,0,11,0,''),(938,94,119,1,0,64,0,''),(938,94,262,1,0,0,0,''),(938,94,263,1,0,0,0,''),(938,94,265,1,0,42,0,''),(938,94,268,1,0,0,0,''),(938,94,269,1,0,1,0,''),(938,94,297,1,0,40,0,''),(939,79,119,1,0,49,0,''),(939,79,262,1,0,0,0,''),(939,79,263,1,0,0,0,''),(939,79,265,1,0,42,0,''),(939,79,268,1,0,0,0,''),(939,79,269,1,0,1,0,''),(939,79,289,1,0,29,0,''),(940,15,119,1,0,7,0,''),(940,15,262,1,0,0,0,''),(940,15,263,1,0,0,0,''),(940,15,265,1,0,42,0,''),(940,15,268,1,0,0,0,''),(940,15,269,1,0,1,0,''),(940,15,285,1,0,23,0,''),(940,15,286,1,0,1,0,''),(941,89,119,1,0,59,0,''),(941,89,262,1,0,0,0,''),(941,89,263,1,0,0,0,''),(941,89,265,1,0,42,0,''),(941,89,268,1,0,0,0,''),(941,89,269,1,0,1,0,''),(942,16,119,1,0,3,0,''),(942,16,262,1,0,0,0,''),(942,16,263,1,0,0,0,''),(942,16,265,1,0,42,0,''),(942,16,268,1,0,0,0,''),(942,16,269,1,0,1,0,''),(942,16,277,1,0,12,0,''),(943,13,119,1,0,2,0,''),(943,13,262,1,0,0,0,''),(943,13,263,1,0,0,0,''),(943,13,265,1,0,42,0,''),(943,13,268,1,0,0,0,''),(943,13,269,1,0,1,0,''),(943,13,273,1,0,6,0,''),(944,15,119,1,0,7,0,''),(944,15,262,1,0,0,0,''),(944,15,263,1,0,0,0,''),(944,15,265,1,0,42,0,''),(944,15,268,1,0,0,0,''),(944,15,269,1,0,4,0,''),(944,15,285,1,0,23,0,''),(945,6,119,1,0,5,0,''),(945,6,262,1,0,0,0,''),(945,6,263,1,0,0,0,''),(945,6,265,1,0,42,0,''),(945,6,268,1,0,0,0,''),(945,6,269,1,0,1,0,''),(945,6,281,1,0,16,0,''),(946,29,119,1,0,21,0,''),(946,29,262,1,0,0,0,''),(946,29,263,1,0,0,0,''),(946,29,265,1,0,42,0,''),(946,29,268,1,0,0,0,''),(946,29,269,1,0,1,0,''),(947,117,119,1,0,86,0,''),(947,117,262,1,0,0,0,''),(947,117,263,1,0,0,0,''),(947,117,265,1,0,42,0,''),(947,117,268,1,0,0,0,''),(947,117,269,1,0,1,0,''),(948,16,119,1,0,3,0,''),(948,16,262,1,0,0,0,''),(948,16,263,1,0,0,0,''),(948,16,265,1,0,42,0,''),(948,16,268,1,0,0,0,''),(948,16,269,1,0,1,0,''),(948,16,277,1,0,10,0,''),(949,13,119,1,0,2,0,''),(949,13,262,1,0,0,0,''),(949,13,263,1,0,0,0,''),(949,13,265,1,0,42,0,''),(949,13,268,1,0,0,0,''),(949,13,269,1,0,1,0,''),(949,13,273,1,0,4,0,''),(950,94,119,1,0,64,0,''),(950,94,262,1,0,0,0,''),(950,94,263,1,0,0,0,''),(950,94,265,1,0,42,0,''),(950,94,268,1,0,0,0,''),(950,94,269,1,0,1,0,''),(950,94,297,1,0,40,0,''),(951,94,119,1,0,64,0,''),(951,94,262,1,0,0,0,''),(951,94,263,1,0,0,0,''),(951,94,265,1,0,42,0,''),(951,94,268,1,0,0,0,''),(951,94,269,1,0,1,0,''),(951,94,297,1,0,40,0,''),(952,13,119,1,0,2,0,''),(952,13,262,1,0,0,0,''),(952,13,263,1,0,0,0,''),(952,13,265,1,0,42,0,''),(952,13,268,1,0,0,0,''),(952,13,269,1,0,1,0,''),(952,13,273,1,0,4,0,''),(953,94,119,1,0,64,0,''),(953,94,262,1,0,0,0,''),(953,94,263,1,0,0,0,''),(953,94,265,1,0,42,0,''),(953,94,268,1,0,0,0,''),(953,94,269,1,0,1,0,''),(953,94,297,1,0,40,0,''),(954,16,119,1,0,3,0,''),(954,16,262,1,0,0,0,''),(954,16,263,1,0,0,0,''),(954,16,265,1,0,42,0,''),(954,16,268,1,0,0,0,''),(954,16,269,1,0,2,0,''),(954,16,277,1,0,10,0,''),(954,16,278,1,0,1,0,''),(955,23,119,1,0,1,0,''),(955,23,262,1,0,0,0,''),(955,23,263,1,0,0,0,''),(955,23,265,1,0,42,0,''),(955,23,268,1,0,0,0,''),(955,23,269,1,0,1,0,''),(955,23,270,1,0,1,0,''),(956,23,119,1,0,1,0,''),(956,23,262,1,0,0,0,''),(956,23,263,1,0,0,0,''),(956,23,265,1,0,42,0,''),(956,23,268,1,0,0,0,''),(956,23,269,1,0,1,0,''),(956,23,270,1,0,3,0,''),(957,23,119,1,0,1,0,''),(957,23,262,1,0,0,0,''),(957,23,263,1,0,0,0,''),(957,23,265,1,0,42,0,''),(957,23,268,1,0,0,0,''),(957,23,269,1,0,2,0,''),(957,23,270,1,0,1,0,''),(958,90,119,1,0,60,0,''),(958,90,262,1,0,0,0,''),(958,90,263,1,0,0,0,''),(958,90,265,1,0,42,0,''),(958,90,268,1,0,0,0,''),(958,90,269,1,0,1,0,''),(959,89,119,1,0,59,0,''),(959,89,262,1,0,0,0,''),(959,89,263,1,0,0,0,''),(959,89,265,1,0,42,0,''),(959,89,268,1,0,0,0,''),(959,89,269,1,0,1,0,''),(960,6,119,1,0,5,0,''),(960,6,262,1,0,0,0,''),(960,6,263,1,0,0,0,''),(960,6,265,1,0,42,0,''),(960,6,268,1,0,0,0,''),(960,6,269,1,0,1,0,''),(960,6,281,1,0,17,0,''),(961,116,119,1,0,85,0,''),(961,116,262,1,0,0,0,''),(961,116,263,1,0,0,0,''),(961,116,265,1,0,42,0,''),(961,116,268,1,0,0,0,''),(961,116,269,1,0,1,0,''),(962,16,119,1,0,3,0,''),(962,16,262,1,0,0,0,''),(962,16,263,1,0,0,0,''),(962,16,265,1,0,42,0,''),(962,16,268,1,0,0,0,''),(962,16,269,1,0,1,0,''),(962,16,277,1,0,11,0,''),(963,92,119,1,0,62,0,''),(963,92,262,1,0,0,0,''),(963,92,263,1,0,0,0,''),(963,92,265,1,0,42,0,''),(963,92,268,1,0,0,0,''),(963,92,269,1,0,1,0,''),(963,92,293,1,0,35,0,''),(964,79,119,1,0,49,0,''),(964,79,262,1,0,0,0,''),(964,79,263,1,0,0,0,''),(964,79,265,1,0,42,0,''),(964,79,268,1,0,0,0,''),(964,79,269,1,0,1,0,''),(964,79,289,1,0,29,0,''),(965,14,119,1,0,6,0,''),(965,14,262,1,0,0,0,''),(965,14,263,1,0,0,0,''),(965,14,265,1,0,42,0,''),(965,14,268,1,0,0,0,''),(965,14,269,1,0,1,0,''),(965,14,283,1,0,20,0,''),(966,102,119,1,0,63,0,''),(966,102,262,1,0,0,0,''),(966,102,263,1,0,0,0,''),(966,102,265,1,0,42,0,''),(966,102,268,1,0,0,0,''),(966,102,269,1,0,1,0,''),(966,102,295,1,0,38,0,''),(967,15,119,1,0,7,0,''),(967,15,262,1,0,0,0,''),(967,15,263,1,0,0,0,''),(967,15,265,1,0,42,0,''),(967,15,268,1,0,0,0,''),(967,15,269,1,0,1,0,''),(967,15,285,1,0,23,0,''),(968,6,119,1,0,5,0,''),(968,6,262,1,0,0,0,''),(968,6,263,1,0,0,0,''),(968,6,265,1,0,42,0,''),(968,6,268,1,0,0,0,''),(968,6,269,1,0,1,0,''),(968,6,281,1,0,17,0,''),(970,94,119,1,0,64,0,''),(970,94,262,1,0,0,0,''),(970,94,263,1,0,0,0,''),(970,94,265,1,0,42,0,''),(970,94,268,1,0,0,0,''),(970,94,269,1,0,2,0,''),(970,94,297,1,0,42,0,''),(971,16,119,1,0,3,0,''),(971,16,262,1,0,0,0,''),(971,16,263,1,0,0,0,''),(971,16,265,1,0,42,0,''),(971,16,268,1,0,0,0,''),(971,16,269,1,0,1,0,''),(971,16,277,1,0,12,0,''),(972,23,119,1,0,1,0,''),(972,23,262,1,0,0,0,''),(972,23,263,1,0,0,0,''),(972,23,265,1,0,42,0,''),(972,23,268,1,0,0,0,''),(972,23,269,1,0,1,0,''),(972,23,270,1,0,3,0,''),(973,16,119,1,0,3,0,''),(973,16,262,1,0,0,0,''),(973,16,263,1,0,0,0,''),(973,16,265,1,0,42,0,''),(973,16,268,1,0,0,0,''),(973,16,269,1,0,2,0,''),(973,16,277,1,0,12,0,''),(974,23,119,1,0,1,0,''),(974,23,262,1,0,0,0,''),(974,23,263,1,0,0,0,''),(974,23,265,1,0,42,0,''),(974,23,268,1,0,0,0,''),(974,23,269,1,0,1,0,''),(974,23,270,1,0,3,0,''),(975,94,119,1,0,64,0,''),(975,94,262,1,0,0,0,''),(975,94,263,1,0,0,0,''),(975,94,265,1,0,42,0,''),(975,94,268,1,0,0,0,''),(975,94,269,1,0,1,0,''),(975,94,297,1,0,40,0,''),(976,94,119,1,0,64,0,''),(976,94,262,1,0,0,0,''),(976,94,263,1,0,0,0,''),(976,94,265,1,0,42,0,''),(976,94,268,1,0,0,0,''),(976,94,269,1,0,1,0,''),(977,94,119,1,0,64,0,''),(977,94,262,1,0,0,0,''),(977,94,263,1,0,0,0,''),(977,94,265,1,0,42,0,''),(977,94,268,1,0,0,0,''),(977,94,269,1,0,1,0,''),(977,94,297,1,0,40,0,''),(977,94,298,1,0,1,0,''),(978,54,119,1,0,14,0,''),(978,54,262,1,0,0,0,''),(978,54,263,1,0,0,0,''),(978,54,265,1,0,42,0,''),(978,54,268,1,0,0,0,''),(978,54,269,1,0,1,0,''),(979,5,119,1,0,4,0,''),(979,5,262,1,0,0,0,''),(979,5,263,1,0,0,0,''),(979,5,265,1,0,42,0,''),(979,5,268,1,0,0,0,''),(979,5,269,1,0,1,0,''),(979,5,279,1,0,14,0,''),(980,56,119,1,0,25,0,''),(980,56,262,1,0,0,0,''),(980,56,263,1,0,0,0,''),(980,56,265,1,0,42,0,''),(980,56,268,1,0,0,0,''),(980,56,269,1,0,1,0,''),(981,14,119,1,0,6,0,''),(981,14,262,1,0,0,0,''),(981,14,263,1,0,0,0,''),(981,14,265,1,0,42,0,''),(981,14,268,1,0,0,0,''),(981,14,269,1,0,1,0,''),(981,14,283,1,0,19,0,''),(983,94,119,1,0,64,0,''),(983,94,262,1,0,0,0,''),(983,94,263,1,0,0,0,''),(983,94,265,1,0,42,0,''),(983,94,268,1,0,0,0,''),(983,94,269,1,0,2,0,''),(983,94,297,1,0,42,0,''),(984,16,119,1,0,3,0,''),(984,16,262,1,0,0,0,''),(984,16,263,1,0,0,0,''),(984,16,265,1,0,42,0,''),(984,16,268,1,0,0,0,''),(984,16,269,1,0,2,0,''),(984,16,277,1,0,12,0,''),(985,23,119,1,0,1,0,''),(985,23,262,1,0,0,0,''),(985,23,263,1,0,0,0,''),(985,23,265,1,0,42,0,''),(985,23,268,1,0,0,0,''),(985,23,269,1,0,2,0,''),(985,23,270,1,0,3,0,''),(986,73,119,1,0,43,0,''),(986,73,262,1,0,0,0,''),(986,73,263,1,0,0,0,''),(986,73,265,1,0,42,0,''),(986,73,268,1,0,0,0,''),(986,73,269,1,0,1,0,''),(986,73,287,1,0,27,0,''),(987,94,119,1,0,64,0,''),(987,94,262,1,0,0,0,''),(987,94,263,1,0,0,0,''),(987,94,265,1,0,42,0,''),(987,94,268,1,0,0,0,''),(987,94,269,1,0,2,0,''),(987,94,297,1,0,42,0,''),(988,16,119,1,0,3,0,''),(988,16,262,1,0,0,0,''),(988,16,263,1,0,0,0,''),(988,16,265,1,0,42,0,''),(988,16,268,1,0,0,0,''),(988,16,269,1,0,2,0,''),(988,16,277,1,0,12,0,''),(989,23,119,1,0,1,0,''),(989,23,262,1,0,0,0,''),(989,23,263,1,0,0,0,''),(989,23,265,1,0,42,0,''),(989,23,268,1,0,0,0,''),(989,23,269,1,0,2,0,''),(989,23,270,1,0,3,0,''),(990,94,119,1,0,64,0,''),(990,94,262,1,0,0,0,''),(990,94,263,1,0,0,0,''),(990,94,265,1,0,42,0,''),(990,94,268,1,0,0,0,''),(990,94,269,1,0,1,0,''),(990,94,297,1,0,40,0,''),(991,90,119,1,0,60,0,''),(991,90,262,1,0,0,0,''),(991,90,263,1,0,0,0,''),(991,90,265,1,0,42,0,''),(991,90,268,1,0,0,0,''),(991,90,269,1,0,1,0,''),(992,92,119,1,0,62,0,''),(992,92,262,1,0,0,0,''),(992,92,263,1,0,0,0,''),(992,92,265,1,0,42,0,''),(992,92,268,1,0,0,0,''),(992,92,269,1,0,3,0,''),(992,92,293,1,0,35,0,''),(994,23,119,1,0,1,0,''),(994,23,262,1,0,0,0,''),(994,23,263,1,0,0,0,''),(994,23,265,1,0,42,0,''),(994,23,268,1,0,0,0,''),(994,23,269,1,0,1,0,''),(994,23,270,1,0,3,0,''),(995,16,119,1,0,3,0,''),(995,16,262,1,0,0,0,''),(995,16,263,1,0,0,0,''),(995,16,265,1,0,42,0,''),(995,16,268,1,0,0,0,''),(995,16,269,1,0,1,0,''),(995,16,277,1,0,12,0,''),(996,88,119,1,0,58,0,''),(996,88,262,1,0,0,0,''),(996,88,263,1,0,0,0,''),(996,88,265,1,0,42,0,''),(996,88,268,1,0,0,0,''),(996,88,269,1,0,1,0,''),(998,13,119,1,0,2,0,''),(998,13,262,1,0,0,0,''),(998,13,263,1,0,0,0,''),(998,13,265,1,0,42,0,''),(998,13,268,1,0,0,0,''),(998,13,269,1,0,1,0,''),(998,13,273,1,0,6,0,''),(999,92,119,1,0,62,0,''),(999,92,262,1,0,0,0,''),(999,92,263,1,0,0,0,''),(999,92,265,1,0,42,0,''),(999,92,268,1,0,0,0,''),(999,92,269,1,0,1,0,''),(999,92,293,1,0,35,0,''),(1000,117,119,1,0,86,0,''),(1000,117,262,1,0,0,0,''),(1000,117,263,1,0,0,0,''),(1000,117,265,1,0,42,0,''),(1000,117,268,1,0,0,0,''),(1000,117,269,1,0,1,0,''),(1001,112,119,1,0,81,0,''),(1001,112,262,1,0,0,0,''),(1001,112,263,1,0,0,0,''),(1001,112,265,1,0,42,0,''),(1001,112,268,1,0,0,0,''),(1001,112,269,1,0,1,0,''),(1002,116,119,1,0,85,0,''),(1002,116,262,1,0,0,0,''),(1002,116,263,1,0,0,0,''),(1002,116,265,1,0,42,0,''),(1002,116,268,1,0,0,0,''),(1002,116,269,1,0,1,0,''),(1003,94,119,1,0,64,0,''),(1003,94,262,1,0,0,0,''),(1003,94,263,1,0,0,0,''),(1003,94,265,1,0,42,0,''),(1003,94,268,1,0,0,0,''),(1003,94,269,1,0,1,0,''),(1003,94,297,1,0,41,0,''),(1004,116,119,1,0,85,0,''),(1004,116,262,1,0,0,0,''),(1004,116,263,1,0,0,0,''),(1004,116,265,1,0,42,0,''),(1004,116,268,1,0,0,0,''),(1004,116,269,1,0,1,0,''),(1005,94,119,1,0,64,0,''),(1005,94,262,1,0,0,0,''),(1005,94,263,1,0,0,0,''),(1005,94,265,1,0,42,0,''),(1005,94,268,1,0,0,0,''),(1005,94,269,1,0,1,0,''),(1005,94,297,1,0,41,0,''),(1006,16,119,1,0,3,0,''),(1006,16,262,1,0,0,0,''),(1006,16,263,1,0,0,0,''),(1006,16,265,1,0,42,0,''),(1006,16,268,1,0,0,0,''),(1006,16,269,1,0,1,0,''),(1006,16,277,1,0,12,0,''),(1007,92,119,1,0,62,0,''),(1007,92,262,1,0,0,0,''),(1007,92,263,1,0,0,0,''),(1007,92,265,1,0,42,0,''),(1007,92,268,1,0,0,0,''),(1007,92,269,1,0,1,0,''),(1007,92,293,1,0,35,0,''),(1008,117,119,1,0,86,0,''),(1008,117,262,1,0,0,0,''),(1008,117,263,1,0,0,0,''),(1008,117,265,1,0,42,0,''),(1008,117,268,1,0,0,0,''),(1008,117,269,1,0,1,0,''),(1009,112,119,1,0,81,0,''),(1009,112,262,1,0,0,0,''),(1009,112,263,1,0,0,0,''),(1009,112,265,1,0,42,0,''),(1009,112,268,1,0,0,0,''),(1009,112,269,1,0,1,0,''),(1010,55,119,1,0,15,0,''),(1010,55,262,1,0,0,0,''),(1010,55,263,1,0,0,0,''),(1010,55,265,1,0,42,0,''),(1010,55,268,1,0,0,0,''),(1010,55,269,1,0,1,0,''),(1011,26,119,1,0,18,0,''),(1011,26,262,1,0,0,0,''),(1011,26,263,1,0,0,0,''),(1011,26,265,1,0,42,0,''),(1011,26,268,1,0,0,0,''),(1011,26,269,1,0,1,0,''),(1012,54,119,1,0,14,0,''),(1012,54,262,1,0,0,0,''),(1012,54,263,1,0,0,0,''),(1012,54,265,1,0,42,0,''),(1012,54,268,1,0,0,0,''),(1012,54,269,1,0,2,0,''),(1013,19,119,1,0,12,0,''),(1013,19,262,1,0,0,0,''),(1013,19,263,1,0,0,0,''),(1013,19,265,1,0,42,0,''),(1013,19,268,1,0,0,0,''),(1013,19,269,1,0,1,0,''),(1014,16,119,1,0,3,0,''),(1014,16,262,1,0,0,0,''),(1014,16,263,1,0,0,0,''),(1014,16,265,1,0,42,0,''),(1014,16,268,1,0,0,0,''),(1014,16,269,1,0,1,0,''),(1014,16,277,1,0,11,0,''),(1015,90,119,1,0,60,0,''),(1015,90,262,1,0,0,0,''),(1015,90,263,1,0,0,0,''),(1015,90,265,1,0,42,0,''),(1015,90,268,1,0,0,0,''),(1015,90,269,1,0,1,0,''),(1016,23,119,1,0,1,0,''),(1016,23,262,1,0,0,0,''),(1016,23,263,1,0,0,0,''),(1016,23,265,1,0,42,0,''),(1016,23,268,1,0,0,0,''),(1016,23,269,1,0,1,0,''),(1016,23,270,1,0,2,0,''),(1017,6,119,1,0,5,0,''),(1017,6,262,1,0,0,0,''),(1017,6,263,1,0,0,0,''),(1017,6,265,1,0,42,0,''),(1017,6,268,1,0,0,0,''),(1017,6,269,1,0,1,0,''),(1017,6,281,1,0,17,0,''),(1018,16,119,1,0,3,0,''),(1018,16,262,1,0,0,0,''),(1018,16,263,1,0,0,0,''),(1018,16,265,1,0,42,0,''),(1018,16,268,1,0,0,0,''),(1018,16,269,1,0,1,0,''),(1018,16,277,1,0,10,0,''),(1019,23,119,1,0,1,0,''),(1019,23,262,1,0,0,0,''),(1019,23,263,1,0,0,0,''),(1019,23,265,1,0,42,0,''),(1019,23,268,1,0,0,0,''),(1019,23,269,1,0,2,0,''),(1019,23,270,1,0,3,0,''),(1020,16,119,1,0,3,0,''),(1020,16,262,1,0,0,0,''),(1020,16,263,1,0,0,0,''),(1020,16,265,1,0,42,0,''),(1020,16,268,1,0,0,0,''),(1020,16,269,1,0,1,0,''),(1020,16,277,1,0,12,0,''),(1021,92,119,1,0,62,0,''),(1021,92,262,1,0,0,0,''),(1021,92,263,1,0,0,0,''),(1021,92,265,1,0,42,0,''),(1021,92,268,1,0,0,0,''),(1021,92,269,1,0,1,0,''),(1021,92,293,1,0,35,0,''),(1022,94,119,1,0,64,0,''),(1022,94,262,1,0,0,0,''),(1022,94,263,1,0,0,0,''),(1022,94,265,1,0,42,0,''),(1022,94,268,1,0,0,0,''),(1022,94,269,1,0,1,0,''),(1022,94,297,1,0,41,0,''),(1022,94,298,1,0,1,0,''),(1023,73,119,1,0,43,0,''),(1023,73,262,1,0,0,0,''),(1023,73,263,1,0,0,0,''),(1023,73,265,1,0,42,0,''),(1023,73,268,1,0,0,0,''),(1023,73,269,1,0,1,0,''),(1023,73,287,1,0,27,0,''),(1023,73,288,1,0,1,0,''),(1024,14,119,1,0,6,0,''),(1024,14,262,1,0,0,0,''),(1024,14,263,1,0,0,0,''),(1024,14,265,1,0,42,0,''),(1024,14,268,1,0,0,0,''),(1024,14,269,1,0,1,0,''),(1024,14,283,1,0,20,0,''),(1025,16,119,1,0,3,0,''),(1025,16,262,1,0,0,0,''),(1025,16,263,1,0,0,0,''),(1025,16,265,1,0,42,0,''),(1025,16,268,1,0,0,0,''),(1025,16,269,1,0,1,0,''),(1025,16,277,1,0,10,0,''),(1025,16,278,1,0,1,0,''),(1026,13,119,1,0,2,0,''),(1026,13,262,1,0,0,0,''),(1026,13,263,1,0,0,0,''),(1026,13,265,1,0,42,0,''),(1026,13,268,1,0,0,0,''),(1026,13,269,1,0,1,0,''),(1026,13,273,1,0,5,0,''),(1026,13,274,1,0,1,0,''),(1027,13,119,1,0,2,0,''),(1027,13,262,1,0,0,0,''),(1027,13,263,1,0,0,0,''),(1027,13,265,1,0,42,0,''),(1027,13,268,1,0,0,0,''),(1027,13,269,1,0,1,0,''),(1027,13,273,1,0,6,0,''),(1027,13,274,1,0,1,0,''),(1028,13,119,1,0,2,0,''),(1028,13,262,1,0,0,0,''),(1028,13,263,1,0,0,0,''),(1028,13,265,1,0,42,0,''),(1028,13,268,1,0,0,0,''),(1028,13,269,1,0,1,0,''),(1028,13,273,1,0,4,0,''),(1029,16,119,1,0,3,0,''),(1029,16,262,1,0,0,0,''),(1029,16,263,1,0,0,0,''),(1029,16,265,1,0,42,0,''),(1029,16,268,1,0,0,0,''),(1029,16,269,1,0,2,0,''),(1029,16,277,1,0,12,0,''),(1029,16,278,1,0,1,0,''),(1030,13,119,1,0,2,0,''),(1030,13,262,1,0,0,0,''),(1030,13,263,1,0,0,0,''),(1030,13,265,1,0,42,0,''),(1030,13,268,1,0,0,0,''),(1030,13,269,1,0,5,0,''),(1030,13,273,1,0,6,0,''),(1030,13,274,1,0,1,0,''),(1031,13,119,1,0,2,0,''),(1031,13,262,1,0,0,0,''),(1031,13,263,1,0,0,0,''),(1031,13,265,1,0,42,0,''),(1031,13,268,1,0,0,0,''),(1031,13,269,1,0,1,0,''),(1031,13,273,1,0,6,0,''),(1032,92,119,1,0,62,0,''),(1032,92,262,1,0,0,0,''),(1032,92,263,1,0,0,0,''),(1032,92,265,1,0,42,0,''),(1032,92,268,1,0,0,0,''),(1032,92,269,1,0,1,0,''),(1032,92,293,1,0,34,0,''),(1033,13,119,1,0,2,0,''),(1033,13,262,1,0,0,0,''),(1033,13,263,1,0,0,0,''),(1033,13,265,1,0,42,0,''),(1033,13,268,1,0,0,0,''),(1033,13,269,1,0,1,0,''),(1033,13,273,1,0,6,0,''),(1034,13,119,1,0,2,0,''),(1034,13,262,1,0,0,0,''),(1034,13,263,1,0,0,0,''),(1034,13,265,1,0,42,0,''),(1034,13,268,1,0,0,0,''),(1034,13,269,1,0,2,0,''),(1035,94,119,1,0,64,0,''),(1035,94,262,1,0,0,0,''),(1035,94,263,1,0,0,0,''),(1035,94,265,1,0,42,0,''),(1035,94,268,1,0,0,0,''),(1035,94,269,1,0,1,0,''),(1035,94,297,1,0,41,0,''),(1036,16,119,1,0,3,0,''),(1036,16,262,1,0,0,0,''),(1036,16,263,1,0,0,0,''),(1036,16,265,1,0,42,0,''),(1036,16,268,1,0,0,0,''),(1036,16,269,1,0,1,0,''),(1036,16,277,1,0,12,0,''),(1037,23,119,1,0,1,0,''),(1037,23,262,1,0,0,0,''),(1037,23,263,1,0,0,0,''),(1037,23,265,1,0,42,0,''),(1037,23,268,1,0,0,0,''),(1037,23,269,1,0,1,0,''),(1037,23,270,1,0,3,0,''),(1038,13,119,1,0,2,0,''),(1038,13,262,1,0,0,0,''),(1038,13,263,1,0,0,0,''),(1038,13,265,1,0,42,0,''),(1038,13,268,1,0,0,0,''),(1038,13,269,1,0,1,0,''),(1038,13,273,1,0,5,0,''),(1039,14,119,1,0,6,0,''),(1039,14,262,1,0,0,0,''),(1039,14,263,1,0,0,0,''),(1039,14,265,1,0,42,0,''),(1039,14,268,1,0,0,0,''),(1039,14,269,1,0,3,0,''),(1039,14,283,1,0,20,0,''),(1041,15,119,1,0,7,0,''),(1041,15,262,1,0,0,0,''),(1041,15,263,1,0,0,0,''),(1041,15,265,1,0,42,0,''),(1041,15,268,1,0,0,0,''),(1041,15,269,1,0,1,0,''),(1041,15,285,1,0,22,0,''),(1042,16,119,1,0,3,0,''),(1042,16,262,1,0,0,0,''),(1042,16,263,1,0,0,0,''),(1042,16,265,1,0,42,0,''),(1042,16,268,1,0,0,0,''),(1042,16,269,1,0,1,0,''),(1042,16,277,1,0,11,0,''),(1043,16,119,1,0,3,0,''),(1043,16,262,1,0,0,0,''),(1043,16,263,1,0,0,0,''),(1043,16,265,1,0,42,0,''),(1043,16,268,1,0,0,0,''),(1043,16,269,1,0,1,0,''),(1043,16,277,1,0,12,0,''),(1044,89,119,1,0,59,0,''),(1044,89,262,1,0,0,0,''),(1044,89,263,1,0,0,0,''),(1044,89,265,1,0,42,0,''),(1044,89,268,1,0,0,0,''),(1044,89,269,1,0,1,0,''),(1045,88,119,1,0,58,0,''),(1045,88,262,1,0,0,0,''),(1045,88,263,1,0,0,0,''),(1045,88,265,1,0,42,0,''),(1045,88,268,1,0,0,0,''),(1045,88,269,1,0,1,0,''),(1046,88,119,1,0,58,0,''),(1046,88,262,1,0,0,0,''),(1046,88,263,1,0,0,0,''),(1046,88,265,1,0,42,0,''),(1046,88,268,1,0,0,0,''),(1046,88,269,1,0,1,0,''),(1047,107,119,1,0,76,0,''),(1047,107,262,1,0,0,0,''),(1047,107,263,1,0,0,0,''),(1047,107,265,1,0,42,0,''),(1047,107,268,1,0,0,0,''),(1047,107,269,1,0,1,0,''),(1048,94,119,1,0,64,0,''),(1048,94,262,1,0,0,0,''),(1048,94,263,1,0,0,0,''),(1048,94,265,1,0,42,0,''),(1048,94,268,1,0,0,0,''),(1048,94,269,1,0,1,0,''),(1048,94,297,1,0,41,0,''),(1049,6,119,1,0,5,0,''),(1049,6,262,1,0,0,0,''),(1049,6,263,1,0,0,0,''),(1049,6,265,1,0,42,0,''),(1049,6,268,1,0,0,0,''),(1049,6,269,1,0,2,0,''),(1049,6,281,1,0,17,0,''),(1051,92,119,1,0,62,0,''),(1051,92,262,1,0,0,0,''),(1051,92,263,1,0,0,0,''),(1051,92,265,1,0,42,0,''),(1051,92,268,1,0,0,0,''),(1051,92,269,1,0,1,0,''),(1051,92,293,1,0,35,0,''),(1052,16,119,1,0,3,0,''),(1052,16,262,1,0,0,0,''),(1052,16,263,1,0,0,0,''),(1052,16,265,1,0,42,0,''),(1052,16,268,1,0,0,0,''),(1052,16,269,1,0,1,0,''),(1052,16,277,1,0,12,0,''),(1054,16,119,1,0,3,0,''),(1054,16,262,1,0,0,0,''),(1054,16,263,1,0,0,0,''),(1054,16,265,1,0,42,0,''),(1054,16,268,1,0,0,0,''),(1054,16,269,1,0,1,0,''),(1054,16,277,1,0,12,0,''),(1055,23,119,1,0,1,0,''),(1055,23,262,1,0,0,0,''),(1055,23,263,1,0,0,0,''),(1055,23,265,1,0,42,0,''),(1055,23,268,1,0,0,0,''),(1055,23,269,1,0,1,0,''),(1055,23,270,1,0,3,0,''),(1056,120,119,1,0,89,0,''),(1056,120,262,1,0,0,0,''),(1056,120,263,1,0,0,0,''),(1056,120,265,1,0,42,0,''),(1056,120,268,1,0,0,0,''),(1056,120,269,1,0,1,0,''),(1057,89,119,1,0,59,0,''),(1057,89,262,1,0,0,0,''),(1057,89,263,1,0,0,0,''),(1057,89,265,1,0,42,0,''),(1057,89,268,1,0,0,0,''),(1057,89,269,1,0,1,0,''),(1058,108,119,1,0,77,0,''),(1058,108,262,1,0,0,0,''),(1058,108,263,1,0,0,0,''),(1058,108,265,1,0,42,0,''),(1058,108,268,1,0,0,0,''),(1058,108,269,1,0,1,0,''),(1059,89,119,1,0,59,0,''),(1059,89,262,1,0,0,0,''),(1059,89,263,1,0,0,0,''),(1059,89,265,1,0,42,0,''),(1059,89,268,1,0,0,0,''),(1059,89,269,1,0,1,0,''),(1061,14,119,1,0,6,0,''),(1061,14,262,1,0,0,0,''),(1061,14,263,1,0,0,0,''),(1061,14,265,1,0,42,0,''),(1061,14,268,1,0,0,0,''),(1061,14,269,1,0,1,0,''),(1061,14,283,1,0,20,0,''),(1062,13,119,1,0,2,0,''),(1062,13,262,1,0,0,0,''),(1062,13,263,1,0,0,0,''),(1062,13,265,1,0,42,0,''),(1062,13,268,1,0,0,0,''),(1062,13,269,1,0,1,0,''),(1062,13,273,1,0,6,0,''),(1063,27,119,1,0,19,0,''),(1063,27,262,1,0,0,0,''),(1063,27,263,1,0,0,0,''),(1063,27,265,1,0,42,0,''),(1063,27,268,1,0,0,0,''),(1063,27,269,1,0,1,0,''),(1064,25,119,1,0,17,0,''),(1064,25,262,1,0,0,0,''),(1064,25,263,1,0,0,0,''),(1064,25,265,1,0,42,0,''),(1064,25,268,1,0,0,0,''),(1064,25,269,1,0,1,0,''),(1065,0,119,1,0,99,0,''),(1065,0,262,1,0,0,0,''),(1065,0,263,1,0,0,0,''),(1065,0,265,1,0,42,0,''),(1065,0,268,1,0,0,0,''),(1065,0,269,1,0,1,0,''),(1066,0,119,1,0,99,0,''),(1066,0,262,1,0,0,0,''),(1066,0,263,1,0,0,0,''),(1066,0,265,1,0,42,0,''),(1066,0,268,1,0,0,0,''),(1066,0,269,1,0,1,0,''),(1067,0,119,1,0,99,0,''),(1067,0,262,1,0,0,0,''),(1067,0,263,1,0,0,0,''),(1067,0,265,1,0,42,0,''),(1067,0,268,1,0,0,0,''),(1067,0,269,1,0,1,0,''),(1068,90,119,1,0,60,0,''),(1068,90,262,1,0,0,0,''),(1068,90,263,1,0,0,0,''),(1068,90,265,1,0,42,0,''),(1068,90,268,1,0,0,0,''),(1068,90,269,1,0,1,0,''),(1068,90,292,1,0,1,0,''),(1069,121,119,1,0,90,0,''),(1069,121,262,1,0,0,0,''),(1069,121,263,1,0,0,0,''),(1069,121,265,1,0,42,0,''),(1069,121,268,1,0,0,0,''),(1069,121,269,1,0,1,0,''),(1070,25,119,1,0,17,0,''),(1070,25,262,1,0,0,0,''),(1070,25,263,1,0,0,0,''),(1070,25,265,1,0,42,0,''),(1070,25,268,1,0,0,0,''),(1070,25,269,1,0,1,0,''),(1071,42,119,1,0,33,0,''),(1071,42,262,1,0,0,0,''),(1071,42,263,1,0,0,0,''),(1071,42,265,1,0,42,0,''),(1071,42,268,1,0,0,0,''),(1071,42,269,1,0,1,0,''),(1072,133,119,1,0,99,0,''),(1072,133,262,1,0,0,0,''),(1072,133,263,1,0,0,0,''),(1072,133,265,1,0,42,0,''),(1072,133,268,1,0,0,0,''),(1072,133,269,1,0,1,0,''),(1073,24,119,1,0,16,0,''),(1073,24,262,1,0,0,0,''),(1073,24,263,1,0,0,0,''),(1073,24,265,1,0,42,0,''),(1073,24,268,1,0,0,0,''),(1073,24,269,1,0,2,0,''),(1074,54,119,1,0,14,0,''),(1074,54,262,1,0,0,0,''),(1074,54,263,1,0,0,0,''),(1074,54,265,1,0,42,0,''),(1074,54,268,1,0,0,0,''),(1074,54,269,1,0,2,0,''),(1075,56,119,1,0,25,0,''),(1075,56,262,1,0,0,0,''),(1075,56,263,1,0,0,0,''),(1075,56,265,1,0,42,0,''),(1075,56,268,1,0,0,0,''),(1075,56,269,1,0,1,0,''),(1076,28,119,1,0,20,0,''),(1076,28,262,1,0,0,0,''),(1076,28,263,1,0,0,0,''),(1076,28,265,1,0,42,0,''),(1076,28,268,1,0,0,0,''),(1076,28,269,1,0,1,0,''),(1077,54,119,1,0,14,0,''),(1077,54,262,1,0,0,0,''),(1077,54,263,1,0,0,0,''),(1077,54,265,1,0,42,0,''),(1077,54,268,1,0,0,0,''),(1077,54,269,1,0,1,0,''),(1079,16,119,1,0,3,0,''),(1079,16,262,1,0,0,0,''),(1079,16,263,1,0,0,0,''),(1079,16,265,1,0,42,0,''),(1079,16,268,1,0,0,0,''),(1079,16,269,1,0,1,0,''),(1079,16,277,1,0,12,0,''),(1080,16,119,1,0,3,0,''),(1080,16,262,1,0,0,0,''),(1080,16,263,1,0,0,0,''),(1080,16,265,1,0,42,0,''),(1080,16,268,1,0,0,0,''),(1080,16,269,1,0,6,0,''),(1081,16,119,1,0,3,0,''),(1081,16,262,1,0,0,0,''),(1081,16,263,1,0,0,0,''),(1081,16,265,1,0,42,0,''),(1081,16,268,1,0,0,0,''),(1081,16,269,1,0,1,0,''),(1081,16,277,1,0,12,0,''),(1082,16,119,1,0,3,0,''),(1082,16,262,1,0,0,0,''),(1082,16,263,1,0,0,0,''),(1082,16,265,1,0,42,0,''),(1082,16,268,1,0,0,0,''),(1082,16,269,1,0,1,0,''),(1082,16,277,1,0,12,0,''),(1083,16,119,1,0,3,0,''),(1083,16,262,1,0,0,0,''),(1083,16,263,1,0,0,0,''),(1083,16,265,1,0,42,0,''),(1083,16,268,1,0,0,0,''),(1083,16,269,1,0,1,0,''),(1084,16,119,1,0,3,0,''),(1084,16,262,1,0,0,0,''),(1084,16,263,1,0,0,0,''),(1084,16,265,1,0,42,0,''),(1084,16,268,1,0,0,0,''),(1084,16,269,1,0,1,0,''),(1084,16,277,1,0,10,0,''),(1085,133,119,1,0,99,0,''),(1085,133,262,1,0,0,0,''),(1085,133,263,1,0,0,0,''),(1085,133,265,1,0,42,0,''),(1085,133,268,1,0,0,0,''),(1085,133,269,1,0,1,0,''),(1086,90,119,1,0,60,0,''),(1086,90,262,1,0,0,0,''),(1086,90,263,1,0,0,0,''),(1086,90,265,1,0,42,0,''),(1086,90,268,1,0,0,0,''),(1086,90,269,1,0,2,0,''),(1088,16,119,1,0,3,0,''),(1088,16,262,1,0,0,0,''),(1088,16,263,1,0,0,0,''),(1088,16,265,1,0,42,0,''),(1088,16,268,1,0,0,0,''),(1088,16,269,1,0,2,0,''),(1102,94,119,1,0,64,0,''),(1102,94,262,1,0,0,0,''),(1102,94,263,1,0,0,0,''),(1102,94,265,1,0,42,0,''),(1102,94,268,1,0,0,0,''),(1102,94,269,1,0,2,0,''),(1109,16,119,1,0,3,0,''),(1109,16,262,1,0,0,0,''),(1109,16,263,1,0,0,0,''),(1109,16,265,1,0,42,0,''),(1109,16,268,1,0,0,0,''),(1109,16,269,1,0,6,0,''),(1109,16,277,1,0,12,0,''),(1110,73,119,1,0,43,0,''),(1110,73,262,1,0,0,0,''),(1110,73,263,1,0,0,0,''),(1110,73,265,1,0,42,0,''),(1110,73,268,1,0,0,0,''),(1110,73,269,1,0,1,0,''),(1110,73,287,1,0,25,0,''),(1111,14,119,1,0,6,0,''),(1111,14,262,1,0,0,0,''),(1111,14,263,1,0,0,0,''),(1111,14,265,1,0,42,0,''),(1111,14,268,1,0,0,0,''),(1111,14,269,1,0,1,0,''),(1111,14,283,1,0,19,0,''),(1112,102,119,1,0,63,0,''),(1112,102,262,1,0,0,0,''),(1112,102,263,1,0,0,0,''),(1112,102,265,1,0,42,0,''),(1112,102,268,1,0,0,0,''),(1112,102,269,1,0,1,0,''),(1112,102,295,1,0,37,0,''),(1113,16,119,1,0,3,0,''),(1113,16,262,1,0,0,0,''),(1113,16,263,1,0,0,0,''),(1113,16,265,1,0,42,0,''),(1113,16,268,1,0,0,0,''),(1113,16,269,1,0,6,0,''),(1113,16,277,1,0,12,0,''),(1114,16,119,1,0,3,0,''),(1114,16,262,1,0,0,0,''),(1114,16,263,1,0,0,0,''),(1114,16,265,1,0,42,0,''),(1114,16,268,1,0,0,0,''),(1114,16,269,1,0,6,0,''),(1114,16,277,1,0,12,0,''),(1116,16,119,1,0,3,0,''),(1116,16,262,1,0,0,0,''),(1116,16,263,1,0,0,0,''),(1116,16,265,1,0,42,0,''),(1116,16,268,1,0,0,0,''),(1116,16,269,1,0,2,0,''),(1118,16,119,1,0,3,0,''),(1118,16,262,1,0,0,0,''),(1118,16,263,1,0,0,0,''),(1118,16,265,1,0,42,0,''),(1118,16,268,1,0,0,0,''),(1118,16,269,1,0,1,0,''),(1118,16,277,1,0,12,0,''),(1119,89,119,1,0,59,0,''),(1119,89,262,1,0,0,0,''),(1119,89,263,1,0,0,0,''),(1119,89,265,1,0,42,0,''),(1119,89,268,1,0,0,0,''),(1119,89,269,1,0,2,0,''),(1120,16,119,1,0,3,0,''),(1120,16,262,1,0,0,0,''),(1120,16,263,1,0,0,0,''),(1120,16,265,1,0,42,0,''),(1120,16,268,1,0,0,0,''),(1120,16,269,1,0,1,0,''),(1120,16,277,1,0,12,0,''),(1121,13,119,1,0,2,0,''),(1121,13,262,1,0,0,0,''),(1121,13,263,1,0,0,0,''),(1121,13,265,1,0,42,0,''),(1121,13,268,1,0,0,0,''),(1121,13,269,1,0,1,0,''),(1121,13,273,1,0,6,0,''),(1122,16,119,1,0,3,0,''),(1122,16,262,1,0,0,0,''),(1122,16,263,1,0,0,0,''),(1122,16,265,1,0,42,0,''),(1122,16,268,1,0,0,0,''),(1122,16,269,1,0,2,0,''),(1123,13,119,1,0,2,0,''),(1123,13,262,1,0,0,0,''),(1123,13,263,1,0,0,0,''),(1123,13,265,1,0,42,0,''),(1123,13,268,1,0,0,0,''),(1123,13,269,1,0,2,0,''),(1124,16,119,1,0,3,0,''),(1124,16,262,1,0,0,0,''),(1124,16,263,1,0,0,0,''),(1124,16,265,1,0,42,0,''),(1124,16,268,1,0,0,0,''),(1124,16,269,1,0,1,0,''),(1124,16,277,1,0,12,0,''),(1125,111,119,1,0,80,0,''),(1125,111,262,1,0,0,0,''),(1125,111,263,1,0,0,0,''),(1125,111,265,1,0,42,0,''),(1125,111,268,1,0,0,0,''),(1125,111,269,1,0,1,0,''),(1126,112,119,1,0,81,0,''),(1126,112,262,1,0,0,0,''),(1126,112,263,1,0,0,0,''),(1126,112,265,1,0,42,0,''),(1126,112,268,1,0,0,0,''),(1126,112,269,1,0,1,0,''),(1127,92,119,1,0,62,0,''),(1127,92,262,1,0,0,0,''),(1127,92,263,1,0,0,0,''),(1127,92,265,1,0,42,0,''),(1127,92,268,1,0,0,0,''),(1127,92,269,1,0,1,0,''),(1127,92,293,1,0,35,0,''),(1128,73,119,1,0,43,0,''),(1128,73,262,1,0,0,0,''),(1128,73,263,1,0,0,0,''),(1128,73,265,1,0,42,0,''),(1128,73,268,1,0,0,0,''),(1128,73,269,1,0,1,0,''),(1128,73,287,1,0,26,0,''),(1129,79,119,1,0,49,0,''),(1129,79,262,1,0,0,0,''),(1129,79,263,1,0,0,0,''),(1129,79,265,1,0,42,0,''),(1129,79,268,1,0,0,0,''),(1129,79,269,1,0,1,0,''),(1129,79,289,1,0,29,0,''),(1130,5,119,1,0,4,0,''),(1130,5,262,1,0,0,0,''),(1130,5,263,1,0,0,0,''),(1130,5,265,1,0,42,0,''),(1130,5,268,1,0,0,0,''),(1130,5,269,1,0,1,0,''),(1130,5,279,1,0,14,0,''),(1131,6,119,1,0,5,0,''),(1131,6,262,1,0,0,0,''),(1131,6,263,1,0,0,0,''),(1131,6,265,1,0,42,0,''),(1131,6,268,1,0,0,0,''),(1131,6,269,1,0,1,0,''),(1131,6,281,1,0,17,0,''),(1132,16,119,1,0,3,0,''),(1132,16,262,1,0,0,0,''),(1132,16,263,1,0,0,0,''),(1132,16,265,1,0,42,0,''),(1132,16,268,1,0,0,0,''),(1132,16,269,1,0,1,0,''),(1132,16,277,1,0,11,0,''),(1133,94,119,1,0,64,0,''),(1133,94,262,1,0,0,0,''),(1133,94,263,1,0,0,0,''),(1133,94,265,1,0,42,0,''),(1133,94,268,1,0,0,0,''),(1133,94,269,1,0,1,0,''),(1133,94,297,1,0,41,0,''),(1135,89,119,1,0,59,0,''),(1135,89,262,1,0,0,0,''),(1135,89,263,1,0,0,0,''),(1135,89,265,1,0,42,0,''),(1135,89,268,1,0,0,0,''),(1135,89,269,1,0,1,0,''),(1136,0,119,1,0,0,0,''),(1136,0,262,1,0,0,0,''),(1136,0,263,1,0,0,0,''),(1136,0,265,1,0,42,0,''),(1136,0,268,1,0,0,0,''),(1136,0,269,1,0,1,0,''),(1137,94,119,1,0,64,0,''),(1137,94,262,1,0,0,0,''),(1137,94,263,1,0,0,0,''),(1137,94,265,1,0,42,0,''),(1137,94,268,1,0,0,0,''),(1137,94,269,1,0,1,0,''),(1137,94,297,1,0,42,0,''),(1138,128,119,1,0,97,0,''),(1138,128,262,1,0,0,0,''),(1138,128,263,1,0,0,0,''),(1138,128,265,1,0,42,0,''),(1138,128,268,1,0,0,0,''),(1138,128,269,1,0,1,0,''),(1139,14,119,1,0,6,0,''),(1139,14,262,1,0,0,0,''),(1139,14,263,1,0,0,0,''),(1139,14,265,1,0,42,0,''),(1139,14,268,1,0,0,0,''),(1139,14,269,1,0,1,0,''),(1139,14,283,1,0,20,0,''),(1140,5,119,1,0,4,0,''),(1140,5,262,1,0,0,0,''),(1140,5,263,1,0,0,0,''),(1140,5,265,1,0,42,0,''),(1140,5,268,1,0,0,0,''),(1140,5,269,1,0,1,0,''),(1140,5,279,1,0,14,0,''),(1141,25,119,1,0,17,0,''),(1141,25,262,1,0,0,0,''),(1141,25,263,1,0,0,0,''),(1141,25,265,1,0,42,0,''),(1141,25,268,1,0,0,0,''),(1141,25,269,1,0,1,0,''),(1142,29,119,1,0,21,0,''),(1142,29,262,1,0,0,0,''),(1142,29,263,1,0,0,0,''),(1142,29,265,1,0,42,0,''),(1142,29,268,1,0,0,0,''),(1142,29,269,1,0,1,0,''),(1143,133,119,1,0,99,0,''),(1143,133,262,1,0,0,0,''),(1143,133,263,1,0,0,0,''),(1143,133,265,1,0,42,0,''),(1143,133,268,1,0,0,0,''),(1143,133,269,1,0,1,0,''),(1144,89,119,1,0,59,0,''),(1144,89,262,1,0,0,0,''),(1144,89,263,1,0,0,0,''),(1144,89,265,1,0,42,0,''),(1144,89,268,1,0,0,0,''),(1144,89,269,1,0,1,0,''),(1147,15,119,1,0,7,0,''),(1147,15,262,1,0,0,0,''),(1147,15,263,1,0,0,0,''),(1147,15,265,1,0,42,0,''),(1147,15,268,1,0,0,0,''),(1147,15,269,1,0,2,0,''),(1147,15,285,1,0,23,0,''),(1148,14,119,1,0,6,0,''),(1148,14,262,1,0,0,0,''),(1148,14,263,1,0,0,0,''),(1148,14,265,1,0,42,0,''),(1148,14,268,1,0,0,0,''),(1148,14,269,1,0,1,0,''),(1148,14,283,1,0,20,0,''),(1149,102,119,1,0,63,0,''),(1149,102,262,1,0,0,0,''),(1149,102,263,1,0,0,0,''),(1149,102,265,1,0,42,0,''),(1149,102,268,1,0,0,0,''),(1149,102,269,1,0,1,0,''),(1149,102,295,1,0,38,0,''),(1150,16,119,1,0,3,0,''),(1150,16,262,1,0,0,0,''),(1150,16,263,1,0,0,0,''),(1150,16,265,1,0,42,0,''),(1150,16,268,1,0,0,0,''),(1150,16,269,1,0,1,0,''),(1150,16,277,1,0,12,0,''),(1151,54,119,1,0,14,0,''),(1151,54,262,1,0,0,0,''),(1151,54,263,1,0,0,0,''),(1151,54,265,1,0,42,0,''),(1151,54,268,1,0,0,0,''),(1151,54,269,1,0,1,0,''),(1152,89,119,1,0,59,0,''),(1152,89,262,1,0,0,0,''),(1152,89,263,1,0,0,0,''),(1152,89,265,1,0,42,0,''),(1152,89,268,1,0,0,0,''),(1152,89,269,1,0,1,0,''),(1153,26,119,1,0,18,0,''),(1153,26,262,1,0,0,0,''),(1153,26,263,1,0,0,0,''),(1153,26,265,1,0,42,0,''),(1153,26,268,1,0,0,0,''),(1153,26,269,1,0,1,0,''),(1154,25,119,1,0,17,0,''),(1154,25,262,1,0,0,0,''),(1154,25,263,1,0,0,0,''),(1154,25,265,1,0,42,0,''),(1154,25,268,1,0,0,0,''),(1154,25,269,1,0,1,0,''),(1155,27,119,1,0,19,0,''),(1155,27,262,1,0,0,0,''),(1155,27,263,1,0,0,0,''),(1155,27,265,1,0,42,0,''),(1155,27,268,1,0,0,0,''),(1155,27,269,1,0,1,0,''),(1156,16,119,1,0,3,0,''),(1156,16,262,1,0,0,0,''),(1156,16,263,1,0,0,0,''),(1156,16,265,1,0,42,0,''),(1156,16,268,1,0,0,0,''),(1156,16,269,1,0,1,0,''),(1156,16,277,1,0,12,0,''),(1157,16,119,1,0,3,0,''),(1157,16,262,1,0,0,0,''),(1157,16,263,1,0,0,0,''),(1157,16,265,1,0,42,0,''),(1157,16,268,1,0,0,0,''),(1157,16,269,1,0,6,0,''),(1158,55,119,1,0,15,0,''),(1158,55,262,1,0,0,0,''),(1158,55,263,1,0,0,0,''),(1158,55,265,1,0,42,0,''),(1158,55,268,1,0,0,0,''),(1158,55,269,1,0,1,0,''),(1159,24,119,1,0,16,0,''),(1159,24,262,1,0,0,0,''),(1159,24,263,1,0,0,0,''),(1159,24,265,1,0,42,0,''),(1159,24,268,1,0,0,0,''),(1159,24,269,1,0,1,0,''),(1160,23,119,1,0,1,0,''),(1160,23,262,1,0,0,0,''),(1160,23,263,1,0,0,0,''),(1160,23,265,1,0,42,0,''),(1160,23,268,1,0,0,0,''),(1160,23,269,1,0,1,0,''),(1160,23,270,1,0,1,0,''),(1161,23,119,1,0,1,0,''),(1161,23,262,1,0,0,0,''),(1161,23,263,1,0,0,0,''),(1161,23,265,1,0,42,0,''),(1161,23,268,1,0,0,0,''),(1161,23,269,1,0,1,0,''),(1162,0,119,1,0,0,0,''),(1162,0,262,1,0,0,0,''),(1162,0,263,1,0,0,0,''),(1162,0,265,1,0,42,0,''),(1162,0,268,1,0,0,0,''),(1162,0,269,1,0,1,0,''),(1163,107,119,1,0,76,0,''),(1163,107,262,1,0,0,0,''),(1163,107,263,1,0,0,0,''),(1163,107,265,1,0,42,0,''),(1163,107,268,1,0,0,0,''),(1163,107,269,1,0,1,0,''),(1164,128,119,1,0,97,0,''),(1164,128,262,1,0,0,0,''),(1164,128,263,1,0,0,0,''),(1164,128,265,1,0,42,0,''),(1164,128,268,1,0,0,0,''),(1164,128,269,1,0,1,0,''),(1165,23,119,1,0,1,0,''),(1165,23,262,1,0,0,0,''),(1165,23,263,1,0,0,0,''),(1165,23,265,1,0,42,0,''),(1165,23,268,1,0,0,0,''),(1165,23,269,1,0,1,0,''),(1165,23,270,1,0,1,0,''),(1166,94,119,1,0,64,0,''),(1166,94,262,1,0,0,0,''),(1166,94,263,1,0,0,0,''),(1166,94,265,1,0,42,0,''),(1166,94,268,1,0,0,0,''),(1166,94,269,1,0,1,0,''),(1166,94,297,1,0,40,0,''),(1168,23,119,1,0,1,0,''),(1168,23,262,1,0,0,0,''),(1168,23,263,1,0,0,0,''),(1168,23,265,1,0,42,0,''),(1168,23,268,1,0,0,0,''),(1168,23,269,1,0,4,0,''),(1168,23,270,1,0,3,0,''),(1169,16,119,1,0,3,0,''),(1169,16,262,1,0,0,0,''),(1169,16,263,1,0,0,0,''),(1169,16,265,1,0,42,0,''),(1169,16,268,1,0,0,0,''),(1169,16,269,1,0,3,0,''),(1169,16,277,1,0,12,0,''),(1170,13,119,1,0,2,0,''),(1170,13,262,1,0,0,0,''),(1170,13,263,1,0,0,0,''),(1170,13,265,1,0,42,0,''),(1170,13,268,1,0,0,0,''),(1170,13,269,1,0,4,0,''),(1170,13,273,1,0,6,0,''),(1171,73,119,1,0,43,0,''),(1171,73,262,1,0,0,0,''),(1171,73,263,1,0,0,0,''),(1171,73,265,1,0,42,0,''),(1171,73,268,1,0,0,0,''),(1171,73,269,1,0,1,0,''),(1171,73,287,1,0,27,0,''),(1172,89,119,1,0,59,0,''),(1172,89,262,1,0,0,0,''),(1172,89,263,1,0,0,0,''),(1172,89,265,1,0,42,0,''),(1172,89,268,1,0,0,0,''),(1172,89,269,1,0,1,0,''),(1173,16,119,1,0,3,0,''),(1173,16,262,1,0,0,0,''),(1173,16,263,1,0,0,0,''),(1173,16,265,1,0,42,0,''),(1173,16,268,1,0,0,0,''),(1173,16,269,1,0,1,0,''),(1173,16,277,1,0,12,0,''),(1174,16,119,1,0,3,0,''),(1174,16,262,1,0,0,0,''),(1174,16,263,1,0,0,0,''),(1174,16,265,1,0,42,0,''),(1174,16,268,1,0,0,0,''),(1174,16,269,1,0,6,0,''),(1175,16,119,1,0,3,0,''),(1175,16,262,1,0,0,0,''),(1175,16,263,1,0,0,0,''),(1175,16,265,1,0,42,0,''),(1175,16,268,1,0,0,0,''),(1175,16,269,1,0,1,0,''),(1175,16,277,1,0,12,0,''),(1176,16,119,1,0,3,0,''),(1176,16,262,1,0,0,0,''),(1176,16,263,1,0,0,0,''),(1176,16,265,1,0,42,0,''),(1176,16,268,1,0,0,0,''),(1176,16,269,1,0,6,0,''),(1177,94,119,1,0,64,0,''),(1177,94,262,1,0,0,0,''),(1177,94,263,1,0,0,0,''),(1177,94,265,1,0,42,0,''),(1177,94,268,1,0,0,0,''),(1177,94,269,1,0,2,0,''),(1177,94,297,1,0,42,0,''),(1179,16,119,1,0,3,0,''),(1179,16,262,1,0,0,0,''),(1179,16,263,1,0,0,0,''),(1179,16,265,1,0,42,0,''),(1179,16,268,1,0,0,0,''),(1179,16,269,1,0,3,0,''),(1179,16,277,1,0,12,0,''),(1180,6,119,1,0,5,0,''),(1180,6,262,1,0,0,0,''),(1180,6,263,1,0,0,0,''),(1180,6,265,1,0,42,0,''),(1180,6,268,1,0,0,0,''),(1180,6,269,1,0,1,0,''),(1180,6,281,1,0,17,0,''),(1181,79,119,1,0,49,0,''),(1181,79,262,1,0,0,0,''),(1181,79,263,1,0,0,0,''),(1181,79,265,1,0,42,0,''),(1181,79,268,1,0,0,0,''),(1181,79,269,1,0,1,0,''),(1181,79,289,1,0,29,0,''),(1183,16,119,1,0,3,0,''),(1183,16,262,1,0,0,0,''),(1183,16,263,1,0,0,0,''),(1183,16,265,1,0,42,0,''),(1183,16,268,1,0,0,0,''),(1183,16,269,1,0,5,0,''),(1183,16,277,1,0,12,0,''),(1184,24,119,1,0,16,0,''),(1184,24,262,1,0,0,0,''),(1184,24,263,1,0,0,0,''),(1184,24,265,1,0,42,0,''),(1184,24,268,1,0,0,0,''),(1184,24,269,1,0,1,0,''),(1185,28,119,1,0,20,0,''),(1185,28,262,1,0,0,0,''),(1185,28,263,1,0,0,0,''),(1185,28,265,1,0,42,0,''),(1185,28,268,1,0,0,0,''),(1185,28,269,1,0,1,0,''),(1186,89,119,1,0,59,0,''),(1186,89,262,1,0,0,0,''),(1186,89,263,1,0,0,0,''),(1186,89,265,1,0,42,0,''),(1186,89,268,1,0,0,0,''),(1186,89,269,1,0,1,0,''),(1187,13,119,1,0,2,0,''),(1187,13,262,1,0,0,0,''),(1187,13,263,1,0,0,0,''),(1187,13,265,1,0,42,0,''),(1187,13,268,1,0,0,0,''),(1187,13,269,1,0,1,0,''),(1187,13,273,1,0,6,0,''),(1188,90,119,1,0,60,0,''),(1188,90,262,1,0,0,0,''),(1188,90,263,1,0,0,0,''),(1188,90,265,1,0,42,0,''),(1188,90,268,1,0,0,0,''),(1188,90,269,1,0,1,0,''),(1190,92,119,1,0,62,0,''),(1190,92,262,1,0,0,0,''),(1190,92,263,1,0,0,0,''),(1190,92,265,1,0,42,0,''),(1190,92,268,1,0,0,0,''),(1190,92,269,1,0,1,0,''),(1190,92,293,1,0,34,0,''),(1191,16,119,1,0,3,0,''),(1191,16,262,1,0,0,0,''),(1191,16,263,1,0,0,0,''),(1191,16,265,1,0,42,0,''),(1191,16,268,1,0,0,0,''),(1191,16,269,1,0,1,0,''),(1191,16,277,1,0,12,0,''),(1193,14,119,1,0,6,0,''),(1193,14,262,1,0,0,0,''),(1193,14,263,1,0,0,0,''),(1193,14,265,1,0,42,0,''),(1193,14,268,1,0,0,0,''),(1193,14,269,1,0,1,0,''),(1193,14,283,1,0,20,0,''),(1194,92,119,1,0,62,0,''),(1194,92,262,1,0,0,0,''),(1194,92,263,1,0,0,0,''),(1194,92,265,1,0,42,0,''),(1194,92,268,1,0,0,0,''),(1194,92,269,1,0,1,0,''),(1194,92,293,1,0,35,0,''),(1195,15,119,1,0,7,0,''),(1195,15,262,1,0,0,0,''),(1195,15,263,1,0,0,0,''),(1195,15,265,1,0,42,0,''),(1195,15,268,1,0,0,0,''),(1195,15,269,1,0,3,0,''),(1195,15,285,1,0,23,0,''),(1196,16,119,1,0,3,0,''),(1196,16,262,1,0,0,0,''),(1196,16,263,1,0,0,0,''),(1196,16,265,1,0,42,0,''),(1196,16,268,1,0,0,0,''),(1196,16,269,1,0,2,0,''),(1196,16,277,1,0,12,0,''),(1197,89,119,1,0,59,0,''),(1197,89,262,1,0,0,0,''),(1197,89,263,1,0,0,0,''),(1197,89,265,1,0,42,0,''),(1197,89,268,1,0,0,0,''),(1197,89,269,1,0,1,0,''),(1198,16,119,1,0,3,0,''),(1198,16,262,1,0,0,0,''),(1198,16,263,1,0,0,0,''),(1198,16,265,1,0,42,0,''),(1198,16,268,1,0,0,0,''),(1198,16,269,1,0,1,0,''),(1198,16,277,1,0,12,0,''),(1199,94,119,1,0,64,0,''),(1199,94,262,1,0,0,0,''),(1199,94,263,1,0,0,0,''),(1199,94,265,1,0,42,0,''),(1199,94,268,1,0,0,0,''),(1199,94,269,1,0,5,0,''),(1199,94,297,1,0,42,0,''),(1200,94,119,1,0,64,0,''),(1200,94,262,1,0,0,0,''),(1200,94,263,1,0,0,0,''),(1200,94,265,1,0,42,0,''),(1200,94,268,1,0,0,0,''),(1200,94,269,1,0,1,0,''),(1200,94,297,1,0,40,0,''),(1201,94,119,1,0,64,0,''),(1201,94,262,1,0,0,0,''),(1201,94,263,1,0,0,0,''),(1201,94,265,1,0,42,0,''),(1201,94,268,1,0,0,0,''),(1201,94,269,1,0,1,0,''),(1201,94,297,1,0,42,0,''),(1202,89,119,1,0,59,0,''),(1202,89,262,1,0,0,0,''),(1202,89,263,1,0,0,0,''),(1202,89,265,1,0,42,0,''),(1202,89,268,1,0,0,0,''),(1202,89,269,1,0,1,0,''),(1206,89,119,1,0,59,0,''),(1206,89,262,1,0,0,0,''),(1206,89,263,1,0,0,0,''),(1206,89,265,1,0,42,0,''),(1206,89,268,1,0,0,0,''),(1206,89,269,1,0,2,0,''),(1207,16,119,1,0,3,0,''),(1207,16,262,1,0,0,0,''),(1207,16,263,1,0,0,0,''),(1207,16,265,1,0,42,0,''),(1207,16,268,1,0,0,0,''),(1207,16,269,1,0,1,0,''),(1207,16,277,1,0,12,0,''),(1208,23,119,1,0,1,0,''),(1208,23,262,1,0,0,0,''),(1208,23,263,1,0,0,0,''),(1208,23,265,1,0,42,0,''),(1208,23,268,1,0,0,0,''),(1208,23,269,1,0,1,0,''),(1208,23,270,1,0,2,0,''),(1209,16,119,1,0,3,0,''),(1209,16,262,1,0,0,0,''),(1209,16,263,1,0,0,0,''),(1209,16,265,1,0,42,0,''),(1209,16,268,1,0,0,0,''),(1209,16,269,1,0,4,0,''),(1210,23,119,1,0,1,0,''),(1210,23,262,1,0,0,0,''),(1210,23,263,1,0,0,0,''),(1210,23,265,1,0,42,0,''),(1210,23,268,1,0,0,0,''),(1210,23,269,1,0,4,0,''),(1211,23,119,1,0,1,0,''),(1211,23,262,1,0,0,0,''),(1211,23,263,1,0,0,0,''),(1211,23,265,1,0,42,0,''),(1211,23,268,1,0,0,0,''),(1211,23,269,1,0,1,0,''),(1211,23,270,1,0,3,0,''),(1212,5,119,1,0,4,0,''),(1212,5,262,1,0,0,0,''),(1212,5,263,1,0,0,0,''),(1212,5,265,1,0,42,0,''),(1212,5,268,1,0,0,0,''),(1212,5,269,1,0,1,0,''),(1212,5,279,1,0,14,0,''),(1213,13,119,1,0,2,0,''),(1213,13,262,1,0,0,0,''),(1213,13,263,1,0,0,0,''),(1213,13,265,1,0,42,0,''),(1213,13,268,1,0,0,0,''),(1213,13,269,1,0,1,0,''),(1213,13,273,1,0,5,0,''),(1214,13,119,1,0,2,0,''),(1214,13,262,1,0,0,0,''),(1214,13,263,1,0,0,0,''),(1214,13,265,1,0,42,0,''),(1214,13,268,1,0,0,0,''),(1214,13,269,1,0,2,0,''),(1215,13,119,1,0,2,0,''),(1215,13,262,1,0,0,0,''),(1215,13,263,1,0,0,0,''),(1215,13,265,1,0,42,0,''),(1215,13,268,1,0,0,0,''),(1215,13,269,1,0,1,0,''),(1215,13,273,1,0,6,0,''),(1216,5,119,1,0,4,0,''),(1216,5,262,1,0,0,0,''),(1216,5,263,1,0,0,0,''),(1216,5,265,1,0,42,0,''),(1216,5,268,1,0,0,0,''),(1216,5,269,1,0,4,0,''),(1217,23,119,1,0,1,0,''),(1217,23,262,1,0,0,0,''),(1217,23,263,1,0,0,0,''),(1217,23,265,1,0,42,0,''),(1217,23,268,1,0,0,0,''),(1217,23,269,1,0,1,0,''),(1217,23,270,1,0,1,0,''),(1218,89,119,1,0,59,0,''),(1218,89,262,1,0,0,0,''),(1218,89,263,1,0,0,0,''),(1218,89,265,1,0,42,0,''),(1218,89,268,1,0,0,0,''),(1218,89,269,1,0,1,0,''),(1219,16,119,1,0,3,0,''),(1219,16,262,1,0,0,0,''),(1219,16,263,1,0,0,0,''),(1219,16,265,1,0,42,0,''),(1219,16,268,1,0,0,0,''),(1219,16,269,1,0,1,0,''),(1219,16,277,1,0,10,0,''),(1220,94,119,1,0,64,0,''),(1220,94,262,1,0,0,0,''),(1220,94,263,1,0,0,0,''),(1220,94,265,1,0,42,0,''),(1220,94,268,1,0,0,0,''),(1220,94,269,1,0,1,0,''),(1220,94,297,1,0,40,0,''),(1221,23,119,1,0,1,0,''),(1221,23,262,1,0,0,0,''),(1221,23,263,1,0,0,0,''),(1221,23,265,1,0,42,0,''),(1221,23,268,1,0,0,0,''),(1221,23,269,1,0,1,0,''),(1221,23,270,1,0,1,0,''),(1222,92,119,1,0,62,0,''),(1222,92,262,1,0,0,0,''),(1222,92,263,1,0,0,0,''),(1222,92,265,1,0,42,0,''),(1222,92,268,1,0,0,0,''),(1222,92,269,1,0,1,0,''),(1222,92,293,1,0,34,0,''),(1223,79,119,1,0,49,0,''),(1223,79,262,1,0,0,0,''),(1223,79,263,1,0,0,0,''),(1223,79,265,1,0,42,0,''),(1223,79,268,1,0,0,0,''),(1223,79,269,1,0,1,0,''),(1223,79,289,1,0,28,0,''),(1224,28,119,1,0,20,0,''),(1224,28,262,1,0,0,0,''),(1224,28,263,1,0,0,0,''),(1224,28,265,1,0,42,0,''),(1224,28,268,1,0,0,0,''),(1224,28,269,1,0,1,0,''),(1225,24,119,1,0,16,0,''),(1225,24,262,1,0,0,0,''),(1225,24,263,1,0,0,0,''),(1225,24,265,1,0,42,0,''),(1225,24,268,1,0,0,0,''),(1225,24,269,1,0,2,0,''),(1228,94,119,1,0,64,0,''),(1228,94,262,1,0,0,0,''),(1228,94,263,1,0,0,0,''),(1228,94,265,1,0,42,0,''),(1228,94,268,1,0,0,0,''),(1228,94,269,1,0,1,0,''),(1228,94,297,1,0,41,0,''),(1230,23,119,1,0,1,0,''),(1230,23,262,1,0,0,0,''),(1230,23,263,1,0,0,0,''),(1230,23,265,1,0,42,0,''),(1230,23,268,1,0,0,0,''),(1230,23,269,1,0,2,0,''),(1230,23,270,1,0,3,0,''),(1231,89,119,1,0,59,0,''),(1231,89,262,1,0,0,0,''),(1231,89,263,1,0,0,0,''),(1231,89,265,1,0,42,0,''),(1231,89,268,1,0,0,0,''),(1231,89,269,1,0,1,0,''),(1232,137,119,1,0,104,0,''),(1232,137,262,1,0,0,0,''),(1232,137,263,1,0,0,0,''),(1232,137,265,1,0,42,0,''),(1232,137,268,1,0,0,0,''),(1232,137,269,1,0,1,0,''),(1233,90,119,1,0,60,0,''),(1233,90,262,1,0,0,0,''),(1233,90,263,1,0,0,0,''),(1233,90,265,1,0,42,0,''),(1233,90,268,1,0,0,0,''),(1233,90,269,1,0,1,0,''),(1235,79,119,1,0,49,0,''),(1235,79,262,1,0,0,0,''),(1235,79,263,1,0,0,0,''),(1235,79,265,1,0,42,0,''),(1235,79,268,1,0,0,0,''),(1235,79,269,1,0,1,0,''),(1235,79,289,1,0,29,0,''),(1236,5,119,1,0,4,0,''),(1236,5,262,1,0,0,0,''),(1236,5,263,1,0,0,0,''),(1236,5,265,1,0,42,0,''),(1236,5,268,1,0,0,0,''),(1236,5,269,1,0,1,0,''),(1236,5,279,1,0,14,0,''),(1237,73,119,1,0,43,0,''),(1237,73,262,1,0,0,0,''),(1237,73,263,1,0,0,0,''),(1237,73,265,1,0,42,0,''),(1237,73,268,1,0,0,0,''),(1237,73,269,1,0,2,0,''),(1237,73,287,1,0,26,0,''),(1238,94,119,1,0,64,0,''),(1238,94,262,1,0,0,0,''),(1238,94,263,1,0,0,0,''),(1238,94,265,1,0,42,0,''),(1238,94,268,1,0,0,0,''),(1238,94,269,1,0,1,0,''),(1238,94,297,1,0,41,0,''),(1239,90,119,1,0,60,0,''),(1239,90,262,1,0,0,0,''),(1239,90,263,1,0,0,0,''),(1239,90,265,1,0,42,0,''),(1239,90,268,1,0,0,0,''),(1239,90,269,1,0,1,0,''),(1240,92,119,1,0,62,0,''),(1240,92,262,1,0,0,0,''),(1240,92,263,1,0,0,0,''),(1240,92,265,1,0,42,0,''),(1240,92,268,1,0,0,0,''),(1240,92,269,1,0,1,0,''),(1240,92,293,1,0,35,0,''),(1241,23,119,1,0,1,0,''),(1241,23,262,1,0,0,0,''),(1241,23,263,1,0,0,0,''),(1241,23,265,1,0,42,0,''),(1241,23,268,1,0,0,0,''),(1241,23,269,1,0,1,0,''),(1241,23,270,1,0,3,0,''),(1242,15,119,1,0,7,0,''),(1242,15,262,1,0,0,0,''),(1242,15,263,1,0,0,0,''),(1242,15,265,1,0,42,0,''),(1242,15,268,1,0,0,0,''),(1242,15,269,1,0,1,0,''),(1242,15,285,1,0,23,0,''),(1243,94,119,1,0,64,0,''),(1243,94,262,1,0,0,0,''),(1243,94,263,1,0,0,0,''),(1243,94,265,1,0,42,0,''),(1243,94,268,1,0,0,0,''),(1243,94,269,1,0,1,0,''),(1243,94,297,1,0,42,0,''),(1244,16,119,1,0,3,0,''),(1244,16,262,1,0,0,0,''),(1244,16,263,1,0,0,0,''),(1244,16,265,1,0,42,0,''),(1244,16,268,1,0,0,0,''),(1244,16,269,1,0,1,0,''),(1244,16,277,1,0,12,0,''),(1245,6,119,1,0,5,0,''),(1245,6,262,1,0,0,0,''),(1245,6,263,1,0,0,0,''),(1245,6,265,1,0,42,0,''),(1245,6,268,1,0,0,0,''),(1245,6,269,1,0,1,0,''),(1245,6,281,1,0,17,0,''),(1246,89,119,1,0,59,0,''),(1246,89,262,1,0,0,0,''),(1246,89,263,1,0,0,0,''),(1246,89,265,1,0,42,0,''),(1246,89,268,1,0,0,0,''),(1246,89,269,1,0,1,0,''),(1247,16,119,1,0,3,0,''),(1247,16,262,1,0,0,0,''),(1247,16,263,1,0,0,0,''),(1247,16,265,1,0,42,0,''),(1247,16,268,1,0,0,0,''),(1247,16,269,1,0,1,0,''),(1247,16,277,1,0,12,0,''),(1248,16,119,1,0,3,0,''),(1248,16,262,1,0,0,0,''),(1248,16,263,1,0,0,0,''),(1248,16,265,1,0,42,0,''),(1248,16,268,1,0,0,0,''),(1248,16,269,1,0,5,0,''),(1249,90,119,1,0,60,0,''),(1249,90,262,1,0,0,0,''),(1249,90,263,1,0,0,0,''),(1249,90,265,1,0,42,0,''),(1249,90,268,1,0,0,0,''),(1249,90,269,1,0,1,0,''),(1251,16,119,1,0,3,0,''),(1251,16,262,1,0,0,0,''),(1251,16,263,1,0,0,0,''),(1251,16,265,1,0,42,0,''),(1251,16,268,1,0,0,0,''),(1251,16,269,1,0,3,0,''),(1255,23,119,1,0,1,0,''),(1255,23,262,1,0,0,0,''),(1255,23,263,1,0,0,0,''),(1255,23,265,1,0,42,0,''),(1255,23,268,1,0,0,0,''),(1255,23,269,1,0,3,0,''),(1256,16,119,1,0,3,0,''),(1256,16,262,1,0,0,0,''),(1256,16,263,1,0,0,0,''),(1256,16,265,1,0,42,0,''),(1256,16,268,1,0,0,0,''),(1256,16,269,1,0,7,0,''),(1256,16,277,1,0,12,0,''),(1256,16,278,1,0,1,0,''),(1257,16,119,1,0,3,0,''),(1257,16,262,1,0,0,0,''),(1257,16,263,1,0,0,0,''),(1257,16,265,1,0,42,0,''),(1257,16,268,1,0,0,0,''),(1257,16,269,1,0,5,0,''),(1258,16,119,1,0,3,0,''),(1258,16,262,1,0,0,0,''),(1258,16,263,1,0,0,0,''),(1258,16,265,1,0,42,0,''),(1258,16,268,1,0,0,0,''),(1258,16,269,1,0,10,0,''),(1258,16,277,1,0,11,0,''),(1258,16,278,1,0,1,0,''),(1259,90,119,1,0,60,0,''),(1259,90,262,1,0,0,0,''),(1259,90,263,1,0,0,0,''),(1259,90,265,1,0,42,0,''),(1259,90,268,1,0,0,0,''),(1259,90,269,1,0,1,0,''),(1259,90,292,1,0,1,0,''),(1260,89,119,1,0,59,0,''),(1260,89,262,1,0,0,0,''),(1260,89,263,1,0,0,0,''),(1260,89,265,1,0,42,0,''),(1260,89,268,1,0,0,0,''),(1260,89,269,1,0,1,0,''),(1261,92,119,1,0,62,0,''),(1261,92,262,1,0,0,0,''),(1261,92,263,1,0,0,0,''),(1261,92,265,1,0,42,0,''),(1261,92,268,1,0,0,0,''),(1261,92,269,1,0,3,0,''),(1261,92,293,1,0,35,0,''),(1262,73,119,1,0,43,0,''),(1262,73,262,1,0,0,0,''),(1262,73,263,1,0,0,0,''),(1262,73,265,1,0,42,0,''),(1262,73,268,1,0,0,0,''),(1262,73,269,1,0,1,0,''),(1262,73,287,1,0,26,0,''),(1264,54,119,1,0,14,0,''),(1264,54,262,1,0,0,0,''),(1264,54,263,1,0,0,0,''),(1264,54,265,1,0,42,0,''),(1264,54,268,1,0,0,0,''),(1264,54,269,1,0,2,0,''),(1265,65,119,1,0,28,0,''),(1265,65,262,1,0,0,0,''),(1265,65,263,1,0,0,0,''),(1265,65,265,1,0,42,0,''),(1265,65,268,1,0,0,0,''),(1265,65,269,1,0,1,0,''),(1266,40,119,1,0,31,0,''),(1266,40,262,1,0,0,0,''),(1266,40,263,1,0,0,0,''),(1266,40,265,1,0,42,0,''),(1266,40,268,1,0,0,0,''),(1266,40,269,1,0,1,0,''),(1267,54,119,1,0,14,0,''),(1267,54,262,1,0,0,0,''),(1267,54,263,1,0,0,0,''),(1267,54,265,1,0,42,0,''),(1267,54,268,1,0,0,0,''),(1267,54,269,1,0,1,0,''),(1268,62,119,1,0,27,0,''),(1268,62,262,1,0,0,0,''),(1268,62,263,1,0,0,0,''),(1268,62,265,1,0,42,0,''),(1268,62,268,1,0,0,0,''),(1268,62,269,1,0,2,0,''),(1269,40,119,1,0,31,0,''),(1269,40,262,1,0,0,0,''),(1269,40,263,1,0,0,0,''),(1269,40,265,1,0,42,0,''),(1269,40,268,1,0,0,0,''),(1269,40,269,1,0,1,0,''),(1270,73,119,1,0,43,0,''),(1270,73,262,1,0,0,0,''),(1270,73,263,1,0,0,0,''),(1270,73,265,1,0,42,0,''),(1270,73,268,1,0,0,0,''),(1270,73,269,1,0,1,0,''),(1270,73,287,1,0,27,0,''),(1271,16,119,1,0,3,0,''),(1271,16,262,1,0,0,0,''),(1271,16,263,1,0,0,0,''),(1271,16,265,1,0,42,0,''),(1271,16,268,1,0,0,0,''),(1271,16,269,1,0,1,0,''),(1271,16,277,1,0,10,0,''),(1271,16,278,1,0,1,0,''),(1272,16,119,1,0,3,0,''),(1272,16,262,1,0,0,0,''),(1272,16,263,1,0,0,0,''),(1272,16,265,1,0,42,0,''),(1272,16,268,1,0,0,0,''),(1272,16,269,1,0,1,0,''),(1272,16,277,1,0,10,0,''),(1273,16,119,1,0,3,0,''),(1273,16,262,1,0,0,0,''),(1273,16,263,1,0,0,0,''),(1273,16,265,1,0,42,0,''),(1273,16,268,1,0,0,0,''),(1273,16,269,1,0,1,0,''),(1273,16,277,1,0,11,0,''),(1274,15,119,1,0,7,0,''),(1274,15,262,1,0,0,0,''),(1274,15,263,1,0,0,0,''),(1274,15,265,1,0,42,0,''),(1274,15,268,1,0,0,0,''),(1274,15,269,1,0,1,0,''),(1274,15,285,1,0,23,0,''),(1275,102,119,1,0,63,0,''),(1275,102,262,1,0,0,0,''),(1275,102,263,1,0,0,0,''),(1275,102,265,1,0,42,0,''),(1275,102,268,1,0,0,0,''),(1275,102,269,1,0,1,0,''),(1275,102,295,1,0,38,0,''),(1278,6,119,1,0,5,0,''),(1278,6,262,1,0,0,0,''),(1278,6,263,1,0,0,0,''),(1278,6,265,1,0,42,0,''),(1278,6,268,1,0,0,0,''),(1278,6,269,1,0,1,0,''),(1278,6,281,1,0,17,0,''),(1279,79,119,1,0,49,0,''),(1279,79,262,1,0,0,0,''),(1279,79,263,1,0,0,0,''),(1279,79,265,1,0,42,0,''),(1279,79,268,1,0,0,0,''),(1279,79,269,1,0,1,0,''),(1279,79,289,1,0,29,0,''),(1280,133,119,1,0,99,0,''),(1280,133,262,1,0,0,0,''),(1280,133,263,1,0,0,0,''),(1280,133,265,1,0,42,0,''),(1280,133,268,1,0,0,0,''),(1280,133,269,1,0,1,0,''),(1281,117,119,1,0,86,0,''),(1281,117,262,1,0,0,0,''),(1281,117,263,1,0,0,0,''),(1281,117,265,1,0,42,0,''),(1281,117,268,1,0,0,0,''),(1281,117,269,1,0,1,0,''),(1282,5,119,1,0,4,0,''),(1282,5,262,1,0,0,0,''),(1282,5,263,1,0,0,0,''),(1282,5,265,1,0,42,0,''),(1282,5,268,1,0,0,0,''),(1282,5,269,1,0,1,0,''),(1282,5,279,1,0,13,0,''),(1283,5,119,1,0,4,0,''),(1283,5,262,1,0,0,0,''),(1283,5,263,1,0,0,0,''),(1283,5,265,1,0,42,0,''),(1283,5,268,1,0,0,0,''),(1283,5,269,1,0,1,0,''),(1283,5,279,1,0,14,0,''),(1284,54,119,1,0,14,0,''),(1284,54,262,1,0,0,0,''),(1284,54,263,1,0,0,0,''),(1284,54,265,1,0,42,0,''),(1284,54,268,1,0,0,0,''),(1284,54,269,1,0,1,0,''),(1286,89,119,1,0,59,0,''),(1286,89,262,1,0,0,0,''),(1286,89,263,1,0,0,0,''),(1286,89,265,1,0,42,0,''),(1286,89,268,1,0,0,0,''),(1286,89,269,1,0,3,0,''),(1287,94,119,1,0,64,0,''),(1287,94,262,1,0,0,0,''),(1287,94,263,1,0,0,0,''),(1287,94,265,1,0,42,0,''),(1287,94,268,1,0,0,0,''),(1287,94,269,1,0,1,0,''),(1287,94,297,1,0,42,0,''),(1288,106,119,1,0,75,0,''),(1288,106,262,1,0,0,0,''),(1288,106,263,1,0,0,0,''),(1288,106,265,1,0,42,0,''),(1288,106,268,1,0,0,0,''),(1288,106,269,1,0,1,0,''),(1289,24,119,1,0,16,0,''),(1289,24,262,1,0,0,0,''),(1289,24,263,1,0,0,0,''),(1289,24,265,1,0,42,0,''),(1289,24,268,1,0,0,0,''),(1289,24,269,1,0,1,0,''),(1290,89,119,1,0,59,0,''),(1290,89,262,1,0,0,0,''),(1290,89,263,1,0,0,0,''),(1290,89,265,1,0,42,0,''),(1290,89,268,1,0,0,0,''),(1290,89,269,1,0,1,0,''),(1291,16,119,1,0,3,0,''),(1291,16,262,1,0,0,0,''),(1291,16,263,1,0,0,0,''),(1291,16,265,1,0,42,0,''),(1291,16,268,1,0,0,0,''),(1291,16,269,1,0,2,0,''),(1291,16,277,1,0,10,0,''),(1291,16,278,1,0,1,0,''),(1292,94,119,1,0,64,0,''),(1292,94,262,1,0,0,0,''),(1292,94,263,1,0,0,0,''),(1292,94,265,1,0,42,0,''),(1292,94,268,1,0,0,0,''),(1292,94,269,1,0,2,0,''),(1292,94,297,1,0,41,0,''),(1293,90,119,1,0,60,0,''),(1293,90,262,1,0,0,0,''),(1293,90,263,1,0,0,0,''),(1293,90,265,1,0,42,0,''),(1293,90,268,1,0,0,0,''),(1293,90,269,1,0,2,0,''),(1294,73,119,1,0,43,0,''),(1294,73,262,1,0,0,0,''),(1294,73,263,1,0,0,0,''),(1294,73,265,1,0,42,0,''),(1294,73,268,1,0,0,0,''),(1294,73,269,1,0,2,0,''),(1294,73,287,1,0,26,0,''),(1295,106,119,1,0,75,0,''),(1295,106,262,1,0,0,0,''),(1295,106,263,1,0,0,0,''),(1295,106,265,1,0,42,0,''),(1295,106,268,1,0,0,0,''),(1295,106,269,1,0,1,0,''),(1296,54,119,1,0,14,0,''),(1296,54,262,1,0,0,0,''),(1296,54,263,1,0,0,0,''),(1296,54,265,1,0,42,0,''),(1296,54,268,1,0,0,0,''),(1296,54,269,1,0,1,0,''),(1297,16,119,1,0,3,0,''),(1297,16,262,1,0,0,0,''),(1297,16,263,1,0,0,0,''),(1297,16,265,1,0,42,0,''),(1297,16,268,1,0,0,0,''),(1297,16,269,1,0,1,0,''),(1297,16,277,1,0,12,0,''),(1298,16,119,1,0,3,0,''),(1298,16,262,1,0,0,0,''),(1298,16,263,1,0,0,0,''),(1298,16,265,1,0,42,0,''),(1298,16,268,1,0,0,0,''),(1298,16,269,1,0,3,0,''),(1298,16,277,1,0,12,0,''),(1298,16,278,1,0,1,0,''),(1299,16,119,1,0,3,0,''),(1299,16,262,1,0,0,0,''),(1299,16,263,1,0,0,0,''),(1299,16,265,1,0,42,0,''),(1299,16,268,1,0,0,0,''),(1299,16,269,1,0,2,0,''),(1299,16,277,1,0,11,0,''),(1299,16,278,1,0,1,0,''),(1300,16,119,1,0,3,0,''),(1300,16,262,1,0,0,0,''),(1300,16,263,1,0,0,0,''),(1300,16,265,1,0,42,0,''),(1300,16,268,1,0,0,0,''),(1300,16,269,1,0,2,0,''),(1300,16,277,1,0,12,0,''),(1300,16,278,1,0,1,0,''),(1301,16,119,1,0,3,0,''),(1301,16,262,1,0,0,0,''),(1301,16,263,1,0,0,0,''),(1301,16,265,1,0,42,0,''),(1301,16,268,1,0,0,0,''),(1301,16,269,1,0,1,0,''),(1301,16,277,1,0,10,0,''),(1301,16,278,1,0,1,0,''),(1302,89,119,1,0,59,0,''),(1302,89,262,1,0,0,0,''),(1302,89,263,1,0,0,0,''),(1302,89,265,1,0,42,0,''),(1302,89,268,1,0,0,0,''),(1302,89,269,1,0,1,0,''),(1303,89,119,1,0,59,0,''),(1303,89,262,1,0,0,0,''),(1303,89,263,1,0,0,0,''),(1303,89,265,1,0,42,0,''),(1303,89,268,1,0,0,0,''),(1303,89,269,1,0,1,0,''),(1304,16,119,1,0,3,0,''),(1304,16,262,1,0,0,0,''),(1304,16,263,1,0,0,0,''),(1304,16,265,1,0,42,0,''),(1304,16,268,1,0,0,0,''),(1304,16,269,1,0,2,0,''),(1304,16,277,1,0,10,0,''),(1304,16,278,1,0,1,0,''),(1305,16,119,1,0,3,0,''),(1305,16,262,1,0,0,0,''),(1305,16,263,1,0,0,0,''),(1305,16,265,1,0,42,0,''),(1305,16,268,1,0,0,0,''),(1305,16,269,1,0,4,0,''),(1305,16,277,1,0,11,0,''),(1305,16,278,1,0,1,0,''),(1306,16,119,1,0,3,0,''),(1306,16,262,1,0,0,0,''),(1306,16,263,1,0,0,0,''),(1306,16,265,1,0,42,0,''),(1306,16,268,1,0,0,0,''),(1306,16,269,1,0,1,0,''),(1306,16,277,1,0,12,0,''),(1307,16,119,1,0,3,0,''),(1307,16,262,1,0,0,0,''),(1307,16,263,1,0,0,0,''),(1307,16,265,1,0,42,0,''),(1307,16,268,1,0,0,0,''),(1307,16,269,1,0,3,0,''),(1307,16,277,1,0,10,0,''),(1308,92,119,1,0,62,0,''),(1308,92,262,1,0,0,0,''),(1308,92,263,1,0,0,0,''),(1308,92,265,1,0,42,0,''),(1308,92,268,1,0,0,0,''),(1308,92,269,1,0,1,0,''),(1308,92,293,1,0,34,0,''),(1309,14,119,1,0,6,0,''),(1309,14,262,1,0,0,0,''),(1309,14,263,1,0,0,0,''),(1309,14,265,1,0,42,0,''),(1309,14,268,1,0,0,0,''),(1309,14,269,1,0,2,0,''),(1309,14,283,1,0,20,0,''),(1310,14,119,1,0,6,0,''),(1310,14,262,1,0,0,0,''),(1310,14,263,1,0,0,0,''),(1310,14,265,1,0,42,0,''),(1310,14,268,1,0,0,0,''),(1310,14,269,1,0,1,0,''),(1310,14,283,1,0,19,0,''),(1311,94,119,1,0,64,0,''),(1311,94,262,1,0,0,0,''),(1311,94,263,1,0,0,0,''),(1311,94,265,1,0,42,0,''),(1311,94,268,1,0,0,0,''),(1311,94,269,1,0,1,0,''),(1311,94,297,1,0,42,0,''),(1312,5,119,1,0,4,0,''),(1312,5,262,1,0,0,0,''),(1312,5,263,1,0,0,0,''),(1312,5,265,1,0,42,0,''),(1312,5,268,1,0,0,0,''),(1312,5,269,1,0,1,0,''),(1312,5,279,1,0,13,0,''),(1313,16,119,1,0,3,0,''),(1313,16,262,1,0,0,0,''),(1313,16,263,1,0,0,0,''),(1313,16,265,1,0,42,0,''),(1313,16,268,1,0,0,0,''),(1313,16,269,1,0,2,0,''),(1313,16,277,1,0,11,0,''),(1313,16,278,1,0,1,0,''),(1314,14,119,1,0,6,0,''),(1314,14,262,1,0,0,0,''),(1314,14,263,1,0,0,0,''),(1314,14,265,1,0,42,0,''),(1314,14,268,1,0,0,0,''),(1314,14,269,1,0,2,0,''),(1314,14,283,1,0,20,0,''),(1314,14,284,1,0,1,0,''),(1315,132,119,1,0,100,0,''),(1315,132,262,1,0,0,0,''),(1315,132,263,1,0,0,0,''),(1315,132,265,1,0,42,0,''),(1315,132,268,1,0,0,0,''),(1315,132,269,1,0,1,0,''),(1316,131,119,1,0,95,0,''),(1316,131,262,1,0,0,0,''),(1316,131,263,1,0,0,0,''),(1316,131,265,1,0,42,0,''),(1316,131,268,1,0,0,0,''),(1316,131,269,1,0,1,0,''),(1317,54,119,1,0,14,0,''),(1317,54,262,1,0,0,0,''),(1317,54,263,1,0,0,0,''),(1317,54,265,1,0,42,0,''),(1317,54,268,1,0,0,0,''),(1317,54,269,1,0,1,0,''),(1318,24,119,1,0,16,0,''),(1318,24,262,1,0,0,0,''),(1318,24,263,1,0,0,0,''),(1318,24,265,1,0,42,0,''),(1318,24,268,1,0,0,0,''),(1318,24,269,1,0,1,0,''),(1320,55,119,1,0,15,0,''),(1320,55,262,1,0,0,0,''),(1320,55,263,1,0,0,0,''),(1320,55,265,1,0,42,0,''),(1320,55,268,1,0,0,0,''),(1320,55,269,1,0,1,0,''),(1321,52,119,1,0,24,0,''),(1321,52,262,1,0,0,0,''),(1321,52,263,1,0,0,0,''),(1321,52,265,1,0,42,0,''),(1321,52,268,1,0,0,0,''),(1321,52,269,1,0,1,0,''),(1322,62,119,1,0,27,0,''),(1322,62,262,1,0,0,0,''),(1322,62,263,1,0,0,0,''),(1322,62,265,1,0,42,0,''),(1322,62,268,1,0,0,0,''),(1322,62,269,1,0,1,0,''),(1323,16,119,1,0,3,0,''),(1323,16,262,1,0,0,0,''),(1323,16,263,1,0,0,0,''),(1323,16,265,1,0,42,0,''),(1323,16,268,1,0,0,0,''),(1323,16,269,1,0,1,0,''),(1323,16,277,1,0,12,0,''),(1324,94,119,1,0,64,0,''),(1324,94,262,1,0,0,0,''),(1324,94,263,1,0,0,0,''),(1324,94,265,1,0,42,0,''),(1324,94,268,1,0,0,0,''),(1324,94,269,1,0,1,0,''),(1324,94,297,1,0,42,0,''),(1325,106,119,1,0,75,0,''),(1325,106,262,1,0,0,0,''),(1325,106,263,1,0,0,0,''),(1325,106,265,1,0,42,0,''),(1325,106,268,1,0,0,0,''),(1325,106,269,1,0,1,0,''),(1326,135,119,1,0,102,0,''),(1326,135,262,1,0,0,0,''),(1326,135,263,1,0,0,0,''),(1326,135,265,1,0,42,0,''),(1326,135,268,1,0,0,0,''),(1326,135,269,1,0,1,0,''),(1327,16,119,1,0,3,0,''),(1327,16,262,1,0,0,0,''),(1327,16,263,1,0,0,0,''),(1327,16,265,1,0,42,0,''),(1327,16,268,1,0,0,0,''),(1327,16,269,1,0,1,0,''),(1327,16,277,1,0,10,0,''),(1328,56,119,1,0,25,0,''),(1328,56,262,1,0,0,0,''),(1328,56,263,1,0,0,0,''),(1328,56,265,1,0,42,0,''),(1328,56,268,1,0,0,0,''),(1328,56,269,1,0,1,0,''),(1329,122,119,1,0,91,0,''),(1329,122,262,1,0,0,0,''),(1329,122,263,1,0,0,0,''),(1329,122,265,1,0,42,0,''),(1329,122,268,1,0,0,0,''),(1329,122,269,1,0,1,0,''),(1330,90,119,1,0,60,0,''),(1330,90,262,1,0,0,0,''),(1330,90,263,1,0,0,0,''),(1330,90,265,1,0,42,0,''),(1330,90,268,1,0,0,0,''),(1330,90,269,1,0,1,0,''),(1331,16,119,1,0,3,0,''),(1331,16,262,1,0,0,0,''),(1331,16,263,1,0,0,0,''),(1331,16,265,1,0,42,0,''),(1331,16,268,1,0,0,0,''),(1331,16,269,1,0,1,0,''),(1331,16,277,1,0,10,0,''),(1333,41,119,1,0,32,0,''),(1333,41,262,1,0,0,0,''),(1333,41,263,1,0,0,0,''),(1333,41,265,1,0,42,0,''),(1333,41,268,1,0,0,0,''),(1333,41,269,1,0,1,0,''),(1336,13,119,1,0,2,0,''),(1336,13,262,1,0,0,0,''),(1336,13,263,1,0,0,0,''),(1336,13,265,1,0,42,0,''),(1336,13,268,1,0,0,0,''),(1336,13,269,1,0,1,0,''),(1336,13,273,1,0,6,0,''),(1337,24,119,1,0,16,0,''),(1337,24,262,1,0,0,0,''),(1337,24,263,1,0,0,0,''),(1337,24,265,1,0,42,0,''),(1337,24,268,1,0,0,0,''),(1337,24,269,1,0,1,0,''),(1338,28,119,1,0,20,0,''),(1338,28,262,1,0,0,0,''),(1338,28,263,1,0,0,0,''),(1338,28,265,1,0,42,0,''),(1338,28,268,1,0,0,0,''),(1338,28,269,1,0,1,0,''),(1339,28,119,1,0,20,0,''),(1339,28,262,1,0,0,0,''),(1339,28,263,1,0,0,0,''),(1339,28,265,1,0,42,0,''),(1339,28,268,1,0,0,0,''),(1339,28,269,1,0,1,0,''),(1342,6,119,1,0,5,0,''),(1342,6,262,1,0,0,0,''),(1342,6,263,1,0,0,0,''),(1342,6,265,1,0,42,0,''),(1342,6,268,1,0,0,0,''),(1342,6,269,1,0,1,0,''),(1342,6,281,1,0,16,0,''),(1343,66,119,1,0,30,0,''),(1343,66,262,1,0,0,0,''),(1343,66,263,1,0,0,0,''),(1343,66,265,1,0,42,0,''),(1343,66,268,1,0,0,0,''),(1343,66,269,1,0,1,0,''),(1344,92,119,1,0,62,0,''),(1344,92,262,1,0,0,0,''),(1344,92,263,1,0,0,0,''),(1344,92,265,1,0,42,0,''),(1344,92,268,1,0,0,0,''),(1344,92,269,1,0,2,0,''),(1344,92,293,1,0,34,0,''),(1345,14,119,1,0,6,0,''),(1345,14,262,1,0,0,0,''),(1345,14,263,1,0,0,0,''),(1345,14,265,1,0,42,0,''),(1345,14,268,1,0,0,0,''),(1345,14,269,1,0,1,0,''),(1345,14,283,1,0,20,0,''),(1346,25,119,1,0,17,0,''),(1346,25,262,1,0,0,0,''),(1346,25,263,1,0,0,0,''),(1346,25,265,1,0,42,0,''),(1346,25,268,1,0,0,0,''),(1346,25,269,1,0,1,0,''),(1347,5,119,1,0,4,0,''),(1347,5,262,1,0,0,0,''),(1347,5,263,1,0,0,0,''),(1347,5,265,1,0,42,0,''),(1347,5,268,1,0,0,0,''),(1347,5,269,1,0,1,0,''),(1347,5,279,1,0,13,0,''),(1348,5,119,1,0,4,0,''),(1348,5,262,1,0,0,0,''),(1348,5,263,1,0,0,0,''),(1348,5,265,1,0,42,0,''),(1348,5,268,1,0,0,0,''),(1348,5,269,1,0,1,0,''),(1348,5,279,1,0,13,0,''),(1349,5,119,1,0,4,0,''),(1349,5,262,1,0,0,0,''),(1349,5,263,1,0,0,0,''),(1349,5,265,1,0,42,0,''),(1349,5,268,1,0,0,0,''),(1349,5,269,1,0,1,0,''),(1349,5,279,1,0,13,0,''),(1350,15,119,1,0,7,0,''),(1350,15,262,1,0,0,0,''),(1350,15,263,1,0,0,0,''),(1350,15,265,1,0,42,0,''),(1350,15,268,1,0,0,0,''),(1350,15,269,1,0,1,0,''),(1350,15,285,1,0,22,0,''),(1351,16,119,1,0,3,0,''),(1351,16,262,1,0,0,0,''),(1351,16,263,1,0,0,0,''),(1351,16,265,1,0,42,0,''),(1351,16,268,1,0,0,0,''),(1351,16,269,1,0,1,0,''),(1351,16,277,1,0,10,0,''),(1352,79,119,1,0,49,0,''),(1352,79,262,1,0,0,0,''),(1352,79,263,1,0,0,0,''),(1352,79,265,1,0,42,0,''),(1352,79,268,1,0,0,0,''),(1352,79,269,1,0,1,0,''),(1352,79,289,1,0,29,0,''),(1353,15,119,1,0,7,0,''),(1353,15,262,1,0,0,0,''),(1353,15,263,1,0,0,0,''),(1353,15,265,1,0,42,0,''),(1353,15,268,1,0,0,0,''),(1353,15,269,1,0,1,0,''),(1353,15,285,1,0,23,0,''),(1354,135,119,1,0,102,0,''),(1354,135,262,1,0,0,0,''),(1354,135,263,1,0,0,0,''),(1354,135,265,1,0,42,0,''),(1354,135,268,1,0,0,0,''),(1354,135,269,1,0,1,0,''),(1359,13,119,1,0,2,0,''),(1359,13,262,1,0,0,0,''),(1359,13,263,1,0,0,0,''),(1359,13,265,1,0,42,0,''),(1359,13,268,1,0,0,0,''),(1359,13,269,1,0,3,0,''),(1359,13,273,1,0,6,0,''),(1360,16,119,1,0,3,0,''),(1360,16,262,1,0,0,0,''),(1360,16,263,1,0,0,0,''),(1360,16,265,1,0,42,0,''),(1360,16,268,1,0,0,0,''),(1360,16,269,1,0,1,0,''),(1360,16,277,1,0,12,0,''),(1361,13,119,1,0,2,0,''),(1361,13,262,1,0,0,0,''),(1361,13,263,1,0,0,0,''),(1361,13,265,1,0,42,0,''),(1361,13,268,1,0,0,0,''),(1361,13,269,1,0,1,0,''),(1361,13,273,1,0,6,0,''),(1363,79,119,1,0,49,0,''),(1363,79,262,1,0,0,0,''),(1363,79,263,1,0,0,0,''),(1363,79,265,1,0,42,0,''),(1363,79,268,1,0,0,0,''),(1363,79,269,1,0,1,0,''),(1363,79,289,1,0,29,0,''),(1364,15,119,1,0,7,0,''),(1364,15,262,1,0,0,0,''),(1364,15,263,1,0,0,0,''),(1364,15,265,1,0,42,0,''),(1364,15,268,1,0,0,0,''),(1364,15,269,1,0,1,0,''),(1364,15,285,1,0,23,0,''),(1365,56,119,1,0,25,0,''),(1365,56,262,1,0,0,0,''),(1365,56,263,1,0,0,0,''),(1365,56,265,1,0,42,0,''),(1365,56,268,1,0,0,0,''),(1365,56,269,1,0,1,0,''),(1366,55,119,1,0,15,0,''),(1366,55,262,1,0,0,0,''),(1366,55,263,1,0,0,0,''),(1366,55,265,1,0,42,0,''),(1366,55,268,1,0,0,0,''),(1366,55,269,1,0,1,0,''),(1367,25,119,1,0,17,0,''),(1367,25,262,1,0,0,0,''),(1367,25,263,1,0,0,0,''),(1367,25,265,1,0,42,0,''),(1367,25,268,1,0,0,0,''),(1367,25,269,1,0,1,0,''),(1368,89,119,1,0,59,0,''),(1368,89,262,1,0,0,0,''),(1368,89,263,1,0,0,0,''),(1368,89,265,1,0,42,0,''),(1368,89,268,1,0,0,0,''),(1368,89,269,1,0,1,0,''),(1369,13,119,1,0,2,0,''),(1369,13,262,1,0,0,0,''),(1369,13,263,1,0,0,0,''),(1369,13,265,1,0,42,0,''),(1369,13,268,1,0,0,0,''),(1369,13,269,1,0,1,0,''),(1369,13,273,1,0,6,0,''),(1370,131,119,1,0,95,0,''),(1370,131,262,1,0,0,0,''),(1370,131,263,1,0,0,0,''),(1370,131,265,1,0,42,0,''),(1370,131,268,1,0,0,0,''),(1370,131,269,1,0,1,0,''),(1371,45,119,1,0,11,0,''),(1371,45,262,1,0,0,0,''),(1371,45,263,1,0,0,0,''),(1371,45,265,1,0,42,0,''),(1371,45,268,1,0,0,0,''),(1371,45,269,1,0,1,0,''),(1372,54,119,1,0,14,0,''),(1372,54,262,1,0,0,0,''),(1372,54,263,1,0,0,0,''),(1372,54,265,1,0,42,0,''),(1372,54,268,1,0,0,0,''),(1372,54,269,1,0,1,0,''),(1373,54,119,1,0,14,0,''),(1373,54,262,1,0,0,0,''),(1373,54,263,1,0,0,0,''),(1373,54,265,1,0,42,0,''),(1373,54,268,1,0,0,0,''),(1373,54,269,1,0,1,0,''),(1374,73,119,1,0,43,0,''),(1374,73,262,1,0,0,0,''),(1374,73,263,1,0,0,0,''),(1374,73,265,1,0,42,0,''),(1374,73,268,1,0,0,0,''),(1374,73,269,1,0,1,0,''),(1375,92,119,1,0,62,0,''),(1375,92,262,1,0,0,0,''),(1375,92,263,1,0,0,0,''),(1375,92,265,1,0,42,0,''),(1375,92,268,1,0,0,0,''),(1375,92,269,1,0,1,0,''),(1376,56,119,1,0,25,0,''),(1376,56,262,1,0,0,0,''),(1376,56,263,1,0,0,0,''),(1376,56,265,1,0,42,0,''),(1376,56,268,1,0,0,0,''),(1376,56,269,1,0,1,0,''),(1377,5,119,1,0,4,0,''),(1377,5,262,1,0,0,0,''),(1377,5,263,1,0,0,0,''),(1377,5,265,1,0,42,0,''),(1377,5,268,1,0,0,0,''),(1377,5,269,1,0,3,0,''),(1377,5,279,1,0,13,0,''),(1378,28,119,1,0,20,0,''),(1378,28,262,1,0,0,0,''),(1378,28,263,1,0,0,0,''),(1378,28,265,1,0,42,0,''),(1378,28,268,1,0,0,0,''),(1378,28,269,1,0,1,0,''),(1380,89,119,1,0,59,0,''),(1380,89,262,1,0,0,0,''),(1380,89,263,1,0,0,0,''),(1380,89,265,1,0,42,0,''),(1380,89,268,1,0,0,0,''),(1380,89,269,1,0,1,0,''),(1381,89,119,1,0,59,0,''),(1381,89,262,1,0,0,0,''),(1381,89,263,1,0,0,0,''),(1381,89,265,1,0,42,0,''),(1381,89,268,1,0,0,0,''),(1381,89,269,1,0,1,0,''),(1383,5,119,1,0,4,0,''),(1383,5,262,1,0,0,0,''),(1383,5,263,1,0,0,0,''),(1383,5,265,1,0,42,0,''),(1383,5,268,1,0,0,0,''),(1383,5,269,1,0,1,0,''),(1383,5,279,1,0,13,0,''),(1384,5,119,1,0,4,0,''),(1384,5,262,1,0,0,0,''),(1384,5,263,1,0,0,0,''),(1384,5,265,1,0,42,0,''),(1384,5,268,1,0,0,0,''),(1384,5,269,1,0,1,0,''),(1384,5,279,1,0,14,0,''),(1385,5,119,1,0,4,0,''),(1385,5,262,1,0,0,0,''),(1385,5,263,1,0,0,0,''),(1385,5,265,1,0,42,0,''),(1385,5,268,1,0,0,0,''),(1385,5,269,1,0,2,0,''),(1385,5,279,1,0,14,0,''),(1386,16,119,1,0,3,0,''),(1386,16,262,1,0,0,0,''),(1386,16,263,1,0,0,0,''),(1386,16,265,1,0,42,0,''),(1386,16,268,1,0,0,0,''),(1386,16,269,1,0,1,0,''),(1386,16,277,1,0,11,0,''),(1387,94,119,1,0,64,0,''),(1387,94,262,1,0,0,0,''),(1387,94,263,1,0,0,0,''),(1387,94,265,1,0,42,0,''),(1387,94,268,1,0,0,0,''),(1387,94,269,1,0,1,0,''),(1387,94,297,1,0,41,0,''),(1388,5,119,1,0,4,0,''),(1388,5,262,1,0,0,0,''),(1388,5,263,1,0,0,0,''),(1388,5,265,1,0,42,0,''),(1388,5,268,1,0,0,0,''),(1388,5,269,1,0,1,0,''),(1388,5,279,1,0,13,0,''),(1389,6,119,1,0,5,0,''),(1389,6,262,1,0,0,0,''),(1389,6,263,1,0,0,0,''),(1389,6,265,1,0,42,0,''),(1389,6,268,1,0,0,0,''),(1389,6,269,1,0,1,0,''),(1389,6,281,1,0,16,0,''),(1390,5,119,1,0,4,0,''),(1390,5,262,1,0,0,0,''),(1390,5,263,1,0,0,0,''),(1390,5,265,1,0,42,0,''),(1390,5,268,1,0,0,0,''),(1390,5,269,1,0,1,0,''),(1390,5,279,1,0,14,0,''),(1391,14,119,1,0,6,0,''),(1391,14,262,1,0,0,0,''),(1391,14,263,1,0,0,0,''),(1391,14,265,1,0,42,0,''),(1391,14,268,1,0,0,0,''),(1391,14,269,1,0,1,0,''),(1391,14,283,1,0,20,0,''),(1397,133,119,1,0,99,0,''),(1397,133,262,1,0,0,0,''),(1397,133,263,1,0,0,0,''),(1397,133,265,1,0,42,0,''),(1397,133,268,1,0,0,0,''),(1397,133,269,1,0,1,0,''),(1398,55,119,1,0,15,0,''),(1398,55,262,1,0,0,0,''),(1398,55,263,1,0,0,0,''),(1398,55,265,1,0,42,0,''),(1398,55,268,1,0,0,0,''),(1398,55,269,1,0,1,0,''),(1401,16,119,1,0,3,0,''),(1401,16,262,1,0,0,0,''),(1401,16,263,1,0,0,0,''),(1401,16,265,1,0,42,0,''),(1401,16,268,1,0,0,0,''),(1401,16,269,1,0,6,0,''),(1401,16,277,1,0,12,0,''),(1402,13,119,1,0,2,0,''),(1402,13,262,1,0,0,0,''),(1402,13,263,1,0,0,0,''),(1402,13,265,1,0,42,0,''),(1402,13,268,1,0,0,0,''),(1402,13,269,1,0,1,0,''),(1402,13,273,1,0,6,0,''),(1403,23,119,1,0,1,0,''),(1403,23,262,1,0,0,0,''),(1403,23,263,1,0,0,0,''),(1403,23,265,1,0,42,0,''),(1403,23,268,1,0,0,0,''),(1403,23,269,1,0,2,0,''),(1403,23,270,1,0,3,0,''),(1406,90,119,1,0,60,0,''),(1406,90,262,1,0,0,0,''),(1406,90,263,1,0,0,0,''),(1406,90,265,1,0,42,0,''),(1406,90,268,1,0,0,0,''),(1406,90,269,1,0,1,0,''),(1406,90,292,1,0,1,0,''),(1407,5,119,1,0,4,0,''),(1407,5,262,1,0,0,0,''),(1407,5,263,1,0,0,0,''),(1407,5,265,1,0,42,0,''),(1407,5,268,1,0,0,0,''),(1407,5,269,1,0,1,0,''),(1407,5,279,1,0,14,0,''),(1407,5,280,1,0,1,0,''),(1408,56,119,1,0,25,0,''),(1408,56,262,1,0,0,0,''),(1408,56,263,1,0,0,0,''),(1408,56,265,1,0,42,0,''),(1408,56,268,1,0,0,0,''),(1408,56,269,1,0,1,0,''),(1409,65,119,1,0,28,0,''),(1409,65,262,1,0,0,0,''),(1409,65,263,1,0,0,0,''),(1409,65,265,1,0,42,0,''),(1409,65,268,1,0,0,0,''),(1409,65,269,1,0,1,0,''),(1410,40,119,1,0,31,0,''),(1410,40,262,1,0,0,0,''),(1410,40,263,1,0,0,0,''),(1410,40,265,1,0,42,0,''),(1410,40,268,1,0,0,0,''),(1410,40,269,1,0,1,0,''),(1411,112,119,1,0,81,0,''),(1411,112,262,1,0,0,0,''),(1411,112,263,1,0,0,0,''),(1411,112,265,1,0,42,0,''),(1411,112,268,1,0,0,0,''),(1411,112,269,1,0,1,0,''),(1412,108,119,1,0,77,0,''),(1412,108,262,1,0,0,0,''),(1412,108,263,1,0,0,0,''),(1412,108,265,1,0,42,0,''),(1412,108,268,1,0,0,0,''),(1412,108,269,1,0,1,0,''),(1413,89,119,1,0,59,0,''),(1413,89,262,1,0,0,0,''),(1413,89,263,1,0,0,0,''),(1413,89,265,1,0,42,0,''),(1413,89,268,1,0,0,0,''),(1413,89,269,1,0,1,0,''),(1414,135,119,1,0,102,0,''),(1414,135,262,1,0,0,0,''),(1414,135,263,1,0,0,0,''),(1414,135,265,1,0,42,0,''),(1414,135,268,1,0,0,0,''),(1414,135,269,1,0,3,0,''),(1415,19,119,1,0,12,0,''),(1415,19,262,1,0,0,0,''),(1415,19,263,1,0,0,0,''),(1415,19,265,1,0,42,0,''),(1415,19,268,1,0,0,0,''),(1415,19,269,1,0,3,0,''),(1417,29,119,1,0,21,0,''),(1417,29,262,1,0,0,0,''),(1417,29,263,1,0,0,0,''),(1417,29,265,1,0,42,0,''),(1417,29,268,1,0,0,0,''),(1417,29,269,1,0,3,0,''),(1418,5,119,1,0,4,0,''),(1418,5,262,1,0,0,0,''),(1418,5,263,1,0,0,0,''),(1418,5,265,1,0,42,0,''),(1418,5,268,1,0,0,0,''),(1418,5,269,1,0,3,0,''),(1418,5,279,1,0,13,0,''),(1419,111,119,1,0,80,0,''),(1419,111,262,1,0,0,0,''),(1419,111,263,1,0,0,0,''),(1419,111,265,1,0,42,0,''),(1419,111,268,1,0,0,0,''),(1419,111,269,1,0,3,0,''),(1420,16,119,1,0,3,0,''),(1420,16,262,1,0,0,0,''),(1420,16,263,1,0,0,0,''),(1420,16,265,1,0,42,0,''),(1420,16,268,1,0,0,0,''),(1420,16,269,1,0,2,0,''),(1420,16,277,1,0,12,0,''),(1422,13,119,1,0,2,0,''),(1422,13,262,1,0,0,0,''),(1422,13,263,1,0,0,0,''),(1422,13,265,1,0,42,0,''),(1422,13,268,1,0,0,0,''),(1422,13,269,1,0,2,0,''),(1422,13,273,1,0,6,0,''),(1425,5,119,1,0,4,0,''),(1425,5,262,1,0,0,0,''),(1425,5,263,1,0,0,0,''),(1425,5,265,1,0,42,0,''),(1425,5,268,1,0,0,0,''),(1425,5,269,1,0,1,0,''),(1425,5,279,1,0,14,0,''),(1425,5,280,1,0,1,0,''),(1426,16,119,1,0,3,0,''),(1426,16,262,1,0,0,0,''),(1426,16,263,1,0,0,0,''),(1426,16,265,1,0,42,0,''),(1426,16,268,1,0,0,0,''),(1426,16,269,1,0,1,0,''),(1426,16,277,1,0,11,0,''),(1427,5,119,1,0,4,0,''),(1427,5,262,1,0,0,0,''),(1427,5,263,1,0,0,0,''),(1427,5,265,1,0,42,0,''),(1427,5,268,1,0,0,0,''),(1427,5,269,1,0,1,0,''),(1427,5,279,1,0,14,0,''),(1428,5,119,1,0,4,0,''),(1428,5,262,1,0,0,0,''),(1428,5,263,1,0,0,0,''),(1428,5,265,1,0,42,0,''),(1428,5,268,1,0,0,0,''),(1428,5,269,1,0,1,0,''),(1428,5,279,1,0,14,0,''),(1429,79,119,1,0,49,0,''),(1429,79,262,1,0,0,0,''),(1429,79,263,1,0,0,0,''),(1429,79,265,1,0,42,0,''),(1429,79,268,1,0,0,0,''),(1429,79,269,1,0,1,0,''),(1429,79,289,1,0,28,0,''),(1430,5,119,1,0,4,0,''),(1430,5,262,1,0,0,0,''),(1430,5,263,1,0,0,0,''),(1430,5,265,1,0,42,0,''),(1430,5,268,1,0,0,0,''),(1430,5,269,1,0,1,0,''),(1430,5,279,1,0,13,0,''),(1431,94,119,1,0,64,0,''),(1431,94,262,1,0,0,0,''),(1431,94,263,1,0,0,0,''),(1431,94,265,1,0,42,0,''),(1431,94,268,1,0,0,0,''),(1431,94,269,1,0,1,0,''),(1431,94,297,1,0,40,0,''),(1432,16,119,1,0,3,0,''),(1432,16,262,1,0,0,0,''),(1432,16,263,1,0,0,0,''),(1432,16,265,1,0,42,0,''),(1432,16,268,1,0,0,0,''),(1432,16,269,1,0,1,0,''),(1432,16,277,1,0,10,0,''),(1433,73,119,1,0,43,0,''),(1433,73,262,1,0,0,0,''),(1433,73,263,1,0,0,0,''),(1433,73,265,1,0,42,0,''),(1433,73,268,1,0,0,0,''),(1433,73,269,1,0,1,0,''),(1433,73,287,1,0,25,0,''),(1434,73,119,1,0,43,0,''),(1434,73,262,1,0,0,0,''),(1434,73,263,1,0,0,0,''),(1434,73,265,1,0,42,0,''),(1434,73,268,1,0,0,0,''),(1434,73,269,1,0,1,0,''),(1434,73,287,1,0,25,0,''),(1435,73,119,1,0,43,0,''),(1435,73,262,1,0,0,0,''),(1435,73,263,1,0,0,0,''),(1435,73,265,1,0,42,0,''),(1435,73,268,1,0,0,0,''),(1435,73,269,1,0,1,0,''),(1435,73,287,1,0,25,0,''),(1436,73,119,1,0,43,0,''),(1436,73,262,1,0,0,0,''),(1436,73,263,1,0,0,0,''),(1436,73,265,1,0,42,0,''),(1436,73,268,1,0,0,0,''),(1436,73,269,1,0,1,0,''),(1436,73,287,1,0,25,0,''),(1437,73,119,1,0,43,0,''),(1437,73,262,1,0,0,0,''),(1437,73,263,1,0,0,0,''),(1437,73,265,1,0,42,0,''),(1437,73,268,1,0,0,0,''),(1437,73,269,1,0,1,0,''),(1437,73,287,1,0,25,0,''),(1438,23,119,1,0,1,0,''),(1438,23,262,1,0,0,0,''),(1438,23,263,1,0,0,0,''),(1438,23,265,1,0,42,0,''),(1438,23,268,1,0,0,0,''),(1438,23,269,1,0,1,0,''),(1438,23,270,1,0,1,0,''),(1440,79,119,1,0,49,0,''),(1440,79,262,1,0,0,0,''),(1440,79,263,1,0,0,0,''),(1440,79,265,1,0,42,0,''),(1440,79,268,1,0,0,0,''),(1440,79,269,1,0,1,0,''),(1440,79,289,1,0,29,0,''),(1441,5,119,1,0,4,0,''),(1441,5,262,1,0,0,0,''),(1441,5,263,1,0,0,0,''),(1441,5,265,1,0,42,0,''),(1441,5,268,1,0,0,0,''),(1441,5,269,1,0,1,0,''),(1441,5,279,1,0,13,0,''),(1442,13,119,1,0,2,0,''),(1442,13,262,1,0,0,0,''),(1442,13,263,1,0,0,0,''),(1442,13,265,1,0,42,0,''),(1442,13,268,1,0,0,0,''),(1442,13,269,1,0,1,0,''),(1442,13,273,1,0,6,0,''),(1443,89,119,1,0,59,0,''),(1443,89,262,1,0,0,0,''),(1443,89,263,1,0,0,0,''),(1443,89,265,1,0,42,0,''),(1443,89,268,1,0,0,0,''),(1443,89,269,1,0,1,0,''),(1444,89,119,1,0,59,0,''),(1444,89,262,1,0,0,0,''),(1444,89,263,1,0,0,0,''),(1444,89,265,1,0,42,0,''),(1444,89,268,1,0,0,0,''),(1444,89,269,1,0,1,0,''),(1445,89,119,1,0,59,0,''),(1445,89,262,1,0,0,0,''),(1445,89,263,1,0,0,0,''),(1445,89,265,1,0,42,0,''),(1445,89,268,1,0,0,0,''),(1445,89,269,1,0,1,0,''),(1446,123,119,1,0,92,0,''),(1446,123,262,1,0,0,0,''),(1446,123,263,1,0,0,0,''),(1446,123,265,1,0,42,0,''),(1446,123,268,1,0,0,0,''),(1446,123,269,1,0,1,0,''),(1447,73,119,1,0,43,0,''),(1447,73,262,1,0,0,0,''),(1447,73,263,1,0,0,0,''),(1447,73,265,1,0,42,0,''),(1447,73,268,1,0,0,0,''),(1447,73,269,1,0,2,0,''),(1447,73,287,1,0,26,0,''),(1448,107,119,1,0,76,0,''),(1448,107,262,1,0,0,0,''),(1448,107,263,1,0,0,0,''),(1448,107,265,1,0,42,0,''),(1448,107,268,1,0,0,0,''),(1448,107,269,1,0,1,0,''),(1449,15,119,1,0,7,0,''),(1449,15,262,1,0,0,0,''),(1449,15,263,1,0,0,0,''),(1449,15,265,1,0,42,0,''),(1449,15,268,1,0,0,0,''),(1449,15,269,1,0,1,0,''),(1449,15,285,1,0,22,0,''),(1450,5,119,1,0,4,0,''),(1450,5,262,1,0,0,0,''),(1450,5,263,1,0,0,0,''),(1450,5,265,1,0,42,0,''),(1450,5,268,1,0,0,0,''),(1450,5,269,1,0,1,0,''),(1450,5,279,1,0,14,0,''),(1451,89,119,1,0,59,0,''),(1451,89,262,1,0,0,0,''),(1451,89,263,1,0,0,0,''),(1451,89,265,1,0,42,0,''),(1451,89,268,1,0,0,0,''),(1451,89,269,1,0,1,0,''),(1452,90,119,1,0,60,0,''),(1452,90,262,1,0,0,0,''),(1452,90,263,1,0,0,0,''),(1452,90,265,1,0,42,0,''),(1452,90,268,1,0,0,0,''),(1452,90,269,1,0,1,0,''),(1453,89,119,1,0,59,0,''),(1453,89,262,1,0,0,0,''),(1453,89,263,1,0,0,0,''),(1453,89,265,1,0,42,0,''),(1453,89,268,1,0,0,0,''),(1453,89,269,1,0,1,0,''),(1454,89,119,1,0,59,0,''),(1454,89,262,1,0,0,0,''),(1454,89,263,1,0,0,0,''),(1454,89,265,1,0,42,0,''),(1454,89,268,1,0,0,0,''),(1454,89,269,1,0,1,0,''),(1455,107,119,1,0,76,0,''),(1455,107,262,1,0,0,0,''),(1455,107,263,1,0,0,0,''),(1455,107,265,1,0,42,0,''),(1455,107,268,1,0,0,0,''),(1455,107,269,1,0,1,0,''),(1456,13,119,1,0,2,0,''),(1456,13,262,1,0,0,0,''),(1456,13,263,1,0,0,0,''),(1456,13,265,1,0,42,0,''),(1456,13,268,1,0,0,0,''),(1456,13,269,1,0,1,0,''),(1456,13,273,1,0,4,0,''),(1457,33,119,1,0,23,0,''),(1457,33,262,1,0,0,0,''),(1457,33,263,1,0,0,0,''),(1457,33,265,1,0,42,0,''),(1457,33,268,1,0,0,0,''),(1457,33,269,1,0,1,0,''),(1458,107,119,1,0,76,0,''),(1458,107,262,1,0,0,0,''),(1458,107,263,1,0,0,0,''),(1458,107,265,1,0,42,0,''),(1458,107,268,1,0,0,0,''),(1458,107,269,1,0,1,0,''),(1459,90,119,1,0,60,0,''),(1459,90,262,1,0,0,0,''),(1459,90,263,1,0,0,0,''),(1459,90,265,1,0,42,0,''),(1459,90,268,1,0,0,0,''),(1459,90,269,1,0,3,0,''),(1460,89,119,1,0,59,0,''),(1460,89,262,1,0,0,0,''),(1460,89,263,1,0,0,0,''),(1460,89,265,1,0,42,0,''),(1460,89,268,1,0,0,0,''),(1460,89,269,1,0,1,0,''),(1461,33,119,1,0,23,0,''),(1461,33,262,1,0,0,0,''),(1461,33,263,1,0,0,0,''),(1461,33,265,1,0,42,0,''),(1461,33,268,1,0,0,0,''),(1461,33,269,1,0,1,0,''),(1462,89,119,1,0,59,0,''),(1462,89,262,1,0,0,0,''),(1462,89,263,1,0,0,0,''),(1462,89,265,1,0,42,0,''),(1462,89,268,1,0,0,0,''),(1462,89,269,1,0,1,0,''),(1463,94,119,1,0,64,0,''),(1463,94,262,1,0,0,0,''),(1463,94,263,1,0,0,0,''),(1463,94,265,1,0,42,0,''),(1463,94,268,1,0,0,0,''),(1463,94,269,1,0,1,0,''),(1463,94,297,1,0,41,0,''),(1464,23,119,1,0,1,0,''),(1464,23,262,1,0,0,0,''),(1464,23,263,1,0,0,0,''),(1464,23,265,1,0,42,0,''),(1464,23,268,1,0,0,0,''),(1464,23,269,1,0,1,0,''),(1464,23,270,1,0,2,0,''),(1465,14,119,1,0,6,0,''),(1465,14,262,1,0,0,0,''),(1465,14,263,1,0,0,0,''),(1465,14,265,1,0,42,0,''),(1465,14,268,1,0,0,0,''),(1465,14,269,1,0,1,0,''),(1465,14,283,1,0,19,0,''),(1466,14,119,1,0,6,0,''),(1466,14,262,1,0,0,0,''),(1466,14,263,1,0,0,0,''),(1466,14,265,1,0,42,0,''),(1466,14,268,1,0,0,0,''),(1466,14,269,1,0,2,0,''),(1466,14,283,1,0,20,0,''),(1467,5,119,1,0,4,0,''),(1467,5,262,1,0,0,0,''),(1467,5,263,1,0,0,0,''),(1467,5,265,1,0,42,0,''),(1467,5,268,1,0,0,0,''),(1467,5,269,1,0,1,0,''),(1467,5,279,1,0,14,0,''),(1468,89,119,1,0,59,0,''),(1468,89,262,1,0,0,0,''),(1468,89,263,1,0,0,0,''),(1468,89,265,1,0,42,0,''),(1468,89,268,1,0,0,0,''),(1468,89,269,1,0,1,0,''),(1469,89,119,1,0,59,0,''),(1469,89,262,1,0,0,0,''),(1469,89,263,1,0,0,0,''),(1469,89,265,1,0,42,0,''),(1469,89,268,1,0,0,0,''),(1469,89,269,1,0,1,0,''),(1470,23,119,1,0,1,0,''),(1470,23,262,1,0,0,0,''),(1470,23,263,1,0,0,0,''),(1470,23,265,1,0,42,0,''),(1470,23,268,1,0,0,0,''),(1470,23,269,1,0,1,0,''),(1470,23,270,1,0,3,0,''),(1471,90,119,1,0,60,0,''),(1471,90,262,1,0,0,0,''),(1471,90,263,1,0,0,0,''),(1471,90,265,1,0,42,0,''),(1471,90,268,1,0,0,0,''),(1471,90,269,1,0,1,0,''),(1472,89,119,1,0,59,0,''),(1472,89,262,1,0,0,0,''),(1472,89,263,1,0,0,0,''),(1472,89,265,1,0,42,0,''),(1472,89,268,1,0,0,0,''),(1472,89,269,1,0,1,0,''),(1473,89,119,1,0,59,0,''),(1473,89,262,1,0,0,0,''),(1473,89,263,1,0,0,0,''),(1473,89,265,1,0,42,0,''),(1473,89,268,1,0,0,0,''),(1473,89,269,1,0,3,0,''),(1474,54,119,1,0,14,0,''),(1474,54,262,1,0,0,0,''),(1474,54,263,1,0,0,0,''),(1474,54,265,1,0,42,0,''),(1474,54,268,1,0,0,0,''),(1474,54,269,1,0,1,0,''),(1475,89,119,1,0,59,0,''),(1475,89,262,1,0,0,0,''),(1475,89,263,1,0,0,0,''),(1475,89,265,1,0,42,0,''),(1475,89,268,1,0,0,0,''),(1475,89,269,1,0,1,0,''),(1477,89,119,1,0,59,0,''),(1477,89,262,1,0,0,0,''),(1477,89,263,1,0,0,0,''),(1477,89,265,1,0,42,0,''),(1477,89,268,1,0,0,0,''),(1477,89,269,1,0,1,0,''),(1478,16,119,1,0,3,0,''),(1478,16,262,1,0,0,0,''),(1478,16,263,1,0,0,0,''),(1478,16,265,1,0,42,0,''),(1478,16,268,1,0,0,0,''),(1478,16,269,1,0,5,0,''),(1478,16,277,1,0,12,0,''),(1479,16,119,1,0,3,0,''),(1479,16,262,1,0,0,0,''),(1479,16,263,1,0,0,0,''),(1479,16,265,1,0,42,0,''),(1479,16,268,1,0,0,0,''),(1479,16,269,1,0,1,0,''),(1479,16,277,1,0,10,0,''),(1480,89,119,1,0,59,0,''),(1480,89,262,1,0,0,0,''),(1480,89,263,1,0,0,0,''),(1480,89,265,1,0,42,0,''),(1480,89,268,1,0,0,0,''),(1480,89,269,1,0,1,0,''),(1481,13,119,1,0,2,0,''),(1481,13,262,1,0,0,0,''),(1481,13,263,1,0,0,0,''),(1481,13,265,1,0,42,0,''),(1481,13,268,1,0,0,0,''),(1481,13,269,1,0,1,0,''),(1481,13,273,1,0,4,0,''),(1482,16,119,1,0,3,0,''),(1482,16,262,1,0,0,0,''),(1482,16,263,1,0,0,0,''),(1482,16,265,1,0,42,0,''),(1482,16,268,1,0,0,0,''),(1482,16,269,1,0,1,0,''),(1482,16,277,1,0,12,0,''),(1483,89,119,1,0,59,0,''),(1483,89,262,1,0,0,0,''),(1483,89,263,1,0,0,0,''),(1483,89,265,1,0,42,0,''),(1483,89,268,1,0,0,0,''),(1483,89,269,1,0,1,0,''),(1484,14,119,1,0,6,0,''),(1484,14,262,1,0,0,0,''),(1484,14,263,1,0,0,0,''),(1484,14,265,1,0,42,0,''),(1484,14,268,1,0,0,0,''),(1484,14,269,1,0,1,0,''),(1484,14,283,1,0,20,0,''),(1485,133,119,1,0,99,0,''),(1485,133,262,1,0,0,0,''),(1485,133,263,1,0,0,0,''),(1485,133,265,1,0,42,0,''),(1485,133,268,1,0,0,0,''),(1485,133,269,1,0,2,0,''),(1486,33,119,1,0,23,0,''),(1486,33,262,1,0,0,0,''),(1486,33,263,1,0,0,0,''),(1486,33,265,1,0,42,0,''),(1486,33,268,1,0,0,0,''),(1486,33,269,1,0,2,0,''),(1487,16,119,1,0,3,0,''),(1487,16,262,1,0,0,0,''),(1487,16,263,1,0,0,0,''),(1487,16,265,1,0,42,0,''),(1487,16,268,1,0,0,0,''),(1487,16,269,1,0,1,0,''),(1487,16,277,1,0,12,0,''),(1488,13,119,1,0,2,0,''),(1488,13,262,1,0,0,0,''),(1488,13,263,1,0,0,0,''),(1488,13,265,1,0,42,0,''),(1488,13,268,1,0,0,0,''),(1488,13,269,1,0,1,0,''),(1488,13,273,1,0,6,0,''),(1489,5,119,1,0,4,0,''),(1489,5,262,1,0,0,0,''),(1489,5,263,1,0,0,0,''),(1489,5,265,1,0,42,0,''),(1489,5,268,1,0,0,0,''),(1489,5,269,1,0,2,0,''),(1489,5,279,1,0,14,0,''),(1490,15,119,1,0,7,0,''),(1490,15,262,1,0,0,0,''),(1490,15,263,1,0,0,0,''),(1490,15,265,1,0,42,0,''),(1490,15,268,1,0,0,0,''),(1490,15,269,1,0,1,0,''),(1490,15,285,1,0,23,0,''),(1491,79,119,1,0,49,0,''),(1491,79,262,1,0,0,0,''),(1491,79,263,1,0,0,0,''),(1491,79,265,1,0,42,0,''),(1491,79,268,1,0,0,0,''),(1491,79,269,1,0,1,0,''),(1491,79,289,1,0,29,0,''),(1492,89,119,1,0,59,0,''),(1492,89,262,1,0,0,0,''),(1492,89,263,1,0,0,0,''),(1492,89,265,1,0,42,0,''),(1492,89,268,1,0,0,0,''),(1492,89,269,1,0,1,0,''),(1493,16,119,1,0,3,0,''),(1493,16,262,1,0,0,0,''),(1493,16,263,1,0,0,0,''),(1493,16,265,1,0,42,0,''),(1493,16,268,1,0,0,0,''),(1493,16,269,1,0,1,0,''),(1493,16,277,1,0,12,0,''),(1494,89,119,1,0,59,0,''),(1494,89,262,1,0,0,0,''),(1494,89,263,1,0,0,0,''),(1494,89,265,1,0,42,0,''),(1494,89,268,1,0,0,0,''),(1494,89,269,1,0,1,0,''),(1495,89,119,1,0,59,0,''),(1495,89,262,1,0,0,0,''),(1495,89,263,1,0,0,0,''),(1495,89,265,1,0,42,0,''),(1495,89,268,1,0,0,0,''),(1495,89,269,1,0,1,0,''),(1497,16,119,1,0,3,0,''),(1497,16,262,1,0,0,0,''),(1497,16,263,1,0,0,0,''),(1497,16,265,1,0,42,0,''),(1497,16,268,1,0,0,0,''),(1497,16,269,1,0,1,0,''),(1497,16,277,1,0,12,0,''),(1498,133,119,1,0,99,0,''),(1498,133,262,1,0,0,0,''),(1498,133,263,1,0,0,0,''),(1498,133,265,1,0,42,0,''),(1498,133,268,1,0,0,0,''),(1498,133,269,1,0,2,0,''),(1499,132,119,1,0,100,0,''),(1499,132,262,1,0,0,0,''),(1499,132,263,1,0,0,0,''),(1499,132,265,1,0,42,0,''),(1499,132,268,1,0,0,0,''),(1499,132,269,1,0,1,0,''),(1501,13,119,1,0,2,0,''),(1501,13,262,1,0,0,0,''),(1501,13,263,1,0,0,0,''),(1501,13,265,1,0,42,0,''),(1501,13,268,1,0,0,0,''),(1501,13,269,1,0,1,0,''),(1501,13,273,1,0,6,0,''),(1502,14,119,1,0,6,0,''),(1502,14,262,1,0,0,0,''),(1502,14,263,1,0,0,0,''),(1502,14,265,1,0,42,0,''),(1502,14,268,1,0,0,0,''),(1502,14,269,1,0,1,0,''),(1502,14,283,1,0,20,0,''),(1506,89,119,1,0,59,0,''),(1506,89,262,1,0,0,0,''),(1506,89,263,1,0,0,0,''),(1506,89,265,1,0,42,0,''),(1506,89,268,1,0,0,0,''),(1506,89,269,1,0,1,0,''),(1507,94,119,1,0,64,0,''),(1507,94,262,1,0,0,0,''),(1507,94,263,1,0,0,0,''),(1507,94,265,1,0,42,0,''),(1507,94,268,1,0,0,0,''),(1507,94,269,1,0,1,0,''),(1507,94,297,1,0,42,0,''),(1508,89,119,1,0,59,0,''),(1508,89,262,1,0,0,0,''),(1508,89,263,1,0,0,0,''),(1508,89,265,1,0,42,0,''),(1508,89,268,1,0,0,0,''),(1508,89,269,1,0,1,0,''),(1509,94,119,1,0,64,0,''),(1509,94,262,1,0,0,0,''),(1509,94,263,1,0,0,0,''),(1509,94,265,1,0,42,0,''),(1509,94,268,1,0,0,0,''),(1509,94,269,1,0,1,0,''),(1509,94,297,1,0,42,0,''),(1510,23,119,1,0,1,0,''),(1510,23,262,1,0,0,0,''),(1510,23,263,1,0,0,0,''),(1510,23,265,1,0,42,0,''),(1510,23,268,1,0,0,0,''),(1510,23,269,1,0,1,0,''),(1510,23,270,1,0,3,0,''),(1511,15,119,1,0,7,0,''),(1511,15,262,1,0,0,0,''),(1511,15,263,1,0,0,0,''),(1511,15,265,1,0,42,0,''),(1511,15,268,1,0,0,0,''),(1511,15,269,1,0,1,0,''),(1511,15,285,1,0,23,0,''),(1512,111,119,1,0,80,0,''),(1512,111,262,1,0,0,0,''),(1512,111,263,1,0,0,0,''),(1512,111,265,1,0,42,0,''),(1512,111,268,1,0,0,0,''),(1512,111,269,1,0,1,0,''),(1513,13,119,1,0,2,0,''),(1513,13,262,1,0,0,0,''),(1513,13,263,1,0,0,0,''),(1513,13,265,1,0,42,0,''),(1513,13,268,1,0,0,0,''),(1513,13,269,1,0,1,0,''),(1513,13,273,1,0,6,0,''),(1514,23,119,1,0,1,0,''),(1514,23,262,1,0,0,0,''),(1514,23,263,1,0,0,0,''),(1514,23,265,1,0,42,0,''),(1514,23,268,1,0,0,0,''),(1514,23,269,1,0,2,0,''),(1514,23,270,1,0,3,0,''),(1515,13,119,1,0,2,0,''),(1515,13,262,1,0,0,0,''),(1515,13,263,1,0,0,0,''),(1515,13,265,1,0,42,0,''),(1515,13,268,1,0,0,0,''),(1515,13,269,1,0,3,0,''),(1515,13,273,1,0,6,0,''),(1516,61,119,1,0,22,0,''),(1516,61,262,1,0,0,0,''),(1516,61,263,1,0,0,0,''),(1516,61,265,1,0,42,0,''),(1516,61,268,1,0,0,0,''),(1516,61,269,1,0,1,0,''),(1517,52,119,1,0,24,0,''),(1517,52,262,1,0,0,0,''),(1517,52,263,1,0,0,0,''),(1517,52,265,1,0,42,0,''),(1517,52,268,1,0,0,0,''),(1517,52,269,1,0,1,0,''),(1518,127,119,1,0,96,0,''),(1518,127,262,1,0,0,0,''),(1518,127,263,1,0,0,0,''),(1518,127,265,1,0,42,0,''),(1518,127,268,1,0,0,0,''),(1518,127,269,1,0,1,0,''),(1519,108,119,1,0,77,0,''),(1519,108,262,1,0,0,0,''),(1519,108,263,1,0,0,0,''),(1519,108,265,1,0,42,0,''),(1519,108,268,1,0,0,0,''),(1519,108,269,1,0,1,0,''),(1520,111,119,1,0,80,0,''),(1520,111,262,1,0,0,0,''),(1520,111,263,1,0,0,0,''),(1520,111,265,1,0,42,0,''),(1520,111,268,1,0,0,0,''),(1520,111,269,1,0,1,0,''),(1521,113,119,1,0,82,0,''),(1521,113,262,1,0,0,0,''),(1521,113,263,1,0,0,0,''),(1521,113,265,1,0,42,0,''),(1521,113,268,1,0,0,0,''),(1521,113,269,1,0,1,0,''),(1522,108,119,1,0,77,0,''),(1522,108,262,1,0,0,0,''),(1522,108,263,1,0,0,0,''),(1522,108,265,1,0,42,0,''),(1522,108,268,1,0,0,0,''),(1522,108,269,1,0,3,0,''),(1524,128,119,1,0,97,0,''),(1524,128,262,1,0,0,0,''),(1524,128,263,1,0,0,0,''),(1524,128,265,1,0,42,0,''),(1524,128,268,1,0,0,0,''),(1524,128,269,1,0,2,0,''),(1527,5,119,1,0,4,0,''),(1527,5,262,1,0,0,0,''),(1527,5,263,1,0,0,0,''),(1527,5,265,1,0,42,0,''),(1527,5,268,1,0,0,0,''),(1527,5,269,1,0,1,0,''),(1527,5,279,1,0,14,0,''),(1528,89,119,1,0,59,0,''),(1528,89,262,1,0,0,0,''),(1528,89,263,1,0,0,0,''),(1528,89,265,1,0,42,0,''),(1528,89,268,1,0,0,0,''),(1528,89,269,1,0,1,0,''),(1529,14,119,1,0,6,0,''),(1529,14,262,1,0,0,0,''),(1529,14,263,1,0,0,0,''),(1529,14,265,1,0,42,0,''),(1529,14,268,1,0,0,0,''),(1529,14,269,1,0,2,0,''),(1529,14,283,1,0,20,0,''),(1530,5,119,1,0,4,0,''),(1530,5,262,1,0,0,0,''),(1530,5,263,1,0,0,0,''),(1530,5,265,1,0,42,0,''),(1530,5,268,1,0,0,0,''),(1530,5,269,1,0,1,0,''),(1530,5,279,1,0,14,0,''),(1531,89,119,1,0,59,0,''),(1531,89,262,1,0,0,0,''),(1531,89,263,1,0,0,0,''),(1531,89,265,1,0,42,0,''),(1531,89,268,1,0,0,0,''),(1531,89,269,1,0,1,0,''),(1532,89,119,1,0,59,0,''),(1532,89,262,1,0,0,0,''),(1532,89,263,1,0,0,0,''),(1532,89,265,1,0,42,0,''),(1532,89,268,1,0,0,0,''),(1532,89,269,1,0,1,0,''),(1533,89,119,1,0,59,0,''),(1533,89,262,1,0,0,0,''),(1533,89,263,1,0,0,0,''),(1533,89,265,1,0,42,0,''),(1533,89,268,1,0,0,0,''),(1533,89,269,1,0,1,0,''),(1534,6,119,1,0,5,0,''),(1534,6,262,1,0,0,0,''),(1534,6,263,1,0,0,0,''),(1534,6,265,1,0,42,0,''),(1534,6,268,1,0,0,0,''),(1534,6,269,1,0,4,0,''),(1534,6,281,1,0,17,0,''),(1535,5,119,1,0,4,0,''),(1535,5,262,1,0,0,0,''),(1535,5,263,1,0,0,0,''),(1535,5,265,1,0,42,0,''),(1535,5,268,1,0,0,0,''),(1535,5,269,1,0,1,0,''),(1535,5,279,1,0,14,0,''),(1536,94,119,1,0,64,0,''),(1536,94,262,1,0,0,0,''),(1536,94,263,1,0,0,0,''),(1536,94,265,1,0,42,0,''),(1536,94,268,1,0,0,0,''),(1536,94,269,1,0,1,0,''),(1536,94,297,1,0,40,0,''),(1537,94,119,1,0,64,0,''),(1537,94,262,1,0,0,0,''),(1537,94,263,1,0,0,0,''),(1537,94,265,1,0,42,0,''),(1537,94,268,1,0,0,0,''),(1537,94,269,1,0,5,0,''),(1537,94,297,1,0,42,0,''),(1538,13,119,1,0,2,0,''),(1538,13,262,1,0,0,0,''),(1538,13,263,1,0,0,0,''),(1538,13,265,1,0,42,0,''),(1538,13,268,1,0,0,0,''),(1538,13,269,1,0,1,0,''),(1538,13,273,1,0,4,0,''),(1539,13,119,1,0,2,0,''),(1539,13,262,1,0,0,0,''),(1539,13,263,1,0,0,0,''),(1539,13,265,1,0,42,0,''),(1539,13,268,1,0,0,0,''),(1539,13,269,1,0,1,0,''),(1539,13,273,1,0,4,0,''),(1541,90,119,1,0,60,0,''),(1541,90,262,1,0,0,0,''),(1541,90,263,1,0,0,0,''),(1541,90,265,1,0,42,0,''),(1541,90,268,1,0,0,0,''),(1541,90,269,1,0,1,0,''),(1541,90,292,1,0,1,0,''),(1542,102,119,1,0,63,0,''),(1542,102,262,1,0,0,0,''),(1542,102,263,1,0,0,0,''),(1542,102,265,1,0,42,0,''),(1542,102,268,1,0,0,0,''),(1542,102,269,1,0,2,0,''),(1542,102,295,1,0,38,0,''),(1543,89,119,1,0,59,0,''),(1543,89,262,1,0,0,0,''),(1543,89,263,1,0,0,0,''),(1543,89,265,1,0,42,0,''),(1543,89,268,1,0,0,0,''),(1543,89,269,1,0,1,0,''),(1544,89,119,1,0,59,0,''),(1544,89,262,1,0,0,0,''),(1544,89,263,1,0,0,0,''),(1544,89,265,1,0,42,0,''),(1544,89,268,1,0,0,0,''),(1544,89,269,1,0,1,0,''),(1545,23,119,1,0,1,0,''),(1545,23,262,1,0,0,0,''),(1545,23,263,1,0,0,0,''),(1545,23,265,1,0,42,0,''),(1545,23,268,1,0,0,0,''),(1545,23,269,1,0,1,0,''),(1545,23,270,1,0,1,0,''),(1546,6,119,1,0,5,0,''),(1546,6,262,1,0,0,0,''),(1546,6,263,1,0,0,0,''),(1546,6,265,1,0,42,0,''),(1546,6,268,1,0,0,0,''),(1546,6,269,1,0,1,0,''),(1546,6,281,1,0,16,0,''),(1547,89,119,1,0,59,0,''),(1547,89,262,1,0,0,0,''),(1547,89,263,1,0,0,0,''),(1547,89,265,1,0,42,0,''),(1547,89,268,1,0,0,0,''),(1547,89,269,1,0,1,0,''),(1548,79,119,1,0,49,0,''),(1548,79,262,1,0,0,0,''),(1548,79,263,1,0,0,0,''),(1548,79,265,1,0,42,0,''),(1548,79,268,1,0,0,0,''),(1548,79,269,1,0,1,0,''),(1548,79,289,1,0,28,0,''),(1549,89,119,1,0,59,0,''),(1549,89,262,1,0,0,0,''),(1549,89,263,1,0,0,0,''),(1549,89,265,1,0,42,0,''),(1549,89,268,1,0,0,0,''),(1549,89,269,1,0,2,0,''),(1552,15,119,1,0,7,0,''),(1552,15,262,1,0,0,0,''),(1552,15,263,1,0,0,0,''),(1552,15,265,1,0,42,0,''),(1552,15,268,1,0,0,0,''),(1552,15,269,1,0,1,0,''),(1552,15,285,1,0,22,0,''),(1553,6,119,1,0,5,0,''),(1553,6,262,1,0,0,0,''),(1553,6,263,1,0,0,0,''),(1553,6,265,1,0,42,0,''),(1553,6,268,1,0,0,0,''),(1553,6,269,1,0,1,0,''),(1553,6,281,1,0,17,0,''),(1554,16,119,1,0,3,0,''),(1554,16,262,1,0,0,0,''),(1554,16,263,1,0,0,0,''),(1554,16,265,1,0,42,0,''),(1554,16,268,1,0,0,0,''),(1554,16,269,1,0,1,0,''),(1554,16,277,1,0,12,0,''),(1555,16,119,1,0,3,0,''),(1555,16,262,1,0,0,0,''),(1555,16,263,1,0,0,0,''),(1555,16,265,1,0,42,0,''),(1555,16,268,1,0,0,0,''),(1555,16,269,1,0,1,0,''),(1555,16,277,1,0,12,0,''),(1556,23,119,1,0,1,0,''),(1556,23,262,1,0,0,0,''),(1556,23,263,1,0,0,0,''),(1556,23,265,1,0,42,0,''),(1556,23,268,1,0,0,0,''),(1556,23,269,1,0,1,0,''),(1556,23,270,1,0,3,0,''),(1557,92,119,1,0,62,0,''),(1557,92,262,1,0,0,0,''),(1557,92,263,1,0,0,0,''),(1557,92,265,1,0,42,0,''),(1557,92,268,1,0,0,0,''),(1557,92,269,1,0,1,0,''),(1557,92,293,1,0,34,0,''),(1558,14,119,1,0,6,0,''),(1558,14,262,1,0,0,0,''),(1558,14,263,1,0,0,0,''),(1558,14,265,1,0,42,0,''),(1558,14,268,1,0,0,0,''),(1558,14,269,1,0,1,0,''),(1558,14,283,1,0,20,0,''),(1559,102,119,1,0,63,0,''),(1559,102,262,1,0,0,0,''),(1559,102,263,1,0,0,0,''),(1559,102,265,1,0,42,0,''),(1559,102,268,1,0,0,0,''),(1559,102,269,1,0,1,0,''),(1559,102,295,1,0,38,0,''),(1560,23,119,1,0,1,0,''),(1560,23,262,1,0,0,0,''),(1560,23,263,1,0,0,0,''),(1560,23,265,1,0,42,0,''),(1560,23,268,1,0,0,0,''),(1560,23,269,1,0,4,0,''),(1560,23,270,1,0,3,0,''),(1561,5,119,1,0,4,0,''),(1561,5,262,1,0,0,0,''),(1561,5,263,1,0,0,0,''),(1561,5,265,1,0,42,0,''),(1561,5,268,1,0,0,0,''),(1561,5,269,1,0,1,0,''),(1561,5,279,1,0,14,0,''),(1562,89,119,1,0,59,0,''),(1562,89,262,1,0,0,0,''),(1562,89,263,1,0,0,0,''),(1562,89,265,1,0,42,0,''),(1562,89,268,1,0,0,0,''),(1562,89,269,1,0,1,0,''),(1563,94,119,1,0,64,0,''),(1563,94,262,1,0,0,0,''),(1563,94,263,1,0,0,0,''),(1563,94,265,1,0,42,0,''),(1563,94,268,1,0,0,0,''),(1563,94,269,1,0,1,0,''),(1563,94,297,1,0,42,0,''),(1564,89,119,1,0,59,0,''),(1564,89,262,1,0,0,0,''),(1564,89,263,1,0,0,0,''),(1564,89,265,1,0,42,0,''),(1564,89,268,1,0,0,0,''),(1564,89,269,1,0,1,0,''),(1565,89,119,1,0,59,0,''),(1565,89,262,1,0,0,0,''),(1565,89,263,1,0,0,0,''),(1565,89,265,1,0,42,0,''),(1565,89,268,1,0,0,0,''),(1565,89,269,1,0,1,0,''),(1566,90,119,1,0,60,0,''),(1566,90,262,1,0,0,0,''),(1566,90,263,1,0,0,0,''),(1566,90,265,1,0,42,0,''),(1566,90,268,1,0,0,0,''),(1566,90,269,1,0,1,0,''),(1567,79,119,1,0,49,0,''),(1567,79,262,1,0,0,0,''),(1567,79,263,1,0,0,0,''),(1567,79,265,1,0,42,0,''),(1567,79,268,1,0,0,0,''),(1567,79,269,1,0,1,0,''),(1567,79,289,1,0,29,0,''),(1568,90,119,1,0,60,0,''),(1568,90,262,1,0,0,0,''),(1568,90,263,1,0,0,0,''),(1568,90,265,1,0,42,0,''),(1568,90,268,1,0,0,0,''),(1568,90,269,1,0,1,0,''),(1569,6,119,1,0,5,0,''),(1569,6,262,1,0,0,0,''),(1569,6,263,1,0,0,0,''),(1569,6,265,1,0,42,0,''),(1569,6,268,1,0,0,0,''),(1569,6,269,1,0,1,0,''),(1569,6,281,1,0,17,0,''),(1570,79,119,1,0,49,0,''),(1570,79,262,1,0,0,0,''),(1570,79,263,1,0,0,0,''),(1570,79,265,1,0,42,0,''),(1570,79,268,1,0,0,0,''),(1570,79,269,1,0,1,0,''),(1570,79,289,1,0,29,0,''),(1571,14,119,1,0,6,0,''),(1571,14,262,1,0,0,0,''),(1571,14,263,1,0,0,0,''),(1571,14,265,1,0,42,0,''),(1571,14,268,1,0,0,0,''),(1571,14,269,1,0,1,0,''),(1571,14,283,1,0,20,0,''),(1572,89,119,1,0,59,0,''),(1572,89,262,1,0,0,0,''),(1572,89,263,1,0,0,0,''),(1572,89,265,1,0,42,0,''),(1572,89,268,1,0,0,0,''),(1572,89,269,1,0,2,0,''),(1573,90,119,1,0,60,0,''),(1573,90,262,1,0,0,0,''),(1573,90,263,1,0,0,0,''),(1573,90,265,1,0,42,0,''),(1573,90,268,1,0,0,0,''),(1573,90,269,1,0,2,0,''),(1574,16,119,1,0,3,0,''),(1574,16,262,1,0,0,0,''),(1574,16,263,1,0,0,0,''),(1574,16,265,1,0,42,0,''),(1574,16,268,1,0,0,0,''),(1574,16,269,1,0,3,0,''),(1574,16,277,1,0,12,0,''),(1576,94,119,1,0,64,0,''),(1576,94,262,1,0,0,0,''),(1576,94,263,1,0,0,0,''),(1576,94,265,1,0,42,0,''),(1576,94,268,1,0,0,0,''),(1576,94,269,1,0,1,0,''),(1576,94,297,1,0,42,0,''),(1577,92,119,1,0,62,0,''),(1577,92,262,1,0,0,0,''),(1577,92,263,1,0,0,0,''),(1577,92,265,1,0,42,0,''),(1577,92,268,1,0,0,0,''),(1577,92,269,1,0,1,0,''),(1577,92,293,1,0,35,0,''),(1578,6,119,1,0,5,0,''),(1578,6,262,1,0,0,0,''),(1578,6,263,1,0,0,0,''),(1578,6,265,1,0,42,0,''),(1578,6,268,1,0,0,0,''),(1578,6,269,1,0,1,0,''),(1578,6,281,1,0,16,0,''),(1579,90,119,1,0,60,0,''),(1579,90,262,1,0,0,0,''),(1579,90,263,1,0,0,0,''),(1579,90,265,1,0,42,0,''),(1579,90,268,1,0,0,0,''),(1579,90,269,1,0,1,0,''),(1579,90,292,1,0,1,0,''),(1581,54,119,1,0,14,0,''),(1581,54,262,1,0,0,0,''),(1581,54,263,1,0,0,0,''),(1581,54,265,1,0,42,0,''),(1581,54,268,1,0,0,0,''),(1581,54,269,1,0,1,0,''),(1582,13,119,1,0,2,0,''),(1582,13,262,1,0,0,0,''),(1582,13,263,1,0,0,0,''),(1582,13,265,1,0,42,0,''),(1582,13,268,1,0,0,0,''),(1582,13,269,1,0,1,0,''),(1582,13,273,1,0,6,0,''),(1584,6,119,1,0,5,0,''),(1584,6,262,1,0,0,0,''),(1584,6,263,1,0,0,0,''),(1584,6,265,1,0,42,0,''),(1584,6,268,1,0,0,0,''),(1584,6,269,1,0,1,0,''),(1584,6,281,1,0,17,0,''),(1585,55,119,1,0,15,0,''),(1585,55,262,1,0,0,0,''),(1585,55,263,1,0,0,0,''),(1585,55,265,1,0,42,0,''),(1585,55,268,1,0,0,0,''),(1585,55,269,1,0,1,0,''),(1587,89,119,1,0,59,0,''),(1587,89,262,1,0,0,0,''),(1587,89,263,1,0,0,0,''),(1587,89,265,1,0,42,0,''),(1587,89,268,1,0,0,0,''),(1587,89,269,1,0,1,0,''),(1588,16,119,1,0,3,0,''),(1588,16,262,1,0,0,0,''),(1588,16,263,1,0,0,0,''),(1588,16,265,1,0,42,0,''),(1588,16,268,1,0,0,0,''),(1588,16,269,1,0,1,0,''),(1588,16,277,1,0,11,0,''),(1589,13,119,1,0,2,0,''),(1589,13,262,1,0,0,0,''),(1589,13,263,1,0,0,0,''),(1589,13,265,1,0,42,0,''),(1589,13,268,1,0,0,0,''),(1589,13,269,1,0,1,0,''),(1589,13,273,1,0,6,0,''),(1590,89,119,1,0,59,0,''),(1590,89,262,1,0,0,0,''),(1590,89,263,1,0,0,0,''),(1590,89,265,1,0,42,0,''),(1590,89,268,1,0,0,0,''),(1590,89,269,1,0,1,0,''),(1591,16,119,1,0,3,0,''),(1591,16,262,1,0,0,0,''),(1591,16,263,1,0,0,0,''),(1591,16,265,1,0,42,0,''),(1591,16,268,1,0,0,0,''),(1591,16,269,1,0,1,0,''),(1591,16,277,1,0,10,0,''),(1592,15,119,1,0,7,0,''),(1592,15,262,1,0,0,0,''),(1592,15,263,1,0,0,0,''),(1592,15,265,1,0,42,0,''),(1592,15,268,1,0,0,0,''),(1592,15,269,1,0,5,0,''),(1592,15,285,1,0,23,0,''),(1593,54,119,1,0,14,0,''),(1593,54,262,1,0,0,0,''),(1593,54,263,1,0,0,0,''),(1593,54,265,1,0,42,0,''),(1593,54,268,1,0,0,0,''),(1593,54,269,1,0,2,0,''),(1594,94,119,1,0,64,0,''),(1594,94,262,1,0,0,0,''),(1594,94,263,1,0,0,0,''),(1594,94,265,1,0,42,0,''),(1594,94,268,1,0,0,0,''),(1594,94,269,1,0,5,0,''),(1594,94,297,1,0,42,0,''),(1595,89,119,1,0,59,0,''),(1595,89,262,1,0,0,0,''),(1595,89,263,1,0,0,0,''),(1595,89,265,1,0,42,0,''),(1595,89,268,1,0,0,0,''),(1595,89,269,1,0,2,0,''),(1596,6,119,1,0,5,0,''),(1596,6,262,1,0,0,0,''),(1596,6,263,1,0,0,0,''),(1596,6,265,1,0,42,0,''),(1596,6,268,1,0,0,0,''),(1596,6,269,1,0,1,0,''),(1596,6,281,1,0,17,0,''),(1597,13,119,1,0,2,0,''),(1597,13,262,1,0,0,0,''),(1597,13,263,1,0,0,0,''),(1597,13,265,1,0,42,0,''),(1597,13,268,1,0,0,0,''),(1597,13,269,1,0,1,0,''),(1597,13,273,1,0,6,0,''),(1598,14,119,1,0,6,0,''),(1598,14,262,1,0,0,0,''),(1598,14,263,1,0,0,0,''),(1598,14,265,1,0,42,0,''),(1598,14,268,1,0,0,0,''),(1598,14,269,1,0,1,0,''),(1598,14,283,1,0,19,0,''),(1599,15,119,1,0,7,0,''),(1599,15,262,1,0,0,0,''),(1599,15,263,1,0,0,0,''),(1599,15,265,1,0,42,0,''),(1599,15,268,1,0,0,0,''),(1599,15,269,1,0,1,0,''),(1599,15,285,1,0,23,0,''),(1601,89,119,1,0,59,0,''),(1601,89,262,1,0,0,0,''),(1601,89,263,1,0,0,0,''),(1601,89,265,1,0,42,0,''),(1601,89,268,1,0,0,0,''),(1601,89,269,1,0,1,0,''),(1602,14,119,1,0,6,0,''),(1602,14,262,1,0,0,0,''),(1602,14,263,1,0,0,0,''),(1602,14,265,1,0,42,0,''),(1602,14,268,1,0,0,0,''),(1602,14,269,1,0,1,0,''),(1602,14,283,1,0,20,0,''),(1603,16,119,1,0,3,0,''),(1603,16,262,1,0,0,0,''),(1603,16,263,1,0,0,0,''),(1603,16,265,1,0,42,0,''),(1603,16,268,1,0,0,0,''),(1603,16,269,1,0,4,0,''),(1603,16,277,1,0,12,0,''),(1604,89,119,1,0,59,0,''),(1604,89,262,1,0,0,0,''),(1604,89,263,1,0,0,0,''),(1604,89,265,1,0,42,0,''),(1604,89,268,1,0,0,0,''),(1604,89,269,1,0,1,0,''),(1606,114,119,1,0,83,0,''),(1606,114,262,1,0,0,0,''),(1606,114,263,1,0,0,0,''),(1606,114,265,1,0,42,0,''),(1606,114,268,1,0,0,0,''),(1606,114,269,1,0,1,0,''),(1607,14,119,1,0,6,0,''),(1607,14,262,1,0,0,0,''),(1607,14,263,1,0,0,0,''),(1607,14,265,1,0,42,0,''),(1607,14,268,1,0,0,0,''),(1607,14,269,1,0,1,0,''),(1607,14,283,1,0,20,0,''),(1608,89,119,1,0,59,0,''),(1608,89,262,1,0,0,0,''),(1608,89,263,1,0,0,0,''),(1608,89,265,1,0,42,0,''),(1608,89,268,1,0,0,0,''),(1608,89,269,1,0,1,0,''),(1609,114,119,1,0,83,0,''),(1609,114,262,1,0,0,0,''),(1609,114,263,1,0,0,0,''),(1609,114,265,1,0,42,0,''),(1609,114,268,1,0,0,0,''),(1609,114,269,1,0,2,0,''),(1610,55,119,1,0,15,0,''),(1610,55,262,1,0,0,0,''),(1610,55,263,1,0,0,0,''),(1610,55,265,1,0,42,0,''),(1610,55,268,1,0,0,0,''),(1610,55,269,1,0,2,0,''),(1611,127,119,1,0,96,0,''),(1611,127,262,1,0,0,0,''),(1611,127,263,1,0,0,0,''),(1611,127,265,1,0,42,0,''),(1611,127,268,1,0,0,0,''),(1611,127,269,1,0,1,0,''),(1612,89,119,1,0,59,0,''),(1612,89,262,1,0,0,0,''),(1612,89,263,1,0,0,0,''),(1612,89,265,1,0,42,0,''),(1612,89,268,1,0,0,0,''),(1612,89,269,1,0,1,0,''),(1613,54,119,1,0,14,0,''),(1613,54,262,1,0,0,0,''),(1613,54,263,1,0,0,0,''),(1613,54,265,1,0,42,0,''),(1613,54,268,1,0,0,0,''),(1613,54,269,1,0,2,0,''),(1614,89,119,1,0,59,0,''),(1614,89,262,1,0,0,0,''),(1614,89,263,1,0,0,0,''),(1614,89,265,1,0,42,0,''),(1614,89,268,1,0,0,0,''),(1614,89,269,1,0,1,0,''),(1615,89,119,1,0,59,0,''),(1615,89,262,1,0,0,0,''),(1615,89,263,1,0,0,0,''),(1615,89,265,1,0,42,0,''),(1615,89,268,1,0,0,0,''),(1615,89,269,1,0,1,0,''),(1616,133,119,1,0,99,0,''),(1616,133,262,1,0,0,0,''),(1616,133,263,1,0,0,0,''),(1616,133,265,1,0,42,0,''),(1616,133,268,1,0,0,0,''),(1616,133,269,1,0,1,0,''),(1617,114,119,1,0,83,0,''),(1617,114,262,1,0,0,0,''),(1617,114,263,1,0,0,0,''),(1617,114,265,1,0,42,0,''),(1617,114,268,1,0,0,0,''),(1617,114,269,1,0,1,0,''),(1618,6,119,1,0,5,0,''),(1618,6,262,1,0,0,0,''),(1618,6,263,1,0,0,0,''),(1618,6,265,1,0,42,0,''),(1618,6,268,1,0,0,0,''),(1618,6,269,1,0,1,0,''),(1618,6,281,1,0,17,0,''),(1619,14,119,1,0,6,0,''),(1619,14,262,1,0,0,0,''),(1619,14,263,1,0,0,0,''),(1619,14,265,1,0,42,0,''),(1619,14,268,1,0,0,0,''),(1619,14,269,1,0,1,0,''),(1619,14,283,1,0,19,0,''),(1620,94,119,1,0,64,0,''),(1620,94,262,1,0,0,0,''),(1620,94,263,1,0,0,0,''),(1620,94,265,1,0,42,0,''),(1620,94,268,1,0,0,0,''),(1620,94,269,1,0,1,0,''),(1620,94,297,1,0,41,0,''),(1621,16,119,1,0,3,0,''),(1621,16,262,1,0,0,0,''),(1621,16,263,1,0,0,0,''),(1621,16,265,1,0,42,0,''),(1621,16,268,1,0,0,0,''),(1621,16,269,1,0,1,0,''),(1621,16,277,1,0,11,0,''),(1622,54,119,1,0,14,0,''),(1622,54,262,1,0,0,0,''),(1622,54,263,1,0,0,0,''),(1622,54,265,1,0,42,0,''),(1622,54,268,1,0,0,0,''),(1622,54,269,1,0,2,0,''),(1623,89,119,1,0,59,0,''),(1623,89,262,1,0,0,0,''),(1623,89,263,1,0,0,0,''),(1623,89,265,1,0,42,0,''),(1623,89,268,1,0,0,0,''),(1623,89,269,1,0,1,0,''),(1624,79,119,1,0,49,0,''),(1624,79,262,1,0,0,0,''),(1624,79,263,1,0,0,0,''),(1624,79,265,1,0,42,0,''),(1624,79,268,1,0,0,0,''),(1624,79,269,1,0,1,0,''),(1624,79,289,1,0,29,0,''),(1625,23,119,1,0,1,0,''),(1625,23,262,1,0,0,0,''),(1625,23,263,1,0,0,0,''),(1625,23,265,1,0,42,0,''),(1625,23,268,1,0,0,0,''),(1625,23,269,1,0,1,0,''),(1625,23,270,1,0,3,0,''),(1626,90,119,1,0,60,0,''),(1626,90,262,1,0,0,0,''),(1626,90,263,1,0,0,0,''),(1626,90,265,1,0,42,0,''),(1626,90,268,1,0,0,0,''),(1626,90,269,1,0,1,0,''),(1627,94,119,1,0,64,0,''),(1627,94,262,1,0,0,0,''),(1627,94,263,1,0,0,0,''),(1627,94,265,1,0,42,0,''),(1627,94,268,1,0,0,0,''),(1627,94,269,1,0,1,0,''),(1627,94,297,1,0,42,0,''),(1627,94,298,1,0,1,0,''),(1628,111,119,1,0,80,0,''),(1628,111,262,1,0,0,0,''),(1628,111,263,1,0,0,0,''),(1628,111,265,1,0,42,0,''),(1628,111,268,1,0,0,0,''),(1628,111,269,1,0,1,0,''),(1629,15,119,1,0,7,0,''),(1629,15,262,1,0,0,0,''),(1629,15,263,1,0,0,0,''),(1629,15,265,1,0,42,0,''),(1629,15,268,1,0,0,0,''),(1629,15,269,1,0,2,0,''),(1629,15,285,1,0,23,0,''),(1630,114,119,1,0,83,0,''),(1630,114,262,1,0,0,0,''),(1630,114,263,1,0,0,0,''),(1630,114,265,1,0,42,0,''),(1630,114,268,1,0,0,0,''),(1630,114,269,1,0,1,0,''),(1631,107,119,1,0,76,0,''),(1631,107,262,1,0,0,0,''),(1631,107,263,1,0,0,0,''),(1631,107,265,1,0,42,0,''),(1631,107,268,1,0,0,0,''),(1631,107,269,1,0,1,0,''),(1632,15,119,1,0,7,0,''),(1632,15,262,1,0,0,0,''),(1632,15,263,1,0,0,0,''),(1632,15,265,1,0,42,0,''),(1632,15,268,1,0,0,0,''),(1632,15,269,1,0,1,0,''),(1632,15,285,1,0,23,0,''),(1633,79,119,1,0,49,0,''),(1633,79,262,1,0,0,0,''),(1633,79,263,1,0,0,0,''),(1633,79,265,1,0,42,0,''),(1633,79,268,1,0,0,0,''),(1633,79,269,1,0,1,0,''),(1633,79,289,1,0,29,0,''),(1636,90,119,1,0,60,0,''),(1636,90,262,1,0,0,0,''),(1636,90,263,1,0,0,0,''),(1636,90,265,1,0,42,0,''),(1636,90,268,1,0,0,0,''),(1636,90,269,1,0,1,0,''),(1637,16,119,1,0,3,0,''),(1637,16,262,1,0,0,0,''),(1637,16,263,1,0,0,0,''),(1637,16,265,1,0,42,0,''),(1637,16,268,1,0,0,0,''),(1637,16,269,1,0,1,0,''),(1637,16,277,1,0,11,0,''),(1638,79,119,1,0,49,0,''),(1638,79,262,1,0,0,0,''),(1638,79,263,1,0,0,0,''),(1638,79,265,1,0,42,0,''),(1638,79,268,1,0,0,0,''),(1638,79,269,1,0,1,0,''),(1638,79,289,1,0,29,0,''),(1639,133,119,1,0,99,0,''),(1639,133,262,1,0,0,0,''),(1639,133,263,1,0,0,0,''),(1639,133,265,1,0,42,0,''),(1639,133,268,1,0,0,0,''),(1639,133,269,1,0,1,0,''),(1640,89,119,1,0,59,0,''),(1640,89,262,1,0,0,0,''),(1640,89,263,1,0,0,0,''),(1640,89,265,1,0,42,0,''),(1640,89,268,1,0,0,0,''),(1640,89,269,1,0,1,0,''),(1641,92,119,1,0,62,0,''),(1641,92,262,1,0,0,0,''),(1641,92,263,1,0,0,0,''),(1641,92,265,1,0,42,0,''),(1641,92,268,1,0,0,0,''),(1641,92,269,1,0,1,0,''),(1641,92,293,1,0,35,0,''),(1642,5,119,1,0,4,0,''),(1642,5,262,1,0,0,0,''),(1642,5,263,1,0,0,0,''),(1642,5,265,1,0,42,0,''),(1642,5,268,1,0,0,0,''),(1642,5,269,1,0,1,0,''),(1642,5,279,1,0,14,0,''),(1643,90,119,1,0,60,0,''),(1643,90,262,1,0,0,0,''),(1643,90,263,1,0,0,0,''),(1643,90,265,1,0,42,0,''),(1643,90,268,1,0,0,0,''),(1643,90,269,1,0,1,0,''),(1644,40,119,1,0,31,0,''),(1644,40,262,1,0,0,0,''),(1644,40,263,1,0,0,0,''),(1644,40,265,1,0,42,0,''),(1644,40,268,1,0,0,0,''),(1644,40,269,1,0,1,0,''),(1646,79,119,1,0,49,0,''),(1646,79,262,1,0,0,0,''),(1646,79,263,1,0,0,0,''),(1646,79,265,1,0,42,0,''),(1646,79,268,1,0,0,0,''),(1646,79,269,1,0,1,0,''),(1646,79,289,1,0,29,0,''),(1647,79,119,1,0,49,0,''),(1647,79,262,1,0,0,0,''),(1647,79,263,1,0,0,0,''),(1647,79,265,1,0,42,0,''),(1647,79,268,1,0,0,0,''),(1647,79,269,1,0,1,0,''),(1647,79,289,1,0,29,0,''),(1648,5,119,1,0,4,0,''),(1648,5,262,1,0,0,0,''),(1648,5,263,1,0,0,0,''),(1648,5,265,1,0,42,0,''),(1648,5,268,1,0,0,0,''),(1648,5,269,1,0,3,0,''),(1648,5,279,1,0,14,0,''),(1649,15,119,1,0,7,0,''),(1649,15,262,1,0,0,0,''),(1649,15,263,1,0,0,0,''),(1649,15,265,1,0,42,0,''),(1649,15,268,1,0,0,0,''),(1649,15,269,1,0,1,0,''),(1649,15,285,1,0,23,0,''),(1650,89,119,1,0,59,0,''),(1650,89,262,1,0,0,0,''),(1650,89,263,1,0,0,0,''),(1650,89,265,1,0,42,0,''),(1650,89,268,1,0,0,0,''),(1650,89,269,1,0,1,0,''),(1651,6,119,1,0,5,0,''),(1651,6,262,1,0,0,0,''),(1651,6,263,1,0,0,0,''),(1651,6,265,1,0,42,0,''),(1651,6,268,1,0,0,0,''),(1651,6,269,1,0,1,0,''),(1651,6,281,1,0,17,0,''),(1653,114,119,1,0,83,0,''),(1653,114,262,1,0,0,0,''),(1653,114,263,1,0,0,0,''),(1653,114,265,1,0,42,0,''),(1653,114,268,1,0,0,0,''),(1653,114,269,1,0,2,0,''),(1654,23,119,1,0,1,0,''),(1654,23,262,1,0,0,0,''),(1654,23,263,1,0,0,0,''),(1654,23,265,1,0,42,0,''),(1654,23,268,1,0,0,0,''),(1654,23,269,1,0,1,0,''),(1654,23,270,1,0,3,0,''),(1655,90,119,1,0,60,0,''),(1655,90,262,1,0,0,0,''),(1655,90,263,1,0,0,0,''),(1655,90,265,1,0,42,0,''),(1655,90,268,1,0,0,0,''),(1655,90,269,1,0,1,0,''),(1656,23,119,1,0,1,0,''),(1656,23,262,1,0,0,0,''),(1656,23,263,1,0,0,0,''),(1656,23,265,1,0,42,0,''),(1656,23,268,1,0,0,0,''),(1656,23,269,1,0,4,0,''),(1656,23,270,1,0,3,0,''),(1657,16,119,1,0,3,0,''),(1657,16,262,1,0,0,0,''),(1657,16,263,1,0,0,0,''),(1657,16,265,1,0,42,0,''),(1657,16,268,1,0,0,0,''),(1657,16,269,1,0,1,0,''),(1657,16,277,1,0,12,0,''),(1658,5,119,1,0,4,0,''),(1658,5,262,1,0,0,0,''),(1658,5,263,1,0,0,0,''),(1658,5,265,1,0,42,0,''),(1658,5,268,1,0,0,0,''),(1658,5,269,1,0,1,0,''),(1658,5,279,1,0,14,0,''),(1659,79,119,1,0,49,0,''),(1659,79,262,1,0,0,0,''),(1659,79,263,1,0,0,0,''),(1659,79,265,1,0,42,0,''),(1659,79,268,1,0,0,0,''),(1659,79,269,1,0,1,0,''),(1659,79,289,1,0,29,0,''),(1660,102,119,1,0,63,0,''),(1660,102,262,1,0,0,0,''),(1660,102,263,1,0,0,0,''),(1660,102,265,1,0,42,0,''),(1660,102,268,1,0,0,0,''),(1660,102,269,1,0,1,0,''),(1660,102,295,1,0,38,0,''),(1661,6,119,1,0,5,0,''),(1661,6,262,1,0,0,0,''),(1661,6,263,1,0,0,0,''),(1661,6,265,1,0,42,0,''),(1661,6,268,1,0,0,0,''),(1661,6,269,1,0,1,0,''),(1661,6,281,1,0,17,0,''),(1662,16,119,1,0,3,0,''),(1662,16,262,1,0,0,0,''),(1662,16,263,1,0,0,0,''),(1662,16,265,1,0,42,0,''),(1662,16,268,1,0,0,0,''),(1662,16,269,1,0,2,0,''),(1662,16,277,1,0,12,0,''),(1663,23,119,1,0,1,0,''),(1663,23,262,1,0,0,0,''),(1663,23,263,1,0,0,0,''),(1663,23,265,1,0,42,0,''),(1663,23,268,1,0,0,0,''),(1663,23,269,1,0,4,0,''),(1663,23,270,1,0,3,0,''),(1664,15,119,1,0,7,0,''),(1664,15,262,1,0,0,0,''),(1664,15,263,1,0,0,0,''),(1664,15,265,1,0,42,0,''),(1664,15,268,1,0,0,0,''),(1664,15,269,1,0,1,0,''),(1664,15,285,1,0,22,0,''),(1665,79,119,1,0,49,0,''),(1665,79,262,1,0,0,0,''),(1665,79,263,1,0,0,0,''),(1665,79,265,1,0,42,0,''),(1665,79,268,1,0,0,0,''),(1665,79,269,1,0,1,0,''),(1665,79,289,1,0,28,0,''),(1666,102,119,1,0,63,0,''),(1666,102,262,1,0,0,0,''),(1666,102,263,1,0,0,0,''),(1666,102,265,1,0,42,0,''),(1666,102,268,1,0,0,0,''),(1666,102,269,1,0,1,0,''),(1666,102,295,1,0,37,0,''),(1667,13,119,1,0,2,0,''),(1667,13,262,1,0,0,0,''),(1667,13,263,1,0,0,0,''),(1667,13,265,1,0,42,0,''),(1667,13,268,1,0,0,0,''),(1667,13,269,1,0,1,0,''),(1667,13,273,1,0,6,0,''),(1668,89,119,1,0,59,0,''),(1668,89,262,1,0,0,0,''),(1668,89,263,1,0,0,0,''),(1668,89,265,1,0,42,0,''),(1668,89,268,1,0,0,0,''),(1668,89,269,1,0,1,0,''),(1669,89,119,1,0,59,0,''),(1669,89,262,1,0,0,0,''),(1669,89,263,1,0,0,0,''),(1669,89,265,1,0,42,0,''),(1669,89,268,1,0,0,0,''),(1669,89,269,1,0,1,0,''),(1670,6,119,1,0,5,0,''),(1670,6,262,1,0,0,0,''),(1670,6,263,1,0,0,0,''),(1670,6,265,1,0,42,0,''),(1670,6,268,1,0,0,0,''),(1670,6,269,1,0,1,0,''),(1670,6,281,1,0,16,0,''),(1671,89,119,1,0,59,0,''),(1671,89,262,1,0,0,0,''),(1671,89,263,1,0,0,0,''),(1671,89,265,1,0,42,0,''),(1671,89,268,1,0,0,0,''),(1671,89,269,1,0,2,0,''),(1672,92,119,1,0,62,0,''),(1672,92,262,1,0,0,0,''),(1672,92,263,1,0,0,0,''),(1672,92,265,1,0,42,0,''),(1672,92,268,1,0,0,0,''),(1672,92,269,1,0,1,0,''),(1672,92,293,1,0,35,0,''),(1673,14,119,1,0,6,0,''),(1673,14,262,1,0,0,0,''),(1673,14,263,1,0,0,0,''),(1673,14,265,1,0,42,0,''),(1673,14,268,1,0,0,0,''),(1673,14,269,1,0,1,0,''),(1673,14,283,1,0,20,0,''),(1674,5,119,1,0,4,0,''),(1674,5,262,1,0,0,0,''),(1674,5,263,1,0,0,0,''),(1674,5,265,1,0,42,0,''),(1674,5,268,1,0,0,0,''),(1674,5,269,1,0,1,0,''),(1674,5,279,1,0,14,0,''),(1675,79,119,1,0,49,0,''),(1675,79,262,1,0,0,0,''),(1675,79,263,1,0,0,0,''),(1675,79,265,1,0,42,0,''),(1675,79,268,1,0,0,0,''),(1675,79,269,1,0,1,0,''),(1675,79,289,1,0,29,0,''),(1676,6,119,1,0,5,0,''),(1676,6,262,1,0,0,0,''),(1676,6,263,1,0,0,0,''),(1676,6,265,1,0,42,0,''),(1676,6,268,1,0,0,0,''),(1676,6,269,1,0,1,0,''),(1676,6,281,1,0,17,0,''),(1677,92,119,1,0,62,0,''),(1677,92,262,1,0,0,0,''),(1677,92,263,1,0,0,0,''),(1677,92,265,1,0,42,0,''),(1677,92,268,1,0,0,0,''),(1677,92,269,1,0,1,0,''),(1677,92,293,1,0,34,0,''),(1678,92,119,1,0,62,0,''),(1678,92,262,1,0,0,0,''),(1678,92,263,1,0,0,0,''),(1678,92,265,1,0,42,0,''),(1678,92,268,1,0,0,0,''),(1678,92,269,1,0,1,0,''),(1678,92,293,1,0,35,0,''),(1679,16,119,1,0,3,0,''),(1679,16,262,1,0,0,0,''),(1679,16,263,1,0,0,0,''),(1679,16,265,1,0,42,0,''),(1679,16,268,1,0,0,0,''),(1679,16,269,1,0,1,0,''),(1679,16,277,1,0,12,0,''),(1680,89,119,1,0,59,0,''),(1680,89,262,1,0,0,0,''),(1680,89,263,1,0,0,0,''),(1680,89,265,1,0,42,0,''),(1680,89,268,1,0,0,0,''),(1680,89,269,1,0,1,0,''),(1681,94,119,1,0,64,0,''),(1681,94,262,1,0,0,0,''),(1681,94,263,1,0,0,0,''),(1681,94,265,1,0,42,0,''),(1681,94,268,1,0,0,0,''),(1681,94,269,1,0,2,0,''),(1681,94,297,1,0,42,0,''),(1682,16,119,1,0,3,0,''),(1682,16,262,1,0,0,0,''),(1682,16,263,1,0,0,0,''),(1682,16,265,1,0,42,0,''),(1682,16,268,1,0,0,0,''),(1682,16,269,1,0,1,0,''),(1682,16,277,1,0,12,0,''),(1683,23,119,1,0,1,0,''),(1683,23,262,1,0,0,0,''),(1683,23,263,1,0,0,0,''),(1683,23,265,1,0,42,0,''),(1683,23,268,1,0,0,0,''),(1683,23,269,1,0,1,0,''),(1683,23,270,1,0,3,0,''),(1684,14,119,1,0,6,0,''),(1684,14,262,1,0,0,0,''),(1684,14,263,1,0,0,0,''),(1684,14,265,1,0,42,0,''),(1684,14,268,1,0,0,0,''),(1684,14,269,1,0,1,0,''),(1684,14,283,1,0,20,0,''),(1685,5,119,1,0,4,0,''),(1685,5,262,1,0,0,0,''),(1685,5,263,1,0,0,0,''),(1685,5,265,1,0,42,0,''),(1685,5,268,1,0,0,0,''),(1685,5,269,1,0,1,0,''),(1685,5,279,1,0,13,0,''),(1686,114,119,1,0,83,0,''),(1686,114,262,1,0,0,0,''),(1686,114,263,1,0,0,0,''),(1686,114,265,1,0,42,0,''),(1686,114,268,1,0,0,0,''),(1686,114,269,1,0,1,0,''),(1687,94,119,1,0,64,0,''),(1687,94,262,1,0,0,0,''),(1687,94,263,1,0,0,0,''),(1687,94,265,1,0,42,0,''),(1687,94,268,1,0,0,0,''),(1687,94,269,1,0,1,0,''),(1687,94,297,1,0,42,0,''),(1688,16,119,1,0,3,0,''),(1688,16,262,1,0,0,0,''),(1688,16,263,1,0,0,0,''),(1688,16,265,1,0,42,0,''),(1688,16,268,1,0,0,0,''),(1688,16,269,1,0,2,0,''),(1688,16,277,1,0,12,0,''),(1689,23,119,1,0,1,0,''),(1689,23,262,1,0,0,0,''),(1689,23,263,1,0,0,0,''),(1689,23,265,1,0,42,0,''),(1689,23,268,1,0,0,0,''),(1689,23,269,1,0,2,0,''),(1689,23,270,1,0,3,0,''),(1690,94,119,1,0,64,0,''),(1690,94,262,1,0,0,0,''),(1690,94,263,1,0,0,0,''),(1690,94,265,1,0,42,0,''),(1690,94,268,1,0,0,0,''),(1690,94,269,1,0,1,0,''),(1690,94,297,1,0,42,0,''),(1691,16,119,1,0,3,0,''),(1691,16,262,1,0,0,0,''),(1691,16,263,1,0,0,0,''),(1691,16,265,1,0,42,0,''),(1691,16,268,1,0,0,0,''),(1691,16,269,1,0,1,0,''),(1691,16,277,1,0,12,0,''),(1692,23,119,1,0,1,0,''),(1692,23,262,1,0,0,0,''),(1692,23,263,1,0,0,0,''),(1692,23,265,1,0,42,0,''),(1692,23,268,1,0,0,0,''),(1692,23,269,1,0,1,0,''),(1692,23,270,1,0,3,0,''),(1694,116,119,1,0,85,0,''),(1694,116,262,1,0,0,0,''),(1694,116,263,1,0,0,0,''),(1694,116,265,1,0,42,0,''),(1694,116,268,1,0,0,0,''),(1694,116,269,1,0,1,0,''),(1695,54,119,1,0,14,0,''),(1695,54,262,1,0,0,0,''),(1695,54,263,1,0,0,0,''),(1695,54,265,1,0,42,0,''),(1695,54,268,1,0,0,0,''),(1695,54,269,1,0,1,0,''),(1696,5,119,1,0,4,0,''),(1696,5,262,1,0,0,0,''),(1696,5,263,1,0,0,0,''),(1696,5,265,1,0,42,0,''),(1696,5,268,1,0,0,0,''),(1696,5,269,1,0,1,0,''),(1696,5,279,1,0,14,0,''),(1697,73,119,1,0,43,0,''),(1697,73,262,1,0,0,0,''),(1697,73,263,1,0,0,0,''),(1697,73,265,1,0,42,0,''),(1697,73,268,1,0,0,0,''),(1697,73,269,1,0,1,0,''),(1697,73,287,1,0,26,0,''),(1698,114,119,1,0,83,0,''),(1698,114,262,1,0,0,0,''),(1698,114,263,1,0,0,0,''),(1698,114,265,1,0,42,0,''),(1698,114,268,1,0,0,0,''),(1698,114,269,1,0,1,0,''),(1699,5,119,1,0,4,0,''),(1699,5,262,1,0,0,0,''),(1699,5,263,1,0,0,0,''),(1699,5,265,1,0,42,0,''),(1699,5,268,1,0,0,0,''),(1699,5,269,1,0,3,0,''),(1699,5,279,1,0,13,0,''),(1700,14,119,1,0,6,0,''),(1700,14,262,1,0,0,0,''),(1700,14,263,1,0,0,0,''),(1700,14,265,1,0,42,0,''),(1700,14,268,1,0,0,0,''),(1700,14,269,1,0,1,0,''),(1700,14,283,1,0,19,0,''),(1701,13,119,1,0,2,0,''),(1701,13,262,1,0,0,0,''),(1701,13,263,1,0,0,0,''),(1701,13,265,1,0,42,0,''),(1701,13,268,1,0,0,0,''),(1701,13,269,1,0,2,0,''),(1701,13,273,1,0,6,0,''),(1702,54,119,1,0,14,0,''),(1702,54,262,1,0,0,0,''),(1702,54,263,1,0,0,0,''),(1702,54,265,1,0,42,0,''),(1702,54,268,1,0,0,0,''),(1702,54,269,1,0,1,0,''),(1703,94,119,1,0,64,0,''),(1703,94,262,1,0,0,0,''),(1703,94,263,1,0,0,0,''),(1703,94,265,1,0,42,0,''),(1703,94,268,1,0,0,0,''),(1703,94,269,1,0,1,0,''),(1703,94,297,1,0,40,0,''),(1703,94,298,1,0,1,0,''),(1704,16,119,1,0,3,0,''),(1704,16,262,1,0,0,0,''),(1704,16,263,1,0,0,0,''),(1704,16,265,1,0,42,0,''),(1704,16,268,1,0,0,0,''),(1704,16,269,1,0,1,0,''),(1704,16,277,1,0,11,0,''),(1705,15,119,1,0,7,0,''),(1705,15,262,1,0,0,0,''),(1705,15,263,1,0,0,0,''),(1705,15,265,1,0,42,0,''),(1705,15,268,1,0,0,0,''),(1705,15,269,1,0,1,0,''),(1705,15,285,1,0,23,0,''),(1706,16,119,1,0,3,0,''),(1706,16,262,1,0,0,0,''),(1706,16,263,1,0,0,0,''),(1706,16,265,1,0,42,0,''),(1706,16,268,1,0,0,0,''),(1706,16,269,1,0,1,0,''),(1706,16,277,1,0,11,0,''),(1707,15,119,1,0,7,0,''),(1707,15,262,1,0,0,0,''),(1707,15,263,1,0,0,0,''),(1707,15,265,1,0,42,0,''),(1707,15,268,1,0,0,0,''),(1707,15,269,1,0,1,0,''),(1707,15,285,1,0,23,0,''),(1708,89,119,1,0,59,0,''),(1708,89,262,1,0,0,0,''),(1708,89,263,1,0,0,0,''),(1708,89,265,1,0,42,0,''),(1708,89,268,1,0,0,0,''),(1708,89,269,1,0,2,0,''),(1709,89,119,1,0,59,0,''),(1709,89,262,1,0,0,0,''),(1709,89,263,1,0,0,0,''),(1709,89,265,1,0,42,0,''),(1709,89,268,1,0,0,0,''),(1709,89,269,1,0,1,0,''),(1710,89,119,1,0,59,0,''),(1710,89,262,1,0,0,0,''),(1710,89,263,1,0,0,0,''),(1710,89,265,1,0,42,0,''),(1710,89,268,1,0,0,0,''),(1710,89,269,1,0,1,0,''),(1711,94,119,1,0,64,0,''),(1711,94,262,1,0,0,0,''),(1711,94,263,1,0,0,0,''),(1711,94,265,1,0,42,0,''),(1711,94,268,1,0,0,0,''),(1711,94,269,1,0,1,0,''),(1711,94,297,1,0,42,0,''),(1712,94,119,1,0,64,0,''),(1712,94,262,1,0,0,0,''),(1712,94,263,1,0,0,0,''),(1712,94,265,1,0,42,0,''),(1712,94,268,1,0,0,0,''),(1712,94,269,1,0,1,0,''),(1712,94,297,1,0,42,0,''),(1713,94,119,1,0,64,0,''),(1713,94,262,1,0,0,0,''),(1713,94,263,1,0,0,0,''),(1713,94,265,1,0,42,0,''),(1713,94,268,1,0,0,0,''),(1713,94,269,1,0,1,0,''),(1713,94,297,1,0,42,0,''),(1714,94,119,1,0,64,0,''),(1714,94,262,1,0,0,0,''),(1714,94,263,1,0,0,0,''),(1714,94,265,1,0,42,0,''),(1714,94,268,1,0,0,0,''),(1714,94,269,1,0,1,0,''),(1714,94,297,1,0,40,0,''),(1715,94,119,1,0,64,0,''),(1715,94,262,1,0,0,0,''),(1715,94,263,1,0,0,0,''),(1715,94,265,1,0,42,0,''),(1715,94,268,1,0,0,0,''),(1715,94,269,1,0,1,0,''),(1715,94,297,1,0,40,0,''),(1716,94,119,1,0,64,0,''),(1716,94,262,1,0,0,0,''),(1716,94,263,1,0,0,0,''),(1716,94,265,1,0,42,0,''),(1716,94,268,1,0,0,0,''),(1716,94,269,1,0,1,0,''),(1716,94,297,1,0,40,0,''),(1717,94,119,1,0,64,0,''),(1717,94,262,1,0,0,0,''),(1717,94,263,1,0,0,0,''),(1717,94,265,1,0,42,0,''),(1717,94,268,1,0,0,0,''),(1717,94,269,1,0,1,0,''),(1717,94,297,1,0,42,0,''),(1718,94,119,1,0,64,0,''),(1718,94,262,1,0,0,0,''),(1718,94,263,1,0,0,0,''),(1718,94,265,1,0,42,0,''),(1718,94,268,1,0,0,0,''),(1718,94,269,1,0,1,0,''),(1718,94,297,1,0,42,0,''),(1719,94,119,1,0,64,0,''),(1719,94,262,1,0,0,0,''),(1719,94,263,1,0,0,0,''),(1719,94,265,1,0,42,0,''),(1719,94,268,1,0,0,0,''),(1719,94,269,1,0,1,0,''),(1719,94,297,1,0,42,0,''),(1720,94,119,1,0,64,0,''),(1720,94,262,1,0,0,0,''),(1720,94,263,1,0,0,0,''),(1720,94,265,1,0,42,0,''),(1720,94,268,1,0,0,0,''),(1720,94,269,1,0,1,0,''),(1720,94,297,1,0,42,0,''),(1721,16,119,1,0,3,0,''),(1721,16,262,1,0,0,0,''),(1721,16,263,1,0,0,0,''),(1721,16,265,1,0,42,0,''),(1721,16,268,1,0,0,0,''),(1721,16,269,1,0,1,0,''),(1721,16,277,1,0,12,0,''),(1722,16,119,1,0,3,0,''),(1722,16,262,1,0,0,0,''),(1722,16,263,1,0,0,0,''),(1722,16,265,1,0,42,0,''),(1722,16,268,1,0,0,0,''),(1722,16,269,1,0,1,0,''),(1722,16,277,1,0,12,0,''),(1723,16,119,1,0,3,0,''),(1723,16,262,1,0,0,0,''),(1723,16,263,1,0,0,0,''),(1723,16,265,1,0,42,0,''),(1723,16,268,1,0,0,0,''),(1723,16,269,1,0,1,0,''),(1723,16,277,1,0,12,0,''),(1724,16,119,1,0,3,0,''),(1724,16,262,1,0,0,0,''),(1724,16,263,1,0,0,0,''),(1724,16,265,1,0,42,0,''),(1724,16,268,1,0,0,0,''),(1724,16,269,1,0,1,0,''),(1724,16,277,1,0,12,0,''),(1725,16,119,1,0,3,0,''),(1725,16,262,1,0,0,0,''),(1725,16,263,1,0,0,0,''),(1725,16,265,1,0,42,0,''),(1725,16,268,1,0,0,0,''),(1725,16,269,1,0,1,0,''),(1725,16,277,1,0,12,0,''),(1726,16,119,1,0,3,0,''),(1726,16,262,1,0,0,0,''),(1726,16,263,1,0,0,0,''),(1726,16,265,1,0,42,0,''),(1726,16,268,1,0,0,0,''),(1726,16,269,1,0,1,0,''),(1726,16,277,1,0,12,0,''),(1727,89,119,1,0,59,0,''),(1727,89,262,1,0,0,0,''),(1727,89,263,1,0,0,0,''),(1727,89,265,1,0,42,0,''),(1727,89,268,1,0,0,0,''),(1727,89,269,1,0,1,0,''),(1730,15,119,1,0,7,0,''),(1730,15,262,1,0,0,0,''),(1730,15,263,1,0,0,0,''),(1730,15,265,1,0,42,0,''),(1730,15,268,1,0,0,0,''),(1730,15,269,1,0,1,0,''),(1730,15,285,1,0,22,0,''),(1731,92,119,1,0,62,0,''),(1731,92,262,1,0,0,0,''),(1731,92,263,1,0,0,0,''),(1731,92,265,1,0,42,0,''),(1731,92,268,1,0,0,0,''),(1731,92,269,1,0,1,0,''),(1731,92,293,1,0,34,0,''),(1732,13,119,1,0,2,0,''),(1732,13,262,1,0,0,0,''),(1732,13,263,1,0,0,0,''),(1732,13,265,1,0,42,0,''),(1732,13,268,1,0,0,0,''),(1732,13,269,1,0,1,0,''),(1732,13,273,1,0,6,0,''),(1733,23,119,1,0,1,0,''),(1733,23,262,1,0,0,0,''),(1733,23,263,1,0,0,0,''),(1733,23,265,1,0,42,0,''),(1733,23,268,1,0,0,0,''),(1733,23,269,1,0,1,0,''),(1733,23,270,1,0,3,0,''),(1734,16,119,1,0,3,0,''),(1734,16,262,1,0,0,0,''),(1734,16,263,1,0,0,0,''),(1734,16,265,1,0,42,0,''),(1734,16,268,1,0,0,0,''),(1734,16,269,1,0,1,0,''),(1734,16,277,1,0,12,0,''),(1735,94,119,1,0,64,0,''),(1735,94,262,1,0,0,0,''),(1735,94,263,1,0,0,0,''),(1735,94,265,1,0,42,0,''),(1735,94,268,1,0,0,0,''),(1735,94,269,1,0,1,0,''),(1735,94,297,1,0,42,0,''),(1736,15,119,1,0,7,0,''),(1736,15,262,1,0,0,0,''),(1736,15,263,1,0,0,0,''),(1736,15,265,1,0,42,0,''),(1736,15,268,1,0,0,0,''),(1736,15,269,1,0,3,0,''),(1736,15,285,1,0,22,0,''),(1737,14,119,1,0,6,0,''),(1737,14,262,1,0,0,0,''),(1737,14,263,1,0,0,0,''),(1737,14,265,1,0,42,0,''),(1737,14,268,1,0,0,0,''),(1737,14,269,1,0,2,0,''),(1737,14,283,1,0,19,0,''),(1739,6,119,1,0,5,0,''),(1739,6,262,1,0,0,0,''),(1739,6,263,1,0,0,0,''),(1739,6,265,1,0,42,0,''),(1739,6,268,1,0,0,0,''),(1739,6,269,1,0,1,0,''),(1739,6,281,1,0,16,0,''),(1740,102,119,1,0,63,0,''),(1740,102,262,1,0,0,0,''),(1740,102,263,1,0,0,0,''),(1740,102,265,1,0,42,0,''),(1740,102,268,1,0,0,0,''),(1740,102,269,1,0,1,0,''),(1740,102,295,1,0,37,0,''),(1741,73,119,1,0,43,0,''),(1741,73,262,1,0,0,0,''),(1741,73,263,1,0,0,0,''),(1741,73,265,1,0,42,0,''),(1741,73,268,1,0,0,0,''),(1741,73,269,1,0,2,0,''),(1741,73,287,1,0,25,0,''),(1742,90,119,1,0,60,0,''),(1742,90,262,1,0,0,0,''),(1742,90,263,1,0,0,0,''),(1742,90,265,1,0,42,0,''),(1742,90,268,1,0,0,0,''),(1742,90,269,1,0,1,0,''),(1743,90,119,1,0,60,0,''),(1743,90,262,1,0,0,0,''),(1743,90,263,1,0,0,0,''),(1743,90,265,1,0,42,0,''),(1743,90,268,1,0,0,0,''),(1743,90,269,1,0,1,0,''),(1744,23,119,1,0,1,0,''),(1744,23,262,1,0,0,0,''),(1744,23,263,1,0,0,0,''),(1744,23,265,1,0,42,0,''),(1744,23,268,1,0,0,0,''),(1744,23,269,1,0,1,0,''),(1744,23,270,1,0,1,0,''),(1745,114,119,1,0,83,0,''),(1745,114,262,1,0,0,0,''),(1745,114,263,1,0,0,0,''),(1745,114,265,1,0,42,0,''),(1745,114,268,1,0,0,0,''),(1745,114,269,1,0,1,0,''),(1746,89,119,1,0,59,0,''),(1746,89,262,1,0,0,0,''),(1746,89,263,1,0,0,0,''),(1746,89,265,1,0,42,0,''),(1746,89,268,1,0,0,0,''),(1746,89,269,1,0,2,0,''),(1747,89,119,1,0,59,0,''),(1747,89,262,1,0,0,0,''),(1747,89,263,1,0,0,0,''),(1747,89,265,1,0,42,0,''),(1747,89,268,1,0,0,0,''),(1747,89,269,1,0,2,0,''),(1748,89,119,1,0,59,0,''),(1748,89,262,1,0,0,0,''),(1748,89,263,1,0,0,0,''),(1748,89,265,1,0,42,0,''),(1748,89,268,1,0,0,0,''),(1748,89,269,1,0,2,0,''),(1749,23,119,1,0,1,0,''),(1749,23,262,1,0,0,0,''),(1749,23,263,1,0,0,0,''),(1749,23,265,1,0,42,0,''),(1749,23,268,1,0,0,0,''),(1749,23,269,1,0,3,0,''),(1749,23,270,1,0,1,0,''),(1750,23,119,1,0,1,0,''),(1750,23,262,1,0,0,0,''),(1750,23,263,1,0,0,0,''),(1750,23,265,1,0,42,0,''),(1750,23,268,1,0,0,0,''),(1750,23,269,1,0,2,0,''),(1750,23,270,1,0,2,0,''),(1751,113,119,1,0,82,0,''),(1751,113,262,1,0,0,0,''),(1751,113,263,1,0,0,0,''),(1751,113,265,1,0,42,0,''),(1751,113,268,1,0,0,0,''),(1751,113,269,1,0,1,0,''),(1752,23,119,1,0,1,0,''),(1752,23,262,1,0,0,0,''),(1752,23,263,1,0,0,0,''),(1752,23,265,1,0,42,0,''),(1752,23,268,1,0,0,0,''),(1752,23,269,1,0,2,0,''),(1752,23,270,1,0,2,0,''),(1753,113,119,1,0,82,0,''),(1753,113,262,1,0,0,0,''),(1753,113,263,1,0,0,0,''),(1753,113,265,1,0,42,0,''),(1753,113,268,1,0,0,0,''),(1753,113,269,1,0,1,0,''),(1754,16,119,1,0,3,0,''),(1754,16,262,1,0,0,0,''),(1754,16,263,1,0,0,0,''),(1754,16,265,1,0,42,0,''),(1754,16,268,1,0,0,0,''),(1754,16,269,1,0,1,0,''),(1754,16,277,1,0,12,0,''),(1755,13,119,1,0,2,0,''),(1755,13,262,1,0,0,0,''),(1755,13,263,1,0,0,0,''),(1755,13,265,1,0,42,0,''),(1755,13,268,1,0,0,0,''),(1755,13,269,1,0,1,0,''),(1755,13,273,1,0,6,0,''),(1756,16,119,1,0,3,0,''),(1756,16,262,1,0,0,0,''),(1756,16,263,1,0,0,0,''),(1756,16,265,1,0,42,0,''),(1756,16,268,1,0,0,0,''),(1756,16,269,1,0,1,0,''),(1756,16,277,1,0,11,0,''),(1761,89,119,1,0,59,0,''),(1761,89,262,1,0,0,0,''),(1761,89,263,1,0,0,0,''),(1761,89,265,1,0,42,0,''),(1761,89,268,1,0,0,0,''),(1761,89,269,1,0,1,0,''),(1762,16,119,1,0,3,0,''),(1762,16,262,1,0,0,0,''),(1762,16,263,1,0,0,0,''),(1762,16,265,1,0,42,0,''),(1762,16,268,1,0,0,0,''),(1762,16,269,1,0,6,0,''),(1762,16,277,1,0,12,0,''),(1763,90,119,1,0,60,0,''),(1763,90,262,1,0,0,0,''),(1763,90,263,1,0,0,0,''),(1763,90,265,1,0,42,0,''),(1763,90,268,1,0,0,0,''),(1763,90,269,1,0,1,0,''),(1764,13,119,1,0,2,0,''),(1764,13,262,1,0,0,0,''),(1764,13,263,1,0,0,0,''),(1764,13,265,1,0,42,0,''),(1764,13,268,1,0,0,0,''),(1764,13,269,1,0,4,0,''),(1764,13,273,1,0,6,0,''),(1765,23,119,1,0,1,0,''),(1765,23,262,1,0,0,0,''),(1765,23,263,1,0,0,0,''),(1765,23,265,1,0,42,0,''),(1765,23,268,1,0,0,0,''),(1765,23,269,1,0,2,0,''),(1765,23,270,1,0,3,0,''),(1766,137,119,1,0,104,0,''),(1766,137,262,1,0,0,0,''),(1766,137,263,1,0,0,0,''),(1766,137,265,1,0,42,0,''),(1766,137,268,1,0,0,0,''),(1766,137,269,1,0,1,0,''),(1767,54,119,1,0,14,0,''),(1767,54,262,1,0,0,0,''),(1767,54,263,1,0,0,0,''),(1767,54,265,1,0,42,0,''),(1767,54,268,1,0,0,0,''),(1767,54,269,1,0,1,0,''),(1768,114,119,1,0,83,0,''),(1768,114,262,1,0,0,0,''),(1768,114,263,1,0,0,0,''),(1768,114,265,1,0,42,0,''),(1768,114,268,1,0,0,0,''),(1768,114,269,1,0,1,0,''),(1769,16,119,1,0,3,0,''),(1769,16,262,1,0,0,0,''),(1769,16,263,1,0,0,0,''),(1769,16,265,1,0,42,0,''),(1769,16,268,1,0,0,0,''),(1769,16,269,1,0,4,0,''),(1769,16,277,1,0,12,0,''),(1770,16,119,1,0,3,0,''),(1770,16,262,1,0,0,0,''),(1770,16,263,1,0,0,0,''),(1770,16,265,1,0,42,0,''),(1770,16,268,1,0,0,0,''),(1770,16,269,1,0,7,0,''),(1770,16,277,1,0,11,0,''),(1771,90,119,1,0,60,0,''),(1771,90,262,1,0,0,0,''),(1771,90,263,1,0,0,0,''),(1771,90,265,1,0,42,0,''),(1771,90,268,1,0,0,0,''),(1771,90,269,1,0,1,0,''),(1772,79,119,1,0,49,0,''),(1772,79,262,1,0,0,0,''),(1772,79,263,1,0,0,0,''),(1772,79,265,1,0,42,0,''),(1772,79,268,1,0,0,0,''),(1772,79,269,1,0,1,0,''),(1772,79,289,1,0,29,0,''),(1772,79,290,1,0,1,0,''),(1773,6,119,1,0,5,0,''),(1773,6,262,1,0,0,0,''),(1773,6,263,1,0,0,0,''),(1773,6,265,1,0,42,0,''),(1773,6,268,1,0,0,0,''),(1773,6,269,1,0,1,0,''),(1773,6,281,1,0,17,0,''),(1774,14,119,1,0,6,0,''),(1774,14,262,1,0,0,0,''),(1774,14,263,1,0,0,0,''),(1774,14,265,1,0,42,0,''),(1774,14,268,1,0,0,0,''),(1774,14,269,1,0,1,0,''),(1774,14,283,1,0,19,0,''),(1775,14,119,1,0,6,0,''),(1775,14,262,1,0,0,0,''),(1775,14,263,1,0,0,0,''),(1775,14,265,1,0,42,0,''),(1775,14,268,1,0,0,0,''),(1775,14,269,1,0,1,0,''),(1775,14,283,1,0,20,0,''),(1776,137,119,1,0,104,0,''),(1776,137,262,1,0,0,0,''),(1776,137,263,1,0,0,0,''),(1776,137,265,1,0,42,0,''),(1776,137,268,1,0,0,0,''),(1776,137,269,1,0,1,0,''),(1777,13,119,1,0,2,0,''),(1777,13,262,1,0,0,0,''),(1777,13,263,1,0,0,0,''),(1777,13,265,1,0,42,0,''),(1777,13,268,1,0,0,0,''),(1777,13,269,1,0,1,0,''),(1777,13,273,1,0,6,0,''),(1779,15,119,1,0,7,0,''),(1779,15,262,1,0,0,0,''),(1779,15,263,1,0,0,0,''),(1779,15,265,1,0,42,0,''),(1779,15,268,1,0,0,0,''),(1779,15,269,1,0,1,0,''),(1779,15,285,1,0,22,0,''),(1780,14,119,1,0,6,0,''),(1780,14,262,1,0,0,0,''),(1780,14,263,1,0,0,0,''),(1780,14,265,1,0,42,0,''),(1780,14,268,1,0,0,0,''),(1780,14,269,1,0,2,0,''),(1780,14,283,1,0,19,0,''),(1781,16,119,1,0,3,0,''),(1781,16,262,1,0,0,0,''),(1781,16,263,1,0,0,0,''),(1781,16,265,1,0,42,0,''),(1781,16,268,1,0,0,0,''),(1781,16,269,1,0,1,0,''),(1781,16,277,1,0,11,0,''),(1782,13,119,1,0,2,0,''),(1782,13,262,1,0,0,0,''),(1782,13,263,1,0,0,0,''),(1782,13,265,1,0,42,0,''),(1782,13,268,1,0,0,0,''),(1782,13,269,1,0,1,0,''),(1782,13,273,1,0,5,0,''),(1783,14,119,1,0,6,0,''),(1783,14,262,1,0,0,0,''),(1783,14,263,1,0,0,0,''),(1783,14,265,1,0,42,0,''),(1783,14,268,1,0,0,0,''),(1783,14,269,1,0,1,0,''),(1783,14,283,1,0,19,0,''),(1784,5,119,1,0,4,0,''),(1784,5,262,1,0,0,0,''),(1784,5,263,1,0,0,0,''),(1784,5,265,1,0,42,0,''),(1784,5,268,1,0,0,0,''),(1784,5,269,1,0,1,0,''),(1784,5,279,1,0,13,0,''),(1786,23,119,1,0,1,0,''),(1786,23,262,1,0,0,0,''),(1786,23,263,1,0,0,0,''),(1786,23,265,1,0,42,0,''),(1786,23,268,1,0,0,0,''),(1786,23,269,1,0,1,0,''),(1786,23,270,1,0,2,0,''),(1788,15,119,1,0,7,0,''),(1788,15,262,1,0,0,0,''),(1788,15,263,1,0,0,0,''),(1788,15,265,1,0,42,0,''),(1788,15,268,1,0,0,0,''),(1788,15,269,1,0,1,0,''),(1788,15,285,1,0,23,0,''),(1789,73,119,1,0,43,0,''),(1789,73,262,1,0,0,0,''),(1789,73,263,1,0,0,0,''),(1789,73,265,1,0,42,0,''),(1789,73,268,1,0,0,0,''),(1789,73,269,1,0,1,0,''),(1789,73,287,1,0,26,0,''),(1790,15,119,1,0,7,0,''),(1790,15,262,1,0,0,0,''),(1790,15,263,1,0,0,0,''),(1790,15,265,1,0,42,0,''),(1790,15,268,1,0,0,0,''),(1790,15,269,1,0,1,0,''),(1790,15,285,1,0,22,0,''),(1793,16,119,1,0,3,0,''),(1793,16,262,1,0,0,0,''),(1793,16,263,1,0,0,0,''),(1793,16,265,1,0,42,0,''),(1793,16,268,1,0,0,0,''),(1793,16,269,1,0,1,0,''),(1793,16,277,1,0,12,0,''),(1794,13,119,1,0,2,0,''),(1794,13,262,1,0,0,0,''),(1794,13,263,1,0,0,0,''),(1794,13,265,1,0,42,0,''),(1794,13,268,1,0,0,0,''),(1794,13,269,1,0,11,0,''),(1794,13,273,1,0,6,0,''),(1795,5,119,1,0,4,0,''),(1795,5,262,1,0,0,0,''),(1795,5,263,1,0,0,0,''),(1795,5,265,1,0,42,0,''),(1795,5,268,1,0,0,0,''),(1795,5,269,1,0,1,0,''),(1795,5,279,1,0,14,0,''),(1796,16,119,1,0,3,0,''),(1796,16,262,1,0,0,0,''),(1796,16,263,1,0,0,0,''),(1796,16,265,1,0,42,0,''),(1796,16,268,1,0,0,0,''),(1796,16,269,1,0,2,0,''),(1796,16,277,1,0,12,0,''),(1797,23,119,1,0,1,0,''),(1797,23,262,1,0,0,0,''),(1797,23,263,1,0,0,0,''),(1797,23,265,1,0,42,0,''),(1797,23,268,1,0,0,0,''),(1797,23,269,1,0,2,0,''),(1797,23,270,1,0,3,0,''),(1799,113,119,1,0,82,0,''),(1799,113,262,1,0,0,0,''),(1799,113,263,1,0,0,0,''),(1799,113,265,1,0,42,0,''),(1799,113,268,1,0,0,0,''),(1799,113,269,1,0,1,0,''),(1800,90,119,1,0,60,0,''),(1800,90,262,1,0,0,0,''),(1800,90,263,1,0,0,0,''),(1800,90,265,1,0,42,0,''),(1800,90,268,1,0,0,0,''),(1800,90,269,1,0,3,0,''),(1801,89,119,1,0,59,0,''),(1801,89,262,1,0,0,0,''),(1801,89,263,1,0,0,0,''),(1801,89,265,1,0,42,0,''),(1801,89,268,1,0,0,0,''),(1801,89,269,1,0,1,0,''),(1802,16,119,1,0,3,0,''),(1802,16,262,1,0,0,0,''),(1802,16,263,1,0,0,0,''),(1802,16,265,1,0,42,0,''),(1802,16,268,1,0,0,0,''),(1802,16,269,1,0,30,0,''),(1802,16,277,1,0,11,0,''),(1803,16,119,1,0,3,0,''),(1803,16,262,1,0,0,0,''),(1803,16,263,1,0,0,0,''),(1803,16,265,1,0,42,0,''),(1803,16,268,1,0,0,0,''),(1803,16,269,1,0,30,0,''),(1803,16,277,1,0,11,0,''),(1804,54,119,1,0,14,0,''),(1804,54,262,1,0,0,0,''),(1804,54,263,1,0,0,0,''),(1804,54,265,1,0,42,0,''),(1804,54,268,1,0,0,0,''),(1804,54,269,1,0,1,0,''),(1805,114,119,1,0,83,0,''),(1805,114,262,1,0,0,0,''),(1805,114,263,1,0,0,0,''),(1805,114,265,1,0,42,0,''),(1805,114,268,1,0,0,0,''),(1805,114,269,1,0,1,0,''),(1806,120,119,1,0,89,0,''),(1806,120,262,1,0,0,0,''),(1806,120,263,1,0,0,0,''),(1806,120,265,1,0,42,0,''),(1806,120,268,1,0,0,0,''),(1806,120,269,1,0,1,0,''),(1808,23,119,1,0,1,0,''),(1808,23,262,1,0,0,0,''),(1808,23,263,1,0,0,0,''),(1808,23,265,1,0,42,0,''),(1808,23,268,1,0,0,0,''),(1808,23,269,1,0,1,0,''),(1808,23,270,1,0,3,0,''),(1809,15,119,1,0,7,0,''),(1809,15,262,1,0,0,0,''),(1809,15,263,1,0,0,0,''),(1809,15,265,1,0,42,0,''),(1809,15,268,1,0,0,0,''),(1809,15,269,1,0,1,0,''),(1809,15,285,1,0,22,0,''),(1811,14,119,1,0,6,0,''),(1811,14,262,1,0,0,0,''),(1811,14,263,1,0,0,0,''),(1811,14,265,1,0,42,0,''),(1811,14,268,1,0,0,0,''),(1811,14,269,1,0,1,0,''),(1811,14,283,1,0,19,0,''),(1812,73,119,1,0,43,0,''),(1812,73,262,1,0,0,0,''),(1812,73,263,1,0,0,0,''),(1812,73,265,1,0,42,0,''),(1812,73,268,1,0,0,0,''),(1812,73,269,1,0,1,0,''),(1812,73,287,1,0,25,0,''),(1813,13,119,1,0,2,0,''),(1813,13,262,1,0,0,0,''),(1813,13,263,1,0,0,0,''),(1813,13,265,1,0,42,0,''),(1813,13,268,1,0,0,0,''),(1813,13,269,1,0,3,0,''),(1813,13,273,1,0,6,0,''),(1814,89,119,1,0,59,0,''),(1814,89,262,1,0,0,0,''),(1814,89,263,1,0,0,0,''),(1814,89,265,1,0,42,0,''),(1814,89,268,1,0,0,0,''),(1814,89,269,1,0,1,0,''),(1815,89,119,1,0,59,0,''),(1815,89,262,1,0,0,0,''),(1815,89,263,1,0,0,0,''),(1815,89,265,1,0,42,0,''),(1815,89,268,1,0,0,0,''),(1815,89,269,1,0,1,0,''),(1816,89,119,1,0,59,0,''),(1816,89,262,1,0,0,0,''),(1816,89,263,1,0,0,0,''),(1816,89,265,1,0,42,0,''),(1816,89,268,1,0,0,0,''),(1816,89,269,1,0,1,0,''),(1817,90,119,1,0,60,0,''),(1817,90,262,1,0,0,0,''),(1817,90,263,1,0,0,0,''),(1817,90,265,1,0,42,0,''),(1817,90,268,1,0,0,0,''),(1817,90,269,1,0,1,0,''),(1823,14,119,1,0,6,0,''),(1823,14,262,1,0,0,0,''),(1823,14,263,1,0,0,0,''),(1823,14,265,1,0,42,0,''),(1823,14,268,1,0,0,0,''),(1823,14,269,1,0,2,0,''),(1823,14,283,1,0,20,0,''),(1824,13,119,1,0,2,0,''),(1824,13,262,1,0,0,0,''),(1824,13,263,1,0,0,0,''),(1824,13,265,1,0,42,0,''),(1824,13,268,1,0,0,0,''),(1824,13,269,1,0,1,0,''),(1824,13,273,1,0,6,0,''),(1825,90,119,1,0,60,0,''),(1825,90,262,1,0,0,0,''),(1825,90,263,1,0,0,0,''),(1825,90,265,1,0,42,0,''),(1825,90,268,1,0,0,0,''),(1825,90,269,1,0,1,0,''),(1826,89,119,1,0,59,0,''),(1826,89,262,1,0,0,0,''),(1826,89,263,1,0,0,0,''),(1826,89,265,1,0,42,0,''),(1826,89,268,1,0,0,0,''),(1826,89,269,1,0,2,0,''),(1827,16,119,1,0,3,0,''),(1827,16,262,1,0,0,0,''),(1827,16,263,1,0,0,0,''),(1827,16,265,1,0,42,0,''),(1827,16,268,1,0,0,0,''),(1827,16,269,1,0,1,0,''),(1827,16,277,1,0,12,0,''),(1828,90,119,1,0,60,0,''),(1828,90,262,1,0,0,0,''),(1828,90,263,1,0,0,0,''),(1828,90,265,1,0,42,0,''),(1828,90,268,1,0,0,0,''),(1828,90,269,1,0,1,0,''),(1829,6,119,1,0,5,0,''),(1829,6,262,1,0,0,0,''),(1829,6,263,1,0,0,0,''),(1829,6,265,1,0,42,0,''),(1829,6,268,1,0,0,0,''),(1829,6,269,1,0,1,0,''),(1829,6,281,1,0,17,0,''),(1830,15,119,1,0,7,0,''),(1830,15,262,1,0,0,0,''),(1830,15,263,1,0,0,0,''),(1830,15,265,1,0,42,0,''),(1830,15,268,1,0,0,0,''),(1830,15,269,1,0,1,0,''),(1830,15,285,1,0,23,0,''),(1831,5,119,1,0,4,0,''),(1831,5,262,1,0,0,0,''),(1831,5,263,1,0,0,0,''),(1831,5,265,1,0,42,0,''),(1831,5,268,1,0,0,0,''),(1831,5,269,1,0,1,0,''),(1831,5,279,1,0,14,0,''),(1832,102,119,1,0,63,0,''),(1832,102,262,1,0,0,0,''),(1832,102,263,1,0,0,0,''),(1832,102,265,1,0,42,0,''),(1832,102,268,1,0,0,0,''),(1832,102,269,1,0,1,0,''),(1832,102,295,1,0,38,0,''),(1833,92,119,1,0,62,0,''),(1833,92,262,1,0,0,0,''),(1833,92,263,1,0,0,0,''),(1833,92,265,1,0,42,0,''),(1833,92,268,1,0,0,0,''),(1833,92,269,1,0,1,0,''),(1833,92,293,1,0,35,0,''),(1834,5,119,1,0,4,0,''),(1834,5,262,1,0,0,0,''),(1834,5,263,1,0,0,0,''),(1834,5,265,1,0,42,0,''),(1834,5,268,1,0,0,0,''),(1834,5,269,1,0,1,0,''),(1834,5,279,1,0,14,0,''),(1835,13,119,1,0,2,0,''),(1835,13,262,1,0,0,0,''),(1835,13,263,1,0,0,0,''),(1835,13,265,1,0,42,0,''),(1835,13,268,1,0,0,0,''),(1835,13,269,1,0,1,0,''),(1835,13,273,1,0,6,0,''),(1836,15,119,1,0,7,0,''),(1836,15,262,1,0,0,0,''),(1836,15,263,1,0,0,0,''),(1836,15,265,1,0,42,0,''),(1836,15,268,1,0,0,0,''),(1836,15,269,1,0,2,0,''),(1836,15,285,1,0,23,0,''),(1837,89,119,1,0,59,0,''),(1837,89,262,1,0,0,0,''),(1837,89,263,1,0,0,0,''),(1837,89,265,1,0,42,0,''),(1837,89,268,1,0,0,0,''),(1837,89,269,1,0,1,0,''),(1838,16,119,1,0,3,0,''),(1838,16,262,1,0,0,0,''),(1838,16,263,1,0,0,0,''),(1838,16,265,1,0,42,0,''),(1838,16,268,1,0,0,0,''),(1838,16,269,1,0,1,0,''),(1838,16,277,1,0,10,0,''),(1839,133,119,1,0,99,0,''),(1839,133,262,1,0,0,0,''),(1839,133,263,1,0,0,0,''),(1839,133,265,1,0,42,0,''),(1839,133,268,1,0,0,0,''),(1839,133,269,1,0,1,0,''),(1840,16,119,1,0,3,0,''),(1840,16,262,1,0,0,0,''),(1840,16,263,1,0,0,0,''),(1840,16,265,1,0,42,0,''),(1840,16,268,1,0,0,0,''),(1840,16,269,1,0,1,0,''),(1840,16,277,1,0,12,0,''),(1841,89,119,1,0,59,0,''),(1841,89,262,1,0,0,0,''),(1841,89,263,1,0,0,0,''),(1841,89,265,1,0,42,0,''),(1841,89,268,1,0,0,0,''),(1841,89,269,1,0,3,0,''),(1842,16,119,1,0,3,0,''),(1842,16,262,1,0,0,0,''),(1842,16,263,1,0,0,0,''),(1842,16,265,1,0,42,0,''),(1842,16,268,1,0,0,0,''),(1842,16,269,1,0,2,0,''),(1842,16,277,1,0,12,0,''),(1843,13,119,1,0,2,0,''),(1843,13,262,1,0,0,0,''),(1843,13,263,1,0,0,0,''),(1843,13,265,1,0,42,0,''),(1843,13,268,1,0,0,0,''),(1843,13,269,1,0,2,0,''),(1843,13,273,1,0,6,0,''),(1844,13,119,1,0,2,0,''),(1844,13,262,1,0,0,0,''),(1844,13,263,1,0,0,0,''),(1844,13,265,1,0,42,0,''),(1844,13,268,1,0,0,0,''),(1844,13,269,1,0,1,0,''),(1844,13,273,1,0,6,0,''),(1845,16,119,1,0,3,0,''),(1845,16,262,1,0,0,0,''),(1845,16,263,1,0,0,0,''),(1845,16,265,1,0,42,0,''),(1845,16,268,1,0,0,0,''),(1845,16,269,1,0,2,0,''),(1845,16,277,1,0,12,0,''),(1846,13,119,1,0,2,0,''),(1846,13,262,1,0,0,0,''),(1846,13,263,1,0,0,0,''),(1846,13,265,1,0,42,0,''),(1846,13,268,1,0,0,0,''),(1846,13,269,1,0,2,0,''),(1846,13,273,1,0,6,0,''),(1849,16,119,1,0,3,0,''),(1849,16,262,1,0,0,0,''),(1849,16,263,1,0,0,0,''),(1849,16,265,1,0,42,0,''),(1849,16,268,1,0,0,0,''),(1849,16,269,1,0,1,0,''),(1849,16,277,1,0,12,0,''),(1850,23,119,1,0,1,0,''),(1850,23,262,1,0,0,0,''),(1850,23,263,1,0,0,0,''),(1850,23,265,1,0,42,0,''),(1850,23,268,1,0,0,0,''),(1850,23,269,1,0,1,0,''),(1850,23,270,1,0,3,0,''),(1853,90,119,1,0,60,0,''),(1853,90,262,1,0,0,0,''),(1853,90,263,1,0,0,0,''),(1853,90,265,1,0,42,0,''),(1853,90,268,1,0,0,0,''),(1853,90,269,1,0,1,0,''),(1854,89,119,1,0,59,0,''),(1854,89,262,1,0,0,0,''),(1854,89,263,1,0,0,0,''),(1854,89,265,1,0,42,0,''),(1854,89,268,1,0,0,0,''),(1854,89,269,1,0,1,0,''),(1855,16,119,1,0,3,0,''),(1855,16,262,1,0,0,0,''),(1855,16,263,1,0,0,0,''),(1855,16,265,1,0,42,0,''),(1855,16,268,1,0,0,0,''),(1855,16,269,1,0,3,0,''),(1855,16,277,1,0,12,0,''),(1856,15,119,1,0,7,0,''),(1856,15,262,1,0,0,0,''),(1856,15,263,1,0,0,0,''),(1856,15,265,1,0,42,0,''),(1856,15,268,1,0,0,0,''),(1856,15,269,1,0,1,0,''),(1856,15,285,1,0,23,0,''),(1857,89,119,1,0,59,0,''),(1857,89,262,1,0,0,0,''),(1857,89,263,1,0,0,0,''),(1857,89,265,1,0,42,0,''),(1857,89,268,1,0,0,0,''),(1857,89,269,1,0,1,0,''),(1858,90,119,1,0,60,0,''),(1858,90,262,1,0,0,0,''),(1858,90,263,1,0,0,0,''),(1858,90,265,1,0,42,0,''),(1858,90,268,1,0,0,0,''),(1858,90,269,1,0,1,0,''),(1859,135,119,1,0,102,0,''),(1859,135,262,1,0,0,0,''),(1859,135,263,1,0,0,0,''),(1859,135,265,1,0,42,0,''),(1859,135,268,1,0,0,0,''),(1859,135,269,1,0,1,0,''),(1860,16,119,1,0,3,0,''),(1860,16,262,1,0,0,0,''),(1860,16,263,1,0,0,0,''),(1860,16,265,1,0,42,0,''),(1860,16,268,1,0,0,0,''),(1860,16,269,1,0,1,0,''),(1860,16,277,1,0,12,0,''),(1861,16,119,1,0,3,0,''),(1861,16,262,1,0,0,0,''),(1861,16,263,1,0,0,0,''),(1861,16,265,1,0,42,0,''),(1861,16,268,1,0,0,0,''),(1861,16,269,1,0,1,0,''),(1861,16,277,1,0,12,0,''),(1862,13,119,1,0,2,0,''),(1862,13,262,1,0,0,0,''),(1862,13,263,1,0,0,0,''),(1862,13,265,1,0,42,0,''),(1862,13,268,1,0,0,0,''),(1862,13,269,1,0,1,0,''),(1862,13,273,1,0,6,0,''),(1863,16,119,1,0,3,0,''),(1863,16,262,1,0,0,0,''),(1863,16,263,1,0,0,0,''),(1863,16,265,1,0,42,0,''),(1863,16,268,1,0,0,0,''),(1863,16,269,1,0,1,0,''),(1863,16,277,1,0,12,0,''),(1864,13,119,1,0,2,0,''),(1864,13,262,1,0,0,0,''),(1864,13,263,1,0,0,0,''),(1864,13,265,1,0,42,0,''),(1864,13,268,1,0,0,0,''),(1864,13,269,1,0,1,0,''),(1864,13,273,1,0,6,0,''),(1866,113,119,1,0,82,0,''),(1866,113,262,1,0,0,0,''),(1866,113,263,1,0,0,0,''),(1866,113,265,1,0,42,0,''),(1866,113,268,1,0,0,0,''),(1866,113,269,1,0,1,0,''),(1867,16,119,1,0,3,0,''),(1867,16,262,1,0,0,0,''),(1867,16,263,1,0,0,0,''),(1867,16,265,1,0,42,0,''),(1867,16,268,1,0,0,0,''),(1867,16,269,1,0,1,0,''),(1867,16,277,1,0,12,0,''),(1868,16,119,1,0,3,0,''),(1868,16,262,1,0,0,0,''),(1868,16,263,1,0,0,0,''),(1868,16,265,1,0,42,0,''),(1868,16,268,1,0,0,0,''),(1868,16,269,1,0,1,0,''),(1868,16,277,1,0,12,0,''),(1869,120,119,1,0,89,0,''),(1869,120,262,1,0,0,0,''),(1869,120,263,1,0,0,0,''),(1869,120,265,1,0,42,0,''),(1869,120,268,1,0,0,0,''),(1869,120,269,1,0,1,0,''),(1870,107,119,1,0,76,0,''),(1870,107,262,1,0,0,0,''),(1870,107,263,1,0,0,0,''),(1870,107,265,1,0,42,0,''),(1870,107,268,1,0,0,0,''),(1870,107,269,1,0,1,0,''),(1871,110,119,1,0,79,0,''),(1871,110,262,1,0,0,0,''),(1871,110,263,1,0,0,0,''),(1871,110,265,1,0,42,0,''),(1871,110,268,1,0,0,0,''),(1871,110,269,1,0,1,0,''),(1872,89,119,1,0,59,0,''),(1872,89,262,1,0,0,0,''),(1872,89,263,1,0,0,0,''),(1872,89,265,1,0,42,0,''),(1872,89,268,1,0,0,0,''),(1872,89,269,1,0,3,0,''),(1873,15,119,1,0,7,0,''),(1873,15,262,1,0,0,0,''),(1873,15,263,1,0,0,0,''),(1873,15,265,1,0,42,0,''),(1873,15,268,1,0,0,0,''),(1873,15,269,1,0,2,0,''),(1873,15,285,1,0,22,0,''),(1874,6,119,1,0,5,0,''),(1874,6,262,1,0,0,0,''),(1874,6,263,1,0,0,0,''),(1874,6,265,1,0,42,0,''),(1874,6,268,1,0,0,0,''),(1874,6,269,1,0,1,0,''),(1874,6,281,1,0,16,0,''),(1875,6,119,1,0,5,0,''),(1875,6,262,1,0,0,0,''),(1875,6,263,1,0,0,0,''),(1875,6,265,1,0,42,0,''),(1875,6,268,1,0,0,0,''),(1875,6,269,1,0,1,0,''),(1875,6,281,1,0,17,0,''),(1876,79,119,1,0,49,0,''),(1876,79,262,1,0,0,0,''),(1876,79,263,1,0,0,0,''),(1876,79,265,1,0,42,0,''),(1876,79,268,1,0,0,0,''),(1876,79,269,1,0,2,0,''),(1876,79,289,1,0,29,0,''),(1877,15,119,1,0,7,0,''),(1877,15,262,1,0,0,0,''),(1877,15,263,1,0,0,0,''),(1877,15,265,1,0,42,0,''),(1877,15,268,1,0,0,0,''),(1877,15,269,1,0,1,0,''),(1877,15,285,1,0,23,0,''),(1878,92,119,1,0,62,0,''),(1878,92,262,1,0,0,0,''),(1878,92,263,1,0,0,0,''),(1878,92,265,1,0,42,0,''),(1878,92,268,1,0,0,0,''),(1878,92,269,1,0,1,0,''),(1878,92,293,1,0,35,0,''),(1879,14,119,1,0,6,0,''),(1879,14,262,1,0,0,0,''),(1879,14,263,1,0,0,0,''),(1879,14,265,1,0,42,0,''),(1879,14,268,1,0,0,0,''),(1879,14,269,1,0,1,0,''),(1879,14,283,1,0,20,0,''),(1880,15,119,1,0,7,0,''),(1880,15,262,1,0,0,0,''),(1880,15,263,1,0,0,0,''),(1880,15,265,1,0,42,0,''),(1880,15,268,1,0,0,0,''),(1880,15,269,1,0,1,0,''),(1880,15,285,1,0,22,0,''),(1881,13,119,1,0,2,0,''),(1881,13,262,1,0,0,0,''),(1881,13,263,1,0,0,0,''),(1881,13,265,1,0,42,0,''),(1881,13,268,1,0,0,0,''),(1881,13,269,1,0,1,0,''),(1881,13,273,1,0,6,0,''),(1882,16,119,1,0,3,0,''),(1882,16,262,1,0,0,0,''),(1882,16,263,1,0,0,0,''),(1882,16,265,1,0,42,0,''),(1882,16,268,1,0,0,0,''),(1882,16,269,1,0,1,0,''),(1882,16,277,1,0,12,0,''),(1883,14,119,1,0,6,0,''),(1883,14,262,1,0,0,0,''),(1883,14,263,1,0,0,0,''),(1883,14,265,1,0,42,0,''),(1883,14,268,1,0,0,0,''),(1883,14,269,1,0,1,0,''),(1883,14,283,1,0,20,0,''),(1884,5,119,1,0,4,0,''),(1884,5,262,1,0,0,0,''),(1884,5,263,1,0,0,0,''),(1884,5,265,1,0,42,0,''),(1884,5,268,1,0,0,0,''),(1884,5,269,1,0,1,0,''),(1884,5,279,1,0,14,0,''),(1885,73,119,1,0,43,0,''),(1885,73,262,1,0,0,0,''),(1885,73,263,1,0,0,0,''),(1885,73,265,1,0,42,0,''),(1885,73,268,1,0,0,0,''),(1885,73,269,1,0,1,0,''),(1885,73,287,1,0,25,0,''),(1887,15,119,1,0,7,0,''),(1887,15,262,1,0,0,0,''),(1887,15,263,1,0,0,0,''),(1887,15,265,1,0,42,0,''),(1887,15,268,1,0,0,0,''),(1887,15,269,1,0,1,0,''),(1887,15,285,1,0,23,0,''),(1888,6,119,1,0,5,0,''),(1888,6,262,1,0,0,0,''),(1888,6,263,1,0,0,0,''),(1888,6,265,1,0,42,0,''),(1888,6,268,1,0,0,0,''),(1888,6,269,1,0,1,0,''),(1888,6,281,1,0,16,0,''),(1889,79,119,1,0,49,0,''),(1889,79,262,1,0,0,0,''),(1889,79,263,1,0,0,0,''),(1889,79,265,1,0,42,0,''),(1889,79,268,1,0,0,0,''),(1889,79,269,1,0,1,0,''),(1889,79,289,1,0,28,0,''),(1894,73,119,1,0,43,0,''),(1894,73,262,1,0,0,0,''),(1894,73,263,1,0,0,0,''),(1894,73,265,1,0,42,0,''),(1894,73,268,1,0,0,0,''),(1894,73,269,1,0,1,0,''),(1894,73,287,1,0,27,0,''),(1897,13,119,1,0,2,0,''),(1897,13,262,1,0,0,0,''),(1897,13,263,1,0,0,0,''),(1897,13,265,1,0,42,0,''),(1897,13,268,1,0,0,0,''),(1897,13,269,1,0,1,0,''),(1897,13,273,1,0,6,0,''),(1898,6,119,1,0,5,0,''),(1898,6,262,1,0,0,0,''),(1898,6,263,1,0,0,0,''),(1898,6,265,1,0,42,0,''),(1898,6,268,1,0,0,0,''),(1898,6,269,1,0,1,0,''),(1898,6,281,1,0,17,0,''),(1899,90,119,1,0,60,0,''),(1899,90,262,1,0,0,0,''),(1899,90,263,1,0,0,0,''),(1899,90,265,1,0,42,0,''),(1899,90,268,1,0,0,0,''),(1899,90,269,1,0,1,0,''),(1900,16,119,1,0,3,0,''),(1900,16,262,1,0,0,0,''),(1900,16,263,1,0,0,0,''),(1900,16,265,1,0,42,0,''),(1900,16,268,1,0,0,0,''),(1900,16,269,1,0,1,0,''),(1900,16,277,1,0,12,0,''),(1901,6,119,1,0,5,0,''),(1901,6,262,1,0,0,0,''),(1901,6,263,1,0,0,0,''),(1901,6,265,1,0,42,0,''),(1901,6,268,1,0,0,0,''),(1901,6,269,1,0,1,0,''),(1901,6,281,1,0,17,0,''),(1902,15,119,1,0,7,0,''),(1902,15,262,1,0,0,0,''),(1902,15,263,1,0,0,0,''),(1902,15,265,1,0,42,0,''),(1902,15,268,1,0,0,0,''),(1902,15,269,1,0,1,0,''),(1902,15,285,1,0,23,0,''),(1903,79,119,1,0,49,0,''),(1903,79,262,1,0,0,0,''),(1903,79,263,1,0,0,0,''),(1903,79,265,1,0,42,0,''),(1903,79,268,1,0,0,0,''),(1903,79,269,1,0,1,0,''),(1903,79,289,1,0,29,0,''),(1904,16,119,1,0,3,0,''),(1904,16,262,1,0,0,0,''),(1904,16,263,1,0,0,0,''),(1904,16,265,1,0,42,0,''),(1904,16,268,1,0,0,0,''),(1904,16,269,1,0,2,0,''),(1904,16,277,1,0,10,0,''),(1905,16,119,1,0,3,0,''),(1905,16,262,1,0,0,0,''),(1905,16,263,1,0,0,0,''),(1905,16,265,1,0,42,0,''),(1905,16,268,1,0,0,0,''),(1905,16,269,1,0,1,0,''),(1905,16,277,1,0,12,0,''),(1906,23,119,1,0,1,0,''),(1906,23,262,1,0,0,0,''),(1906,23,263,1,0,0,0,''),(1906,23,265,1,0,42,0,''),(1906,23,268,1,0,0,0,''),(1906,23,269,1,0,1,0,''),(1906,23,270,1,0,3,0,''),(1907,5,119,1,0,4,0,''),(1907,5,262,1,0,0,0,''),(1907,5,263,1,0,0,0,''),(1907,5,265,1,0,42,0,''),(1907,5,268,1,0,0,0,''),(1907,5,269,1,0,1,0,''),(1907,5,279,1,0,14,0,''),(1909,16,119,1,0,3,0,''),(1909,16,262,1,0,0,0,''),(1909,16,263,1,0,0,0,''),(1909,16,265,1,0,42,0,''),(1909,16,268,1,0,0,0,''),(1909,16,269,1,0,6,0,''),(1909,16,277,1,0,10,0,''),(1910,13,119,1,0,2,0,''),(1910,13,262,1,0,0,0,''),(1910,13,263,1,0,0,0,''),(1910,13,265,1,0,42,0,''),(1910,13,268,1,0,0,0,''),(1910,13,269,1,0,6,0,''),(1910,13,273,1,0,4,0,''),(1911,23,119,1,0,1,0,''),(1911,23,262,1,0,0,0,''),(1911,23,263,1,0,0,0,''),(1911,23,265,1,0,42,0,''),(1911,23,268,1,0,0,0,''),(1911,23,269,1,0,1,0,''),(1911,23,270,1,0,3,0,''),(1912,16,119,1,0,3,0,''),(1912,16,262,1,0,0,0,''),(1912,16,263,1,0,0,0,''),(1912,16,265,1,0,42,0,''),(1912,16,268,1,0,0,0,''),(1912,16,269,1,0,1,0,''),(1912,16,277,1,0,10,0,''),(1913,16,119,1,0,3,0,''),(1913,16,262,1,0,0,0,''),(1913,16,263,1,0,0,0,''),(1913,16,265,1,0,42,0,''),(1913,16,268,1,0,0,0,''),(1913,16,269,1,0,2,0,''),(1913,16,277,1,0,12,0,''),(1914,73,119,1,0,43,0,''),(1914,73,262,1,0,0,0,''),(1914,73,263,1,0,0,0,''),(1914,73,265,1,0,42,0,''),(1914,73,268,1,0,0,0,''),(1914,73,269,1,0,1,0,''),(1914,73,287,1,0,27,0,''),(1915,92,119,1,0,62,0,''),(1915,92,262,1,0,0,0,''),(1915,92,263,1,0,0,0,''),(1915,92,265,1,0,42,0,''),(1915,92,268,1,0,0,0,''),(1915,92,269,1,0,1,0,''),(1915,92,293,1,0,35,0,''),(1916,102,119,1,0,63,0,''),(1916,102,262,1,0,0,0,''),(1916,102,263,1,0,0,0,''),(1916,102,265,1,0,42,0,''),(1916,102,268,1,0,0,0,''),(1916,102,269,1,0,1,0,''),(1916,102,295,1,0,38,0,''),(1917,15,119,1,0,7,0,''),(1917,15,262,1,0,0,0,''),(1917,15,263,1,0,0,0,''),(1917,15,265,1,0,42,0,''),(1917,15,268,1,0,0,0,''),(1917,15,269,1,0,1,0,''),(1917,15,285,1,0,23,0,''),(1918,14,119,1,0,6,0,''),(1918,14,262,1,0,0,0,''),(1918,14,263,1,0,0,0,''),(1918,14,265,1,0,42,0,''),(1918,14,268,1,0,0,0,''),(1918,14,269,1,0,1,0,''),(1918,14,283,1,0,20,0,''),(1919,6,119,1,0,5,0,''),(1919,6,262,1,0,0,0,''),(1919,6,263,1,0,0,0,''),(1919,6,265,1,0,42,0,''),(1919,6,268,1,0,0,0,''),(1919,6,269,1,0,1,0,''),(1919,6,281,1,0,17,0,''),(1920,16,119,1,0,3,0,''),(1920,16,262,1,0,0,0,''),(1920,16,263,1,0,0,0,''),(1920,16,265,1,0,42,0,''),(1920,16,268,1,0,0,0,''),(1920,16,269,1,0,1,0,''),(1920,16,277,1,0,10,0,''),(1921,6,119,1,0,5,0,''),(1921,6,262,1,0,0,0,''),(1921,6,263,1,0,0,0,''),(1921,6,265,1,0,42,0,''),(1921,6,268,1,0,0,0,''),(1921,6,269,1,0,1,0,''),(1921,6,281,1,0,16,0,''),(1922,5,119,1,0,4,0,''),(1922,5,262,1,0,0,0,''),(1922,5,263,1,0,0,0,''),(1922,5,265,1,0,42,0,''),(1922,5,268,1,0,0,0,''),(1922,5,269,1,0,1,0,''),(1922,5,279,1,0,13,0,''),(1923,55,119,1,0,15,0,''),(1923,55,262,1,0,0,0,''),(1923,55,263,1,0,0,0,''),(1923,55,265,1,0,42,0,''),(1923,55,268,1,0,0,0,''),(1923,55,269,1,0,1,0,''),(1924,16,119,1,0,3,0,''),(1924,16,262,1,0,0,0,''),(1924,16,263,1,0,0,0,''),(1924,16,265,1,0,42,0,''),(1924,16,268,1,0,0,0,''),(1924,16,269,1,0,1,0,''),(1924,16,277,1,0,10,0,''),(1925,16,119,1,0,3,0,''),(1925,16,262,1,0,0,0,''),(1925,16,263,1,0,0,0,''),(1925,16,265,1,0,42,0,''),(1925,16,268,1,0,0,0,''),(1925,16,269,1,0,1,0,''),(1925,16,277,1,0,12,0,''),(1926,135,119,1,0,102,0,''),(1926,135,262,1,0,0,0,''),(1926,135,263,1,0,0,0,''),(1926,135,265,1,0,42,0,''),(1926,135,268,1,0,0,0,''),(1926,135,269,1,0,1,0,''),(1927,89,119,1,0,59,0,''),(1927,89,262,1,0,0,0,''),(1927,89,263,1,0,0,0,''),(1927,89,265,1,0,42,0,''),(1927,89,268,1,0,0,0,''),(1927,89,269,1,0,1,0,''),(1928,102,119,1,0,63,0,''),(1928,102,262,1,0,0,0,''),(1928,102,263,1,0,0,0,''),(1928,102,265,1,0,42,0,''),(1928,102,268,1,0,0,0,''),(1928,102,269,1,0,2,0,''),(1928,102,295,1,0,37,0,''),(1930,5,119,1,0,4,0,''),(1930,5,262,1,0,0,0,''),(1930,5,263,1,0,0,0,''),(1930,5,265,1,0,42,0,''),(1930,5,268,1,0,0,0,''),(1930,5,269,1,0,2,0,''),(1930,5,279,1,0,13,0,''),(1931,102,119,1,0,63,0,''),(1931,102,262,1,0,0,0,''),(1931,102,263,1,0,0,0,''),(1931,102,265,1,0,42,0,''),(1931,102,268,1,0,0,0,''),(1931,102,269,1,0,2,0,''),(1931,102,295,1,0,37,0,''),(1932,102,119,1,0,63,0,''),(1932,102,262,1,0,0,0,''),(1932,102,263,1,0,0,0,''),(1932,102,265,1,0,42,0,''),(1932,102,268,1,0,0,0,''),(1932,102,269,1,0,1,0,''),(1932,102,295,1,0,37,0,''),(1933,5,119,1,0,4,0,''),(1933,5,262,1,0,0,0,''),(1933,5,263,1,0,0,0,''),(1933,5,265,1,0,42,0,''),(1933,5,268,1,0,0,0,''),(1933,5,269,1,0,1,0,''),(1933,5,279,1,0,13,0,''),(1934,16,119,1,0,3,0,''),(1934,16,262,1,0,0,0,''),(1934,16,263,1,0,0,0,''),(1934,16,265,1,0,42,0,''),(1934,16,268,1,0,0,0,''),(1934,16,269,1,0,1,0,''),(1934,16,277,1,0,12,0,''),(1935,92,119,1,0,62,0,''),(1935,92,262,1,0,0,0,''),(1935,92,263,1,0,0,0,''),(1935,92,265,1,0,42,0,''),(1935,92,268,1,0,0,0,''),(1935,92,269,1,0,1,0,''),(1935,92,293,1,0,34,0,''),(1936,116,119,1,0,85,0,''),(1936,116,262,1,0,0,0,''),(1936,116,263,1,0,0,0,''),(1936,116,265,1,0,42,0,''),(1936,116,268,1,0,0,0,''),(1936,116,269,1,0,1,0,''),(1937,16,119,1,0,3,0,''),(1937,16,262,1,0,0,0,''),(1937,16,263,1,0,0,0,''),(1937,16,265,1,0,42,0,''),(1937,16,268,1,0,0,0,''),(1937,16,269,1,0,1,0,''),(1937,16,277,1,0,12,0,''),(1938,54,119,1,0,14,0,''),(1938,54,262,1,0,0,0,''),(1938,54,263,1,0,0,0,''),(1938,54,265,1,0,42,0,''),(1938,54,268,1,0,0,0,''),(1938,54,269,1,0,1,0,''),(1939,143,119,1,0,109,0,''),(1939,143,262,1,0,0,0,''),(1939,143,263,1,0,0,0,''),(1939,143,265,1,0,42,0,''),(1939,143,268,1,0,0,0,''),(1939,143,269,1,0,1,0,''),(1940,123,119,1,0,92,0,''),(1940,123,262,1,0,0,0,''),(1940,123,263,1,0,0,0,''),(1940,123,265,1,0,42,0,''),(1940,123,268,1,0,0,0,''),(1940,123,269,1,0,1,0,''),(1941,116,119,1,0,85,0,''),(1941,116,262,1,0,0,0,''),(1941,116,263,1,0,0,0,''),(1941,116,265,1,0,42,0,''),(1941,116,268,1,0,0,0,''),(1941,116,269,1,0,1,0,''),(1943,73,119,1,0,43,0,''),(1943,73,262,1,0,0,0,''),(1943,73,263,1,0,0,0,''),(1943,73,265,1,0,42,0,''),(1943,73,268,1,0,0,0,''),(1943,73,269,1,0,1,0,''),(1943,73,287,1,0,27,0,''),(1945,13,119,1,0,2,0,''),(1945,13,262,1,0,0,0,''),(1945,13,263,1,0,0,0,''),(1945,13,265,1,0,42,0,''),(1945,13,268,1,0,0,0,''),(1945,13,269,1,0,1,0,''),(1945,13,273,1,0,6,0,''),(1946,116,119,1,0,85,0,''),(1946,116,262,1,0,0,0,''),(1946,116,263,1,0,0,0,''),(1946,116,265,1,0,42,0,''),(1946,116,268,1,0,0,0,''),(1946,116,269,1,0,1,0,''),(1947,89,119,1,0,59,0,''),(1947,89,262,1,0,0,0,''),(1947,89,263,1,0,0,0,''),(1947,89,265,1,0,42,0,''),(1947,89,268,1,0,0,0,''),(1947,89,269,1,0,1,0,''),(1948,79,119,1,0,49,0,''),(1948,79,262,1,0,0,0,''),(1948,79,263,1,0,0,0,''),(1948,79,265,1,0,42,0,''),(1948,79,268,1,0,0,0,''),(1948,79,269,1,0,1,0,''),(1948,79,289,1,0,29,0,''),(1949,6,119,1,0,5,0,''),(1949,6,262,1,0,0,0,''),(1949,6,263,1,0,0,0,''),(1949,6,265,1,0,42,0,''),(1949,6,268,1,0,0,0,''),(1949,6,269,1,0,1,0,''),(1949,6,281,1,0,17,0,''),(1950,133,119,1,0,99,0,''),(1950,133,262,1,0,0,0,''),(1950,133,263,1,0,0,0,''),(1950,133,265,1,0,42,0,''),(1950,133,268,1,0,0,0,''),(1950,133,269,1,0,1,0,''),(1951,16,119,1,0,3,0,''),(1951,16,262,1,0,0,0,''),(1951,16,263,1,0,0,0,''),(1951,16,265,1,0,42,0,''),(1951,16,268,1,0,0,0,''),(1951,16,269,1,0,1,0,''),(1951,16,277,1,0,10,0,''),(1952,89,119,1,0,59,0,''),(1952,89,262,1,0,0,0,''),(1952,89,263,1,0,0,0,''),(1952,89,265,1,0,42,0,''),(1952,89,268,1,0,0,0,''),(1952,89,269,1,0,2,0,''),(1953,90,119,1,0,60,0,''),(1953,90,262,1,0,0,0,''),(1953,90,263,1,0,0,0,''),(1953,90,265,1,0,42,0,''),(1953,90,268,1,0,0,0,''),(1953,90,269,1,0,1,0,''),(1954,5,119,1,0,4,0,''),(1954,5,262,1,0,0,0,''),(1954,5,263,1,0,0,0,''),(1954,5,265,1,0,42,0,''),(1954,5,268,1,0,0,0,''),(1954,5,269,1,0,1,0,''),(1954,5,279,1,0,14,0,''),(1955,79,119,1,0,49,0,''),(1955,79,262,1,0,0,0,''),(1955,79,263,1,0,0,0,''),(1955,79,265,1,0,42,0,''),(1955,79,268,1,0,0,0,''),(1955,79,269,1,0,1,0,''),(1955,79,289,1,0,29,0,''),(1956,14,119,1,0,6,0,''),(1956,14,262,1,0,0,0,''),(1956,14,263,1,0,0,0,''),(1956,14,265,1,0,42,0,''),(1956,14,268,1,0,0,0,''),(1956,14,269,1,0,1,0,''),(1956,14,283,1,0,20,0,''),(1957,92,119,1,0,62,0,''),(1957,92,262,1,0,0,0,''),(1957,92,263,1,0,0,0,''),(1957,92,265,1,0,42,0,''),(1957,92,268,1,0,0,0,''),(1957,92,269,1,0,1,0,''),(1957,92,293,1,0,35,0,''),(1958,16,119,1,0,3,0,''),(1958,16,262,1,0,0,0,''),(1958,16,263,1,0,0,0,''),(1958,16,265,1,0,42,0,''),(1958,16,268,1,0,0,0,''),(1958,16,269,1,0,1,0,''),(1958,16,277,1,0,12,0,''),(1959,16,119,1,0,3,0,''),(1959,16,262,1,0,0,0,''),(1959,16,263,1,0,0,0,''),(1959,16,265,1,0,42,0,''),(1959,16,268,1,0,0,0,''),(1959,16,269,1,0,1,0,''),(1959,16,277,1,0,12,0,''),(1959,16,278,1,0,1,0,''),(1960,113,119,1,0,82,0,''),(1960,113,262,1,0,0,0,''),(1960,113,263,1,0,0,0,''),(1960,113,265,1,0,42,0,''),(1960,113,268,1,0,0,0,''),(1960,113,269,1,0,1,0,''),(1962,23,119,1,0,1,0,''),(1962,23,262,1,0,0,0,''),(1962,23,263,1,0,0,0,''),(1962,23,265,1,0,42,0,''),(1962,23,268,1,0,0,0,''),(1962,23,269,1,0,2,0,''),(1962,23,270,1,0,2,0,''),(1962,23,271,1,0,1,0,''),(1967,6,119,1,0,5,0,''),(1967,6,262,1,0,0,0,''),(1967,6,263,1,0,0,0,''),(1967,6,265,1,0,42,0,''),(1967,6,268,1,0,0,0,''),(1967,6,269,1,0,5,0,''),(1967,6,281,1,0,17,0,''),(1967,6,282,1,0,1,0,''),(1969,92,119,1,0,62,0,''),(1969,92,262,1,0,0,0,''),(1969,92,263,1,0,0,0,''),(1969,92,265,1,0,42,0,''),(1969,92,268,1,0,0,0,''),(1969,92,269,1,0,1,0,''),(1969,92,293,1,0,35,0,''),(1969,92,294,1,0,1,0,''),(1971,15,119,1,0,7,0,''),(1971,15,262,1,0,0,0,''),(1971,15,263,1,0,0,0,''),(1971,15,265,1,0,42,0,''),(1971,15,268,1,0,0,0,''),(1971,15,269,1,0,1,0,''),(1971,15,285,1,0,23,0,''),(1971,15,286,1,0,1,0,''),(1972,92,119,1,0,62,0,''),(1972,92,262,1,0,0,0,''),(1972,92,263,1,0,0,0,''),(1972,92,265,1,0,42,0,''),(1972,92,268,1,0,0,0,''),(1972,92,269,1,0,1,0,''),(1972,92,293,1,0,34,0,''),(1972,92,294,1,0,1,0,''),(1973,73,119,1,0,43,0,''),(1973,73,262,1,0,0,0,''),(1973,73,263,1,0,0,0,''),(1973,73,265,1,0,42,0,''),(1973,73,268,1,0,0,0,''),(1973,73,269,1,0,1,0,''),(1973,73,287,1,0,26,0,''),(1973,73,288,1,0,1,0,''),(1974,137,119,1,0,104,0,''),(1974,137,262,1,0,0,0,''),(1974,137,263,1,0,0,0,''),(1974,137,265,1,0,42,0,''),(1974,137,268,1,0,0,0,''),(1974,137,269,1,0,1,0,''),(1975,128,119,1,0,97,0,''),(1975,128,262,1,0,0,0,''),(1975,128,263,1,0,0,0,''),(1975,128,265,1,0,42,0,''),(1975,128,268,1,0,0,0,''),(1975,128,269,1,0,1,0,''),(1976,90,119,1,0,60,0,''),(1976,90,262,1,0,0,0,''),(1976,90,263,1,0,0,0,''),(1976,90,265,1,0,42,0,''),(1976,90,268,1,0,0,0,''),(1976,90,269,1,0,1,0,''),(1976,90,292,1,0,1,0,''),(1977,14,119,1,0,6,0,''),(1977,14,262,1,0,0,0,''),(1977,14,263,1,0,0,0,''),(1977,14,265,1,0,42,0,''),(1977,14,268,1,0,0,0,''),(1977,14,269,1,0,1,0,''),(1977,14,283,1,0,19,0,''),(1978,5,119,1,0,4,0,''),(1978,5,262,1,0,0,0,''),(1978,5,263,1,0,0,0,''),(1978,5,265,1,0,42,0,''),(1978,5,268,1,0,0,0,''),(1978,5,269,1,0,2,0,''),(1978,5,279,1,0,14,0,''),(1979,6,119,1,0,5,0,''),(1979,6,262,1,0,0,0,''),(1979,6,263,1,0,0,0,''),(1979,6,265,1,0,42,0,''),(1979,6,268,1,0,0,0,''),(1979,6,269,1,0,1,0,''),(1979,6,281,1,0,16,0,''),(1980,6,119,1,0,5,0,''),(1980,6,262,1,0,0,0,''),(1980,6,263,1,0,0,0,''),(1980,6,265,1,0,42,0,''),(1980,6,268,1,0,0,0,''),(1980,6,269,1,0,1,0,''),(1980,6,281,1,0,16,0,''),(1981,16,119,1,0,3,0,''),(1981,16,262,1,0,0,0,''),(1981,16,263,1,0,0,0,''),(1981,16,265,1,0,42,0,''),(1981,16,268,1,0,0,0,''),(1981,16,269,1,0,1,0,''),(1981,16,277,1,0,11,0,''),(1982,16,119,1,0,3,0,''),(1982,16,262,1,0,0,0,''),(1982,16,263,1,0,0,0,''),(1982,16,265,1,0,42,0,''),(1982,16,268,1,0,0,0,''),(1982,16,269,1,0,1,0,''),(1982,16,277,1,0,12,0,''),(1983,13,119,1,0,2,0,''),(1983,13,262,1,0,0,0,''),(1983,13,263,1,0,0,0,''),(1983,13,265,1,0,42,0,''),(1983,13,268,1,0,0,0,''),(1983,13,269,1,0,1,0,''),(1983,13,273,1,0,5,0,''),(1984,15,119,1,0,7,0,''),(1984,15,262,1,0,0,0,''),(1984,15,263,1,0,0,0,''),(1984,15,265,1,0,42,0,''),(1984,15,268,1,0,0,0,''),(1984,15,269,1,0,1,0,''),(1984,15,285,1,0,23,0,''),(1985,15,119,1,0,7,0,''),(1985,15,262,1,0,0,0,''),(1985,15,263,1,0,0,0,''),(1985,15,265,1,0,42,0,''),(1985,15,268,1,0,0,0,''),(1985,15,269,1,0,1,0,''),(1985,15,285,1,0,22,0,''),(1986,29,119,1,0,21,0,''),(1986,29,262,1,0,0,0,''),(1986,29,263,1,0,0,0,''),(1986,29,265,1,0,42,0,''),(1986,29,268,1,0,0,0,''),(1986,29,269,1,0,1,0,''),(1987,55,119,1,0,15,0,''),(1987,55,262,1,0,0,0,''),(1987,55,263,1,0,0,0,''),(1987,55,265,1,0,42,0,''),(1987,55,268,1,0,0,0,''),(1987,55,269,1,0,1,0,''),(1988,16,119,1,0,3,0,''),(1988,16,262,1,0,0,0,''),(1988,16,263,1,0,0,0,''),(1988,16,265,1,0,42,0,''),(1988,16,268,1,0,0,0,''),(1988,16,269,1,0,1,0,''),(1988,16,277,1,0,12,0,''),(1989,23,119,1,0,1,0,''),(1989,23,262,1,0,0,0,''),(1989,23,263,1,0,0,0,''),(1989,23,265,1,0,42,0,''),(1989,23,268,1,0,0,0,''),(1989,23,269,1,0,1,0,''),(1989,23,270,1,0,3,0,''),(1990,6,119,1,0,5,0,''),(1990,6,262,1,0,0,0,''),(1990,6,263,1,0,0,0,''),(1990,6,265,1,0,42,0,''),(1990,6,268,1,0,0,0,''),(1990,6,269,1,0,1,0,''),(1990,6,281,1,0,17,0,''),(1991,92,119,1,0,62,0,''),(1991,92,262,1,0,0,0,''),(1991,92,263,1,0,0,0,''),(1991,92,265,1,0,42,0,''),(1991,92,268,1,0,0,0,''),(1991,92,269,1,0,1,0,''),(1991,92,293,1,0,35,0,''),(1992,92,119,1,0,62,0,''),(1992,92,262,1,0,0,0,''),(1992,92,263,1,0,0,0,''),(1992,92,265,1,0,42,0,''),(1992,92,268,1,0,0,0,''),(1992,92,269,1,0,1,0,''),(1992,92,293,1,0,34,0,''),(1994,92,119,1,0,62,0,''),(1994,92,262,1,0,0,0,''),(1994,92,263,1,0,0,0,''),(1994,92,265,1,0,42,0,''),(1994,92,268,1,0,0,0,''),(1994,92,269,1,0,5,0,''),(1994,92,293,1,0,35,0,''),(1995,141,119,1,0,107,0,''),(1995,141,262,1,0,0,0,''),(1995,141,263,1,0,0,0,''),(1995,141,265,1,0,42,0,''),(1995,141,268,1,0,0,0,''),(1995,141,269,1,0,3,0,''),(1996,13,119,1,0,2,0,''),(1996,13,262,1,0,0,0,''),(1996,13,263,1,0,0,0,''),(1996,13,265,1,0,42,0,''),(1996,13,268,1,0,0,0,''),(1996,13,269,1,0,1,0,''),(1996,13,273,1,0,5,0,''),(1997,23,119,1,0,1,0,''),(1997,23,262,1,0,0,0,''),(1997,23,263,1,0,0,0,''),(1997,23,265,1,0,42,0,''),(1997,23,268,1,0,0,0,''),(1997,23,269,1,0,1,0,''),(1997,23,270,1,0,3,0,''),(1998,13,119,1,0,2,0,''),(1998,13,262,1,0,0,0,''),(1998,13,263,1,0,0,0,''),(1998,13,265,1,0,42,0,''),(1998,13,268,1,0,0,0,''),(1998,13,269,1,0,1,0,''),(1998,13,273,1,0,6,0,''),(1999,16,119,1,0,3,0,''),(1999,16,262,1,0,0,0,''),(1999,16,263,1,0,0,0,''),(1999,16,265,1,0,42,0,''),(1999,16,268,1,0,0,0,''),(1999,16,269,1,0,1,0,''),(1999,16,277,1,0,12,0,''),(2000,89,119,1,0,59,0,''),(2000,89,262,1,0,0,0,''),(2000,89,263,1,0,0,0,''),(2000,89,265,1,0,42,0,''),(2000,89,268,1,0,0,0,''),(2000,89,269,1,0,1,0,''),(2002,13,119,1,0,2,0,''),(2002,13,262,1,0,0,0,''),(2002,13,263,1,0,0,0,''),(2002,13,265,1,0,42,0,''),(2002,13,268,1,0,0,0,''),(2002,13,269,1,0,1,0,''),(2002,13,273,1,0,6,0,''),(2003,23,119,1,0,1,0,''),(2003,23,262,1,0,0,0,''),(2003,23,263,1,0,0,0,''),(2003,23,265,1,0,42,0,''),(2003,23,268,1,0,0,0,''),(2003,23,269,1,0,1,0,''),(2003,23,270,1,0,2,0,''),(2004,135,119,1,0,102,0,''),(2004,135,262,1,0,0,0,''),(2004,135,263,1,0,0,0,''),(2004,135,265,1,0,42,0,''),(2004,135,268,1,0,0,0,''),(2004,135,269,1,0,1,0,''),(2005,89,119,1,0,59,0,''),(2005,89,262,1,0,0,0,''),(2005,89,263,1,0,0,0,''),(2005,89,265,1,0,42,0,''),(2005,89,268,1,0,0,0,''),(2005,89,269,1,0,1,0,''),(2006,16,119,1,0,3,0,''),(2006,16,262,1,0,0,0,''),(2006,16,263,1,0,0,0,''),(2006,16,265,1,0,42,0,''),(2006,16,268,1,0,0,0,''),(2006,16,269,1,0,2,0,''),(2006,16,277,1,0,12,0,''),(2008,89,119,1,0,59,0,''),(2008,89,262,1,0,0,0,''),(2008,89,263,1,0,0,0,''),(2008,89,265,1,0,42,0,''),(2008,89,268,1,0,0,0,''),(2008,89,269,1,0,1,0,''),(2009,114,119,1,0,83,0,''),(2009,114,262,1,0,0,0,''),(2009,114,263,1,0,0,0,''),(2009,114,265,1,0,42,0,''),(2009,114,268,1,0,0,0,''),(2009,114,269,1,0,2,0,''),(2010,16,119,1,0,3,0,''),(2010,16,262,1,0,0,0,''),(2010,16,263,1,0,0,0,''),(2010,16,265,1,0,42,0,''),(2010,16,268,1,0,0,0,''),(2010,16,269,1,0,1,0,''),(2010,16,277,1,0,12,0,''),(2011,89,119,1,0,59,0,''),(2011,89,262,1,0,0,0,''),(2011,89,263,1,0,0,0,''),(2011,89,265,1,0,42,0,''),(2011,89,268,1,0,0,0,''),(2011,89,269,1,0,1,0,''),(2012,112,119,1,0,81,0,''),(2012,112,262,1,0,0,0,''),(2012,112,263,1,0,0,0,''),(2012,112,265,1,0,42,0,''),(2012,112,268,1,0,0,0,''),(2012,112,269,1,0,1,0,''),(2014,5,119,1,0,4,0,''),(2014,5,262,1,0,0,0,''),(2014,5,263,1,0,0,0,''),(2014,5,265,1,0,42,0,''),(2014,5,268,1,0,0,0,''),(2014,5,269,1,0,1,0,''),(2014,5,279,1,0,14,0,''),(2015,89,119,1,0,59,0,''),(2015,89,262,1,0,0,0,''),(2015,89,263,1,0,0,0,''),(2015,89,265,1,0,42,0,''),(2015,89,268,1,0,0,0,''),(2015,89,269,1,0,1,0,''),(2017,54,119,1,0,14,0,''),(2017,54,262,1,0,0,0,''),(2017,54,263,1,0,0,0,''),(2017,54,265,1,0,42,0,''),(2017,54,268,1,0,0,0,''),(2017,54,269,1,0,1,0,''),(2018,89,119,1,0,59,0,''),(2018,89,262,1,0,0,0,''),(2018,89,263,1,0,0,0,''),(2018,89,265,1,0,42,0,''),(2018,89,268,1,0,0,0,''),(2018,89,269,1,0,1,0,''),(2019,5,119,1,0,4,0,''),(2019,5,262,1,0,0,0,''),(2019,5,263,1,0,0,0,''),(2019,5,265,1,0,42,0,''),(2019,5,268,1,0,0,0,''),(2019,5,269,1,0,1,0,''),(2019,5,279,1,0,14,0,''),(2020,89,119,1,0,59,0,''),(2020,89,262,1,0,0,0,''),(2020,89,263,1,0,0,0,''),(2020,89,265,1,0,42,0,''),(2020,89,268,1,0,0,0,''),(2020,89,269,1,0,1,0,''),(2021,16,119,1,0,3,0,''),(2021,16,262,1,0,0,0,''),(2021,16,263,1,0,0,0,''),(2021,16,265,1,0,42,0,''),(2021,16,268,1,0,0,0,''),(2021,16,269,1,0,1,0,''),(2021,16,277,1,0,10,0,''),(2022,90,119,1,0,60,0,''),(2022,90,262,1,0,0,0,''),(2022,90,263,1,0,0,0,''),(2022,90,265,1,0,42,0,''),(2022,90,268,1,0,0,0,''),(2022,90,269,1,0,1,0,''),(2023,5,119,1,0,4,0,''),(2023,5,262,1,0,0,0,''),(2023,5,263,1,0,0,0,''),(2023,5,265,1,0,42,0,''),(2023,5,268,1,0,0,0,''),(2023,5,269,1,0,1,0,''),(2023,5,279,1,0,13,0,''),(2024,6,119,1,0,5,0,''),(2024,6,262,1,0,0,0,''),(2024,6,263,1,0,0,0,''),(2024,6,265,1,0,42,0,''),(2024,6,268,1,0,0,0,''),(2024,6,269,1,0,1,0,''),(2024,6,281,1,0,17,0,''),(2025,79,119,1,0,49,0,''),(2025,79,262,1,0,0,0,''),(2025,79,263,1,0,0,0,''),(2025,79,265,1,0,42,0,''),(2025,79,268,1,0,0,0,''),(2025,79,269,1,0,3,0,''),(2025,79,289,1,0,29,0,''),(2026,14,119,1,0,6,0,''),(2026,14,262,1,0,0,0,''),(2026,14,263,1,0,0,0,''),(2026,14,265,1,0,42,0,''),(2026,14,268,1,0,0,0,''),(2026,14,269,1,0,1,0,''),(2026,14,283,1,0,20,0,''),(2027,15,119,1,0,7,0,''),(2027,15,262,1,0,0,0,''),(2027,15,263,1,0,0,0,''),(2027,15,265,1,0,42,0,''),(2027,15,268,1,0,0,0,''),(2027,15,269,1,0,1,0,''),(2027,15,285,1,0,23,0,''),(2028,24,119,1,0,16,0,''),(2028,24,262,1,0,0,0,''),(2028,24,263,1,0,0,0,''),(2028,24,265,1,0,42,0,''),(2028,24,268,1,0,0,0,''),(2028,24,269,1,0,1,0,''),(2029,140,119,1,0,106,0,''),(2029,140,262,1,0,0,0,''),(2029,140,263,1,0,0,0,''),(2029,140,265,1,0,42,0,''),(2029,140,268,1,0,0,0,''),(2029,140,269,1,0,1,0,''),(2030,135,119,1,0,102,0,''),(2030,135,262,1,0,0,0,''),(2030,135,263,1,0,0,0,''),(2030,135,265,1,0,42,0,''),(2030,135,268,1,0,0,0,''),(2030,135,269,1,0,1,0,''),(2031,25,119,1,0,17,0,''),(2031,25,262,1,0,0,0,''),(2031,25,263,1,0,0,0,''),(2031,25,265,1,0,42,0,''),(2031,25,268,1,0,0,0,''),(2031,25,269,1,0,1,0,''),(2032,64,119,1,0,26,0,''),(2032,64,262,1,0,0,0,''),(2032,64,263,1,0,0,0,''),(2032,64,265,1,0,42,0,''),(2032,64,268,1,0,0,0,''),(2032,64,269,1,0,1,0,''),(2033,45,119,1,0,11,0,''),(2033,45,262,1,0,0,0,''),(2033,45,263,1,0,0,0,''),(2033,45,265,1,0,42,0,''),(2033,45,268,1,0,0,0,''),(2033,45,269,1,0,1,0,''),(2034,5,119,1,0,4,0,''),(2034,5,262,1,0,0,0,''),(2034,5,263,1,0,0,0,''),(2034,5,265,1,0,42,0,''),(2034,5,268,1,0,0,0,''),(2034,5,269,1,0,2,0,''),(2034,5,279,1,0,14,0,''),(2035,15,119,1,0,7,0,''),(2035,15,262,1,0,0,0,''),(2035,15,263,1,0,0,0,''),(2035,15,265,1,0,42,0,''),(2035,15,268,1,0,0,0,''),(2035,15,269,1,0,1,0,''),(2035,15,285,1,0,22,0,''),(2036,15,119,1,0,7,0,''),(2036,15,262,1,0,0,0,''),(2036,15,263,1,0,0,0,''),(2036,15,265,1,0,42,0,''),(2036,15,268,1,0,0,0,''),(2036,15,269,1,0,1,0,''),(2036,15,285,1,0,23,0,''),(2037,90,119,1,0,60,0,''),(2037,90,262,1,0,0,0,''),(2037,90,263,1,0,0,0,''),(2037,90,265,1,0,42,0,''),(2037,90,268,1,0,0,0,''),(2037,90,269,1,0,1,0,''),(2038,133,119,1,0,99,0,''),(2038,133,262,1,0,0,0,''),(2038,133,263,1,0,0,0,''),(2038,133,265,1,0,42,0,''),(2038,133,268,1,0,0,0,''),(2038,133,269,1,0,1,0,''),(2040,89,119,1,0,59,0,''),(2040,89,262,1,0,0,0,''),(2040,89,263,1,0,0,0,''),(2040,89,265,1,0,42,0,''),(2040,89,268,1,0,0,0,''),(2040,89,269,1,0,1,0,''),(2041,13,119,1,0,2,0,''),(2041,13,262,1,0,0,0,''),(2041,13,263,1,0,0,0,''),(2041,13,265,1,0,42,0,''),(2041,13,268,1,0,0,0,''),(2041,13,269,1,0,1,0,''),(2041,13,273,1,0,6,0,''),(2042,6,119,1,0,5,0,''),(2042,6,262,1,0,0,0,''),(2042,6,263,1,0,0,0,''),(2042,6,265,1,0,42,0,''),(2042,6,268,1,0,0,0,''),(2042,6,269,1,0,1,0,''),(2042,6,281,1,0,16,0,''),(2043,92,119,1,0,62,0,''),(2043,92,262,1,0,0,0,''),(2043,92,263,1,0,0,0,''),(2043,92,265,1,0,42,0,''),(2043,92,268,1,0,0,0,''),(2043,92,269,1,0,1,0,''),(2043,92,293,1,0,34,0,''),(2044,55,119,1,0,15,0,''),(2044,55,262,1,0,0,0,''),(2044,55,263,1,0,0,0,''),(2044,55,265,1,0,42,0,''),(2044,55,268,1,0,0,0,''),(2044,55,269,1,0,2,0,''),(2045,133,119,1,0,99,0,''),(2045,133,262,1,0,0,0,''),(2045,133,263,1,0,0,0,''),(2045,133,265,1,0,42,0,''),(2045,133,268,1,0,0,0,''),(2045,133,269,1,0,1,0,''),(2046,89,119,1,0,59,0,''),(2046,89,262,1,0,0,0,''),(2046,89,263,1,0,0,0,''),(2046,89,265,1,0,42,0,''),(2046,89,268,1,0,0,0,''),(2046,89,269,1,0,1,0,''),(2047,5,119,1,0,4,0,''),(2047,5,262,1,0,0,0,''),(2047,5,263,1,0,0,0,''),(2047,5,265,1,0,42,0,''),(2047,5,268,1,0,0,0,''),(2047,5,269,1,0,1,0,''),(2047,5,279,1,0,14,0,''),(2048,6,119,1,0,5,0,''),(2048,6,262,1,0,0,0,''),(2048,6,263,1,0,0,0,''),(2048,6,265,1,0,42,0,''),(2048,6,268,1,0,0,0,''),(2048,6,269,1,0,1,0,''),(2048,6,281,1,0,17,0,''),(2049,79,119,1,0,49,0,''),(2049,79,262,1,0,0,0,''),(2049,79,263,1,0,0,0,''),(2049,79,265,1,0,42,0,''),(2049,79,268,1,0,0,0,''),(2049,79,269,1,0,2,0,''),(2049,79,289,1,0,29,0,''),(2050,14,119,1,0,6,0,''),(2050,14,262,1,0,0,0,''),(2050,14,263,1,0,0,0,''),(2050,14,265,1,0,42,0,''),(2050,14,268,1,0,0,0,''),(2050,14,269,1,0,1,0,''),(2050,14,283,1,0,20,0,''),(2051,15,119,1,0,7,0,''),(2051,15,262,1,0,0,0,''),(2051,15,263,1,0,0,0,''),(2051,15,265,1,0,42,0,''),(2051,15,268,1,0,0,0,''),(2051,15,269,1,0,1,0,''),(2051,15,285,1,0,23,0,''),(2052,102,119,1,0,63,0,''),(2052,102,262,1,0,0,0,''),(2052,102,263,1,0,0,0,''),(2052,102,265,1,0,42,0,''),(2052,102,268,1,0,0,0,''),(2052,102,269,1,0,1,0,''),(2052,102,295,1,0,38,0,''),(2053,6,119,1,0,5,0,''),(2053,6,262,1,0,0,0,''),(2053,6,263,1,0,0,0,''),(2053,6,265,1,0,42,0,''),(2053,6,268,1,0,0,0,''),(2053,6,269,1,0,1,0,''),(2053,6,281,1,0,17,0,''),(2054,79,119,1,0,49,0,''),(2054,79,262,1,0,0,0,''),(2054,79,263,1,0,0,0,''),(2054,79,265,1,0,42,0,''),(2054,79,268,1,0,0,0,''),(2054,79,269,1,0,1,0,''),(2054,79,289,1,0,29,0,''),(2055,15,119,1,0,7,0,''),(2055,15,262,1,0,0,0,''),(2055,15,263,1,0,0,0,''),(2055,15,265,1,0,42,0,''),(2055,15,268,1,0,0,0,''),(2055,15,269,1,0,1,0,''),(2055,15,285,1,0,22,0,''),(2056,92,119,1,0,62,0,''),(2056,92,262,1,0,0,0,''),(2056,92,263,1,0,0,0,''),(2056,92,265,1,0,42,0,''),(2056,92,268,1,0,0,0,''),(2056,92,269,1,0,1,0,''),(2056,92,293,1,0,35,0,''),(2057,16,119,1,0,3,0,''),(2057,16,262,1,0,0,0,''),(2057,16,263,1,0,0,0,''),(2057,16,265,1,0,42,0,''),(2057,16,268,1,0,0,0,''),(2057,16,269,1,0,1,0,''),(2057,16,277,1,0,12,0,''),(2058,114,119,1,0,83,0,''),(2058,114,262,1,0,0,0,''),(2058,114,263,1,0,0,0,''),(2058,114,265,1,0,42,0,''),(2058,114,268,1,0,0,0,''),(2058,114,269,1,0,4,0,''),(2059,16,119,1,0,3,0,''),(2059,16,262,1,0,0,0,''),(2059,16,263,1,0,0,0,''),(2059,16,265,1,0,42,0,''),(2059,16,268,1,0,0,0,''),(2059,16,269,1,0,1,0,''),(2059,16,277,1,0,12,0,''),(2060,13,119,1,0,2,0,''),(2060,13,262,1,0,0,0,''),(2060,13,263,1,0,0,0,''),(2060,13,265,1,0,42,0,''),(2060,13,268,1,0,0,0,''),(2060,13,269,1,0,2,0,''),(2060,13,273,1,0,5,0,''),(2061,23,119,1,0,1,0,''),(2061,23,262,1,0,0,0,''),(2061,23,263,1,0,0,0,''),(2061,23,265,1,0,42,0,''),(2061,23,268,1,0,0,0,''),(2061,23,269,1,0,1,0,''),(2061,23,270,1,0,3,0,''),(2062,90,119,1,0,60,0,''),(2062,90,262,1,0,0,0,''),(2062,90,263,1,0,0,0,''),(2062,90,265,1,0,42,0,''),(2062,90,268,1,0,0,0,''),(2062,90,269,1,0,1,0,''),(2063,14,119,1,0,6,0,''),(2063,14,262,1,0,0,0,''),(2063,14,263,1,0,0,0,''),(2063,14,265,1,0,42,0,''),(2063,14,268,1,0,0,0,''),(2063,14,269,1,0,1,0,''),(2063,14,283,1,0,20,0,''),(2064,14,119,1,0,6,0,''),(2064,14,262,1,0,0,0,''),(2064,14,263,1,0,0,0,''),(2064,14,265,1,0,42,0,''),(2064,14,268,1,0,0,0,''),(2064,14,269,1,0,1,0,''),(2064,14,283,1,0,19,0,''),(2065,16,119,1,0,3,0,''),(2065,16,262,1,0,0,0,''),(2065,16,263,1,0,0,0,''),(2065,16,265,1,0,42,0,''),(2065,16,268,1,0,0,0,''),(2065,16,269,1,0,1,0,''),(2065,16,277,1,0,11,0,''),(2067,16,119,1,0,3,0,''),(2067,16,262,1,0,0,0,''),(2067,16,263,1,0,0,0,''),(2067,16,265,1,0,42,0,''),(2067,16,268,1,0,0,0,''),(2067,16,269,1,0,3,0,''),(2067,16,277,1,0,11,0,''),(2068,137,119,1,0,104,0,''),(2068,137,262,1,0,0,0,''),(2068,137,263,1,0,0,0,''),(2068,137,265,1,0,42,0,''),(2068,137,268,1,0,0,0,''),(2068,137,269,1,0,1,0,''),(2069,13,119,1,0,2,0,''),(2069,13,262,1,0,0,0,''),(2069,13,263,1,0,0,0,''),(2069,13,265,1,0,42,0,''),(2069,13,268,1,0,0,0,''),(2069,13,269,1,0,1,0,''),(2069,13,273,1,0,4,0,''),(2070,15,119,1,0,7,0,''),(2070,15,262,1,0,0,0,''),(2070,15,263,1,0,0,0,''),(2070,15,265,1,0,42,0,''),(2070,15,268,1,0,0,0,''),(2070,15,269,1,0,1,0,''),(2070,15,285,1,0,23,0,''),(2071,15,119,1,0,7,0,''),(2071,15,262,1,0,0,0,''),(2071,15,263,1,0,0,0,''),(2071,15,265,1,0,42,0,''),(2071,15,268,1,0,0,0,''),(2071,15,269,1,0,1,0,''),(2071,15,285,1,0,22,0,''),(2072,92,119,1,0,62,0,''),(2072,92,262,1,0,0,0,''),(2072,92,263,1,0,0,0,''),(2072,92,265,1,0,42,0,''),(2072,92,268,1,0,0,0,''),(2072,92,269,1,0,1,0,''),(2072,92,293,1,0,34,0,''),(2073,16,119,1,0,3,0,''),(2073,16,262,1,0,0,0,''),(2073,16,263,1,0,0,0,''),(2073,16,265,1,0,42,0,''),(2073,16,268,1,0,0,0,''),(2073,16,269,1,0,1,0,''),(2073,16,277,1,0,10,0,''),(2074,23,119,1,0,1,0,''),(2074,23,262,1,0,0,0,''),(2074,23,263,1,0,0,0,''),(2074,23,265,1,0,42,0,''),(2074,23,268,1,0,0,0,''),(2074,23,269,1,0,1,0,''),(2074,23,270,1,0,1,0,''),(2075,13,119,1,0,2,0,''),(2075,13,262,1,0,0,0,''),(2075,13,263,1,0,0,0,''),(2075,13,265,1,0,42,0,''),(2075,13,268,1,0,0,0,''),(2075,13,269,1,0,1,0,''),(2075,13,273,1,0,4,0,''),(2076,13,119,1,0,2,0,''),(2076,13,262,1,0,0,0,''),(2076,13,263,1,0,0,0,''),(2076,13,265,1,0,42,0,''),(2076,13,268,1,0,0,0,''),(2076,13,269,1,0,1,0,''),(2076,13,273,1,0,6,0,''),(2077,13,119,1,0,2,0,''),(2077,13,262,1,0,0,0,''),(2077,13,263,1,0,0,0,''),(2077,13,265,1,0,42,0,''),(2077,13,268,1,0,0,0,''),(2077,13,269,1,0,6,0,''),(2077,13,273,1,0,6,0,''),(2078,89,119,1,0,59,0,''),(2078,89,262,1,0,0,0,''),(2078,89,263,1,0,0,0,''),(2078,89,265,1,0,42,0,''),(2078,89,268,1,0,0,0,''),(2078,89,269,1,0,1,0,''),(2079,89,119,1,0,59,0,''),(2079,89,262,1,0,0,0,''),(2079,89,263,1,0,0,0,''),(2079,89,265,1,0,42,0,''),(2079,89,268,1,0,0,0,''),(2079,89,269,1,0,1,0,''),(2080,23,119,1,0,1,0,''),(2080,23,262,1,0,0,0,''),(2080,23,263,1,0,0,0,''),(2080,23,265,1,0,42,0,''),(2080,23,268,1,0,0,0,''),(2080,23,269,1,0,1,0,''),(2080,23,270,1,0,1,0,''),(2081,16,119,1,0,3,0,''),(2081,16,262,1,0,0,0,''),(2081,16,263,1,0,0,0,''),(2081,16,265,1,0,42,0,''),(2081,16,268,1,0,0,0,''),(2081,16,269,1,0,1,0,''),(2081,16,277,1,0,10,0,''),(2082,15,119,1,0,7,0,''),(2082,15,262,1,0,0,0,''),(2082,15,263,1,0,0,0,''),(2082,15,265,1,0,42,0,''),(2082,15,268,1,0,0,0,''),(2082,15,269,1,0,2,0,''),(2082,15,285,1,0,22,0,''),(2083,15,119,1,0,7,0,''),(2083,15,262,1,0,0,0,''),(2083,15,263,1,0,0,0,''),(2083,15,265,1,0,42,0,''),(2083,15,268,1,0,0,0,''),(2083,15,269,1,0,1,0,''),(2083,15,285,1,0,23,0,''),(2084,14,119,1,0,6,0,''),(2084,14,262,1,0,0,0,''),(2084,14,263,1,0,0,0,''),(2084,14,265,1,0,42,0,''),(2084,14,268,1,0,0,0,''),(2084,14,269,1,0,1,0,''),(2084,14,283,1,0,20,0,''),(2085,15,119,1,0,7,0,''),(2085,15,262,1,0,0,0,''),(2085,15,263,1,0,0,0,''),(2085,15,265,1,0,42,0,''),(2085,15,268,1,0,0,0,''),(2085,15,269,1,0,1,0,''),(2085,15,285,1,0,23,0,''),(2088,16,119,1,0,3,0,''),(2088,16,262,1,0,0,0,''),(2088,16,263,1,0,0,0,''),(2088,16,265,1,0,42,0,''),(2088,16,268,1,0,0,0,''),(2088,16,269,1,0,1,0,''),(2088,16,277,1,0,12,0,''),(2089,114,119,1,0,83,0,''),(2089,114,262,1,0,0,0,''),(2089,114,263,1,0,0,0,''),(2089,114,265,1,0,42,0,''),(2089,114,268,1,0,0,0,''),(2089,114,269,1,0,1,0,''),(2090,135,119,1,0,102,0,''),(2090,135,262,1,0,0,0,''),(2090,135,263,1,0,0,0,''),(2090,135,265,1,0,42,0,''),(2090,135,268,1,0,0,0,''),(2090,135,269,1,0,1,0,''),(2091,92,119,1,0,62,0,''),(2091,92,262,1,0,0,0,''),(2091,92,263,1,0,0,0,''),(2091,92,265,1,0,42,0,''),(2091,92,268,1,0,0,0,''),(2091,92,269,1,0,2,0,''),(2091,92,293,1,0,35,0,''),(2092,102,119,1,0,63,0,''),(2092,102,262,1,0,0,0,''),(2092,102,263,1,0,0,0,''),(2092,102,265,1,0,42,0,''),(2092,102,268,1,0,0,0,''),(2092,102,269,1,0,2,0,''),(2092,102,295,1,0,38,0,''),(2093,15,119,1,0,7,0,''),(2093,15,262,1,0,0,0,''),(2093,15,263,1,0,0,0,''),(2093,15,265,1,0,42,0,''),(2093,15,268,1,0,0,0,''),(2093,15,269,1,0,4,0,''),(2093,15,285,1,0,23,0,''),(2094,79,119,1,0,49,0,''),(2094,79,262,1,0,0,0,''),(2094,79,263,1,0,0,0,''),(2094,79,265,1,0,42,0,''),(2094,79,268,1,0,0,0,''),(2094,79,269,1,0,2,0,''),(2094,79,289,1,0,29,0,''),(2095,73,119,1,0,43,0,''),(2095,73,262,1,0,0,0,''),(2095,73,263,1,0,0,0,''),(2095,73,265,1,0,42,0,''),(2095,73,268,1,0,0,0,''),(2095,73,269,1,0,1,0,''),(2095,73,287,1,0,26,0,''),(2096,5,119,1,0,4,0,''),(2096,5,262,1,0,0,0,''),(2096,5,263,1,0,0,0,''),(2096,5,265,1,0,42,0,''),(2096,5,268,1,0,0,0,''),(2096,5,269,1,0,1,0,''),(2096,5,279,1,0,14,0,''),(2097,79,119,1,0,49,0,''),(2097,79,262,1,0,0,0,''),(2097,79,263,1,0,0,0,''),(2097,79,265,1,0,42,0,''),(2097,79,268,1,0,0,0,''),(2097,79,269,1,0,2,0,''),(2097,79,289,1,0,29,0,''),(2098,14,119,1,0,6,0,''),(2098,14,262,1,0,0,0,''),(2098,14,263,1,0,0,0,''),(2098,14,265,1,0,42,0,''),(2098,14,268,1,0,0,0,''),(2098,14,269,1,0,1,0,''),(2098,14,283,1,0,20,0,''),(2099,15,119,1,0,7,0,''),(2099,15,262,1,0,0,0,''),(2099,15,263,1,0,0,0,''),(2099,15,265,1,0,42,0,''),(2099,15,268,1,0,0,0,''),(2099,15,269,1,0,1,0,''),(2099,15,285,1,0,23,0,''),(2100,102,119,1,0,63,0,''),(2100,102,262,1,0,0,0,''),(2100,102,263,1,0,0,0,''),(2100,102,265,1,0,42,0,''),(2100,102,268,1,0,0,0,''),(2100,102,269,1,0,1,0,''),(2100,102,295,1,0,38,0,''),(2101,16,119,1,0,3,0,''),(2101,16,262,1,0,0,0,''),(2101,16,263,1,0,0,0,''),(2101,16,265,1,0,42,0,''),(2101,16,268,1,0,0,0,''),(2101,16,269,1,0,12,0,''),(2101,16,277,1,0,11,0,''),(2102,54,119,1,0,14,0,''),(2102,54,262,1,0,0,0,''),(2102,54,263,1,0,0,0,''),(2102,54,265,1,0,42,0,''),(2102,54,268,1,0,0,0,''),(2102,54,269,1,0,1,0,''),(2103,89,119,1,0,59,0,''),(2103,89,262,1,0,0,0,''),(2103,89,263,1,0,0,0,''),(2103,89,265,1,0,42,0,''),(2103,89,268,1,0,0,0,''),(2103,89,269,1,0,2,0,''),(2104,108,119,1,0,77,0,''),(2104,108,262,1,0,0,0,''),(2104,108,263,1,0,0,0,''),(2104,108,265,1,0,42,0,''),(2104,108,268,1,0,0,0,''),(2104,108,269,1,0,1,0,''),(2105,114,119,1,0,83,0,''),(2105,114,262,1,0,0,0,''),(2105,114,263,1,0,0,0,''),(2105,114,265,1,0,42,0,''),(2105,114,268,1,0,0,0,''),(2105,114,269,1,0,2,0,''),(2106,13,119,1,0,2,0,''),(2106,13,262,1,0,0,0,''),(2106,13,263,1,0,0,0,''),(2106,13,265,1,0,42,0,''),(2106,13,268,1,0,0,0,''),(2106,13,269,1,0,1,0,''),(2106,13,273,1,0,6,0,''),(2107,90,119,1,0,60,0,''),(2107,90,262,1,0,0,0,''),(2107,90,263,1,0,0,0,''),(2107,90,265,1,0,42,0,''),(2107,90,268,1,0,0,0,''),(2107,90,269,1,0,2,0,''),(2110,92,119,1,0,62,0,''),(2110,92,262,1,0,0,0,''),(2110,92,263,1,0,0,0,''),(2110,92,265,1,0,42,0,''),(2110,92,268,1,0,0,0,''),(2110,92,269,1,0,3,0,''),(2110,92,293,1,0,35,0,''),(2111,5,119,1,0,4,0,''),(2111,5,262,1,0,0,0,''),(2111,5,263,1,0,0,0,''),(2111,5,265,1,0,42,0,''),(2111,5,268,1,0,0,0,''),(2111,5,269,1,0,3,0,''),(2111,5,279,1,0,14,0,''),(2112,127,119,1,0,96,0,''),(2112,127,262,1,0,0,0,''),(2112,127,263,1,0,0,0,''),(2112,127,265,1,0,42,0,''),(2112,127,268,1,0,0,0,''),(2112,127,269,1,0,3,0,''),(2113,54,119,1,0,14,0,''),(2113,54,262,1,0,0,0,''),(2113,54,263,1,0,0,0,''),(2113,54,265,1,0,42,0,''),(2113,54,268,1,0,0,0,''),(2113,54,269,1,0,3,0,''),(2114,16,119,1,0,3,0,''),(2114,16,262,1,0,0,0,''),(2114,16,263,1,0,0,0,''),(2114,16,265,1,0,42,0,''),(2114,16,268,1,0,0,0,''),(2114,16,269,1,0,4,0,''),(2114,16,277,1,0,12,0,''),(2115,90,119,1,0,60,0,''),(2115,90,262,1,0,0,0,''),(2115,90,263,1,0,0,0,''),(2115,90,265,1,0,42,0,''),(2115,90,268,1,0,0,0,''),(2115,90,269,1,0,1,0,''),(2116,5,119,1,0,4,0,''),(2116,5,262,1,0,0,0,''),(2116,5,263,1,0,0,0,''),(2116,5,265,1,0,42,0,''),(2116,5,268,1,0,0,0,''),(2116,5,269,1,0,1,0,''),(2116,5,279,1,0,14,0,''),(2117,110,119,1,0,79,0,''),(2117,110,262,1,0,0,0,''),(2117,110,263,1,0,0,0,''),(2117,110,265,1,0,42,0,''),(2117,110,268,1,0,0,0,''),(2117,110,269,1,0,1,0,''),(2118,114,119,1,0,83,0,''),(2118,114,262,1,0,0,0,''),(2118,114,263,1,0,0,0,''),(2118,114,265,1,0,42,0,''),(2118,114,268,1,0,0,0,''),(2118,114,269,1,0,1,0,''),(2119,19,119,1,0,12,0,''),(2119,19,262,1,0,0,0,''),(2119,19,263,1,0,0,0,''),(2119,19,265,1,0,42,0,''),(2119,19,268,1,0,0,0,''),(2119,19,269,1,0,1,0,''),(2120,106,119,1,0,75,0,''),(2120,106,262,1,0,0,0,''),(2120,106,263,1,0,0,0,''),(2120,106,265,1,0,42,0,''),(2120,106,268,1,0,0,0,''),(2120,106,269,1,0,1,0,''),(2122,14,119,1,0,6,0,''),(2122,14,262,1,0,0,0,''),(2122,14,263,1,0,0,0,''),(2122,14,265,1,0,42,0,''),(2122,14,268,1,0,0,0,''),(2122,14,269,1,0,1,0,''),(2122,14,283,1,0,20,0,''),(2123,16,119,1,0,3,0,''),(2123,16,262,1,0,0,0,''),(2123,16,263,1,0,0,0,''),(2123,16,265,1,0,42,0,''),(2123,16,268,1,0,0,0,''),(2123,16,269,1,0,1,0,''),(2123,16,277,1,0,10,0,''),(2125,16,119,1,0,3,0,''),(2125,16,262,1,0,0,0,''),(2125,16,263,1,0,0,0,''),(2125,16,265,1,0,42,0,''),(2125,16,268,1,0,0,0,''),(2125,16,269,1,0,2,0,''),(2125,16,277,1,0,12,0,''),(2126,16,119,1,0,3,0,''),(2126,16,262,1,0,0,0,''),(2126,16,263,1,0,0,0,''),(2126,16,265,1,0,42,0,''),(2126,16,268,1,0,0,0,''),(2126,16,269,1,0,1,0,''),(2126,16,277,1,0,10,0,''),(2128,5,119,1,0,4,0,''),(2128,5,262,1,0,0,0,''),(2128,5,263,1,0,0,0,''),(2128,5,265,1,0,42,0,''),(2128,5,268,1,0,0,0,''),(2128,5,269,1,0,1,0,''),(2128,5,279,1,0,14,0,''),(2129,13,119,1,0,2,0,''),(2129,13,262,1,0,0,0,''),(2129,13,263,1,0,0,0,''),(2129,13,265,1,0,42,0,''),(2129,13,268,1,0,0,0,''),(2129,13,269,1,0,1,0,''),(2129,13,273,1,0,6,0,''),(2130,111,119,1,0,80,0,''),(2130,111,262,1,0,0,0,''),(2130,111,263,1,0,0,0,''),(2130,111,265,1,0,42,0,''),(2130,111,268,1,0,0,0,''),(2130,111,269,1,0,2,0,''),(2131,23,119,1,0,1,0,''),(2131,23,262,1,0,0,0,''),(2131,23,263,1,0,0,0,''),(2131,23,265,1,0,42,0,''),(2131,23,268,1,0,0,0,''),(2131,23,269,1,0,4,0,''),(2131,23,270,1,0,2,0,''),(2133,13,119,1,0,2,0,''),(2133,13,262,1,0,0,0,''),(2133,13,263,1,0,0,0,''),(2133,13,265,1,0,42,0,''),(2133,13,268,1,0,0,0,''),(2133,13,269,1,0,1,0,''),(2133,13,273,1,0,6,0,''),(2134,90,119,1,0,60,0,''),(2134,90,262,1,0,0,0,''),(2134,90,263,1,0,0,0,''),(2134,90,265,1,0,42,0,''),(2134,90,268,1,0,0,0,''),(2134,90,269,1,0,1,0,''),(2135,15,119,1,0,7,0,''),(2135,15,262,1,0,0,0,''),(2135,15,263,1,0,0,0,''),(2135,15,265,1,0,42,0,''),(2135,15,268,1,0,0,0,''),(2135,15,269,1,0,1,0,''),(2135,15,285,1,0,23,0,''),(2136,92,119,1,0,62,0,''),(2136,92,262,1,0,0,0,''),(2136,92,263,1,0,0,0,''),(2136,92,265,1,0,42,0,''),(2136,92,268,1,0,0,0,''),(2136,92,269,1,0,1,0,''),(2136,92,293,1,0,35,0,''),(2137,89,119,1,0,59,0,''),(2137,89,262,1,0,0,0,''),(2137,89,263,1,0,0,0,''),(2137,89,265,1,0,42,0,''),(2137,89,268,1,0,0,0,''),(2137,89,269,1,0,2,0,''),(2138,89,119,1,0,59,0,''),(2138,89,262,1,0,0,0,''),(2138,89,263,1,0,0,0,''),(2138,89,265,1,0,42,0,''),(2138,89,268,1,0,0,0,''),(2138,89,269,1,0,2,0,''),(2139,16,119,1,0,3,0,''),(2139,16,262,1,0,0,0,''),(2139,16,263,1,0,0,0,''),(2139,16,265,1,0,42,0,''),(2139,16,268,1,0,0,0,''),(2139,16,269,1,0,2,0,''),(2139,16,277,1,0,12,0,''),(2140,13,119,1,0,2,0,''),(2140,13,262,1,0,0,0,''),(2140,13,263,1,0,0,0,''),(2140,13,265,1,0,42,0,''),(2140,13,268,1,0,0,0,''),(2140,13,269,1,0,1,0,''),(2140,13,273,1,0,6,0,''),(2141,89,119,1,0,59,0,''),(2141,89,262,1,0,0,0,''),(2141,89,263,1,0,0,0,''),(2141,89,265,1,0,42,0,''),(2141,89,268,1,0,0,0,''),(2141,89,269,1,0,1,0,''),(2142,90,119,1,0,60,0,''),(2142,90,262,1,0,0,0,''),(2142,90,263,1,0,0,0,''),(2142,90,265,1,0,42,0,''),(2142,90,268,1,0,0,0,''),(2142,90,269,1,0,1,0,''),(2143,89,119,1,0,59,0,''),(2143,89,262,1,0,0,0,''),(2143,89,263,1,0,0,0,''),(2143,89,265,1,0,42,0,''),(2143,89,268,1,0,0,0,''),(2143,89,269,1,0,1,0,''),(2144,90,119,1,0,60,0,''),(2144,90,262,1,0,0,0,''),(2144,90,263,1,0,0,0,''),(2144,90,265,1,0,42,0,''),(2144,90,268,1,0,0,0,''),(2144,90,269,1,0,1,0,''),(2145,23,119,1,0,1,0,''),(2145,23,262,1,0,0,0,''),(2145,23,263,1,0,0,0,''),(2145,23,265,1,0,42,0,''),(2145,23,268,1,0,0,0,''),(2145,23,269,1,0,1,0,''),(2145,23,270,1,0,1,0,''),(2145,23,271,1,0,1,0,''),(2147,23,119,1,0,1,0,''),(2147,23,262,1,0,0,0,''),(2147,23,263,1,0,0,0,''),(2147,23,265,1,0,42,0,''),(2147,23,268,1,0,0,0,''),(2147,23,269,1,0,2,0,''),(2147,23,270,1,0,3,0,''),(2148,89,119,1,0,59,0,''),(2148,89,262,1,0,0,0,''),(2148,89,263,1,0,0,0,''),(2148,89,265,1,0,42,0,''),(2148,89,268,1,0,0,0,''),(2148,89,269,1,0,1,0,''),(2149,5,119,1,0,4,0,''),(2149,5,262,1,0,0,0,''),(2149,5,263,1,0,0,0,''),(2149,5,265,1,0,42,0,''),(2149,5,268,1,0,0,0,''),(2149,5,269,1,0,1,0,''),(2149,5,279,1,0,14,0,''),(2150,16,119,1,0,3,0,''),(2150,16,262,1,0,0,0,''),(2150,16,263,1,0,0,0,''),(2150,16,265,1,0,42,0,''),(2150,16,268,1,0,0,0,''),(2150,16,269,1,0,1,0,''),(2150,16,277,1,0,12,0,''),(2151,23,119,1,0,1,0,''),(2151,23,262,1,0,0,0,''),(2151,23,263,1,0,0,0,''),(2151,23,265,1,0,42,0,''),(2151,23,268,1,0,0,0,''),(2151,23,269,1,0,1,0,''),(2151,23,270,1,0,3,0,''),(2152,52,119,1,0,24,0,''),(2152,52,262,1,0,0,0,''),(2152,52,263,1,0,0,0,''),(2152,52,265,1,0,42,0,''),(2152,52,268,1,0,0,0,''),(2152,52,269,1,0,1,0,''),(2153,13,119,1,0,2,0,''),(2153,13,262,1,0,0,0,''),(2153,13,263,1,0,0,0,''),(2153,13,265,1,0,42,0,''),(2153,13,268,1,0,0,0,''),(2153,13,269,1,0,1,0,''),(2153,13,273,1,0,6,0,''),(2155,116,119,1,0,85,0,''),(2155,116,262,1,0,0,0,''),(2155,116,263,1,0,0,0,''),(2155,116,265,1,0,42,0,''),(2155,116,268,1,0,0,0,''),(2155,116,269,1,0,1,0,''),(2156,45,119,1,0,11,0,''),(2156,45,262,1,0,0,0,''),(2156,45,263,1,0,0,0,''),(2156,45,265,1,0,42,0,''),(2156,45,268,1,0,0,0,''),(2156,45,269,1,0,1,0,'');

--
